[INFO] fetching crate cargo-what 0.1.3...
[INFO] testing cargo-what-0.1.3 against beta-2023-04-20 for beta-1.70-1
[INFO] extracting crate cargo-what 0.1.3 into /workspace/builds/worker-1-tc2/source
[INFO] validating manifest of crates.io crate cargo-what 0.1.3 on toolchain beta-2023-04-20
[INFO] running `Command { std: CARGO_HOME="/workspace/cargo-home" RUSTUP_HOME="/workspace/rustup-home" "/workspace/cargo-home/bin/cargo" "+beta-2023-04-20" "metadata" "--manifest-path" "Cargo.toml" "--no-deps", kill_on_drop: false }`
[INFO] started tweaking crates.io crate cargo-what 0.1.3
[INFO] finished tweaking crates.io crate cargo-what 0.1.3
[INFO] tweaked toml for crates.io crate cargo-what 0.1.3 written to /workspace/builds/worker-1-tc2/source/Cargo.toml
[INFO] crate crates.io crate cargo-what 0.1.3 already has a lockfile, it will not be regenerated
[INFO] running `Command { std: CARGO_HOME="/workspace/cargo-home" RUSTUP_HOME="/workspace/rustup-home" "/workspace/cargo-home/bin/cargo" "+beta-2023-04-20" "fetch" "--manifest-path" "Cargo.toml", kill_on_drop: false }`
[INFO] [stderr]  Downloading crates ...
[INFO] [stderr]   Downloaded anyhow v1.0.33
[INFO] [stderr]   Downloaded hermit-abi v0.1.17
[INFO] [stderr]   Downloaded paste v1.0.1
[INFO] [stderr]   Downloaded serde_json v1.0.58
[INFO] [stderr]   Downloaded term v0.4.6
[INFO] [stderr]   Downloaded libc v0.2.79
[INFO] running `Command { std: "docker" "create" "-v" "/var/lib/crater-agent-workspace/builds/worker-1-tc2/target:/opt/rustwide/target:rw,Z" "-v" "/var/lib/crater-agent-workspace/builds/worker-1-tc2/source:/opt/rustwide/workdir:ro,Z" "-v" "/var/lib/crater-agent-workspace/cargo-home:/opt/rustwide/cargo-home:ro,Z" "-v" "/var/lib/crater-agent-workspace/rustup-home:/opt/rustwide/rustup-home:ro,Z" "-e" "SOURCE_DIR=/opt/rustwide/workdir" "-e" "CARGO_TARGET_DIR=/opt/rustwide/target" "-e" "CARGO_HOME=/opt/rustwide/cargo-home" "-e" "RUSTUP_HOME=/opt/rustwide/rustup-home" "-w" "/opt/rustwide/workdir" "-m" "1610612736" "--user" "0:0" "--network" "none" "ghcr.io/rust-lang/crates-build-env/linux@sha256:5ff2268d62e97bff2cde7d5815dd6ed5b47097566f13b8d0ca110b04b60e07ed" "/opt/rustwide/cargo-home/bin/cargo" "+beta-2023-04-20" "metadata" "--no-deps" "--format-version=1", kill_on_drop: false }`
[INFO] [stdout] 2ce158d92dac97f57ba05e75562d86d7be6ab163761b330a84faca52d9c960e0
[INFO] running `Command { std: "docker" "start" "-a" "2ce158d92dac97f57ba05e75562d86d7be6ab163761b330a84faca52d9c960e0", kill_on_drop: false }`
[INFO] running `Command { std: "docker" "inspect" "2ce158d92dac97f57ba05e75562d86d7be6ab163761b330a84faca52d9c960e0", kill_on_drop: false }`
[INFO] running `Command { std: "docker" "rm" "-f" "2ce158d92dac97f57ba05e75562d86d7be6ab163761b330a84faca52d9c960e0", kill_on_drop: false }`
[INFO] [stdout] 2ce158d92dac97f57ba05e75562d86d7be6ab163761b330a84faca52d9c960e0
[INFO] running `Command { std: "docker" "create" "-v" "/var/lib/crater-agent-workspace/builds/worker-1-tc2/target:/opt/rustwide/target:rw,Z" "-v" "/var/lib/crater-agent-workspace/builds/worker-1-tc2/source:/opt/rustwide/workdir:ro,Z" "-v" "/var/lib/crater-agent-workspace/cargo-home:/opt/rustwide/cargo-home:ro,Z" "-v" "/var/lib/crater-agent-workspace/rustup-home:/opt/rustwide/rustup-home:ro,Z" "-e" "SOURCE_DIR=/opt/rustwide/workdir" "-e" "CARGO_TARGET_DIR=/opt/rustwide/target" "-e" "CARGO_INCREMENTAL=0" "-e" "RUST_BACKTRACE=full" "-e" "RUSTFLAGS=--cap-lints=warn" "-e" "RUSTDOCFLAGS=--cap-lints=warn" "-e" "CARGO_HOME=/opt/rustwide/cargo-home" "-e" "RUSTUP_HOME=/opt/rustwide/rustup-home" "-w" "/opt/rustwide/workdir" "-m" "1610612736" "--user" "0:0" "--network" "none" "ghcr.io/rust-lang/crates-build-env/linux@sha256:5ff2268d62e97bff2cde7d5815dd6ed5b47097566f13b8d0ca110b04b60e07ed" "/opt/rustwide/cargo-home/bin/cargo" "+beta-2023-04-20" "build" "--frozen" "--message-format=json", kill_on_drop: false }`
[INFO] [stdout] 38e5581733fb6e115fe09ad38da88ec9d9335506a5c4ef26892e7e1d071c76ce
[INFO] running `Command { std: "docker" "start" "-a" "38e5581733fb6e115fe09ad38da88ec9d9335506a5c4ef26892e7e1d071c76ce", kill_on_drop: false }`
[INFO] [stderr]     Blocking waiting for file lock on package cache
[INFO] [stderr]    Compiling cargo-what v0.1.3 (/opt/rustwide/workdir)
[INFO] [stderr]    Compiling paste v1.0.1
[INFO] [stderr]     Finished dev [unoptimized + debuginfo] target(s) in 1.75s
[INFO] running `Command { std: "docker" "inspect" "38e5581733fb6e115fe09ad38da88ec9d9335506a5c4ef26892e7e1d071c76ce", kill_on_drop: false }`
[INFO] running `Command { std: "docker" "rm" "-f" "38e5581733fb6e115fe09ad38da88ec9d9335506a5c4ef26892e7e1d071c76ce", kill_on_drop: false }`
[INFO] [stdout] 38e5581733fb6e115fe09ad38da88ec9d9335506a5c4ef26892e7e1d071c76ce
[INFO] running `Command { std: "docker" "create" "-v" "/var/lib/crater-agent-workspace/builds/worker-1-tc2/target:/opt/rustwide/target:rw,Z" "-v" "/var/lib/crater-agent-workspace/builds/worker-1-tc2/source:/opt/rustwide/workdir:ro,Z" "-v" "/var/lib/crater-agent-workspace/cargo-home:/opt/rustwide/cargo-home:ro,Z" "-v" "/var/lib/crater-agent-workspace/rustup-home:/opt/rustwide/rustup-home:ro,Z" "-e" "SOURCE_DIR=/opt/rustwide/workdir" "-e" "CARGO_TARGET_DIR=/opt/rustwide/target" "-e" "CARGO_INCREMENTAL=0" "-e" "RUST_BACKTRACE=full" "-e" "RUSTFLAGS=--cap-lints=warn" "-e" "RUSTDOCFLAGS=--cap-lints=warn" "-e" "CARGO_HOME=/opt/rustwide/cargo-home" "-e" "RUSTUP_HOME=/opt/rustwide/rustup-home" "-w" "/opt/rustwide/workdir" "-m" "1610612736" "--user" "0:0" "--network" "none" "ghcr.io/rust-lang/crates-build-env/linux@sha256:5ff2268d62e97bff2cde7d5815dd6ed5b47097566f13b8d0ca110b04b60e07ed" "/opt/rustwide/cargo-home/bin/cargo" "+beta-2023-04-20" "test" "--frozen" "--no-run" "--message-format=json", kill_on_drop: false }`
[INFO] [stdout] eef90d5751d75682f2051d3cd123756502d7166fdf0e86b27c8c157226ec1724
[INFO] running `Command { std: "docker" "start" "-a" "eef90d5751d75682f2051d3cd123756502d7166fdf0e86b27c8c157226ec1724", kill_on_drop: false }`
[INFO] [stderr]    Compiling anyhow v1.0.33
[INFO] [stderr]    Compiling cargo-what v0.1.3 (/opt/rustwide/workdir)
[INFO] [stdout] error[E0432]: unresolved import `regex`
[INFO] [stdout]  --> tests/examples.rs:8:5
[INFO] [stdout]   |
[INFO] [stdout] 8 | use regex;
[INFO] [stdout]   |     ^^^^^ no external crate `regex`
[INFO] [stdout] 
[INFO] [stdout] 
[INFO] [stdout] error[E0432]: unresolved import `lazy_static`
[INFO] [stdout]  --> tests/examples.rs:9:5
[INFO] [stdout]   |
[INFO] [stdout] 9 | use lazy_static::lazy_static;
[INFO] [stdout]   |     ^^^^^^^^^^^ use of undeclared crate or module `lazy_static`
[INFO] [stdout] 
[INFO] [stdout] 
[INFO] [stdout] error: cannot determine resolution for the macro `lazy_static`
[INFO] [stdout]   --> tests/examples.rs:36:5
[INFO] [stdout]    |
[INFO] [stdout] 36 |     lazy_static! {
[INFO] [stdout]    |     ^^^^^^^^^^^
[INFO] [stdout]    |
[INFO] [stdout]    = note: import resolution is stuck, try simplifying macro imports
[INFO] [stdout] 
[INFO] [stdout] 
[INFO] [stdout] error[E0425]: cannot find value `EXPECTED_PATTERN` in this scope
[INFO] [stdout]   --> tests/examples.rs:45:28
[INFO] [stdout]    |
[INFO] [stdout] 45 |         if let Some(cap) = EXPECTED_PATTERN.captures(&line?) {
[INFO] [stdout]    |                            ^^^^^^^^^^^^^^^^ not found in this scope
[INFO] [stdout] 
[INFO] [stdout] 
[INFO] [stdout] error: aborting due to 4 previous errors
[INFO] [stdout] 
[INFO] [stdout] 
[INFO] [stdout] Some errors have detailed explanations: E0425, E0432.
[INFO] [stdout] 
[INFO] [stdout] For more information about an error, try `rustc --explain E0425`.
[INFO] [stdout] 
[INFO] [stderr] error: could not compile `cargo-what` (test "examples") due to 5 previous errors
[INFO] [stderr] warning: build failed, waiting for other jobs to finish...
[INFO] running `Command { std: "docker" "inspect" "eef90d5751d75682f2051d3cd123756502d7166fdf0e86b27c8c157226ec1724", kill_on_drop: false }`
[INFO] running `Command { std: "docker" "rm" "-f" "eef90d5751d75682f2051d3cd123756502d7166fdf0e86b27c8c157226ec1724", kill_on_drop: false }`
[INFO] [stdout] eef90d5751d75682f2051d3cd123756502d7166fdf0e86b27c8c157226ec1724
