[INFO] fetching crate cargo-ship 0.1.1...
[INFO] testing cargo-ship-0.1.1 against 1.69.0 for beta-1.70-1
[INFO] extracting crate cargo-ship 0.1.1 into /workspace/builds/worker-6-tc1/source
[INFO] validating manifest of crates.io crate cargo-ship 0.1.1 on toolchain 1.69.0
[INFO] running `Command { std: CARGO_HOME="/workspace/cargo-home" RUSTUP_HOME="/workspace/rustup-home" "/workspace/cargo-home/bin/cargo" "+1.69.0" "metadata" "--manifest-path" "Cargo.toml" "--no-deps", kill_on_drop: false }`
[INFO] started tweaking crates.io crate cargo-ship 0.1.1
[INFO] finished tweaking crates.io crate cargo-ship 0.1.1
[INFO] tweaked toml for crates.io crate cargo-ship 0.1.1 written to /workspace/builds/worker-6-tc1/source/Cargo.toml
[INFO] running `Command { std: CARGO_HOME="/workspace/cargo-home" RUSTUP_HOME="/workspace/rustup-home" __CARGO_TEST_CHANNEL_OVERRIDE_DO_NOT_USE_THIS="nightly" "/workspace/cargo-home/bin/cargo" "+1.69.0" "generate-lockfile" "--manifest-path" "Cargo.toml" "-Zno-index-update", kill_on_drop: false }`
[INFO] running `Command { std: CARGO_HOME="/workspace/cargo-home" RUSTUP_HOME="/workspace/rustup-home" "/workspace/cargo-home/bin/cargo" "+1.69.0" "fetch" "--manifest-path" "Cargo.toml", kill_on_drop: false }`
[INFO] running `Command { std: "docker" "create" "-v" "/var/lib/crater-agent-workspace/builds/worker-6-tc1/target:/opt/rustwide/target:rw,Z" "-v" "/var/lib/crater-agent-workspace/builds/worker-6-tc1/source:/opt/rustwide/workdir:ro,Z" "-v" "/var/lib/crater-agent-workspace/cargo-home:/opt/rustwide/cargo-home:ro,Z" "-v" "/var/lib/crater-agent-workspace/rustup-home:/opt/rustwide/rustup-home:ro,Z" "-e" "SOURCE_DIR=/opt/rustwide/workdir" "-e" "CARGO_TARGET_DIR=/opt/rustwide/target" "-e" "CARGO_HOME=/opt/rustwide/cargo-home" "-e" "RUSTUP_HOME=/opt/rustwide/rustup-home" "-w" "/opt/rustwide/workdir" "-m" "1610612736" "--user" "0:0" "--network" "none" "ghcr.io/rust-lang/crates-build-env/linux@sha256:5ff2268d62e97bff2cde7d5815dd6ed5b47097566f13b8d0ca110b04b60e07ed" "/opt/rustwide/cargo-home/bin/cargo" "+1.69.0" "metadata" "--no-deps" "--format-version=1", kill_on_drop: false }`
[INFO] [stdout] b20b76c4ff25566174843cad902fa8dcc41d6d339e671e0e1c9de014be157abc
[INFO] running `Command { std: "docker" "start" "-a" "b20b76c4ff25566174843cad902fa8dcc41d6d339e671e0e1c9de014be157abc", kill_on_drop: false }`
[INFO] running `Command { std: "docker" "inspect" "b20b76c4ff25566174843cad902fa8dcc41d6d339e671e0e1c9de014be157abc", kill_on_drop: false }`
[INFO] running `Command { std: "docker" "rm" "-f" "b20b76c4ff25566174843cad902fa8dcc41d6d339e671e0e1c9de014be157abc", kill_on_drop: false }`
[INFO] [stdout] b20b76c4ff25566174843cad902fa8dcc41d6d339e671e0e1c9de014be157abc
[INFO] running `Command { std: "docker" "create" "-v" "/var/lib/crater-agent-workspace/builds/worker-6-tc1/target:/opt/rustwide/target:rw,Z" "-v" "/var/lib/crater-agent-workspace/builds/worker-6-tc1/source:/opt/rustwide/workdir:ro,Z" "-v" "/var/lib/crater-agent-workspace/cargo-home:/opt/rustwide/cargo-home:ro,Z" "-v" "/var/lib/crater-agent-workspace/rustup-home:/opt/rustwide/rustup-home:ro,Z" "-e" "SOURCE_DIR=/opt/rustwide/workdir" "-e" "CARGO_TARGET_DIR=/opt/rustwide/target" "-e" "CARGO_INCREMENTAL=0" "-e" "RUST_BACKTRACE=full" "-e" "RUSTFLAGS=--cap-lints=warn" "-e" "RUSTDOCFLAGS=--cap-lints=warn" "-e" "CARGO_HOME=/opt/rustwide/cargo-home" "-e" "RUSTUP_HOME=/opt/rustwide/rustup-home" "-w" "/opt/rustwide/workdir" "-m" "1610612736" "--user" "0:0" "--network" "none" "ghcr.io/rust-lang/crates-build-env/linux@sha256:5ff2268d62e97bff2cde7d5815dd6ed5b47097566f13b8d0ca110b04b60e07ed" "/opt/rustwide/cargo-home/bin/cargo" "+1.69.0" "build" "--frozen" "--message-format=json", kill_on_drop: false }`
[INFO] [stdout] be64bcf068ac5f4092a31e1d7b434049dd55b050325dc356c3ee7953d9475cc7
[INFO] running `Command { std: "docker" "start" "-a" "be64bcf068ac5f4092a31e1d7b434049dd55b050325dc356c3ee7953d9475cc7", kill_on_drop: false }`
[INFO] [stderr]    Compiling serde v1.0.160
[INFO] [stderr]    Compiling hashbrown v0.12.3
[INFO] [stderr]    Compiling winnow v0.4.4
[INFO] [stderr]    Compiling indexmap v1.9.3
[INFO] [stderr]    Compiling serde_spanned v0.6.1
[INFO] [stderr]    Compiling toml_datetime v0.6.1
[INFO] [stderr]    Compiling toml_edit v0.19.8
[INFO] [stderr]    Compiling toml v0.7.3
[INFO] [stderr]    Compiling cargo-ship v0.1.1 (/opt/rustwide/workdir)
[INFO] [stdout] warning: use of deprecated function `std::env::home_dir`: This function's behavior may be unexpected on Windows. Consider using a crate from crates.io instead.
[INFO] [stdout]   --> src/main.rs:39:10
[INFO] [stdout]    |
[INFO] [stdout] 39 |     env::home_dir().expect("unable to determine publish directory").to_str().unwrap().to_owned() + "/.bin/"
[INFO] [stdout]    |          ^^^^^^^^
[INFO] [stdout]    |
[INFO] [stdout]    = note: `#[warn(deprecated)]` on by default
[INFO] [stdout] 
[INFO] [stdout] 
[INFO] [stdout] error[E0599]: no method named `lookup` found for enum `Value` in the current scope
[INFO] [stdout]   --> src/main.rs:30:30
[INFO] [stdout]    |
[INFO] [stdout] 30 |     let binary_name  = value.lookup("bin.0.name");
[INFO] [stdout]    |                              ^^^^^^ method not found in `Value`
[INFO] [stdout] 
[INFO] [stdout] 
[INFO] [stdout] error[E0599]: no method named `lookup` found for enum `Value` in the current scope
[INFO] [stdout]   --> src/main.rs:31:30
[INFO] [stdout]    |
[INFO] [stdout] 31 |     let release_name = value.lookup("release.name");
[INFO] [stdout]    |                              ^^^^^^ method not found in `Value`
[INFO] [stdout] 
[INFO] [stdout] 
[INFO] [stdout] error[E0599]: no method named `lookup` found for enum `Value` in the current scope
[INFO] [stdout]   --> src/main.rs:32:30
[INFO] [stdout]    |
[INFO] [stdout] 32 |     let default_name = value.lookup("package.name");
[INFO] [stdout]    |                              ^^^^^^ method not found in `Value`
[INFO] [stdout] 
[INFO] [stdout] 
[INFO] [stdout] error: aborting due to 3 previous errors; 1 warning emitted
[INFO] [stdout] 
[INFO] [stdout] 
[INFO] [stdout] For more information about this error, try `rustc --explain E0599`.
[INFO] [stdout] 
[INFO] [stderr] error: could not compile `cargo-ship` due to 4 previous errors; 1 warning emitted
[INFO] running `Command { std: "docker" "inspect" "be64bcf068ac5f4092a31e1d7b434049dd55b050325dc356c3ee7953d9475cc7", kill_on_drop: false }`
[INFO] running `Command { std: "docker" "rm" "-f" "be64bcf068ac5f4092a31e1d7b434049dd55b050325dc356c3ee7953d9475cc7", kill_on_drop: false }`
[INFO] [stdout] be64bcf068ac5f4092a31e1d7b434049dd55b050325dc356c3ee7953d9475cc7
