[INFO] fetching crate canadensis_udp 0.4.0...
[INFO] testing canadensis_udp-0.4.0 against beta-2023-04-20 for beta-1.70-1
[INFO] extracting crate canadensis_udp 0.4.0 into /workspace/builds/worker-6-tc2/source
[INFO] validating manifest of crates.io crate canadensis_udp 0.4.0 on toolchain beta-2023-04-20
[INFO] running `Command { std: CARGO_HOME="/workspace/cargo-home" RUSTUP_HOME="/workspace/rustup-home" "/workspace/cargo-home/bin/cargo" "+beta-2023-04-20" "metadata" "--manifest-path" "Cargo.toml" "--no-deps", kill_on_drop: false }`
[INFO] started tweaking crates.io crate canadensis_udp 0.4.0
[INFO] finished tweaking crates.io crate canadensis_udp 0.4.0
[INFO] tweaked toml for crates.io crate canadensis_udp 0.4.0 written to /workspace/builds/worker-6-tc2/source/Cargo.toml
[INFO] crate crates.io crate canadensis_udp 0.4.0 already has a lockfile, it will not be regenerated
[INFO] running `Command { std: CARGO_HOME="/workspace/cargo-home" RUSTUP_HOME="/workspace/rustup-home" "/workspace/cargo-home/bin/cargo" "+beta-2023-04-20" "fetch" "--manifest-path" "Cargo.toml", kill_on_drop: false }`
[INFO] [stderr]     Updating crates.io index
[INFO] [stderr]  Downloading crates ...
[INFO] [stderr]   Downloaded spin v0.9.7
[INFO] [stderr]   Downloaded no-std-net v0.5.0
[INFO] [stderr]   Downloaded crc-any v2.4.3
[INFO] [stderr]   Downloaded canadensis_header v0.1.0
[INFO] [stderr]   Downloaded debug-helper v0.3.13
[INFO] [stderr]   Downloaded canadensis_core v0.3.0
[INFO] [stderr]   Downloaded fallible_collections v0.4.7
[INFO] [stderr]   Downloaded hashbrown v0.13.2
[INFO] [stderr]   Downloaded embedded-nal v0.6.0
[INFO] [stderr]   Downloaded zerocopy v0.6.1
[INFO] [stderr]   Downloaded critical-section v1.1.1
[INFO] [stderr]   Downloaded atomic-polyfill v0.1.11
[INFO] [stderr]   Downloaded simplelog v0.12.1
[INFO] [stderr]   Downloaded heapless v0.7.16
[INFO] [stderr]   Downloaded zerocopy-derive v0.3.2
[INFO] [stderr]   Downloaded nb v1.1.0
[INFO] running `Command { std: "docker" "create" "-v" "/var/lib/crater-agent-workspace/builds/worker-6-tc2/target:/opt/rustwide/target:rw,Z" "-v" "/var/lib/crater-agent-workspace/builds/worker-6-tc2/source:/opt/rustwide/workdir:ro,Z" "-v" "/var/lib/crater-agent-workspace/cargo-home:/opt/rustwide/cargo-home:ro,Z" "-v" "/var/lib/crater-agent-workspace/rustup-home:/opt/rustwide/rustup-home:ro,Z" "-e" "SOURCE_DIR=/opt/rustwide/workdir" "-e" "CARGO_TARGET_DIR=/opt/rustwide/target" "-e" "CARGO_HOME=/opt/rustwide/cargo-home" "-e" "RUSTUP_HOME=/opt/rustwide/rustup-home" "-w" "/opt/rustwide/workdir" "-m" "1610612736" "--user" "0:0" "--network" "none" "ghcr.io/rust-lang/crates-build-env/linux@sha256:5ff2268d62e97bff2cde7d5815dd6ed5b47097566f13b8d0ca110b04b60e07ed" "/opt/rustwide/cargo-home/bin/cargo" "+beta-2023-04-20" "metadata" "--no-deps" "--format-version=1", kill_on_drop: false }`
[INFO] [stdout] 7288d584f741b33a2a2c99ea90353d2408a7330acff89c5dc18c1ee701635d2d
[INFO] running `Command { std: "docker" "start" "-a" "7288d584f741b33a2a2c99ea90353d2408a7330acff89c5dc18c1ee701635d2d", kill_on_drop: false }`
[INFO] running `Command { std: "docker" "inspect" "7288d584f741b33a2a2c99ea90353d2408a7330acff89c5dc18c1ee701635d2d", kill_on_drop: false }`
[INFO] running `Command { std: "docker" "rm" "-f" "7288d584f741b33a2a2c99ea90353d2408a7330acff89c5dc18c1ee701635d2d", kill_on_drop: false }`
[INFO] [stdout] 7288d584f741b33a2a2c99ea90353d2408a7330acff89c5dc18c1ee701635d2d
[INFO] running `Command { std: "docker" "create" "-v" "/var/lib/crater-agent-workspace/builds/worker-6-tc2/target:/opt/rustwide/target:rw,Z" "-v" "/var/lib/crater-agent-workspace/builds/worker-6-tc2/source:/opt/rustwide/workdir:ro,Z" "-v" "/var/lib/crater-agent-workspace/cargo-home:/opt/rustwide/cargo-home:ro,Z" "-v" "/var/lib/crater-agent-workspace/rustup-home:/opt/rustwide/rustup-home:ro,Z" "-e" "SOURCE_DIR=/opt/rustwide/workdir" "-e" "CARGO_TARGET_DIR=/opt/rustwide/target" "-e" "CARGO_INCREMENTAL=0" "-e" "RUST_BACKTRACE=full" "-e" "RUSTFLAGS=--cap-lints=warn" "-e" "RUSTDOCFLAGS=--cap-lints=warn" "-e" "CARGO_HOME=/opt/rustwide/cargo-home" "-e" "RUSTUP_HOME=/opt/rustwide/rustup-home" "-w" "/opt/rustwide/workdir" "-m" "1610612736" "--user" "0:0" "--network" "none" "ghcr.io/rust-lang/crates-build-env/linux@sha256:5ff2268d62e97bff2cde7d5815dd6ed5b47097566f13b8d0ca110b04b60e07ed" "/opt/rustwide/cargo-home/bin/cargo" "+beta-2023-04-20" "build" "--frozen" "--message-format=json", kill_on_drop: false }`
[INFO] [stdout] d7876c546bfec4deb83003a0684e1f08ca2454a0f57e19aaa88467836d187b84
[INFO] running `Command { std: "docker" "start" "-a" "d7876c546bfec4deb83003a0684e1f08ca2454a0f57e19aaa88467836d187b84", kill_on_drop: false }`
[INFO] [stderr]    Compiling proc-macro2 v1.0.54
[INFO] [stderr]    Compiling semver v1.0.17
[INFO] [stderr]    Compiling syn v1.0.109
[INFO] [stderr]    Compiling scopeguard v1.1.0
[INFO] [stderr]    Compiling byteorder v1.4.3
[INFO] [stderr]    Compiling once_cell v1.17.1
[INFO] [stderr]    Compiling stable_deref_trait v1.2.0
[INFO] [stderr]    Compiling log v0.4.17
[INFO] [stderr]    Compiling nb v1.1.0
[INFO] [stderr]    Compiling debug-helper v0.3.13
[INFO] [stderr]    Compiling no-std-net v0.5.0
[INFO] [stderr]    Compiling lock_api v0.4.9
[INFO] [stderr]    Compiling ahash v0.8.3
[INFO] [stderr]    Compiling crc-any v2.4.3
[INFO] [stderr]    Compiling hash32 v0.2.1
[INFO] [stderr]    Compiling spin v0.9.7
[INFO] [stderr]    Compiling rustc_version v0.4.0
[INFO] [stderr]    Compiling hashbrown v0.13.2
[INFO] [stderr]    Compiling quote v1.0.26
[INFO] [stderr]    Compiling heapless v0.7.16
[INFO] [stderr]    Compiling fallible_collections v0.4.7
[INFO] [stderr]    Compiling embedded-nal v0.6.0
[INFO] [stderr]    Compiling zerocopy-derive v0.3.2
[INFO] [stderr]    Compiling hash32-derive v0.1.1
[INFO] [stderr]    Compiling canadensis_core v0.3.0
[INFO] [stderr]    Compiling zerocopy v0.6.1
[INFO] [stderr]    Compiling canadensis_header v0.1.0
[INFO] [stderr]    Compiling canadensis_udp v0.4.0 (/opt/rustwide/workdir)
[INFO] [stderr]     Finished dev [unoptimized + debuginfo] target(s) in 8.24s
[INFO] running `Command { std: "docker" "inspect" "d7876c546bfec4deb83003a0684e1f08ca2454a0f57e19aaa88467836d187b84", kill_on_drop: false }`
[INFO] running `Command { std: "docker" "rm" "-f" "d7876c546bfec4deb83003a0684e1f08ca2454a0f57e19aaa88467836d187b84", kill_on_drop: false }`
[INFO] [stdout] d7876c546bfec4deb83003a0684e1f08ca2454a0f57e19aaa88467836d187b84
[INFO] running `Command { std: "docker" "create" "-v" "/var/lib/crater-agent-workspace/builds/worker-6-tc2/target:/opt/rustwide/target:rw,Z" "-v" "/var/lib/crater-agent-workspace/builds/worker-6-tc2/source:/opt/rustwide/workdir:ro,Z" "-v" "/var/lib/crater-agent-workspace/cargo-home:/opt/rustwide/cargo-home:ro,Z" "-v" "/var/lib/crater-agent-workspace/rustup-home:/opt/rustwide/rustup-home:ro,Z" "-e" "SOURCE_DIR=/opt/rustwide/workdir" "-e" "CARGO_TARGET_DIR=/opt/rustwide/target" "-e" "CARGO_INCREMENTAL=0" "-e" "RUST_BACKTRACE=full" "-e" "RUSTFLAGS=--cap-lints=warn" "-e" "RUSTDOCFLAGS=--cap-lints=warn" "-e" "CARGO_HOME=/opt/rustwide/cargo-home" "-e" "RUSTUP_HOME=/opt/rustwide/rustup-home" "-w" "/opt/rustwide/workdir" "-m" "1610612736" "--user" "0:0" "--network" "none" "ghcr.io/rust-lang/crates-build-env/linux@sha256:5ff2268d62e97bff2cde7d5815dd6ed5b47097566f13b8d0ca110b04b60e07ed" "/opt/rustwide/cargo-home/bin/cargo" "+beta-2023-04-20" "test" "--frozen" "--no-run" "--message-format=json", kill_on_drop: false }`
[INFO] [stdout] 07009d0275a1b560c6db67645a1d7251f87d5dde7acb4411fcae9511d45a2af8
[INFO] running `Command { std: "docker" "start" "-a" "07009d0275a1b560c6db67645a1d7251f87d5dde7acb4411fcae9511d45a2af8", kill_on_drop: false }`
[INFO] [stderr]    Compiling libc v0.2.140
[INFO] [stderr]    Compiling time-core v0.1.0
[INFO] [stderr]    Compiling itoa v1.0.6
[INFO] [stderr]    Compiling num_threads v0.1.6
[INFO] [stderr]    Compiling termcolor v1.1.3
[INFO] [stderr]    Compiling time-macros v0.2.8
[INFO] [stderr]    Compiling time v0.3.20
[INFO] [stderr]    Compiling simplelog v0.12.1
[INFO] [stderr]    Compiling canadensis_udp v0.4.0 (/opt/rustwide/workdir)
[INFO] [stdout] error[E0463]: can't find crate for `canadensis_linux`
[INFO] [stdout]  --> tests/loopback_transmit_receive.rs:2:1
[INFO] [stdout]   |
[INFO] [stdout] 2 | extern crate canadensis_linux;
[INFO] [stdout]   | ^^^^^^^^^^^^^^^^^^^^^^^^^^^^^^ can't find crate
[INFO] [stdout] 
[INFO] [stdout] 
[INFO] [stdout] error[E0432]: unresolved import `canadensis_linux`
[INFO] [stdout]   --> examples/transmit.rs:17:5
[INFO] [stdout]    |
[INFO] [stdout] 17 | use canadensis_linux::SystemClock;
[INFO] [stdout]    |     ^^^^^^^^^^^^^^^^ use of undeclared crate or module `canadensis_linux`
[INFO] [stdout]    |
[INFO] [stdout] help: there is a crate or module with a similar name
[INFO] [stdout]    |
[INFO] [stdout] 17 | use canadensis_core::SystemClock;
[INFO] [stdout]    |     ~~~~~~~~~~~~~~~
[INFO] [stdout] 
[INFO] [stdout] 
[INFO] [stdout] error[E0463]: can't find crate for `canadensis_linux`
[INFO] [stdout]  --> examples/receive.rs:2:1
[INFO] [stdout]   |
[INFO] [stdout] 2 | extern crate canadensis_linux;
[INFO] [stdout]   | ^^^^^^^^^^^^^^^^^^^^^^^^^^^^^^ can't find crate
[INFO] [stdout] 
[INFO] [stdout] 
[INFO] [stdout] warning: unused import: `canadensis_core::transport::Receiver`
[INFO] [stdout]   --> examples/receive.rs:19:5
[INFO] [stdout]    |
[INFO] [stdout] 19 | use canadensis_core::transport::Receiver;
[INFO] [stdout]    |     ^^^^^^^^^^^^^^^^^^^^^^^^^^^^^^^^^^^^
[INFO] [stdout]    |
[INFO] [stdout]    = note: `#[warn(unused_imports)]` on by default
[INFO] [stdout] 
[INFO] [stdout] 
[INFO] [stdout] warning: unused import: `Clock`
[INFO] [stdout]   --> examples/transmit.rs:13:29
[INFO] [stdout]    |
[INFO] [stdout] 13 | use canadensis_core::time::{Clock, MicrosecondDuration64};
[INFO] [stdout]    |                             ^^^^^
[INFO] [stdout]    |
[INFO] [stdout]    = note: `#[warn(unused_imports)]` on by default
[INFO] [stdout] 
[INFO] [stdout] 
[INFO] [stdout] error: aborting due to previous error; 1 warning emitted
[INFO] [stdout] 
[INFO] [stdout] 
[INFO] [stdout] For more information about this error, try `rustc --explain E0432`.
[INFO] [stdout] 
[INFO] [stderr] error: could not compile `canadensis_udp` (example "transmit") due to 2 previous errors; 1 warning emitted
[INFO] [stderr] warning: build failed, waiting for other jobs to finish...
[INFO] [stdout] warning: unused import: `zerocopy::AsBytes`
[INFO] [stdout]   --> examples/receive.rs:15:5
[INFO] [stdout]    |
[INFO] [stdout] 15 | use zerocopy::AsBytes;
[INFO] [stdout]    |     ^^^^^^^^^^^^^^^^^
[INFO] [stdout] 
[INFO] [stdout] 
[INFO] [stdout] error: aborting due to previous error; 2 warnings emitted
[INFO] [stdout] 
[INFO] [stdout] 
[INFO] [stdout] For more information about this error, try `rustc --explain E0463`.
[INFO] [stdout] 
[INFO] [stderr] error: could not compile `canadensis_udp` (example "receive") due to 2 previous errors; 2 warnings emitted
[INFO] [stdout] error[E0308]: mismatched types
[INFO] [stdout]    --> tests/loopback_transmit_receive.rs:58:9
[INFO] [stdout]     |
[INFO] [stdout] 57  |     check_loopback::<_, _, MTU>(
[INFO] [stdout]     |     --------------------------- arguments to this function are incorrect
[INFO] [stdout] 58  |         transfer,
[INFO] [stdout]     |         ^^^^^^^^ expected `Microseconds64`, found `MicrosecondDuration64`
[INFO] [stdout]     |
[INFO] [stdout]     = note: expected struct `Transfer<_, Microseconds64, UdpTransport>`
[INFO] [stdout]                found struct `Transfer<_, MicrosecondDuration64, _>`
[INFO] [stdout] note: function defined here
[INFO] [stdout]    --> tests/loopback_transmit_receive.rs:163:4
[INFO] [stdout]     |
[INFO] [stdout] 163 | fn check_loopback<S, U, const MTU: usize>(
[INFO] [stdout]     |    ^^^^^^^^^^^^^^
[INFO] [stdout] 164 |     mut transfer: Transfer<Vec<u8>, Microseconds64, UdpTransport>,
[INFO] [stdout]     |     -------------------------------------------------------------
[INFO] [stdout] 
[INFO] [stdout] 
[INFO] [stdout] error[E0308]: mismatched types
[INFO] [stdout]    --> tests/loopback_transmit_receive.rs:90:9
[INFO] [stdout]     |
[INFO] [stdout] 89  |     check_loopback::<_, _, 1472>(
[INFO] [stdout]     |     ---------------------------- arguments to this function are incorrect
[INFO] [stdout] 90  |         transfer,
[INFO] [stdout]     |         ^^^^^^^^ expected `Transfer<Vec<u8>, ..., ...>`, found `Transfer<Vec<{integer}>, ..., ...>`
[INFO] [stdout]     |
[INFO] [stdout]     = note: expected struct `Transfer<std::vec::Vec<u8>, Microseconds64, UdpTransport>`
[INFO] [stdout]                found struct `Transfer<std::vec::Vec<{integer}>, MicrosecondDuration64, _>`
[INFO] [stdout] note: function defined here
[INFO] [stdout]    --> tests/loopback_transmit_receive.rs:163:4
[INFO] [stdout]     |
[INFO] [stdout] 163 | fn check_loopback<S, U, const MTU: usize>(
[INFO] [stdout]     |    ^^^^^^^^^^^^^^
[INFO] [stdout] 164 |     mut transfer: Transfer<Vec<u8>, Microseconds64, UdpTransport>,
[INFO] [stdout]     |     -------------------------------------------------------------
[INFO] [stdout] 
[INFO] [stdout] 
[INFO] [stdout] error[E0308]: mismatched types
[INFO] [stdout]    --> tests/loopback_transmit_receive.rs:118:9
[INFO] [stdout]     |
[INFO] [stdout] 117 |     check_loopback::<_, _, 1472>(
[INFO] [stdout]     |     ---------------------------- arguments to this function are incorrect
[INFO] [stdout] 118 |         transfer,
[INFO] [stdout]     |         ^^^^^^^^ expected `Transfer<Vec<u8>, ..., ...>`, found `Transfer<Vec<{integer}>, ..., ...>`
[INFO] [stdout]     |
[INFO] [stdout]     = note: expected struct `Transfer<std::vec::Vec<u8>, Microseconds64, UdpTransport>`
[INFO] [stdout]                found struct `Transfer<std::vec::Vec<{integer}>, MicrosecondDuration64, _>`
[INFO] [stdout] note: function defined here
[INFO] [stdout]    --> tests/loopback_transmit_receive.rs:163:4
[INFO] [stdout]     |
[INFO] [stdout] 163 | fn check_loopback<S, U, const MTU: usize>(
[INFO] [stdout]     |    ^^^^^^^^^^^^^^
[INFO] [stdout] 164 |     mut transfer: Transfer<Vec<u8>, Microseconds64, UdpTransport>,
[INFO] [stdout]     |     -------------------------------------------------------------
[INFO] [stdout] 
[INFO] [stdout] 
[INFO] [stdout] error[E0308]: mismatched types
[INFO] [stdout]    --> tests/loopback_transmit_receive.rs:146:9
[INFO] [stdout]     |
[INFO] [stdout] 145 |     check_loopback::<_, _, 1472>(
[INFO] [stdout]     |     ---------------------------- arguments to this function are incorrect
[INFO] [stdout] 146 |         transfer,
[INFO] [stdout]     |         ^^^^^^^^ expected `Transfer<Vec<u8>, ..., ...>`, found `Transfer<Vec<{integer}>, ..., ...>`
[INFO] [stdout]     |
[INFO] [stdout]     = note: expected struct `Transfer<std::vec::Vec<u8>, Microseconds64, UdpTransport>`
[INFO] [stdout]                found struct `Transfer<std::vec::Vec<{integer}>, MicrosecondDuration64, _>`
[INFO] [stdout] note: function defined here
[INFO] [stdout]    --> tests/loopback_transmit_receive.rs:163:4
[INFO] [stdout]     |
[INFO] [stdout] 163 | fn check_loopback<S, U, const MTU: usize>(
[INFO] [stdout]     |    ^^^^^^^^^^^^^^
[INFO] [stdout] 164 |     mut transfer: Transfer<Vec<u8>, Microseconds64, UdpTransport>,
[INFO] [stdout]     |     -------------------------------------------------------------
[INFO] [stdout] 
[INFO] [stdout] 
[INFO] [stdout] error[E0618]: expected function, found `S`
[INFO] [stdout]    --> tests/loopback_transmit_receive.rs:196:5
[INFO] [stdout]     |
[INFO] [stdout] 166 |     subscribe: S,
[INFO] [stdout]     |     --------- `subscribe` has type `S`
[INFO] [stdout] ...
[INFO] [stdout] 196 |     subscribe(&mut receiver, &mut receive_socket);
[INFO] [stdout]     |     ^^^^^^^^^------------------------------------
[INFO] [stdout]     |     |
[INFO] [stdout]     |     call expression requires function
[INFO] [stdout] 
[INFO] [stdout] 
[INFO] [stdout] error[E0618]: expected function, found `U`
[INFO] [stdout]    --> tests/loopback_transmit_receive.rs:232:5
[INFO] [stdout]     |
[INFO] [stdout] 167 |     unsubscribe: U,
[INFO] [stdout]     |     ----------- `unsubscribe` has type `U`
[INFO] [stdout] ...
[INFO] [stdout] 232 |     unsubscribe(&mut receiver, &mut receive_socket);
[INFO] [stdout]     |     ^^^^^^^^^^^------------------------------------
[INFO] [stdout]     |     |
[INFO] [stdout]     |     call expression requires function
[INFO] [stdout] 
[INFO] [stdout] 
[INFO] [stdout] warning: unused import: `Clock`
[INFO] [stdout]  --> tests/loopback_transmit_receive.rs:8:43
[INFO] [stdout]   |
[INFO] [stdout] 8 | use canadensis_core::time::{milliseconds, Clock, MicrosecondDuration64, Microseconds64};
[INFO] [stdout]   |                                           ^^^^^
[INFO] [stdout]   |
[INFO] [stdout]   = note: `#[warn(unused_imports)]` on by default
[INFO] [stdout] 
[INFO] [stdout] 
[INFO] [stdout] warning: unused import: `Receiver`
[INFO] [stdout]   --> tests/loopback_transmit_receive.rs:10:34
[INFO] [stdout]    |
[INFO] [stdout] 10 | use canadensis_core::transport::{Receiver, TransferId, Transmitter};
[INFO] [stdout]    |                                  ^^^^^^^^
[INFO] [stdout] 
[INFO] [stdout] 
[INFO] [stdout] error: aborting due to 7 previous errors; 2 warnings emitted
[INFO] [stdout] 
[INFO] [stdout] 
[INFO] [stdout] Some errors have detailed explanations: E0308, E0463, E0618.
[INFO] [stdout] 
[INFO] [stdout] For more information about an error, try `rustc --explain E0308`.
[INFO] [stdout] 
[INFO] [stderr] error: could not compile `canadensis_udp` (test "loopback_transmit_receive") due to 8 previous errors; 2 warnings emitted
[INFO] running `Command { std: "docker" "inspect" "07009d0275a1b560c6db67645a1d7251f87d5dde7acb4411fcae9511d45a2af8", kill_on_drop: false }`
[INFO] running `Command { std: "docker" "rm" "-f" "07009d0275a1b560c6db67645a1d7251f87d5dde7acb4411fcae9511d45a2af8", kill_on_drop: false }`
[INFO] [stdout] 07009d0275a1b560c6db67645a1d7251f87d5dde7acb4411fcae9511d45a2af8
