[INFO] fetching crate cached 0.43.0...
[INFO] testing cached-0.43.0 against beta-2023-04-20 for beta-1.70-1
[INFO] extracting crate cached 0.43.0 into /workspace/builds/worker-2-tc2/source
[INFO] validating manifest of crates.io crate cached 0.43.0 on toolchain beta-2023-04-20
[INFO] running `Command { std: CARGO_HOME="/workspace/cargo-home" RUSTUP_HOME="/workspace/rustup-home" "/workspace/cargo-home/bin/cargo" "+beta-2023-04-20" "metadata" "--manifest-path" "Cargo.toml" "--no-deps", kill_on_drop: false }`
[INFO] started tweaking crates.io crate cached 0.43.0
[INFO] removed 0 missing examples
[INFO] finished tweaking crates.io crate cached 0.43.0
[INFO] tweaked toml for crates.io crate cached 0.43.0 written to /workspace/builds/worker-2-tc2/source/Cargo.toml
[INFO] crate crates.io crate cached 0.43.0 already has a lockfile, it will not be regenerated
[INFO] running `Command { std: CARGO_HOME="/workspace/cargo-home" RUSTUP_HOME="/workspace/rustup-home" "/workspace/cargo-home/bin/cargo" "+beta-2023-04-20" "fetch" "--manifest-path" "Cargo.toml", kill_on_drop: false }`
[INFO] [stderr]     Updating crates.io index
[INFO] [stderr]  Downloading crates ...
[INFO] [stderr]   Downloaded ctor v0.1.22
[INFO] [stderr]   Downloaded futures-sink v0.3.21
[INFO] [stderr]   Downloaded serial_test v2.0.0
[INFO] [stderr]   Downloaded serde_json v1.0.82
[INFO] [stderr]   Downloaded serde v1.0.138
[INFO] [stderr]   Downloaded tracing-core v0.1.28
[INFO] [stderr]   Downloaded redis v0.23.0
[INFO] [stderr]   Downloaded js-sys v0.3.58
[INFO] [stderr]   Downloaded async_once v0.2.6
[INFO] [stderr]   Downloaded tokio-util v0.7.3
[INFO] [stderr]   Downloaded gloo-timers v0.2.4
[INFO] [stderr]   Downloaded darling_macro v0.14.2
[INFO] [stderr]   Downloaded openssl v0.10.40
[INFO] [stderr]   Downloaded darling_core v0.14.2
[INFO] [stderr]   Downloaded native-tls v0.2.10
[INFO] [stderr]   Downloaded tracing v0.1.35
[INFO] [stderr]   Downloaded serde_derive v1.0.138
[INFO] [stderr]   Downloaded async-trait v0.1.56
[INFO] [stderr]   Downloaded openssl-sys v0.9.74
[INFO] [stderr]   Downloaded r2d2 v0.8.10
[INFO] [stderr]   Downloaded unicode-normalization v0.1.21
[INFO] [stderr]   Downloaded dashmap v5.3.4
[INFO] [stderr]   Downloaded futures-executor v0.3.21
[INFO] [stderr]   Downloaded futures v0.3.21
[INFO] [stderr]   Downloaded serial_test_derive v2.0.0
[INFO] [stderr]   Downloaded smartstring v1.0.1
[INFO] [stderr]   Downloaded once_cell v1.12.1
[INFO] [stderr]   Downloaded darling v0.14.2
[INFO] [stderr]   Downloaded cached_proc_macro v0.16.0
[INFO] [stderr]   Downloaded cached_proc_macro_types v0.1.0
[INFO] [stderr]   Downloaded hashbrown v0.13.1
[INFO] [stderr]   Downloaded async-native-tls v0.4.0
[INFO] [stderr]   Downloaded async-global-executor v2.2.0
[INFO] [stderr]   Downloaded async-io v1.7.0
[INFO] [stderr]   Downloaded crossbeam-utils v0.8.10
[INFO] [stderr]   Downloaded wasm-bindgen-futures v0.4.31
[INFO] [stderr]   Downloaded scheduled-thread-pool v0.2.6
[INFO] [stderr]   Downloaded web-sys v0.3.58
[INFO] [stderr]   Downloaded wasm-bindgen-backend v0.2.81
[INFO] [stderr]   Downloaded wasm-bindgen-shared v0.2.81
[INFO] [stderr]   Downloaded wasm-bindgen-macro-support v0.2.81
[INFO] [stderr]   Downloaded wasm-bindgen-macro v0.2.81
[INFO] [stderr]   Downloaded wasm-bindgen v0.2.81
[INFO] [stderr]   Downloaded tokio-macros v1.8.0
[INFO] running `Command { std: "docker" "create" "-v" "/var/lib/crater-agent-workspace/builds/worker-2-tc2/target:/opt/rustwide/target:rw,Z" "-v" "/var/lib/crater-agent-workspace/builds/worker-2-tc2/source:/opt/rustwide/workdir:ro,Z" "-v" "/var/lib/crater-agent-workspace/cargo-home:/opt/rustwide/cargo-home:ro,Z" "-v" "/var/lib/crater-agent-workspace/rustup-home:/opt/rustwide/rustup-home:ro,Z" "-e" "SOURCE_DIR=/opt/rustwide/workdir" "-e" "CARGO_TARGET_DIR=/opt/rustwide/target" "-e" "CARGO_HOME=/opt/rustwide/cargo-home" "-e" "RUSTUP_HOME=/opt/rustwide/rustup-home" "-w" "/opt/rustwide/workdir" "-m" "1610612736" "--user" "0:0" "--network" "none" "ghcr.io/rust-lang/crates-build-env/linux@sha256:5ff2268d62e97bff2cde7d5815dd6ed5b47097566f13b8d0ca110b04b60e07ed" "/opt/rustwide/cargo-home/bin/cargo" "+beta-2023-04-20" "metadata" "--no-deps" "--format-version=1", kill_on_drop: false }`
[INFO] [stdout] 10fb40422e9050c35599fa5d24de70e9180405d30472aebb53d329d8d34fef14
[INFO] running `Command { std: "docker" "start" "-a" "10fb40422e9050c35599fa5d24de70e9180405d30472aebb53d329d8d34fef14", kill_on_drop: false }`
[INFO] running `Command { std: "docker" "inspect" "10fb40422e9050c35599fa5d24de70e9180405d30472aebb53d329d8d34fef14", kill_on_drop: false }`
[INFO] running `Command { std: "docker" "rm" "-f" "10fb40422e9050c35599fa5d24de70e9180405d30472aebb53d329d8d34fef14", kill_on_drop: false }`
[INFO] [stdout] 10fb40422e9050c35599fa5d24de70e9180405d30472aebb53d329d8d34fef14
[INFO] running `Command { std: "docker" "create" "-v" "/var/lib/crater-agent-workspace/builds/worker-2-tc2/target:/opt/rustwide/target:rw,Z" "-v" "/var/lib/crater-agent-workspace/builds/worker-2-tc2/source:/opt/rustwide/workdir:ro,Z" "-v" "/var/lib/crater-agent-workspace/cargo-home:/opt/rustwide/cargo-home:ro,Z" "-v" "/var/lib/crater-agent-workspace/rustup-home:/opt/rustwide/rustup-home:ro,Z" "-e" "SOURCE_DIR=/opt/rustwide/workdir" "-e" "CARGO_TARGET_DIR=/opt/rustwide/target" "-e" "CARGO_INCREMENTAL=0" "-e" "RUST_BACKTRACE=full" "-e" "RUSTFLAGS=--cap-lints=warn" "-e" "RUSTDOCFLAGS=--cap-lints=warn" "-e" "CARGO_HOME=/opt/rustwide/cargo-home" "-e" "RUSTUP_HOME=/opt/rustwide/rustup-home" "-w" "/opt/rustwide/workdir" "-m" "1610612736" "--user" "0:0" "--network" "none" "ghcr.io/rust-lang/crates-build-env/linux@sha256:5ff2268d62e97bff2cde7d5815dd6ed5b47097566f13b8d0ca110b04b60e07ed" "/opt/rustwide/cargo-home/bin/cargo" "+beta-2023-04-20" "build" "--frozen" "--message-format=json", kill_on_drop: false }`
[INFO] [stdout] c7e349677b8509a5364660121c8acf0dc902ca37117c99d543283d1defb0bd6b
[INFO] running `Command { std: "docker" "start" "-a" "c7e349677b8509a5364660121c8acf0dc902ca37117c99d543283d1defb0bd6b", kill_on_drop: false }`
[INFO] [stderr]    Compiling unicode-ident v1.0.1
[INFO] [stderr]    Compiling syn v1.0.98
[INFO] [stderr]    Compiling futures-core v0.3.21
[INFO] [stderr]    Compiling futures-channel v0.3.21
[INFO] [stderr]    Compiling futures-task v0.3.21
[INFO] [stderr]    Compiling memchr v2.5.0
[INFO] [stderr]    Compiling fnv v1.0.7
[INFO] [stderr]    Compiling futures-sink v0.3.21
[INFO] [stderr]    Compiling proc-macro2 v1.0.56
[INFO] [stderr]    Compiling ident_case v1.0.1
[INFO] [stderr]    Compiling pin-project-lite v0.2.9
[INFO] [stderr]    Compiling futures-util v0.3.21
[INFO] [stderr]    Compiling strsim v0.10.0
[INFO] [stderr]    Compiling slab v0.4.6
[INFO] [stderr]    Compiling pin-utils v0.1.0
[INFO] [stderr]    Compiling futures-io v0.3.21
[INFO] [stderr]    Compiling async-trait v0.1.56
[INFO] [stderr]    Compiling cached_proc_macro_types v0.1.0
[INFO] [stderr]    Compiling instant v0.1.12
[INFO] [stderr]    Compiling quote v1.0.26
[INFO] [stderr]    Compiling hashbrown v0.13.1
[INFO] [stderr]    Compiling async_once v0.2.6
[INFO] [stderr]    Compiling once_cell v1.12.1
[INFO] [stderr]    Compiling futures-executor v0.3.21
[INFO] [stderr]    Compiling futures v0.3.21
[INFO] [stderr]    Compiling darling_core v0.14.2
[INFO] [stderr]    Compiling thiserror-impl v1.0.31
[INFO] [stderr]    Compiling tokio-macros v1.8.0
[INFO] [stderr]    Compiling tokio v1.19.2
[INFO] [stderr]    Compiling darling_macro v0.14.2
[INFO] [stderr]    Compiling thiserror v1.0.31
[INFO] [stderr]    Compiling darling v0.14.2
[INFO] [stderr]    Compiling cached_proc_macro v0.16.0
[INFO] [stderr]    Compiling cached v0.43.0 (/opt/rustwide/workdir)
[INFO] [stderr]     Finished dev [unoptimized + debuginfo] target(s) in 29.03s
[INFO] running `Command { std: "docker" "inspect" "c7e349677b8509a5364660121c8acf0dc902ca37117c99d543283d1defb0bd6b", kill_on_drop: false }`
[INFO] running `Command { std: "docker" "rm" "-f" "c7e349677b8509a5364660121c8acf0dc902ca37117c99d543283d1defb0bd6b", kill_on_drop: false }`
[INFO] [stdout] c7e349677b8509a5364660121c8acf0dc902ca37117c99d543283d1defb0bd6b
[INFO] running `Command { std: "docker" "create" "-v" "/var/lib/crater-agent-workspace/builds/worker-2-tc2/target:/opt/rustwide/target:rw,Z" "-v" "/var/lib/crater-agent-workspace/builds/worker-2-tc2/source:/opt/rustwide/workdir:ro,Z" "-v" "/var/lib/crater-agent-workspace/cargo-home:/opt/rustwide/cargo-home:ro,Z" "-v" "/var/lib/crater-agent-workspace/rustup-home:/opt/rustwide/rustup-home:ro,Z" "-e" "SOURCE_DIR=/opt/rustwide/workdir" "-e" "CARGO_TARGET_DIR=/opt/rustwide/target" "-e" "CARGO_INCREMENTAL=0" "-e" "RUST_BACKTRACE=full" "-e" "RUSTFLAGS=--cap-lints=warn" "-e" "RUSTDOCFLAGS=--cap-lints=warn" "-e" "CARGO_HOME=/opt/rustwide/cargo-home" "-e" "RUSTUP_HOME=/opt/rustwide/rustup-home" "-w" "/opt/rustwide/workdir" "-m" "1610612736" "--user" "0:0" "--network" "none" "ghcr.io/rust-lang/crates-build-env/linux@sha256:5ff2268d62e97bff2cde7d5815dd6ed5b47097566f13b8d0ca110b04b60e07ed" "/opt/rustwide/cargo-home/bin/cargo" "+beta-2023-04-20" "test" "--frozen" "--no-run" "--message-format=json", kill_on_drop: false }`
[INFO] [stdout] e48ac5cf4be7388379643b43851165b64b19457d4bf6c6327f56577e3d97a2a6
[INFO] running `Command { std: "docker" "start" "-a" "e48ac5cf4be7388379643b43851165b64b19457d4bf6c6327f56577e3d97a2a6", kill_on_drop: false }`
[INFO] [stderr]    Compiling libc v0.2.126
[INFO] [stderr]    Compiling value-bag v1.0.0-alpha.9
[INFO] [stderr]    Compiling log v0.4.17
[INFO] [stderr]    Compiling cache-padded v1.2.0
[INFO] [stderr]    Compiling ctor v0.1.22
[INFO] [stderr]    Compiling waker-fn v1.1.0
[INFO] [stderr]    Compiling fastrand v1.7.0
[INFO] [stderr]    Compiling parking v2.0.0
[INFO] [stderr]    Compiling lock_api v0.4.7
[INFO] [stderr]    Compiling concurrent-queue v1.2.2
[INFO] [stderr]    Compiling futures-lite v1.12.0
[INFO] [stderr]    Compiling parking_lot_core v0.9.3
[INFO] [stderr]    Compiling event-listener v2.5.2
[INFO] [stderr]    Compiling async-task v4.2.0
[INFO] [stderr]    Compiling smallvec v1.9.0
[INFO] [stderr]    Compiling async-channel v1.6.1
[INFO] [stderr]    Compiling atomic-waker v1.0.0
[INFO] [stderr]    Compiling crossbeam-utils v0.8.10
[INFO] [stderr]    Compiling async-lock v2.5.0
[INFO] [stderr]    Compiling syn v2.0.14
[INFO] [stderr]    Compiling smartstring v1.0.1
[INFO] [stderr]    Compiling hashbrown v0.12.1
[INFO] [stderr]    Compiling async-attributes v1.1.2
[INFO] [stderr]    Compiling socket2 v0.4.4
[INFO] [stderr]    Compiling num_cpus v1.13.1
[INFO] [stderr]    Compiling async-executor v1.4.1
[INFO] [stderr]    Compiling polling v2.2.0
[INFO] [stderr]    Compiling blocking v1.2.0
[INFO] [stderr]    Compiling kv-log-macro v1.0.7
[INFO] [stderr]    Compiling parking_lot v0.12.1
[INFO] [stderr]    Compiling dashmap v5.3.4
[INFO] [stderr]    Compiling async-io v1.7.0
[INFO] [stderr]    Compiling static_assertions v1.1.0
[INFO] [stderr]    Compiling async-global-executor v2.2.0
[INFO] [stderr]    Compiling async-std v1.12.0
[INFO] [stderr]    Compiling serial_test_derive v2.0.0
[INFO] [stderr]    Compiling serial_test v2.0.0
[INFO] [stderr]    Compiling cached v0.43.0 (/opt/rustwide/workdir)
[INFO] [stdout] error: The #[tokio::main] macro requires rt or rt-multi-thread.
[INFO] [stdout]   --> examples/tokio.rs:21:1
[INFO] [stdout]    |
[INFO] [stdout] 21 | #[tokio::main]
[INFO] [stdout]    | ^^^^^^^^^^^^^^
[INFO] [stdout]    |
[INFO] [stdout]    = note: this error originates in the attribute macro `tokio::main` (in Nightly builds, run with -Z macro-backtrace for more info)
[INFO] [stdout] 
[INFO] [stdout] 
[INFO] [stdout] error: The #[tokio::test] macro requires rt or rt-multi-thread.
[INFO] [stdout]    --> tests/cached.rs:614:1
[INFO] [stdout]     |
[INFO] [stdout] 614 | #[tokio::test]
[INFO] [stdout]     | ^^^^^^^^^^^^^^
[INFO] [stdout]     |
[INFO] [stdout]     = note: this error originates in the attribute macro `tokio::test` (in Nightly builds, run with -Z macro-backtrace for more info)
[INFO] [stdout] 
[INFO] [stdout] 
[INFO] [stdout] error[E0601]: `main` function not found in crate `tokio`
[INFO] [stdout]   --> examples/tokio.rs:37:2
[INFO] [stdout]    |
[INFO] [stdout] 37 | }
[INFO] [stdout]    |  ^ consider adding a `main` function to `examples/tokio.rs`
[INFO] [stdout] 
[INFO] [stdout] 
[INFO] [stdout] error: The #[tokio::test] macro requires rt or rt-multi-thread.
[INFO] [stdout]    --> src/stores/sized.rs:726:5
[INFO] [stdout]     |
[INFO] [stdout] 726 |     #[tokio::test]
[INFO] [stdout]     |     ^^^^^^^^^^^^^^
[INFO] [stdout]     |
[INFO] [stdout]     = note: this error originates in the attribute macro `tokio::test` (in Nightly builds, run with -Z macro-backtrace for more info)
[INFO] [stdout] 
[INFO] [stdout] 
[INFO] [stdout] error: The #[tokio::test] macro requires rt or rt-multi-thread.
[INFO] [stdout]    --> tests/cached.rs:660:1
[INFO] [stdout]     |
[INFO] [stdout] 660 | #[tokio::test]
[INFO] [stdout]     | ^^^^^^^^^^^^^^
[INFO] [stdout]     |
[INFO] [stdout]     = note: this error originates in the attribute macro `tokio::test` (in Nightly builds, run with -Z macro-backtrace for more info)
[INFO] [stdout] 
[INFO] [stdout] 
[INFO] [stdout] error: The #[tokio::test] macro requires rt or rt-multi-thread.
[INFO] [stdout]    --> tests/cached.rs:719:1
[INFO] [stdout]     |
[INFO] [stdout] 719 | #[tokio::test]
[INFO] [stdout]     | ^^^^^^^^^^^^^^
[INFO] [stdout]     |
[INFO] [stdout]     = note: this error originates in the attribute macro `tokio::test` (in Nightly builds, run with -Z macro-backtrace for more info)
[INFO] [stdout] 
[INFO] [stdout] 
[INFO] [stdout] error: The #[tokio::main] macro requires rt or rt-multi-thread.
[INFO] [stdout]   --> examples/redis-async.rs:83:1
[INFO] [stdout]    |
[INFO] [stdout] 83 | #[tokio::main]
[INFO] [stdout]    | ^^^^^^^^^^^^^^
[INFO] [stdout]    |
[INFO] [stdout]    = note: this error originates in the attribute macro `tokio::main` (in Nightly builds, run with -Z macro-backtrace for more info)
[INFO] [stdout] 
[INFO] [stdout] 
[INFO] [stdout] error: The #[tokio::test] macro requires rt or rt-multi-thread.
[INFO] [stdout]    --> tests/cached.rs:771:1
[INFO] [stdout]     |
[INFO] [stdout] 771 | #[tokio::test]
[INFO] [stdout]     | ^^^^^^^^^^^^^^
[INFO] [stdout]     |
[INFO] [stdout]     = note: this error originates in the attribute macro `tokio::test` (in Nightly builds, run with -Z macro-backtrace for more info)
[INFO] [stdout] 
[INFO] [stdout] 
[INFO] [stdout] error: The #[tokio::test] macro requires rt or rt-multi-thread.
[INFO] [stdout]    --> tests/cached.rs:824:1
[INFO] [stdout]     |
[INFO] [stdout] 824 | #[tokio::test]
[INFO] [stdout]     | ^^^^^^^^^^^^^^
[INFO] [stdout]     |
[INFO] [stdout]     = note: this error originates in the attribute macro `tokio::test` (in Nightly builds, run with -Z macro-backtrace for more info)
[INFO] [stdout] 
[INFO] [stdout] 
[INFO] [stdout] error: The #[tokio::test] macro requires rt or rt-multi-thread.
[INFO] [stdout]    --> tests/cached.rs:857:1
[INFO] [stdout]     |
[INFO] [stdout] 857 | #[tokio::test]
[INFO] [stdout]     | ^^^^^^^^^^^^^^
[INFO] [stdout]     |
[INFO] [stdout]     = note: this error originates in the attribute macro `tokio::test` (in Nightly builds, run with -Z macro-backtrace for more info)
[INFO] [stdout] 
[INFO] [stdout] 
[INFO] [stdout] error: The #[tokio::test] macro requires rt or rt-multi-thread.
[INFO] [stdout]    --> tests/cached.rs:890:1
[INFO] [stdout]     |
[INFO] [stdout] 890 | #[tokio::test]
[INFO] [stdout]     | ^^^^^^^^^^^^^^
[INFO] [stdout]     |
[INFO] [stdout]     = note: this error originates in the attribute macro `tokio::test` (in Nightly builds, run with -Z macro-backtrace for more info)
[INFO] [stdout] 
[INFO] [stdout] 
[INFO] [stdout] error: The #[tokio::test] macro requires rt or rt-multi-thread.
[INFO] [stdout]    --> src/stores/timed_sized.rs:612:5
[INFO] [stdout]     |
[INFO] [stdout] 612 |     #[tokio::test]
[INFO] [stdout]     |     ^^^^^^^^^^^^^^
[INFO] [stdout]     |
[INFO] [stdout]     = note: this error originates in the attribute macro `tokio::test` (in Nightly builds, run with -Z macro-backtrace for more info)
[INFO] [stdout] 
[INFO] [stdout] 
[INFO] [stdout] error[E0432]: unresolved import `cached::AsyncRedisCache`
[INFO] [stdout]   --> examples/redis-async.rs:11:5
[INFO] [stdout]    |
[INFO] [stdout] 11 | use cached::AsyncRedisCache;
[INFO] [stdout]    |     ^^^^^^^^^^^^^^^^^^^^^^^ no `AsyncRedisCache` in the root
[INFO] [stdout] 
[INFO] [stdout] 
[INFO] [stdout] error[E0433]: failed to resolve: could not find `AsyncRedisCache` in `cached`
[INFO] [stdout]   --> examples/redis-async.rs:25:1
[INFO] [stdout]    |
[INFO] [stdout] 25 | / #[io_cached(
[INFO] [stdout] 26 | |     redis = true,
[INFO] [stdout] 27 | |     time = 30,
[INFO] [stdout] 28 | |     cache_prefix_block = r##"{ "cache-redis-example-1" }"##,
[INFO] [stdout] 29 | |     map_error = r##"|e| ExampleError::RedisError(format!("{:?}", e))"##
[INFO] [stdout] 30 | | )]
[INFO] [stdout]    | |__^ could not find `AsyncRedisCache` in `cached`
[INFO] [stdout]    |
[INFO] [stdout]    = note: this error originates in the attribute macro `io_cached` (in Nightly builds, run with -Z macro-backtrace for more info)
[INFO] [stdout] 
[INFO] [stdout] 
[INFO] [stdout] error: aborting due to 2 previous errors
[INFO] [stdout] 
[INFO] [stdout] 
[INFO] [stdout] For more information about this error, try `rustc --explain E0601`.
[INFO] [stdout] 
[INFO] [stderr] error: could not compile `cached` (example "tokio") due to 3 previous errors
[INFO] [stderr] warning: build failed, waiting for other jobs to finish...
[INFO] [stdout] error[E0412]: cannot find type `AsyncRedisCache` in crate `cached`
[INFO] [stdout]   --> examples/redis-async.rs:25:1
[INFO] [stdout]    |
[INFO] [stdout] 25 | / #[io_cached(
[INFO] [stdout] 26 | |     redis = true,
[INFO] [stdout] 27 | |     time = 30,
[INFO] [stdout] 28 | |     cache_prefix_block = r##"{ "cache-redis-example-1" }"##,
[INFO] [stdout] 29 | |     map_error = r##"|e| ExampleError::RedisError(format!("{:?}", e))"##
[INFO] [stdout] 30 | | )]
[INFO] [stdout]    | |__^ not found in `cached`
[INFO] [stdout]    |
[INFO] [stdout]    = note: this error originates in the attribute macro `io_cached` (in Nightly builds, run with -Z macro-backtrace for more info)
[INFO] [stdout] 
[INFO] [stdout] 
[INFO] [stdout] error[E0412]: cannot find type `AsyncRedisCache` in crate `cached`
[INFO] [stdout]   --> examples/redis-async.rs:36:1
[INFO] [stdout]    |
[INFO] [stdout] 36 | / #[io_cached(
[INFO] [stdout] 37 | |     map_error = r##"|e| ExampleError::RedisError(format!("{:?}", e))"##,
[INFO] [stdout] 38 | |     type = "cached::AsyncRedisCache<u64, String>",
[INFO] [stdout] 39 | |     create = r##" {
[INFO] [stdout] ...  |
[INFO] [stdout] 45 | |     } "##
[INFO] [stdout] 46 | | )]
[INFO] [stdout]    | |__^ not found in `cached`
[INFO] [stdout]    |
[INFO] [stdout]    = note: this error originates in the attribute macro `io_cached` (in Nightly builds, run with -Z macro-backtrace for more info)
[INFO] [stdout] 
[INFO] [stdout] 
[INFO] [stdout] error[E0412]: cannot find type `AsyncRedisCache` in crate `cached`
[INFO] [stdout]   --> examples/redis-async.rs:66:1
[INFO] [stdout]    |
[INFO] [stdout] 66 | / #[io_cached(
[INFO] [stdout] 67 | |     map_error = r##"|e| ExampleError::RedisError(format!("{:?}", e))"##,
[INFO] [stdout] 68 | |     type = "cached::AsyncRedisCache<u64, String>",
[INFO] [stdout] 69 | |     create = r##" {
[INFO] [stdout] ...  |
[INFO] [stdout] 76 | |     } "##
[INFO] [stdout] 77 | | )]
[INFO] [stdout]    | |__^ not found in `cached`
[INFO] [stdout]    |
[INFO] [stdout]    = note: this error originates in the attribute macro `io_cached` (in Nightly builds, run with -Z macro-backtrace for more info)
[INFO] [stdout] 
[INFO] [stdout] 
[INFO] [stdout] warning: unused import: `std::io`
[INFO] [stdout]   --> examples/redis-async.rs:12:5
[INFO] [stdout]    |
[INFO] [stdout] 12 | use std::io;
[INFO] [stdout]    |     ^^^^^^^
[INFO] [stdout]    |
[INFO] [stdout]    = note: `#[warn(unused_imports)]` on by default
[INFO] [stdout] 
[INFO] [stdout] 
[INFO] [stdout] error[E0601]: `main` function not found in crate `redis_async`
[INFO] [stdout]    --> examples/redis-async.rs:112:2
[INFO] [stdout]     |
[INFO] [stdout] 112 | }
[INFO] [stdout]     |  ^ consider adding a `main` function to `examples/redis-async.rs`
[INFO] [stdout] 
[INFO] [stdout] 
[INFO] [stdout] error[E0599]: no method named `get` found for struct `CACHED_SLEEP_SECS` in the current scope
[INFO] [stdout]   --> examples/redis-async.rs:25:1
[INFO] [stdout]    |
[INFO] [stdout] 25 |   #[io_cached(
[INFO] [stdout]    |  _^
[INFO] [stdout] 26 | |     redis = true,
[INFO] [stdout] 27 | |     time = 30,
[INFO] [stdout] 28 | |     cache_prefix_block = r##"{ "cache-redis-example-1" }"##,
[INFO] [stdout] 29 | |     map_error = r##"|e| ExampleError::RedisError(format!("{:?}", e))"##
[INFO] [stdout] 30 | | )]
[INFO] [stdout]    | |  ^
[INFO] [stdout]    | |  |
[INFO] [stdout]    | |__method `get` not found for this struct
[INFO] [stdout]    |    method not found in `CACHED_SLEEP_SECS`
[INFO] [stdout]    |
[INFO] [stdout]    = help: items from traits can only be used if the trait is implemented and in scope
[INFO] [stdout]    = note: the following traits define an item `get`, perhaps you need to implement one of them:
[INFO] [stdout]            candidate #1: `SliceIndex`
[INFO] [stdout]            candidate #2: `log::kv::Source`
[INFO] [stdout]    = note: this error originates in the attribute macro `io_cached` (in Nightly builds, run with -Z macro-backtrace for more info)
[INFO] [stdout] 
[INFO] [stdout] 
[INFO] [stdout] error[E0599]: no method named `get` found for struct `ASYNC_CACHED_SLEEP_SECS` in the current scope
[INFO] [stdout]   --> examples/redis-async.rs:36:1
[INFO] [stdout]    |
[INFO] [stdout] 36 |   #[io_cached(
[INFO] [stdout]    |  _^
[INFO] [stdout] 37 | |     map_error = r##"|e| ExampleError::RedisError(format!("{:?}", e))"##,
[INFO] [stdout] 38 | |     type = "cached::AsyncRedisCache<u64, String>",
[INFO] [stdout] 39 | |     create = r##" {
[INFO] [stdout] ...  |
[INFO] [stdout] 45 | |     } "##
[INFO] [stdout] 46 | | )]
[INFO] [stdout]    | |  ^
[INFO] [stdout]    | |  |
[INFO] [stdout]    | |__method `get` not found for this struct
[INFO] [stdout]    |    method not found in `ASYNC_CACHED_SLEEP_SECS`
[INFO] [stdout]    |
[INFO] [stdout]    = help: items from traits can only be used if the trait is implemented and in scope
[INFO] [stdout]    = note: the following traits define an item `get`, perhaps you need to implement one of them:
[INFO] [stdout]            candidate #1: `SliceIndex`
[INFO] [stdout]            candidate #2: `log::kv::Source`
[INFO] [stdout]    = note: this error originates in the attribute macro `io_cached` (in Nightly builds, run with -Z macro-backtrace for more info)
[INFO] [stdout] 
[INFO] [stdout] 
[INFO] [stdout] error[E0599]: no method named `get` found for struct `ASYNC_CACHED_SLEEP_SECS_CONFIG` in the current scope
[INFO] [stdout]   --> examples/redis-async.rs:66:1
[INFO] [stdout]    |
[INFO] [stdout] 66 |   #[io_cached(
[INFO] [stdout]    |  _^
[INFO] [stdout] 67 | |     map_error = r##"|e| ExampleError::RedisError(format!("{:?}", e))"##,
[INFO] [stdout] 68 | |     type = "cached::AsyncRedisCache<u64, String>",
[INFO] [stdout] 69 | |     create = r##" {
[INFO] [stdout] ...  |
[INFO] [stdout] 76 | |     } "##
[INFO] [stdout] 77 | | )]
[INFO] [stdout]    | |  ^
[INFO] [stdout]    | |  |
[INFO] [stdout]    | |__method `get` not found for this struct
[INFO] [stdout]    |    method not found in `ASYNC_CACHED_SLEEP_SECS_CONFIG`
[INFO] [stdout]    |
[INFO] [stdout]    = help: items from traits can only be used if the trait is implemented and in scope
[INFO] [stdout]    = note: the following traits define an item `get`, perhaps you need to implement one of them:
[INFO] [stdout]            candidate #1: `SliceIndex`
[INFO] [stdout]            candidate #2: `log::kv::Source`
[INFO] [stdout]    = note: this error originates in the attribute macro `io_cached` (in Nightly builds, run with -Z macro-backtrace for more info)
[INFO] [stdout] 
[INFO] [stdout] 
[INFO] [stdout] error: aborting due to 7 previous errors
[INFO] [stdout] 
[INFO] [stdout] 
[INFO] [stderr] error: could not compile `cached` (test "cached") due to 8 previous errors
[INFO] [stdout] warning: unused import: `std::io::Write`
[INFO] [stdout]   --> examples/redis-async.rs:13:5
[INFO] [stdout]    |
[INFO] [stdout] 13 | use std::io::Write;
[INFO] [stdout]    |     ^^^^^^^^^^^^^^
[INFO] [stdout] 
[INFO] [stdout] 
[INFO] [stdout] error: aborting due to 10 previous errors; 2 warnings emitted
[INFO] [stdout] 
[INFO] [stdout] 
[INFO] [stdout] Some errors have detailed explanations: E0412, E0432, E0433, E0599, E0601.
[INFO] [stdout] 
[INFO] [stdout] For more information about an error, try `rustc --explain E0412`.
[INFO] [stdout] 
[INFO] [stderr] error: could not compile `cached` (example "redis-async") due to 11 previous errors; 2 warnings emitted
[INFO] [stdout] error: aborting due to 2 previous errors
[INFO] [stdout] 
[INFO] [stdout] 
[INFO] [stderr] error: could not compile `cached` (lib test) due to 3 previous errors
[INFO] running `Command { std: "docker" "inspect" "e48ac5cf4be7388379643b43851165b64b19457d4bf6c6327f56577e3d97a2a6", kill_on_drop: false }`
[INFO] running `Command { std: "docker" "rm" "-f" "e48ac5cf4be7388379643b43851165b64b19457d4bf6c6327f56577e3d97a2a6", kill_on_drop: false }`
[INFO] [stdout] e48ac5cf4be7388379643b43851165b64b19457d4bf6c6327f56577e3d97a2a6
