[INFO] fetching crate c2pa 0.20.2...
[INFO] testing c2pa-0.20.2 against beta-2023-04-20 for beta-1.70-1
[INFO] extracting crate c2pa 0.20.2 into /workspace/builds/worker-4-tc2/source
[INFO] validating manifest of crates.io crate c2pa 0.20.2 on toolchain beta-2023-04-20
[INFO] running `Command { std: CARGO_HOME="/workspace/cargo-home" RUSTUP_HOME="/workspace/rustup-home" "/workspace/cargo-home/bin/cargo" "+beta-2023-04-20" "metadata" "--manifest-path" "Cargo.toml" "--no-deps", kill_on_drop: false }`
[INFO] started tweaking crates.io crate c2pa 0.20.2
[INFO] removed 1 missing examples
[INFO] finished tweaking crates.io crate c2pa 0.20.2
[INFO] tweaked toml for crates.io crate c2pa 0.20.2 written to /workspace/builds/worker-4-tc2/source/Cargo.toml
[INFO] crate crates.io crate c2pa 0.20.2 already has a lockfile, it will not be regenerated
[INFO] running `Command { std: CARGO_HOME="/workspace/cargo-home" RUSTUP_HOME="/workspace/rustup-home" "/workspace/cargo-home/bin/cargo" "+beta-2023-04-20" "fetch" "--manifest-path" "Cargo.toml", kill_on_drop: false }`
[INFO] [stderr]     Updating crates.io index
[INFO] [stderr]  Downloading crates ...
[INFO] [stderr]   Downloaded crossbeam-channel v0.5.8
[INFO] [stderr]   Downloaded sha2 v0.9.9
[INFO] [stderr]   Downloaded asn1-rs v0.5.2
[INFO] [stderr]   Downloaded openssl v0.10.51
[INFO] [stderr]   Downloaded console_log v0.2.2
[INFO] [stderr]   Downloaded crypto-bigint v0.3.2
[INFO] [stderr]   Downloaded img-parts v0.3.0
[INFO] [stderr]   Downloaded blake3 v1.2.0
[INFO] [stderr]   Downloaded actix_derive v0.6.0
[INFO] [stderr]   Downloaded atree v0.5.2
[INFO] [stderr]   Downloaded block-padding v0.2.1
[INFO] [stderr]   Downloaded spin v0.9.8
[INFO] [stderr]   Downloaded exr v1.6.3
[INFO] [stderr]   Downloaded openssl-sys v0.9.86
[INFO] [stderr]   Downloaded qoi v0.4.1
[INFO] [stderr]   Downloaded image v0.24.6
[INFO] [stderr]   Downloaded pkcs8 v0.8.0
[INFO] [stderr]   Downloaded actix v0.13.0
[INFO] [stderr]   Downloaded conv v0.3.3
[INFO] [stderr]   Downloaded rustix v0.37.14
[INFO] [stderr]   Downloaded num-bigint-dig v0.8.2
[INFO] [stderr]   Downloaded spki v0.5.4
[INFO] [stderr]   Downloaded der-parser v8.2.0
[INFO] [stderr]   Downloaded rusticata-macros v4.1.0
[INFO] [stderr]   Downloaded gif v0.12.0
[INFO] [stderr]   Downloaded rsa v0.6.1
[INFO] [stderr]   Downloaded base-x v0.2.11
[INFO] [stderr]   Downloaded subtle v2.5.0
[INFO] [stderr]   Downloaded sha3 v0.9.1
[INFO] [stderr]   Downloaded linux-raw-sys v0.3.4
[INFO] [stderr]   Downloaded tiff v0.8.1
[INFO] [stderr]   Downloaded der v0.6.1
[INFO] [stderr]   Downloaded spki v0.7.1
[INFO] [stderr]   Downloaded data-encoding v2.3.3
[INFO] [stderr]   Downloaded asn1-rs-derive v0.4.0
[INFO] [stderr]   Downloaded oid-registry v0.6.1
[INFO] [stderr]   Downloaded der v0.5.1
[INFO] [stderr]   Downloaded digest v0.10.5
[INFO] [stderr]   Downloaded twoway v0.2.2
[INFO] [stderr]   Downloaded displaydoc v0.2.3
[INFO] [stderr]   Downloaded signature v2.1.0
[INFO] [stderr]   Downloaded fs_extra v1.3.0
[INFO] [stderr]   Downloaded const-oid v0.9.2
[INFO] [stderr]   Downloaded zeroize v1.6.0
[INFO] [stderr]   Downloaded half v2.2.1
[INFO] [stderr]   Downloaded zune-inflate v0.2.53
[INFO] [stderr]   Downloaded uuid v1.3.1
[INFO] [stderr]   Downloaded wasm-bindgen-test v0.3.34
[INFO] [stderr]   Downloaded base64ct v1.6.0
[INFO] [stderr]   Downloaded png_pong v0.8.2
[INFO] [stderr]   Downloaded openssl-src v111.25.3+1.1.1t
[INFO] [stderr]   Downloaded pkcs1 v0.3.3
[INFO] [stderr]   Downloaded const-oid v0.7.1
[INFO] [stderr]   Downloaded serde-transcode v1.1.1
[INFO] [stderr]   Downloaded xmp_toolkit v1.3.0
[INFO] [stderr]   Downloaded bit_field v0.10.2
[INFO] [stderr]   Downloaded data-encoding-macro-internal v0.1.10
[INFO] [stderr]   Downloaded serde_bytes v0.11.9
[INFO] [stderr]   Downloaded unchecked-index v0.2.2
[INFO] [stderr]   Downloaded wasm-bindgen-test-macro v0.3.34
[INFO] [stderr]   Downloaded pem v1.1.1
[INFO] [stderr]   Downloaded byteordered v0.6.0
[INFO] [stderr]   Downloaded coset v0.3.4
[INFO] [stderr]   Downloaded fast-xml v0.23.1
[INFO] [stderr]   Downloaded multibase v0.9.1
[INFO] [stderr]   Downloaded sha-1 v0.9.8
[INFO] [stderr]   Downloaded range-set v0.0.9
[INFO] [stderr]   Downloaded riff v1.0.1
[INFO] [stderr]   Downloaded serde-wasm-bindgen v0.4.5
[INFO] [stderr]   Downloaded num_enum_derive v0.6.1
[INFO] [stderr]   Downloaded bcder v0.7.1
[INFO] [stderr]   Downloaded der v0.7.4
[INFO] [stderr]   Downloaded x509-certificate v0.19.0
[INFO] [stderr]   Downloaded asn1-rs-impl v0.1.0
[INFO] [stderr]   Downloaded x509-parser v0.15.0
[INFO] [stderr]   Downloaded extfmt v0.1.1
[INFO] [stderr]   Downloaded blake2s_simd v0.5.11
[INFO] [stderr]   Downloaded unsigned-varint v0.5.1
[INFO] [stderr]   Downloaded multihash v0.11.4
[INFO] [stderr]   Downloaded pix v0.13.2
[INFO] [stderr]   Downloaded pem-rfc7468 v0.3.1
[INFO] [stderr]   Downloaded num_enum v0.6.1
[INFO] [stderr]   Downloaded data-encoding-macro v0.1.12
[INFO] [stderr]   Downloaded keccak v0.1.3
[INFO] [stderr]   Downloaded spki v0.6.0
[INFO] running `Command { std: "docker" "create" "-v" "/var/lib/crater-agent-workspace/builds/worker-4-tc2/target:/opt/rustwide/target:rw,Z" "-v" "/var/lib/crater-agent-workspace/builds/worker-4-tc2/source:/opt/rustwide/workdir:ro,Z" "-v" "/var/lib/crater-agent-workspace/cargo-home:/opt/rustwide/cargo-home:ro,Z" "-v" "/var/lib/crater-agent-workspace/rustup-home:/opt/rustwide/rustup-home:ro,Z" "-e" "SOURCE_DIR=/opt/rustwide/workdir" "-e" "CARGO_TARGET_DIR=/opt/rustwide/target" "-e" "CARGO_HOME=/opt/rustwide/cargo-home" "-e" "RUSTUP_HOME=/opt/rustwide/rustup-home" "-w" "/opt/rustwide/workdir" "-m" "1610612736" "--user" "0:0" "--network" "none" "ghcr.io/rust-lang/crates-build-env/linux@sha256:5ff2268d62e97bff2cde7d5815dd6ed5b47097566f13b8d0ca110b04b60e07ed" "/opt/rustwide/cargo-home/bin/cargo" "+beta-2023-04-20" "metadata" "--no-deps" "--format-version=1", kill_on_drop: false }`
[INFO] [stdout] ca1716d6d5b12ca30b73b403be146966260dfb82e7ebc118ce32d8952e6981f2
[INFO] running `Command { std: "docker" "start" "-a" "ca1716d6d5b12ca30b73b403be146966260dfb82e7ebc118ce32d8952e6981f2", kill_on_drop: false }`
[INFO] running `Command { std: "docker" "inspect" "ca1716d6d5b12ca30b73b403be146966260dfb82e7ebc118ce32d8952e6981f2", kill_on_drop: false }`
[INFO] running `Command { std: "docker" "rm" "-f" "ca1716d6d5b12ca30b73b403be146966260dfb82e7ebc118ce32d8952e6981f2", kill_on_drop: false }`
[INFO] [stdout] ca1716d6d5b12ca30b73b403be146966260dfb82e7ebc118ce32d8952e6981f2
[INFO] running `Command { std: "docker" "create" "-v" "/var/lib/crater-agent-workspace/builds/worker-4-tc2/target:/opt/rustwide/target:rw,Z" "-v" "/var/lib/crater-agent-workspace/builds/worker-4-tc2/source:/opt/rustwide/workdir:ro,Z" "-v" "/var/lib/crater-agent-workspace/cargo-home:/opt/rustwide/cargo-home:ro,Z" "-v" "/var/lib/crater-agent-workspace/rustup-home:/opt/rustwide/rustup-home:ro,Z" "-e" "SOURCE_DIR=/opt/rustwide/workdir" "-e" "CARGO_TARGET_DIR=/opt/rustwide/target" "-e" "CARGO_INCREMENTAL=0" "-e" "RUST_BACKTRACE=full" "-e" "RUSTFLAGS=--cap-lints=warn" "-e" "RUSTDOCFLAGS=--cap-lints=warn" "-e" "CARGO_HOME=/opt/rustwide/cargo-home" "-e" "RUSTUP_HOME=/opt/rustwide/rustup-home" "-w" "/opt/rustwide/workdir" "-m" "1610612736" "--user" "0:0" "--network" "none" "ghcr.io/rust-lang/crates-build-env/linux@sha256:5ff2268d62e97bff2cde7d5815dd6ed5b47097566f13b8d0ca110b04b60e07ed" "/opt/rustwide/cargo-home/bin/cargo" "+beta-2023-04-20" "build" "--frozen" "--message-format=json", kill_on_drop: false }`
[INFO] [stdout] e47a3f63733e67d56e9d8f21cb5dd692f179e9ea908b294a5f84ef85fc7a2403
[INFO] running `Command { std: "docker" "start" "-a" "e47a3f63733e67d56e9d8f21cb5dd692f179e9ea908b294a5f84ef85fc7a2403", kill_on_drop: false }`
[INFO] [stderr]    Compiling syn v1.0.109
[INFO] [stderr]    Compiling libc v0.2.142
[INFO] [stderr]    Compiling typenum v1.16.0
[INFO] [stderr]    Compiling serde v1.0.160
[INFO] [stderr]    Compiling memchr v2.5.0
[INFO] [stderr]    Compiling thiserror v1.0.40
[INFO] [stderr]    Compiling generic-array v0.14.7
[INFO] [stderr]    Compiling num-traits v0.2.15
[INFO] [stderr]    Compiling num-integer v0.1.45
[INFO] [stderr]    Compiling wasm-bindgen-shared v0.2.84
[INFO] [stderr]    Compiling adler v1.0.2
[INFO] [stderr]    Compiling unicode-xid v0.2.4
[INFO] [stderr]    Compiling syn v2.0.15
[INFO] [stderr]    Compiling minimal-lexical v0.2.1
[INFO] [stderr]    Compiling time-core v0.1.0
[INFO] [stderr]    Compiling block-padding v0.2.1
[INFO] [stderr]    Compiling bumpalo v3.12.1
[INFO] [stderr]    Compiling time-macros v0.2.8
[INFO] [stderr]    Compiling crc32fast v1.3.2
[INFO] [stderr]    Compiling num-bigint v0.4.3
[INFO] [stderr]    Compiling arrayref v0.3.7
[INFO] [stderr]    Compiling io-lifetimes v1.0.10
[INFO] [stderr]    Compiling half v1.8.2
[INFO] [stderr]    Compiling cpufeatures v0.2.7
[INFO] [stderr]    Compiling opaque-debug v0.3.0
[INFO] [stderr]    Compiling constant_time_eq v0.1.5
[INFO] [stderr]    Compiling miniz_oxide v0.4.4
[INFO] [stderr]    Compiling rustls v0.20.8
[INFO] [stderr]    Compiling oid-registry v0.6.1
[INFO] [stderr]    Compiling smallvec v1.10.0
[INFO] [stderr]    Compiling arrayvec v0.5.2
[INFO] [stderr]    Compiling ciborium-io v0.2.0
[INFO] [stderr]    Compiling data-encoding v2.3.3
[INFO] [stderr]    Compiling pix v0.13.2
[INFO] [stderr]    Compiling const-oid v0.9.2
[INFO] [stderr]    Compiling nom v7.1.3
[INFO] [stderr]    Compiling wasm-bindgen v0.2.84
[INFO] [stderr]    Compiling rustix v0.37.14
[INFO] [stderr]    Compiling der v0.7.4
[INFO] [stderr]    Compiling ciborium-ll v0.2.0
[INFO] [stderr]    Compiling miniz_oxide v0.6.2
[INFO] [stderr]    Compiling blake3 v1.2.0
[INFO] [stderr]    Compiling linux-raw-sys v0.3.4
[INFO] [stderr]    Compiling async-trait v0.1.68
[INFO] [stderr]    Compiling keccak v0.1.3
[INFO] [stderr]    Compiling iana-time-zone v0.1.56
[INFO] [stderr]    Compiling ring v0.16.20
[INFO] [stderr]    Compiling digest v0.9.0
[INFO] [stderr]    Compiling block-buffer v0.9.0
[INFO] [stderr]    Compiling crypto-common v0.1.6
[INFO] [stderr]    Compiling time v0.3.20
[INFO] [stderr]    Compiling block-buffer v0.10.4
[INFO] [stderr]    Compiling time v0.1.45
[INFO] [stderr]    Compiling digest v0.10.5
[INFO] [stderr]    Compiling sha2 v0.9.9
[INFO] [stderr]    Compiling sha-1 v0.9.8
[INFO] [stderr]    Compiling sha3 v0.9.1
[INFO] [stderr]    Compiling spki v0.7.1
[INFO] [stderr]    Compiling getrandom v0.2.9
[INFO] [stderr]    Compiling flate2 v1.0.25
[INFO] [stderr]    Compiling rusticata-macros v4.1.0
[INFO] [stderr]    Compiling bcder v0.7.1
[INFO] [stderr]    Compiling blake2b_simd v0.5.11
[INFO] [stderr]    Compiling blake2s_simd v0.5.11
[INFO] [stderr]    Compiling pem v1.1.1
[INFO] [stderr]    Compiling miniz_oxide v0.5.4
[INFO] [stderr]    Compiling custom_derive v0.1.7
[INFO] [stderr]    Compiling unsigned-varint v0.5.1
[INFO] [stderr]    Compiling arrayvec v0.7.2
[INFO] [stderr]    Compiling webpki v0.22.0
[INFO] [stderr]    Compiling sct v0.7.0
[INFO] [stderr]    Compiling byteorder v1.4.3
[INFO] [stderr]    Compiling signature v2.1.0
[INFO] [stderr]    Compiling webpki-roots v0.22.6
[INFO] [stderr]    Compiling base-x v0.2.11
[INFO] [stderr]    Compiling unchecked-index v0.2.2
[INFO] [stderr]    Compiling fastrand v1.9.0
[INFO] [stderr]    Compiling hex v0.4.3
[INFO] [stderr]    Compiling twoway v0.2.2
[INFO] [stderr]    Compiling byteordered v0.6.0
[INFO] [stderr]    Compiling img-parts v0.3.0
[INFO] [stderr]    Compiling multihash v0.11.4
[INFO] [stderr]    Compiling png_pong v0.8.2
[INFO] [stderr]    Compiling conv v0.3.3
[INFO] [stderr]    Compiling sha2 v0.10.6
[INFO] [stderr]    Compiling range-set v0.0.9
[INFO] [stderr]    Compiling fast-xml v0.23.1
[INFO] [stderr]    Compiling tempfile v3.5.0
[INFO] [stderr]    Compiling instant v0.1.12
[INFO] [stderr]    Compiling extfmt v0.1.1
[INFO] [stderr]    Compiling treeline v0.1.0
[INFO] [stderr]    Compiling riff v1.0.1
[INFO] [stderr]    Compiling atree v0.5.2
[INFO] [stderr]    Compiling synstructure v0.12.6
[INFO] [stderr]    Compiling wasm-bindgen-backend v0.2.84
[INFO] [stderr]    Compiling serde_derive v1.0.160
[INFO] [stderr]    Compiling thiserror-impl v1.0.40
[INFO] [stderr]    Compiling wasm-bindgen-macro-support v0.2.84
[INFO] [stderr]    Compiling asn1-rs-derive v0.4.0
[INFO] [stderr]    Compiling asn1-rs-impl v0.1.0
[INFO] [stderr]    Compiling displaydoc v0.2.3
[INFO] [stderr]    Compiling data-encoding-macro-internal v0.1.10
[INFO] [stderr]    Compiling ureq v2.6.2
[INFO] [stderr]    Compiling data-encoding-macro v0.1.12
[INFO] [stderr]    Compiling wasm-bindgen-macro v0.2.84
[INFO] [stderr]    Compiling multibase v0.9.1
[INFO] [stderr]    Compiling asn1-rs v0.5.2
[INFO] [stderr]    Compiling der-parser v8.2.0
[INFO] [stderr]    Compiling x509-parser v0.15.0
[INFO] [stderr]    Compiling ciborium v0.2.0
[INFO] [stderr]    Compiling chrono v0.4.24
[INFO] [stderr]    Compiling serde-transcode v1.1.1
[INFO] [stderr]    Compiling serde_cbor v0.11.2
[INFO] [stderr]    Compiling serde_bytes v0.11.9
[INFO] [stderr]    Compiling uuid v1.3.1
[INFO] [stderr]    Compiling serde_json v1.0.96
[INFO] [stderr]    Compiling coset v0.3.4
[INFO] [stderr]    Compiling x509-certificate v0.19.0
[INFO] [stderr]    Compiling c2pa v0.20.2 (/opt/rustwide/workdir)
[INFO] [stderr]     Finished dev [unoptimized + debuginfo] target(s) in 37.85s
[INFO] running `Command { std: "docker" "inspect" "e47a3f63733e67d56e9d8f21cb5dd692f179e9ea908b294a5f84ef85fc7a2403", kill_on_drop: false }`
[INFO] running `Command { std: "docker" "rm" "-f" "e47a3f63733e67d56e9d8f21cb5dd692f179e9ea908b294a5f84ef85fc7a2403", kill_on_drop: false }`
[INFO] [stdout] e47a3f63733e67d56e9d8f21cb5dd692f179e9ea908b294a5f84ef85fc7a2403
[INFO] running `Command { std: "docker" "create" "-v" "/var/lib/crater-agent-workspace/builds/worker-4-tc2/target:/opt/rustwide/target:rw,Z" "-v" "/var/lib/crater-agent-workspace/builds/worker-4-tc2/source:/opt/rustwide/workdir:ro,Z" "-v" "/var/lib/crater-agent-workspace/cargo-home:/opt/rustwide/cargo-home:ro,Z" "-v" "/var/lib/crater-agent-workspace/rustup-home:/opt/rustwide/rustup-home:ro,Z" "-e" "SOURCE_DIR=/opt/rustwide/workdir" "-e" "CARGO_TARGET_DIR=/opt/rustwide/target" "-e" "CARGO_INCREMENTAL=0" "-e" "RUST_BACKTRACE=full" "-e" "RUSTFLAGS=--cap-lints=warn" "-e" "RUSTDOCFLAGS=--cap-lints=warn" "-e" "CARGO_HOME=/opt/rustwide/cargo-home" "-e" "RUSTUP_HOME=/opt/rustwide/rustup-home" "-w" "/opt/rustwide/workdir" "-m" "1610612736" "--user" "0:0" "--network" "none" "ghcr.io/rust-lang/crates-build-env/linux@sha256:5ff2268d62e97bff2cde7d5815dd6ed5b47097566f13b8d0ca110b04b60e07ed" "/opt/rustwide/cargo-home/bin/cargo" "+beta-2023-04-20" "test" "--frozen" "--no-run" "--message-format=json", kill_on_drop: false }`
[INFO] [stdout] 53568739deea2265c4f3db729613679945955784cdddf8054757d63ab4ad60d4
[INFO] running `Command { std: "docker" "start" "-a" "53568739deea2265c4f3db729613679945955784cdddf8054757d63ab4ad60d4", kill_on_drop: false }`
[INFO] [stderr]    Compiling lock_api v0.4.9
[INFO] [stderr]    Compiling parking_lot_core v0.9.7
[INFO] [stderr]    Compiling scopeguard v1.1.0
[INFO] [stderr]    Compiling tokio v1.27.0
[INFO] [stderr]    Compiling socket2 v0.4.9
[INFO] [stderr]    Compiling signal-hook-registry v1.4.1
[INFO] [stderr]    Compiling mio v0.8.6
[INFO] [stderr]    Compiling futures-task v0.3.28
[INFO] [stderr]    Compiling crossbeam-utils v0.8.15
[INFO] [stderr]    Compiling futures-util v0.3.28
[INFO] [stderr]    Compiling anyhow v1.0.70
[INFO] [stderr]    Compiling actix_derive v0.6.0
[INFO] [stderr]    Compiling crossbeam-channel v0.5.8
[INFO] [stderr]    Compiling parking_lot v0.12.1
[INFO] [stderr]    Compiling actix-rt v2.8.0
[INFO] [stderr]    Compiling tokio-util v0.7.7
[INFO] [stderr]    Compiling actix v0.13.0
[INFO] [stderr]    Compiling c2pa v0.20.2 (/opt/rustwide/workdir)
[INFO] [stdout] error[E0432]: unresolved import `c2pa::create_signer`
[INFO] [stdout]   --> examples/client/client.rs:21:5
[INFO] [stdout]    |
[INFO] [stdout] 21 |     create_signer, Ingredient, Manifest, ManifestStore, SigningAlg,
[INFO] [stdout]    |     ^^^^^^^^^^^^^ no `create_signer` in the root
[INFO] [stdout] 
[INFO] [stdout] 
[INFO] [stdout] error[E0599]: no function or associated item named `from_file` found for struct `Ingredient` in the current scope
[INFO] [stdout]   --> examples/client/client.rs:91:30
[INFO] [stdout]    |
[INFO] [stdout] 91 |     let parent = Ingredient::from_file(source.as_path())?;
[INFO] [stdout]    |                              ^^^^^^^^^ function or associated item not found in `Ingredient`
[INFO] [stdout] 
[INFO] [stdout] 
[INFO] [stdout] error[E0599]: no method named `embed` found for struct `Manifest` in the current scope
[INFO] [stdout]    --> examples/client/client.rs:131:14
[INFO] [stdout]     |
[INFO] [stdout] 131 |     manifest.embed(&source, &dest, &*signer)?;
[INFO] [stdout]     |              ^^^^^ method not found in `Manifest`
[INFO] [stdout] 
[INFO] [stdout] 
[INFO] [stdout] error[E0599]: no function or associated item named `from_file` found for struct `ManifestStore` in the current scope
[INFO] [stdout]    --> examples/client/client.rs:133:41
[INFO] [stdout]     |
[INFO] [stdout] 133 |     let manifest_store = ManifestStore::from_file(&dest)?;
[INFO] [stdout]     |                                         ^^^^^^^^^ function or associated item not found in `ManifestStore`
[INFO] [stdout] 
[INFO] [stdout] 
[INFO] [stdout] error: aborting due to 4 previous errors
[INFO] [stdout] 
[INFO] [stdout] 
[INFO] [stdout] Some errors have detailed explanations: E0432, E0599.
[INFO] [stdout] 
[INFO] [stdout] For more information about an error, try `rustc --explain E0432`.
[INFO] [stdout] 
[INFO] [stderr] error: could not compile `c2pa` (example "client") due to 5 previous errors
[INFO] [stderr] warning: build failed, waiting for other jobs to finish...
[INFO] [stdout] error: couldn't read src/../tests/fixtures/CA.jpg: No such file or directory (os error 2)
[INFO] [stdout]     --> src/ingredient.rs:1090:27
[INFO] [stdout]      |
[INFO] [stdout] 1090 |         let image_bytes = include_bytes!("../tests/fixtures/CA.jpg");
[INFO] [stdout]      |                           ^^^^^^^^^^^^^^^^^^^^^^^^^^^^^^^^^^^^^^^^^^
[INFO] [stdout]      |
[INFO] [stdout]      = note: this error originates in the macro `include_bytes` (in Nightly builds, run with -Z macro-backtrace for more info)
[INFO] [stdout] 
[INFO] [stdout] 
[INFO] [stdout] error: couldn't read src/../tests/fixtures/CA.jpg: No such file or directory (os error 2)
[INFO] [stdout]     --> src/ingredient.rs:1116:27
[INFO] [stdout]      |
[INFO] [stdout] 1116 |         let image_bytes = include_bytes!("../tests/fixtures/CA.jpg");
[INFO] [stdout]      |                           ^^^^^^^^^^^^^^^^^^^^^^^^^^^^^^^^^^^^^^^^^^
[INFO] [stdout]      |
[INFO] [stdout]      = note: this error originates in the macro `include_bytes` (in Nightly builds, run with -Z macro-backtrace for more info)
[INFO] [stdout] 
[INFO] [stdout] 
[INFO] [stdout] error: couldn't read src/../tests/fixtures/XCA.jpg: No such file or directory (os error 2)
[INFO] [stdout]     --> src/ingredient.rs:1134:27
[INFO] [stdout]      |
[INFO] [stdout] 1134 |         let image_bytes = include_bytes!("../tests/fixtures/XCA.jpg");
[INFO] [stdout]      |                           ^^^^^^^^^^^^^^^^^^^^^^^^^^^^^^^^^^^^^^^^^^^
[INFO] [stdout]      |
[INFO] [stdout]      = note: this error originates in the macro `include_bytes` (in Nightly builds, run with -Z macro-backtrace for more info)
[INFO] [stdout] 
[INFO] [stdout] 
[INFO] [stdout] error: couldn't read src/../tests/fixtures/earth_apollo17.jpg: No such file or directory (os error 2)
[INFO] [stdout]     --> src/manifest.rs:1472:21
[INFO] [stdout]      |
[INFO] [stdout] 1472 |         let image = include_bytes!("../tests/fixtures/earth_apollo17.jpg");
[INFO] [stdout]      |                     ^^^^^^^^^^^^^^^^^^^^^^^^^^^^^^^^^^^^^^^^^^^^^^^^^^^^^^
[INFO] [stdout]      |
[INFO] [stdout]      = note: this error originates in the macro `include_bytes` (in Nightly builds, run with -Z macro-backtrace for more info)
[INFO] [stdout] 
[INFO] [stdout] 
[INFO] [stdout] error: couldn't read src/../tests/fixtures/libpng-test.png: No such file or directory (os error 2)
[INFO] [stdout]     --> src/manifest.rs:1515:21
[INFO] [stdout]      |
[INFO] [stdout] 1515 |         let image = include_bytes!("../tests/fixtures/libpng-test.png");
[INFO] [stdout]      |                     ^^^^^^^^^^^^^^^^^^^^^^^^^^^^^^^^^^^^^^^^^^^^^^^^^^^
[INFO] [stdout]      |
[INFO] [stdout]      = note: this error originates in the macro `include_bytes` (in Nightly builds, run with -Z macro-backtrace for more info)
[INFO] [stdout] 
[INFO] [stdout] 
[INFO] [stdout] error: couldn't read src/../tests/fixtures/earth_apollo17.jpg: No such file or directory (os error 2)
[INFO] [stdout]     --> src/manifest.rs:1550:21
[INFO] [stdout]      |
[INFO] [stdout] 1550 |         let image = include_bytes!("../tests/fixtures/earth_apollo17.jpg");
[INFO] [stdout]      |                     ^^^^^^^^^^^^^^^^^^^^^^^^^^^^^^^^^^^^^^^^^^^^^^^^^^^^^^
[INFO] [stdout]      |
[INFO] [stdout]      = note: this error originates in the macro `include_bytes` (in Nightly builds, run with -Z macro-backtrace for more info)
[INFO] [stdout] 
[INFO] [stdout] 
[INFO] [stdout] error: couldn't read src/../tests/fixtures/CA.jpg: No such file or directory (os error 2)
[INFO] [stdout]    --> src/manifest_store.rs:346:27
[INFO] [stdout]     |
[INFO] [stdout] 346 |         let image_bytes = include_bytes!("../tests/fixtures/CA.jpg");
[INFO] [stdout]     |                           ^^^^^^^^^^^^^^^^^^^^^^^^^^^^^^^^^^^^^^^^^^
[INFO] [stdout]     |
[INFO] [stdout]     = note: this error originates in the macro `include_bytes` (in Nightly builds, run with -Z macro-backtrace for more info)
[INFO] [stdout] 
[INFO] [stdout] 
[INFO] [stdout] error: couldn't read src/../tests/fixtures/CA.jpg: No such file or directory (os error 2)
[INFO] [stdout]    --> src/manifest_store.rs:364:27
[INFO] [stdout]     |
[INFO] [stdout] 364 |         let image_bytes = include_bytes!("../tests/fixtures/CA.jpg");
[INFO] [stdout]     |                           ^^^^^^^^^^^^^^^^^^^^^^^^^^^^^^^^^^^^^^^^^^
[INFO] [stdout]     |
[INFO] [stdout]     = note: this error originates in the macro `include_bytes` (in Nightly builds, run with -Z macro-backtrace for more info)
[INFO] [stdout] 
[INFO] [stdout] 
[INFO] [stdout] error: couldn't read src/../tests/fixtures/cloud.jpg: No such file or directory (os error 2)
[INFO] [stdout]    --> src/manifest_store.rs:400:27
[INFO] [stdout]     |
[INFO] [stdout] 400 |         let asset_bytes = include_bytes!("../tests/fixtures/cloud.jpg");
[INFO] [stdout]     |                           ^^^^^^^^^^^^^^^^^^^^^^^^^^^^^^^^^^^^^^^^^^^^^
[INFO] [stdout]     |
[INFO] [stdout]     = note: this error originates in the macro `include_bytes` (in Nightly builds, run with -Z macro-backtrace for more info)
[INFO] [stdout] 
[INFO] [stdout] 
[INFO] [stdout] error: couldn't read src/../tests/fixtures/cloud_manifest.c2pa: No such file or directory (os error 2)
[INFO] [stdout]    --> src/manifest_store.rs:401:30
[INFO] [stdout]     |
[INFO] [stdout] 401 |         let manifest_bytes = include_bytes!("../tests/fixtures/cloud_manifest.c2pa");
[INFO] [stdout]     |                              ^^^^^^^^^^^^^^^^^^^^^^^^^^^^^^^^^^^^^^^^^^^^^^^^^^^^^^^
[INFO] [stdout]     |
[INFO] [stdout]     = note: this error originates in the macro `include_bytes` (in Nightly builds, run with -Z macro-backtrace for more info)
[INFO] [stdout] 
[INFO] [stdout] 
[INFO] [stdout] error: couldn't read src/asset_handlers/../../tests/fixtures/exp-test1.png: No such file or directory (os error 2)
[INFO] [stdout]    --> src/asset_handlers/png_io.rs:654:22
[INFO] [stdout]     |
[INFO] [stdout] 654 |         let source = include_bytes!("../../tests/fixtures/exp-test1.png");
[INFO] [stdout]     |                      ^^^^^^^^^^^^^^^^^^^^^^^^^^^^^^^^^^^^^^^^^^^^^^^^^^^^
[INFO] [stdout]     |
[INFO] [stdout]     = note: this error originates in the macro `include_bytes` (in Nightly builds, run with -Z macro-backtrace for more info)
[INFO] [stdout] 
[INFO] [stdout] 
[INFO] [stdout] error: couldn't read src/asset_handlers/../../tests/fixtures/libpng-test.png: No such file or directory (os error 2)
[INFO] [stdout]    --> src/asset_handlers/png_io.rs:680:22
[INFO] [stdout]     |
[INFO] [stdout] 680 |         let source = include_bytes!("../../tests/fixtures/libpng-test.png");
[INFO] [stdout]     |                      ^^^^^^^^^^^^^^^^^^^^^^^^^^^^^^^^^^^^^^^^^^^^^^^^^^^^^^
[INFO] [stdout]     |
[INFO] [stdout]     = note: this error originates in the macro `include_bytes` (in Nightly builds, run with -Z macro-backtrace for more info)
[INFO] [stdout] 
[INFO] [stdout] 
[INFO] [stdout] error: couldn't read src/asset_handlers/../../tests/fixtures/C.jpg: No such file or directory (os error 2)
[INFO] [stdout]    --> src/asset_handlers/png_io.rs:706:22
[INFO] [stdout]     |
[INFO] [stdout] 706 |         let source = include_bytes!("../../tests/fixtures/C.jpg");
[INFO] [stdout]     |                      ^^^^^^^^^^^^^^^^^^^^^^^^^^^^^^^^^^^^^^^^^^^^
[INFO] [stdout]     |
[INFO] [stdout]     = note: this error originates in the macro `include_bytes` (in Nightly builds, run with -Z macro-backtrace for more info)
[INFO] [stdout] 
[INFO] [stdout] 
[INFO] [stdout] error: couldn't read src/asset_handlers/../../tests/fixtures/exp-test1.png: No such file or directory (os error 2)
[INFO] [stdout]    --> src/asset_handlers/png_io.rs:720:22
[INFO] [stdout]     |
[INFO] [stdout] 720 |         let source = include_bytes!("../../tests/fixtures/exp-test1.png");
[INFO] [stdout]     |                      ^^^^^^^^^^^^^^^^^^^^^^^^^^^^^^^^^^^^^^^^^^^^^^^^^^^^
[INFO] [stdout]     |
[INFO] [stdout]     = note: this error originates in the macro `include_bytes` (in Nightly builds, run with -Z macro-backtrace for more info)
[INFO] [stdout] 
[INFO] [stdout] 
[INFO] [stdout] error: couldn't read src/asset_handlers/../../tests/fixtures/unsupported_type.txt: No such file or directory (os error 2)
[INFO] [stdout]    --> src/asset_handlers/png_io.rs:736:22
[INFO] [stdout]     |
[INFO] [stdout] 736 |         let source = include_bytes!("../../tests/fixtures/unsupported_type.txt");
[INFO] [stdout]     |                      ^^^^^^^^^^^^^^^^^^^^^^^^^^^^^^^^^^^^^^^^^^^^^^^^^^^^^^^^^^^
[INFO] [stdout]     |
[INFO] [stdout]     = note: this error originates in the macro `include_bytes` (in Nightly builds, run with -Z macro-backtrace for more info)
[INFO] [stdout] 
[INFO] [stdout] 
[INFO] [stdout] error: couldn't read src/asset_handlers/../../tests/fixtures/libpng-test.png: No such file or directory (os error 2)
[INFO] [stdout]    --> src/asset_handlers/png_io.rs:747:22
[INFO] [stdout]     |
[INFO] [stdout] 747 |         let source = include_bytes!("../../tests/fixtures/libpng-test.png");
[INFO] [stdout]     |                      ^^^^^^^^^^^^^^^^^^^^^^^^^^^^^^^^^^^^^^^^^^^^^^^^^^^^^^
[INFO] [stdout]     |
[INFO] [stdout]     = note: this error originates in the macro `include_bytes` (in Nightly builds, run with -Z macro-backtrace for more info)
[INFO] [stdout] 
[INFO] [stdout] 
[INFO] [stdout] error[E0599]: no function or associated item named `load_from_asset` found for struct `Store` in the current scope
[INFO] [stdout]     --> src/asset_handlers/bmff_io.rs:1572:28
[INFO] [stdout]      |
[INFO] [stdout] 1572 |         let store = Store::load_from_asset(&ap, true, &mut log);
[INFO] [stdout]      |                            ^^^^^^^^^^^^^^^ function or associated item not found in `Store`
[INFO] [stdout]      |
[INFO] [stdout]     ::: src/store.rs:71:1
[INFO] [stdout]      |
[INFO] [stdout] 71   | pub struct Store {
[INFO] [stdout]      | ---------------- function or associated item `load_from_asset` not found for this struct
[INFO] [stdout] 
[INFO] [stdout] 
[INFO] [stdout] error: aborting due to 17 previous errors
[INFO] [stdout] 
[INFO] [stdout] 
[INFO] [stdout] For more information about this error, try `rustc --explain E0599`.
[INFO] [stdout] 
[INFO] [stderr] error: could not compile `c2pa` (lib test) due to 18 previous errors
[INFO] running `Command { std: "docker" "inspect" "53568739deea2265c4f3db729613679945955784cdddf8054757d63ab4ad60d4", kill_on_drop: false }`
[INFO] running `Command { std: "docker" "rm" "-f" "53568739deea2265c4f3db729613679945955784cdddf8054757d63ab4ad60d4", kill_on_drop: false }`
[INFO] [stdout] 53568739deea2265c4f3db729613679945955784cdddf8054757d63ab4ad60d4
