[INFO] fetching crate bve-derive 0.0.1...
[INFO] testing bve-derive-0.0.1 against 1.69.0 for beta-1.70-1
[INFO] extracting crate bve-derive 0.0.1 into /workspace/builds/worker-4-tc1/source
[INFO] validating manifest of crates.io crate bve-derive 0.0.1 on toolchain 1.69.0
[INFO] running `Command { std: CARGO_HOME="/workspace/cargo-home" RUSTUP_HOME="/workspace/rustup-home" "/workspace/cargo-home/bin/cargo" "+1.69.0" "metadata" "--manifest-path" "Cargo.toml" "--no-deps", kill_on_drop: false }`
[INFO] started tweaking crates.io crate bve-derive 0.0.1
[INFO] finished tweaking crates.io crate bve-derive 0.0.1
[INFO] tweaked toml for crates.io crate bve-derive 0.0.1 written to /workspace/builds/worker-4-tc1/source/Cargo.toml
[INFO] running `Command { std: CARGO_HOME="/workspace/cargo-home" RUSTUP_HOME="/workspace/rustup-home" __CARGO_TEST_CHANNEL_OVERRIDE_DO_NOT_USE_THIS="nightly" "/workspace/cargo-home/bin/cargo" "+1.69.0" "generate-lockfile" "--manifest-path" "Cargo.toml" "-Zno-index-update", kill_on_drop: false }`
[INFO] running `Command { std: CARGO_HOME="/workspace/cargo-home" RUSTUP_HOME="/workspace/rustup-home" "/workspace/cargo-home/bin/cargo" "+1.69.0" "fetch" "--manifest-path" "Cargo.toml", kill_on_drop: false }`
[INFO] running `Command { std: "docker" "create" "-v" "/var/lib/crater-agent-workspace/builds/worker-4-tc1/target:/opt/rustwide/target:rw,Z" "-v" "/var/lib/crater-agent-workspace/builds/worker-4-tc1/source:/opt/rustwide/workdir:ro,Z" "-v" "/var/lib/crater-agent-workspace/cargo-home:/opt/rustwide/cargo-home:ro,Z" "-v" "/var/lib/crater-agent-workspace/rustup-home:/opt/rustwide/rustup-home:ro,Z" "-e" "SOURCE_DIR=/opt/rustwide/workdir" "-e" "CARGO_TARGET_DIR=/opt/rustwide/target" "-e" "CARGO_HOME=/opt/rustwide/cargo-home" "-e" "RUSTUP_HOME=/opt/rustwide/rustup-home" "-w" "/opt/rustwide/workdir" "-m" "1610612736" "--user" "0:0" "--network" "none" "ghcr.io/rust-lang/crates-build-env/linux@sha256:5ff2268d62e97bff2cde7d5815dd6ed5b47097566f13b8d0ca110b04b60e07ed" "/opt/rustwide/cargo-home/bin/cargo" "+1.69.0" "metadata" "--no-deps" "--format-version=1", kill_on_drop: false }`
[INFO] [stdout] b597e45bcf3b96fb7779c8b329d0de896eb0a7756901b9a49d50d4ef618ba055
[INFO] running `Command { std: "docker" "start" "-a" "b597e45bcf3b96fb7779c8b329d0de896eb0a7756901b9a49d50d4ef618ba055", kill_on_drop: false }`
[INFO] running `Command { std: "docker" "inspect" "b597e45bcf3b96fb7779c8b329d0de896eb0a7756901b9a49d50d4ef618ba055", kill_on_drop: false }`
[INFO] running `Command { std: "docker" "rm" "-f" "b597e45bcf3b96fb7779c8b329d0de896eb0a7756901b9a49d50d4ef618ba055", kill_on_drop: false }`
[INFO] [stdout] b597e45bcf3b96fb7779c8b329d0de896eb0a7756901b9a49d50d4ef618ba055
[INFO] running `Command { std: "docker" "create" "-v" "/var/lib/crater-agent-workspace/builds/worker-4-tc1/target:/opt/rustwide/target:rw,Z" "-v" "/var/lib/crater-agent-workspace/builds/worker-4-tc1/source:/opt/rustwide/workdir:ro,Z" "-v" "/var/lib/crater-agent-workspace/cargo-home:/opt/rustwide/cargo-home:ro,Z" "-v" "/var/lib/crater-agent-workspace/rustup-home:/opt/rustwide/rustup-home:ro,Z" "-e" "SOURCE_DIR=/opt/rustwide/workdir" "-e" "CARGO_TARGET_DIR=/opt/rustwide/target" "-e" "CARGO_INCREMENTAL=0" "-e" "RUST_BACKTRACE=full" "-e" "RUSTFLAGS=--cap-lints=warn" "-e" "RUSTDOCFLAGS=--cap-lints=warn" "-e" "CARGO_HOME=/opt/rustwide/cargo-home" "-e" "RUSTUP_HOME=/opt/rustwide/rustup-home" "-w" "/opt/rustwide/workdir" "-m" "1610612736" "--user" "0:0" "--network" "none" "ghcr.io/rust-lang/crates-build-env/linux@sha256:5ff2268d62e97bff2cde7d5815dd6ed5b47097566f13b8d0ca110b04b60e07ed" "/opt/rustwide/cargo-home/bin/cargo" "+1.69.0" "build" "--frozen" "--message-format=json", kill_on_drop: false }`
[INFO] [stdout] 5f3559b3e1f738b47ab526acb6ba6c057f3874883235b1ed4bc100927a419dc2
[INFO] running `Command { std: "docker" "start" "-a" "5f3559b3e1f738b47ab526acb6ba6c057f3874883235b1ed4bc100927a419dc2", kill_on_drop: false }`
[INFO] [stderr]    Compiling syn v1.0.109
[INFO] [stderr]    Compiling strsim v0.9.3
[INFO] [stderr]    Compiling ident_case v1.0.1
[INFO] [stderr]    Compiling fnv v1.0.7
[INFO] [stderr]    Compiling either v1.8.1
[INFO] [stderr]    Compiling itertools v0.8.2
[INFO] [stderr]    Compiling darling_core v0.10.2
[INFO] [stderr]    Compiling darling_macro v0.10.2
[INFO] [stderr]    Compiling darling v0.10.2
[INFO] [stderr]    Compiling bve-derive v0.0.1 (/opt/rustwide/workdir)
[INFO] [stdout] error[E0432]: unresolved import `syn::export`
[INFO] [stdout]  --> src/serde_proxy.rs:6:10
[INFO] [stdout]   |
[INFO] [stdout] 6 | use syn::export::{ToTokens, TokenStream2};
[INFO] [stdout]   |          ^^^^^^ could not find `export` in `syn`
[INFO] [stdout] 
[INFO] [stdout] 
[INFO] [stdout] error[E0432]: unresolved import `syn::export`
[INFO] [stdout]  --> src/c_interface.rs:3:10
[INFO] [stdout]   |
[INFO] [stdout] 3 | use syn::export::TokenStream2;
[INFO] [stdout]   |          ^^^^^^ could not find `export` in `syn`
[INFO] [stdout] 
[INFO] [stdout] 
[INFO] [stdout] error[E0432]: unresolved import `syn::export`
[INFO] [stdout]  --> src/span.rs:2:10
[INFO] [stdout]   |
[INFO] [stdout] 2 | use syn::export::{TokenStream, TokenStream2};
[INFO] [stdout]   |          ^^^^^^ could not find `export` in `syn`
[INFO] [stdout] 
[INFO] [stdout] 
[INFO] [stdout] error[E0432]: unresolved import `syn::export`
[INFO] [stdout]  --> src/helpers.rs:2:10
[INFO] [stdout]   |
[INFO] [stdout] 2 | use syn::export::TokenStream2;
[INFO] [stdout]   |          ^^^^^^ could not find `export` in `syn`
[INFO] [stdout] 
[INFO] [stdout] 
[INFO] [stdout] error[E0432]: unresolved import `syn::export`
[INFO] [stdout]   --> src/kvp.rs:14:10
[INFO] [stdout]    |
[INFO] [stdout] 14 | use syn::export::{TokenStream, TokenStream2};
[INFO] [stdout]    |          ^^^^^^ could not find `export` in `syn`
[INFO] [stdout] 
[INFO] [stdout] 
[INFO] [stdout] warning: lint `intra_doc_link_resolution_failure` has been removed: use `rustdoc::broken_intra_doc_links` instead
[INFO] [stdout]  --> src/lib.rs:9:9
[INFO] [stdout]   |
[INFO] [stdout] 9 | #![deny(intra_doc_link_resolution_failure)]
[INFO] [stdout]   |         ^^^^^^^^^^^^^^^^^^^^^^^^^^^^^^^^^
[INFO] [stdout]   |
[INFO] [stdout]   = note: `#[warn(renamed_and_removed_lints)]` on by default
[INFO] [stdout] 
[INFO] [stdout] 
[INFO] [stdout] error[E0554]: `#![feature]` may not be used on the stable release channel
[INFO] [stdout]   --> src/lib.rs:50:12
[INFO] [stdout]    |
[INFO] [stdout] 50 | #![feature(core_panic)]
[INFO] [stdout]    |            ^^^^^^^^^^
[INFO] [stdout] 
[INFO] [stdout] 
[INFO] [stdout] error[E0599]: no function or associated item named `to_token_stream` found for struct `Attribute` in the current scope
[INFO] [stdout]   --> src/serde_proxy.rs:25:25
[INFO] [stdout]    |
[INFO] [stdout] 25 |         .map(Attribute::to_token_stream)
[INFO] [stdout]    |                         ^^^^^^^^^^^^^^^ function or associated item not found in `Attribute`
[INFO] [stdout]    |
[INFO] [stdout]    = help: items from traits can only be used if the trait is in scope
[INFO] [stdout] help: the following trait is implemented but not in scope; perhaps add a `use` for it:
[INFO] [stdout]    |
[INFO] [stdout] 1  | use quote::ToTokens;
[INFO] [stdout]    |
[INFO] [stdout] 
[INFO] [stdout] 
[INFO] [stdout] error[E0599]: no method named `into_token_stream` found for reference `&TypePath` in the current scope
[INFO] [stdout]    --> src/serde_proxy.rs:126:53
[INFO] [stdout]     |
[INFO] [stdout] 126 |                     process_type_proxy_conversion(p.into_token_stream())
[INFO] [stdout]     |                                                     ^^^^^^^^^^^^^^^^^ method not found in `&TypePath`
[INFO] [stdout]     |
[INFO] [stdout]     = help: items from traits can only be used if the trait is in scope
[INFO] [stdout] help: the following trait is implemented but not in scope; perhaps add a `use` for it:
[INFO] [stdout]     |
[INFO] [stdout] 1   | use quote::ToTokens;
[INFO] [stdout]     |
[INFO] [stdout] 
[INFO] [stdout] 
[INFO] [stdout] error[E0599]: no method named `to_token_stream` found for reference `&proc_macro2::Literal` in the current scope
[INFO] [stdout]    --> src/serde_proxy.rs:158:46
[INFO] [stdout]     |
[INFO] [stdout] 158 |                 syn::parse2::<syn::LitStr>(s.to_token_stream()).expect("Argument to default must be string literal.");
[INFO] [stdout]     |                                              ^^^^^^^^^^^^^^^ method not found in `&Literal`
[INFO] [stdout]     |
[INFO] [stdout]     = help: items from traits can only be used if the trait is in scope
[INFO] [stdout] help: the following trait is implemented but not in scope; perhaps add a `use` for it:
[INFO] [stdout]     |
[INFO] [stdout] 1   | use quote::ToTokens;
[INFO] [stdout]     |
[INFO] [stdout] 
[INFO] [stdout] 
[INFO] [stdout] error[E0282]: type annotations needed
[INFO] [stdout]  --> src/helpers.rs:8:13
[INFO] [stdout]   |
[INFO] [stdout] 8 |             l.extend(r);
[INFO] [stdout]   |             ^ cannot infer type
[INFO] [stdout] 
[INFO] [stdout] 
[INFO] [stdout] error: aborting due to 10 previous errors; 1 warning emitted
[INFO] [stdout] 
[INFO] [stdout] 
[INFO] [stdout] Some errors have detailed explanations: E0282, E0432, E0554, E0599.
[INFO] [stdout] 
[INFO] [stdout] For more information about an error, try `rustc --explain E0282`.
[INFO] [stdout] 
[INFO] [stderr] error: could not compile `bve-derive` due to 11 previous errors; 1 warning emitted
[INFO] running `Command { std: "docker" "inspect" "5f3559b3e1f738b47ab526acb6ba6c057f3874883235b1ed4bc100927a419dc2", kill_on_drop: false }`
[INFO] running `Command { std: "docker" "rm" "-f" "5f3559b3e1f738b47ab526acb6ba6c057f3874883235b1ed4bc100927a419dc2", kill_on_drop: false }`
[INFO] [stdout] 5f3559b3e1f738b47ab526acb6ba6c057f3874883235b1ed4bc100927a419dc2
