[INFO] fetching crate bump-api 2.0.0...
[INFO] testing bump-api-2.0.0 against 1.69.0 for beta-1.70-1
[INFO] extracting crate bump-api 2.0.0 into /workspace/builds/worker-6-tc1/source
[INFO] validating manifest of crates.io crate bump-api 2.0.0 on toolchain 1.69.0
[INFO] running `Command { std: CARGO_HOME="/workspace/cargo-home" RUSTUP_HOME="/workspace/rustup-home" "/workspace/cargo-home/bin/cargo" "+1.69.0" "metadata" "--manifest-path" "Cargo.toml" "--no-deps", kill_on_drop: false }`
[INFO] started tweaking crates.io crate bump-api 2.0.0
[INFO] removed 0 missing examples
[INFO] finished tweaking crates.io crate bump-api 2.0.0
[INFO] tweaked toml for crates.io crate bump-api 2.0.0 written to /workspace/builds/worker-6-tc1/source/Cargo.toml
[INFO] crate crates.io crate bump-api 2.0.0 already has a lockfile, it will not be regenerated
[INFO] running `Command { std: CARGO_HOME="/workspace/cargo-home" RUSTUP_HOME="/workspace/rustup-home" "/workspace/cargo-home/bin/cargo" "+1.69.0" "fetch" "--manifest-path" "Cargo.toml", kill_on_drop: false }`
[INFO] [stderr]  Downloading crates ...
[INFO] [stderr]   Downloaded syn v1.0.101
[INFO] [stderr]   Downloaded rustls v0.20.6
[INFO] [stderr]   Downloaded proc-macro2 v1.0.46
[INFO] [stderr]   Downloaded futures-executor v0.3.24
[INFO] [stderr]   Downloaded futures v0.3.24
[INFO] [stderr]   Downloaded web-sys v0.3.60
[INFO] [stderr]   Downloaded anyhow v1.0.65
[INFO] [stderr]   Downloaded async-trait v0.1.57
[INFO] [stderr]   Downloaded hyper-rustls v0.23.0
[INFO] [stderr]   Downloaded futures-channel v0.3.24
[INFO] [stderr]   Downloaded rustls-pemfile v1.0.1
[INFO] [stderr]   Downloaded thiserror-impl v1.0.37
[INFO] [stderr]   Downloaded thiserror v1.0.37
[INFO] [stderr]   Downloaded libc v0.2.134
[INFO] [stderr]   Downloaded httpclient v0.6.0
[INFO] [stderr]   Downloaded tokio v1.21.2
[INFO] [stderr]   Downloaded security-framework v2.7.0
[INFO] [stderr]   Downloaded serde v1.0.145
[INFO] [stderr]   Downloaded serde_derive v1.0.145
[INFO] running `Command { std: "docker" "create" "-v" "/var/lib/crater-agent-workspace/builds/worker-6-tc1/target:/opt/rustwide/target:rw,Z" "-v" "/var/lib/crater-agent-workspace/builds/worker-6-tc1/source:/opt/rustwide/workdir:ro,Z" "-v" "/var/lib/crater-agent-workspace/cargo-home:/opt/rustwide/cargo-home:ro,Z" "-v" "/var/lib/crater-agent-workspace/rustup-home:/opt/rustwide/rustup-home:ro,Z" "-e" "SOURCE_DIR=/opt/rustwide/workdir" "-e" "CARGO_TARGET_DIR=/opt/rustwide/target" "-e" "CARGO_HOME=/opt/rustwide/cargo-home" "-e" "RUSTUP_HOME=/opt/rustwide/rustup-home" "-w" "/opt/rustwide/workdir" "-m" "1610612736" "--user" "0:0" "--network" "none" "ghcr.io/rust-lang/crates-build-env/linux@sha256:5ff2268d62e97bff2cde7d5815dd6ed5b47097566f13b8d0ca110b04b60e07ed" "/opt/rustwide/cargo-home/bin/cargo" "+1.69.0" "metadata" "--no-deps" "--format-version=1", kill_on_drop: false }`
[INFO] [stdout] f3f9957f79a43d6bec2fbb06499c7a5d005298df62766a1df798cfd230494755
[INFO] running `Command { std: "docker" "start" "-a" "f3f9957f79a43d6bec2fbb06499c7a5d005298df62766a1df798cfd230494755", kill_on_drop: false }`
[INFO] running `Command { std: "docker" "inspect" "f3f9957f79a43d6bec2fbb06499c7a5d005298df62766a1df798cfd230494755", kill_on_drop: false }`
[INFO] running `Command { std: "docker" "rm" "-f" "f3f9957f79a43d6bec2fbb06499c7a5d005298df62766a1df798cfd230494755", kill_on_drop: false }`
[INFO] [stdout] f3f9957f79a43d6bec2fbb06499c7a5d005298df62766a1df798cfd230494755
[INFO] running `Command { std: "docker" "create" "-v" "/var/lib/crater-agent-workspace/builds/worker-6-tc1/target:/opt/rustwide/target:rw,Z" "-v" "/var/lib/crater-agent-workspace/builds/worker-6-tc1/source:/opt/rustwide/workdir:ro,Z" "-v" "/var/lib/crater-agent-workspace/cargo-home:/opt/rustwide/cargo-home:ro,Z" "-v" "/var/lib/crater-agent-workspace/rustup-home:/opt/rustwide/rustup-home:ro,Z" "-e" "SOURCE_DIR=/opt/rustwide/workdir" "-e" "CARGO_TARGET_DIR=/opt/rustwide/target" "-e" "CARGO_INCREMENTAL=0" "-e" "RUST_BACKTRACE=full" "-e" "RUSTFLAGS=--cap-lints=warn" "-e" "RUSTDOCFLAGS=--cap-lints=warn" "-e" "CARGO_HOME=/opt/rustwide/cargo-home" "-e" "RUSTUP_HOME=/opt/rustwide/rustup-home" "-w" "/opt/rustwide/workdir" "-m" "1610612736" "--user" "0:0" "--network" "none" "ghcr.io/rust-lang/crates-build-env/linux@sha256:5ff2268d62e97bff2cde7d5815dd6ed5b47097566f13b8d0ca110b04b60e07ed" "/opt/rustwide/cargo-home/bin/cargo" "+1.69.0" "build" "--frozen" "--message-format=json", kill_on_drop: false }`
[INFO] [stdout] 0cacb139e9d73caf30664ac9e17298b4a35e4f8c8fd7d24aa7993c2b84fd725c
[INFO] running `Command { std: "docker" "start" "-a" "0cacb139e9d73caf30664ac9e17298b4a35e4f8c8fd7d24aa7993c2b84fd725c", kill_on_drop: false }`
[INFO] [stderr]    Compiling proc-macro2 v1.0.46
[INFO] [stderr]    Compiling unicode-ident v1.0.4
[INFO] [stderr]    Compiling quote v1.0.21
[INFO] [stderr]    Compiling syn v1.0.101
[INFO] [stderr]    Compiling libc v0.2.134
[INFO] [stderr]    Compiling cc v1.0.73
[INFO] [stderr]    Compiling log v0.4.17
[INFO] [stderr]    Compiling once_cell v1.15.0
[INFO] [stderr]    Compiling futures-core v0.3.24
[INFO] [stderr]    Compiling slab v0.4.7
[INFO] [stderr]    Compiling futures-channel v0.3.24
[INFO] [stderr]    Compiling parking_lot_core v0.9.3
[INFO] [stderr]    Compiling futures-task v0.3.24
[INFO] [stderr]    Compiling futures-util v0.3.24
[INFO] [stderr]    Compiling bytes v1.2.1
[INFO] [stderr]    Compiling futures-sink v0.3.24
[INFO] [stderr]    Compiling tokio v1.21.2
[INFO] [stderr]    Compiling itoa v1.0.3
[INFO] [stderr]    Compiling futures-io v0.3.24
[INFO] [stderr]    Compiling signal-hook-registry v1.4.0
[INFO] [stderr]    Compiling ring v0.16.20
[INFO] [stderr]    Compiling parking_lot v0.12.1
[INFO] [stderr]    Compiling mio v0.8.4
[INFO] [stderr]    Compiling num_cpus v1.13.1
[INFO] [stderr]    Compiling socket2 v0.4.7
[INFO] [stderr]    Compiling serde_derive v1.0.145
[INFO] [stderr]    Compiling rustls v0.20.6
[INFO] [stderr]    Compiling http v0.2.8
[INFO] [stderr]    Compiling tracing-core v0.1.30
[INFO] [stderr]    Compiling serde v1.0.145
[INFO] [stderr]    Compiling base64 v0.13.0
[INFO] [stderr]    Compiling try-lock v0.2.3
[INFO] [stderr]    Compiling want v0.3.0
[INFO] [stderr]    Compiling async-trait v0.1.57
[INFO] [stderr]    Compiling rustls-pemfile v1.0.1
[INFO] [stderr]    Compiling thiserror v1.0.37
[INFO] [stderr]    Compiling tracing v0.1.37
[INFO] [stderr]    Compiling serde_json v1.0.85
[INFO] [stderr]    Compiling encoding_rs v0.8.31
[INFO] [stderr]    Compiling rustls-native-certs v0.6.2
[INFO] [stderr]    Compiling anyhow v1.0.65
[INFO] [stderr]    Compiling same-file v1.0.6
[INFO] [stderr]    Compiling http-body v0.4.5
[INFO] [stderr]    Compiling ryu v1.0.11
[INFO] [stderr]    Compiling walkdir v2.3.2
[INFO] [stderr]    Compiling urlencoding v2.1.2
[INFO] [stderr]    Compiling webpki v0.22.0
[INFO] [stderr]    Compiling sct v0.7.0
[INFO] [stderr]    Compiling futures-macro v0.3.24
[INFO] [stderr]    Compiling tokio-macros v1.8.0
[INFO] [stderr]    Compiling thiserror-impl v1.0.37
[INFO] [stderr]    Compiling futures-executor v0.3.24
[INFO] [stderr]    Compiling futures v0.3.24
[INFO] [stderr]    Compiling tokio-rustls v0.23.4
[INFO] [stderr]    Compiling hyper v0.14.20
[INFO] [stderr]    Compiling hyper-rustls v0.23.0
[INFO] [stderr]    Compiling httpclient v0.6.0
[INFO] [stderr]    Compiling bump-api v2.0.0 (/opt/rustwide/workdir)
[INFO] [stderr]     Finished dev [unoptimized + debuginfo] target(s) in 51.91s
[INFO] running `Command { std: "docker" "inspect" "0cacb139e9d73caf30664ac9e17298b4a35e4f8c8fd7d24aa7993c2b84fd725c", kill_on_drop: false }`
[INFO] running `Command { std: "docker" "rm" "-f" "0cacb139e9d73caf30664ac9e17298b4a35e4f8c8fd7d24aa7993c2b84fd725c", kill_on_drop: false }`
[INFO] [stdout] 0cacb139e9d73caf30664ac9e17298b4a35e4f8c8fd7d24aa7993c2b84fd725c
[INFO] running `Command { std: "docker" "create" "-v" "/var/lib/crater-agent-workspace/builds/worker-6-tc1/target:/opt/rustwide/target:rw,Z" "-v" "/var/lib/crater-agent-workspace/builds/worker-6-tc1/source:/opt/rustwide/workdir:ro,Z" "-v" "/var/lib/crater-agent-workspace/cargo-home:/opt/rustwide/cargo-home:ro,Z" "-v" "/var/lib/crater-agent-workspace/rustup-home:/opt/rustwide/rustup-home:ro,Z" "-e" "SOURCE_DIR=/opt/rustwide/workdir" "-e" "CARGO_TARGET_DIR=/opt/rustwide/target" "-e" "CARGO_INCREMENTAL=0" "-e" "RUST_BACKTRACE=full" "-e" "RUSTFLAGS=--cap-lints=warn" "-e" "RUSTDOCFLAGS=--cap-lints=warn" "-e" "CARGO_HOME=/opt/rustwide/cargo-home" "-e" "RUSTUP_HOME=/opt/rustwide/rustup-home" "-w" "/opt/rustwide/workdir" "-m" "1610612736" "--user" "0:0" "--network" "none" "ghcr.io/rust-lang/crates-build-env/linux@sha256:5ff2268d62e97bff2cde7d5815dd6ed5b47097566f13b8d0ca110b04b60e07ed" "/opt/rustwide/cargo-home/bin/cargo" "+1.69.0" "test" "--frozen" "--no-run" "--message-format=json", kill_on_drop: false }`
[INFO] [stdout] 74e0f094662cd629de1fe6491d068bc26f2d4f404b4ab457f8b5a341b85fb0cb
[INFO] running `Command { std: "docker" "start" "-a" "74e0f094662cd629de1fe6491d068bc26f2d4f404b4ab457f8b5a341b85fb0cb", kill_on_drop: false }`
[INFO] [stderr]    Compiling bump-api v2.0.0 (/opt/rustwide/workdir)
[INFO] [stdout] warning: unused import: `bump_api::model::*`
[INFO] [stdout]  --> examples/get_hubs_by_hub_id_or_slug.rs:2:5
[INFO] [stdout]   |
[INFO] [stdout] 2 | use bump_api::model::*;
[INFO] [stdout]   |     ^^^^^^^^^^^^^^^^^^
[INFO] [stdout]   |
[INFO] [stdout]   = note: `#[warn(unused_imports)]` on by default
[INFO] [stdout] 
[INFO] [stdout] 
[INFO] [stdout] warning: unused import: `bump_api::model::*`
[INFO] [stdout]  --> examples/get_versions_by_version_id.rs:2:5
[INFO] [stdout]   |
[INFO] [stdout] 2 | use bump_api::model::*;
[INFO] [stdout]   |     ^^^^^^^^^^^^^^^^^^
[INFO] [stdout]   |
[INFO] [stdout]   = note: `#[warn(unused_imports)]` on by default
[INFO] [stdout] 
[INFO] [stdout] 
[INFO] [stdout] warning: unused import: `bump_api::model::*`
[INFO] [stdout]  --> examples/get_ping.rs:2:5
[INFO] [stdout]   |
[INFO] [stdout] 2 | use bump_api::model::*;
[INFO] [stdout]   |     ^^^^^^^^^^^^^^^^^^
[INFO] [stdout]   |
[INFO] [stdout]   = note: `#[warn(unused_imports)]` on by default
[INFO] [stdout] 
[INFO] [stdout] 
[INFO] [stdout] warning: unused import: `bump_api::model::*`
[INFO] [stdout]  --> examples/get_diffs_by_id.rs:2:5
[INFO] [stdout]   |
[INFO] [stdout] 2 | use bump_api::model::*;
[INFO] [stdout]   |     ^^^^^^^^^^^^^^^^^^
[INFO] [stdout]   |
[INFO] [stdout]   = note: `#[warn(unused_imports)]` on by default
[INFO] [stdout] 
[INFO] [stdout] 
[INFO] [stdout] error: linking with `cc` failed: exit status: 1
[INFO] [stdout]   |
[INFO] [stdout]   = note: LC_ALL="C" PATH="/opt/rustwide/rustup-home/toolchains/1.69.0-x86_64-unknown-linux-gnu/lib/rustlib/x86_64-unknown-linux-gnu/bin:/opt/rustwide/cargo-home/bin:/usr/local/sbin:/usr/local/bin:/usr/sbin:/usr/bin:/sbin:/bin" VSLANG="1033" "cc" "-m64" "/tmp/rustco7LaZn/symbols.o" "/opt/rustwide/target/debug/examples/post_validations-754bd2b0607f8dd0.post_validations.e5031b1b-cgu.0.rcgu.o" "/opt/rustwide/target/debug/examples/post_validations-754bd2b0607f8dd0.post_validations.e5031b1b-cgu.1.rcgu.o" "/opt/rustwide/target/debug/examples/post_validations-754bd2b0607f8dd0.post_validations.e5031b1b-cgu.10.rcgu.o" "/opt/rustwide/target/debug/examples/post_validations-754bd2b0607f8dd0.post_validations.e5031b1b-cgu.11.rcgu.o" "/opt/rustwide/target/debug/examples/post_validations-754bd2b0607f8dd0.post_validations.e5031b1b-cgu.12.rcgu.o" "/opt/rustwide/target/debug/examples/post_validations-754bd2b0607f8dd0.post_validations.e5031b1b-cgu.13.rcgu.o" "/opt/rustwide/target/debug/examples/post_validations-754bd2b0607f8dd0.post_validations.e5031b1b-cgu.14.rcgu.o" "/opt/rustwide/target/debug/examples/post_validations-754bd2b0607f8dd0.post_validations.e5031b1b-cgu.15.rcgu.o" "/opt/rustwide/target/debug/examples/post_validations-754bd2b0607f8dd0.post_validations.e5031b1b-cgu.2.rcgu.o" "/opt/rustwide/target/debug/examples/post_validations-754bd2b0607f8dd0.post_validations.e5031b1b-cgu.3.rcgu.o" "/opt/rustwide/target/debug/examples/post_validations-754bd2b0607f8dd0.post_validations.e5031b1b-cgu.4.rcgu.o" "/opt/rustwide/target/debug/examples/post_validations-754bd2b0607f8dd0.post_validations.e5031b1b-cgu.5.rcgu.o" "/opt/rustwide/target/debug/examples/post_validations-754bd2b0607f8dd0.post_validations.e5031b1b-cgu.6.rcgu.o" "/opt/rustwide/target/debug/examples/post_validations-754bd2b0607f8dd0.post_validations.e5031b1b-cgu.7.rcgu.o" "/opt/rustwide/target/debug/examples/post_validations-754bd2b0607f8dd0.post_validations.e5031b1b-cgu.8.rcgu.o" "/opt/rustwide/target/debug/examples/post_validations-754bd2b0607f8dd0.post_validations.e5031b1b-cgu.9.rcgu.o" "/opt/rustwide/target/debug/examples/post_validations-754bd2b0607f8dd0.3y70absrecjnxad4.rcgu.o" "-Wl,--as-needed" "-L" "/opt/rustwide/target/debug/deps" "-L" "/opt/rustwide/target/debug/build/ring-8e0695998d44f704/out" "-L" "/opt/rustwide/rustup-home/toolchains/1.69.0-x86_64-unknown-linux-gnu/lib/rustlib/x86_64-unknown-linux-gnu/lib" "-Wl,-Bstatic" "/opt/rustwide/target/debug/deps/libbump_api-747679168d3440fc.rlib" "/opt/rustwide/target/debug/deps/libhttpclient-6213f8b8d9361cb4.rlib" "/opt/rustwide/target/debug/deps/liburlencoding-1157924a9e5f842f.rlib" "/opt/rustwide/target/debug/deps/libthiserror-4ea583f49f1f3cac.rlib" "/opt/rustwide/target/debug/deps/libencoding_rs-445b6023340cc421.rlib" "/opt/rustwide/target/debug/deps/libwalkdir-b48bc91a5fc3dc05.rlib" "/opt/rustwide/target/debug/deps/libsame_file-fab28c3c81b2d2fa.rlib" "/opt/rustwide/target/debug/deps/libhyper_rustls-0f4ddda16da594c9.rlib" "/opt/rustwide/target/debug/deps/librustls_native_certs-6384a5dfc9993015.rlib" "/opt/rustwide/target/debug/deps/librustls_pemfile-c8bcf3c1e4c32a92.rlib" "/opt/rustwide/target/debug/deps/libbase64-007e7c1fbda2b30a.rlib" "/opt/rustwide/target/debug/deps/libopenssl_probe-2d1cd15c290ad1de.rlib" "/opt/rustwide/target/debug/deps/libtokio_rustls-6e8e9fc8d711fc3d.rlib" "/opt/rustwide/target/debug/deps/librustls-8a676ff09c1054e2.rlib" "/opt/rustwide/target/debug/deps/libsct-92cf65eee28c3df0.rlib" "/opt/rustwide/target/debug/deps/libwebpki-a4ec0ca2afa571a5.rlib" "/opt/rustwide/target/debug/deps/libring-3b0f10efc888d651.rlib" "/opt/rustwide/target/debug/deps/libspin-ba7f384cfb4b159f.rlib" "/opt/rustwide/target/debug/deps/libuntrusted-ec41ab00ed225515.rlib" "/opt/rustwide/target/debug/deps/libhyper-4037c748518b77e4.rlib" "/opt/rustwide/target/debug/deps/libwant-1e20505a393def83.rlib" "/opt/rustwide/target/debug/deps/libtry_lock-372cab8856e9ce9d.rlib" "/opt/rustwide/target/debug/deps/libhttparse-30fefae29fd53c2e.rlib" "/opt/rustwide/target/debug/deps/libtower_service-a82a463fea06a00e.rlib" "/opt/rustwide/target/debug/deps/libtracing-550f0775672b0322.rlib" "/opt/rustwide/target/debug/deps/libtracing_core-80f1d1e05160e1c7.rlib" "/opt/rustwide/target/debug/deps/libonce_cell-385e74d8868073fc.rlib" "/opt/rustwide/target/debug/deps/libhttp_body-85f8e16db2812707.rlib" "/opt/rustwide/target/debug/deps/libfutures_util-5866bfa5f1468fa4.rlib" "/opt/rustwide/target/debug/deps/libfutures_io-56ca8340f3c089b4.rlib" "/opt/rustwide/target/debug/deps/libslab-adc206ca6c0d0a92.rlib" "/opt/rustwide/target/debug/deps/libfutures_channel-5eb75dfe89b94d01.rlib" "/opt/rustwide/target/debug/deps/libfutures_sink-637706f303d562be.rlib" "/opt/rustwide/target/debug/deps/libfutures_task-bf8bfa06799588f1.rlib" "/opt/rustwide/target/debug/deps/libpin_utils-0d8eaf4ac0fcb221.rlib" "/opt/rustwide/target/debug/deps/libfutures_core-e0b9019999ad3207.rlib" "/opt/rustwide/target/debug/deps/libtokio-4297bd37e4f85e5f.rlib" "/opt/rustwide/target/debug/deps/libsignal_hook_registry-c5c946cffa680603.rlib" "/opt/rustwide/target/debug/deps/libnum_cpus-4fd95113040753a9.rlib" "/opt/rustwide/target/debug/deps/libsocket2-035ab3925402a966.rlib" "/opt/rustwide/target/debug/deps/libmemchr-b18e4aa3c7a38625.rlib" "/opt/rustwide/target/debug/deps/libmio-911a425e31b01d5e.rlib" "/opt/rustwide/target/debug/deps/liblog-b7002f1ab15c8d8b.rlib" "/opt/rustwide/target/debug/deps/libparking_lot-1242aef5736e855c.rlib" "/opt/rustwide/target/debug/deps/libparking_lot_core-907453f7e437ce3f.rlib" "/opt/rustwide/target/debug/deps/liblibc-c7fb5efcb88f0b9c.rlib" "/opt/rustwide/target/debug/deps/libcfg_if-e5e118dd7d121aaa.rlib" "/opt/rustwide/target/debug/deps/libsmallvec-22f2447eab0ca59b.rlib" "/opt/rustwide/target/debug/deps/liblock_api-68f9f4627da435ce.rlib" "/opt/rustwide/target/debug/deps/libscopeguard-f471875f675163b5.rlib" "/opt/rustwide/target/debug/deps/libpin_project_lite-e66e1bab7310d569.rlib" "/opt/rustwide/target/debug/deps/libhttpdate-fbb447b85a38529c.rlib" "/opt/rustwide/target/debug/deps/libhttp-0128c146bb77aa97.rlib" "/opt/rustwide/target/debug/deps/libbytes-159062f54026df47.rlib" "/opt/rustwide/target/debug/deps/libfnv-41a559218f992797.rlib" "/opt/rustwide/target/debug/deps/libanyhow-921cd1397652c88f.rlib" "/opt/rustwide/target/debug/deps/libserde_json-833bcc75795a4705.rlib" "/opt/rustwide/target/debug/deps/libryu-88ed33e27302889f.rlib" "/opt/rustwide/target/debug/deps/libitoa-d3fb77795e408776.rlib" "/opt/rustwide/target/debug/deps/libserde-362146e83d9c7145.rlib" "/opt/rustwide/rustup-home/toolchains/1.69.0-x86_64-unknown-linux-gnu/lib/rustlib/x86_64-unknown-linux-gnu/lib/libstd-89bc084783fdc439.rlib" "/opt/rustwide/rustup-home/toolchains/1.69.0-x86_64-unknown-linux-gnu/lib/rustlib/x86_64-unknown-linux-gnu/lib/libpanic_unwind-8bee4b287d4367c1.rlib" "/opt/rustwide/rustup-home/toolchains/1.69.0-x86_64-unknown-linux-gnu/lib/rustlib/x86_64-unknown-linux-gnu/lib/libobject-d61707aed80694c0.rlib" "/opt/rustwide/rustup-home/toolchains/1.69.0-x86_64-unknown-linux-gnu/lib/rustlib/x86_64-unknown-linux-gnu/lib/libmemchr-d85366256f22345b.rlib" "/opt/rustwide/rustup-home/toolchains/1.69.0-x86_64-unknown-linux-gnu/lib/rustlib/x86_64-unknown-linux-gnu/lib/libaddr2line-96069b86b8a8cae9.rlib" "/opt/rustwide/rustup-home/toolchains/1.69.0-x86_64-unknown-linux-gnu/lib/rustlib/x86_64-unknown-linux-gnu/lib/libgimli-d19d53abf68dfa6c.rlib" "/opt/rustwide/rustup-home/toolchains/1.69.0-x86_64-unknown-linux-gnu/lib/rustlib/x86_64-unknown-linux-gnu/lib/librustc_demangle-787cbccd19d64ac6.rlib" "/opt/rustwide/rustup-home/toolchains/1.69.0-x86_64-unknown-linux-gnu/lib/rustlib/x86_64-unknown-linux-gnu/lib/libstd_detect-b3837a36b830e0d0.rlib" "/opt/rustwide/rustup-home/toolchains/1.69.0-x86_64-unknown-linux-gnu/lib/rustlib/x86_64-unknown-linux-gnu/lib/libhashbrown-e3deb0e7e3f04966.rlib" "/opt/rustwide/rustup-home/toolchains/1.69.0-x86_64-unknown-linux-gnu/lib/rustlib/x86_64-unknown-linux-gnu/lib/libminiz_oxide-dabbb79c9815def4.rlib" "/opt/rustwide/rustup-home/toolchains/1.69.0-x86_64-unknown-linux-gnu/lib/rustlib/x86_64-unknown-linux-gnu/lib/libadler-305b01f34c9409f2.rlib" "/opt/rustwide/rustup-home/toolchains/1.69.0-x86_64-unknown-linux-gnu/lib/rustlib/x86_64-unknown-linux-gnu/lib/librustc_std_workspace_alloc-f833521df6074e73.rlib" "/opt/rustwide/rustup-home/toolchains/1.69.0-x86_64-unknown-linux-gnu/lib/rustlib/x86_64-unknown-linux-gnu/lib/libunwind-9ac333113350d171.rlib" "/opt/rustwide/rustup-home/toolchains/1.69.0-x86_64-unknown-linux-gnu/lib/rustlib/x86_64-unknown-linux-gnu/lib/libcfg_if-1c126114322d0eee.rlib" "/opt/rustwide/rustup-home/toolchains/1.69.0-x86_64-unknown-linux-gnu/lib/rustlib/x86_64-unknown-linux-gnu/lib/liblibc-bad9164fdeeecf92.rlib" "/opt/rustwide/rustup-home/toolchains/1.69.0-x86_64-unknown-linux-gnu/lib/rustlib/x86_64-unknown-linux-gnu/lib/liballoc-f9374b1e480fa681.rlib" "/opt/rustwide/rustup-home/toolchains/1.69.0-x86_64-unknown-linux-gnu/lib/rustlib/x86_64-unknown-linux-gnu/lib/librustc_std_workspace_core-207f06e41d9603af.rlib" "/opt/rustwide/rustup-home/toolchains/1.69.0-x86_64-unknown-linux-gnu/lib/rustlib/x86_64-unknown-linux-gnu/lib/libcore-7e2768e66e984e85.rlib" "/opt/rustwide/rustup-home/toolchains/1.69.0-x86_64-unknown-linux-gnu/lib/rustlib/x86_64-unknown-linux-gnu/lib/libcompiler_builtins-957b4aff41f8cd46.rlib" "-Wl,-Bdynamic" "-lgcc_s" "-lutil" "-lrt" "-lpthread" "-lm" "-ldl" "-lc" "-Wl,--eh-frame-hdr" "-Wl,-z,noexecstack" "-L" "/opt/rustwide/rustup-home/toolchains/1.69.0-x86_64-unknown-linux-gnu/lib/rustlib/x86_64-unknown-linux-gnu/lib" "-o" "/opt/rustwide/target/debug/examples/post_validations-754bd2b0607f8dd0" "-Wl,--gc-sections" "-pie" "-Wl,-z,relro,-z,now" "-nodefaultlibs"
[INFO] [stdout]   = note: collect2: fatal error: ld terminated with signal 9 [Killed]
[INFO] [stdout]           compilation terminated.
[INFO] [stdout]           
[INFO] [stdout] 
[INFO] [stdout] 
[INFO] [stdout] error: aborting due to previous error
[INFO] [stdout] 
[INFO] [stdout] 
[INFO] [stderr] error: could not compile `bump-api` due to 2 previous errors
[INFO] [stderr] warning: build failed, waiting for other jobs to finish...
[INFO] [stdout] error: linking with `cc` failed: exit status: 1
[INFO] [stdout]   |
[INFO] [stdout]   = note: LC_ALL="C" PATH="/opt/rustwide/rustup-home/toolchains/1.69.0-x86_64-unknown-linux-gnu/lib/rustlib/x86_64-unknown-linux-gnu/bin:/opt/rustwide/cargo-home/bin:/usr/local/sbin:/usr/local/bin:/usr/sbin:/usr/bin:/sbin:/bin" VSLANG="1033" "cc" "-m64" "/tmp/rustcCGFfiT/symbols.o" "/opt/rustwide/target/debug/examples/get_ping-d6f9b4d86bb8cd2e.get_ping.eb7ab071-cgu.0.rcgu.o" "/opt/rustwide/target/debug/examples/get_ping-d6f9b4d86bb8cd2e.get_ping.eb7ab071-cgu.1.rcgu.o" "/opt/rustwide/target/debug/examples/get_ping-d6f9b4d86bb8cd2e.get_ping.eb7ab071-cgu.10.rcgu.o" "/opt/rustwide/target/debug/examples/get_ping-d6f9b4d86bb8cd2e.get_ping.eb7ab071-cgu.11.rcgu.o" "/opt/rustwide/target/debug/examples/get_ping-d6f9b4d86bb8cd2e.get_ping.eb7ab071-cgu.12.rcgu.o" "/opt/rustwide/target/debug/examples/get_ping-d6f9b4d86bb8cd2e.get_ping.eb7ab071-cgu.13.rcgu.o" "/opt/rustwide/target/debug/examples/get_ping-d6f9b4d86bb8cd2e.get_ping.eb7ab071-cgu.14.rcgu.o" "/opt/rustwide/target/debug/examples/get_ping-d6f9b4d86bb8cd2e.get_ping.eb7ab071-cgu.15.rcgu.o" "/opt/rustwide/target/debug/examples/get_ping-d6f9b4d86bb8cd2e.get_ping.eb7ab071-cgu.2.rcgu.o" "/opt/rustwide/target/debug/examples/get_ping-d6f9b4d86bb8cd2e.get_ping.eb7ab071-cgu.3.rcgu.o" "/opt/rustwide/target/debug/examples/get_ping-d6f9b4d86bb8cd2e.get_ping.eb7ab071-cgu.4.rcgu.o" "/opt/rustwide/target/debug/examples/get_ping-d6f9b4d86bb8cd2e.get_ping.eb7ab071-cgu.5.rcgu.o" "/opt/rustwide/target/debug/examples/get_ping-d6f9b4d86bb8cd2e.get_ping.eb7ab071-cgu.6.rcgu.o" "/opt/rustwide/target/debug/examples/get_ping-d6f9b4d86bb8cd2e.get_ping.eb7ab071-cgu.7.rcgu.o" "/opt/rustwide/target/debug/examples/get_ping-d6f9b4d86bb8cd2e.get_ping.eb7ab071-cgu.8.rcgu.o" "/opt/rustwide/target/debug/examples/get_ping-d6f9b4d86bb8cd2e.get_ping.eb7ab071-cgu.9.rcgu.o" "/opt/rustwide/target/debug/examples/get_ping-d6f9b4d86bb8cd2e.23x9dq3ycvl58ut4.rcgu.o" "-Wl,--as-needed" "-L" "/opt/rustwide/target/debug/deps" "-L" "/opt/rustwide/target/debug/build/ring-8e0695998d44f704/out" "-L" "/opt/rustwide/rustup-home/toolchains/1.69.0-x86_64-unknown-linux-gnu/lib/rustlib/x86_64-unknown-linux-gnu/lib" "-Wl,-Bstatic" "/opt/rustwide/target/debug/deps/libbump_api-747679168d3440fc.rlib" "/opt/rustwide/target/debug/deps/libhttpclient-6213f8b8d9361cb4.rlib" "/opt/rustwide/target/debug/deps/liburlencoding-1157924a9e5f842f.rlib" "/opt/rustwide/target/debug/deps/libthiserror-4ea583f49f1f3cac.rlib" "/opt/rustwide/target/debug/deps/libencoding_rs-445b6023340cc421.rlib" "/opt/rustwide/target/debug/deps/libwalkdir-b48bc91a5fc3dc05.rlib" "/opt/rustwide/target/debug/deps/libsame_file-fab28c3c81b2d2fa.rlib" "/opt/rustwide/target/debug/deps/libhyper_rustls-0f4ddda16da594c9.rlib" "/opt/rustwide/target/debug/deps/librustls_native_certs-6384a5dfc9993015.rlib" "/opt/rustwide/target/debug/deps/librustls_pemfile-c8bcf3c1e4c32a92.rlib" "/opt/rustwide/target/debug/deps/libbase64-007e7c1fbda2b30a.rlib" "/opt/rustwide/target/debug/deps/libopenssl_probe-2d1cd15c290ad1de.rlib" "/opt/rustwide/target/debug/deps/libtokio_rustls-6e8e9fc8d711fc3d.rlib" "/opt/rustwide/target/debug/deps/librustls-8a676ff09c1054e2.rlib" "/opt/rustwide/target/debug/deps/libsct-92cf65eee28c3df0.rlib" "/opt/rustwide/target/debug/deps/libwebpki-a4ec0ca2afa571a5.rlib" "/opt/rustwide/target/debug/deps/libring-3b0f10efc888d651.rlib" "/opt/rustwide/target/debug/deps/libspin-ba7f384cfb4b159f.rlib" "/opt/rustwide/target/debug/deps/libuntrusted-ec41ab00ed225515.rlib" "/opt/rustwide/target/debug/deps/libhyper-4037c748518b77e4.rlib" "/opt/rustwide/target/debug/deps/libwant-1e20505a393def83.rlib" "/opt/rustwide/target/debug/deps/libtry_lock-372cab8856e9ce9d.rlib" "/opt/rustwide/target/debug/deps/libhttparse-30fefae29fd53c2e.rlib" "/opt/rustwide/target/debug/deps/libtower_service-a82a463fea06a00e.rlib" "/opt/rustwide/target/debug/deps/libtracing-550f0775672b0322.rlib" "/opt/rustwide/target/debug/deps/libtracing_core-80f1d1e05160e1c7.rlib" "/opt/rustwide/target/debug/deps/libonce_cell-385e74d8868073fc.rlib" "/opt/rustwide/target/debug/deps/libhttp_body-85f8e16db2812707.rlib" "/opt/rustwide/target/debug/deps/libfutures_util-5866bfa5f1468fa4.rlib" "/opt/rustwide/target/debug/deps/libfutures_io-56ca8340f3c089b4.rlib" "/opt/rustwide/target/debug/deps/libslab-adc206ca6c0d0a92.rlib" "/opt/rustwide/target/debug/deps/libfutures_channel-5eb75dfe89b94d01.rlib" "/opt/rustwide/target/debug/deps/libfutures_sink-637706f303d562be.rlib" "/opt/rustwide/target/debug/deps/libfutures_task-bf8bfa06799588f1.rlib" "/opt/rustwide/target/debug/deps/libpin_utils-0d8eaf4ac0fcb221.rlib" "/opt/rustwide/target/debug/deps/libfutures_core-e0b9019999ad3207.rlib" "/opt/rustwide/target/debug/deps/libtokio-4297bd37e4f85e5f.rlib" "/opt/rustwide/target/debug/deps/libsignal_hook_registry-c5c946cffa680603.rlib" "/opt/rustwide/target/debug/deps/libnum_cpus-4fd95113040753a9.rlib" "/opt/rustwide/target/debug/deps/libsocket2-035ab3925402a966.rlib" "/opt/rustwide/target/debug/deps/libmemchr-b18e4aa3c7a38625.rlib" "/opt/rustwide/target/debug/deps/libmio-911a425e31b01d5e.rlib" "/opt/rustwide/target/debug/deps/liblog-b7002f1ab15c8d8b.rlib" "/opt/rustwide/target/debug/deps/libparking_lot-1242aef5736e855c.rlib" "/opt/rustwide/target/debug/deps/libparking_lot_core-907453f7e437ce3f.rlib" "/opt/rustwide/target/debug/deps/liblibc-c7fb5efcb88f0b9c.rlib" "/opt/rustwide/target/debug/deps/libcfg_if-e5e118dd7d121aaa.rlib" "/opt/rustwide/target/debug/deps/libsmallvec-22f2447eab0ca59b.rlib" "/opt/rustwide/target/debug/deps/liblock_api-68f9f4627da435ce.rlib" "/opt/rustwide/target/debug/deps/libscopeguard-f471875f675163b5.rlib" "/opt/rustwide/target/debug/deps/libpin_project_lite-e66e1bab7310d569.rlib" "/opt/rustwide/target/debug/deps/libhttpdate-fbb447b85a38529c.rlib" "/opt/rustwide/target/debug/deps/libhttp-0128c146bb77aa97.rlib" "/opt/rustwide/target/debug/deps/libbytes-159062f54026df47.rlib" "/opt/rustwide/target/debug/deps/libfnv-41a559218f992797.rlib" "/opt/rustwide/target/debug/deps/libanyhow-921cd1397652c88f.rlib" "/opt/rustwide/target/debug/deps/libserde_json-833bcc75795a4705.rlib" "/opt/rustwide/target/debug/deps/libryu-88ed33e27302889f.rlib" "/opt/rustwide/target/debug/deps/libitoa-d3fb77795e408776.rlib" "/opt/rustwide/target/debug/deps/libserde-362146e83d9c7145.rlib" "/opt/rustwide/rustup-home/toolchains/1.69.0-x86_64-unknown-linux-gnu/lib/rustlib/x86_64-unknown-linux-gnu/lib/libstd-89bc084783fdc439.rlib" "/opt/rustwide/rustup-home/toolchains/1.69.0-x86_64-unknown-linux-gnu/lib/rustlib/x86_64-unknown-linux-gnu/lib/libpanic_unwind-8bee4b287d4367c1.rlib" "/opt/rustwide/rustup-home/toolchains/1.69.0-x86_64-unknown-linux-gnu/lib/rustlib/x86_64-unknown-linux-gnu/lib/libobject-d61707aed80694c0.rlib" "/opt/rustwide/rustup-home/toolchains/1.69.0-x86_64-unknown-linux-gnu/lib/rustlib/x86_64-unknown-linux-gnu/lib/libmemchr-d85366256f22345b.rlib" "/opt/rustwide/rustup-home/toolchains/1.69.0-x86_64-unknown-linux-gnu/lib/rustlib/x86_64-unknown-linux-gnu/lib/libaddr2line-96069b86b8a8cae9.rlib" "/opt/rustwide/rustup-home/toolchains/1.69.0-x86_64-unknown-linux-gnu/lib/rustlib/x86_64-unknown-linux-gnu/lib/libgimli-d19d53abf68dfa6c.rlib" "/opt/rustwide/rustup-home/toolchains/1.69.0-x86_64-unknown-linux-gnu/lib/rustlib/x86_64-unknown-linux-gnu/lib/librustc_demangle-787cbccd19d64ac6.rlib" "/opt/rustwide/rustup-home/toolchains/1.69.0-x86_64-unknown-linux-gnu/lib/rustlib/x86_64-unknown-linux-gnu/lib/libstd_detect-b3837a36b830e0d0.rlib" "/opt/rustwide/rustup-home/toolchains/1.69.0-x86_64-unknown-linux-gnu/lib/rustlib/x86_64-unknown-linux-gnu/lib/libhashbrown-e3deb0e7e3f04966.rlib" "/opt/rustwide/rustup-home/toolchains/1.69.0-x86_64-unknown-linux-gnu/lib/rustlib/x86_64-unknown-linux-gnu/lib/libminiz_oxide-dabbb79c9815def4.rlib" "/opt/rustwide/rustup-home/toolchains/1.69.0-x86_64-unknown-linux-gnu/lib/rustlib/x86_64-unknown-linux-gnu/lib/libadler-305b01f34c9409f2.rlib" "/opt/rustwide/rustup-home/toolchains/1.69.0-x86_64-unknown-linux-gnu/lib/rustlib/x86_64-unknown-linux-gnu/lib/librustc_std_workspace_alloc-f833521df6074e73.rlib" "/opt/rustwide/rustup-home/toolchains/1.69.0-x86_64-unknown-linux-gnu/lib/rustlib/x86_64-unknown-linux-gnu/lib/libunwind-9ac333113350d171.rlib" "/opt/rustwide/rustup-home/toolchains/1.69.0-x86_64-unknown-linux-gnu/lib/rustlib/x86_64-unknown-linux-gnu/lib/libcfg_if-1c126114322d0eee.rlib" "/opt/rustwide/rustup-home/toolchains/1.69.0-x86_64-unknown-linux-gnu/lib/rustlib/x86_64-unknown-linux-gnu/lib/liblibc-bad9164fdeeecf92.rlib" "/opt/rustwide/rustup-home/toolchains/1.69.0-x86_64-unknown-linux-gnu/lib/rustlib/x86_64-unknown-linux-gnu/lib/liballoc-f9374b1e480fa681.rlib" "/opt/rustwide/rustup-home/toolchains/1.69.0-x86_64-unknown-linux-gnu/lib/rustlib/x86_64-unknown-linux-gnu/lib/librustc_std_workspace_core-207f06e41d9603af.rlib" "/opt/rustwide/rustup-home/toolchains/1.69.0-x86_64-unknown-linux-gnu/lib/rustlib/x86_64-unknown-linux-gnu/lib/libcore-7e2768e66e984e85.rlib" "/opt/rustwide/rustup-home/toolchains/1.69.0-x86_64-unknown-linux-gnu/lib/rustlib/x86_64-unknown-linux-gnu/lib/libcompiler_builtins-957b4aff41f8cd46.rlib" "-Wl,-Bdynamic" "-lgcc_s" "-lutil" "-lrt" "-lpthread" "-lm" "-ldl" "-lc" "-Wl,--eh-frame-hdr" "-Wl,-z,noexecstack" "-L" "/opt/rustwide/rustup-home/toolchains/1.69.0-x86_64-unknown-linux-gnu/lib/rustlib/x86_64-unknown-linux-gnu/lib" "-o" "/opt/rustwide/target/debug/examples/get_ping-d6f9b4d86bb8cd2e" "-Wl,--gc-sections" "-pie" "-Wl,-z,relro,-z,now" "-nodefaultlibs"
[INFO] [stdout]   = note: collect2: fatal error: ld terminated with signal 9 [Killed]
[INFO] [stdout]           compilation terminated.
[INFO] [stdout]           
[INFO] [stdout] 
[INFO] [stdout] 
[INFO] [stdout] error: aborting due to previous error; 1 warning emitted
[INFO] [stdout] 
[INFO] [stdout] 
[INFO] [stderr] error: could not compile `bump-api` due to 2 previous errors; 1 warning emitted
[INFO] [stdout] error: linking with `cc` failed: exit status: 1
[INFO] [stdout]   |
[INFO] [stdout]   = note: LC_ALL="C" PATH="/opt/rustwide/rustup-home/toolchains/1.69.0-x86_64-unknown-linux-gnu/lib/rustlib/x86_64-unknown-linux-gnu/bin:/opt/rustwide/cargo-home/bin:/usr/local/sbin:/usr/local/bin:/usr/sbin:/usr/bin:/sbin:/bin" VSLANG="1033" "cc" "-m64" "/tmp/rustcZgMWUA/symbols.o" "/opt/rustwide/target/debug/examples/get_hubs_by_hub_id_or_slug-7c3ea43db392206b.get_hubs_by_hub_id_or_slug.68b06350-cgu.0.rcgu.o" "/opt/rustwide/target/debug/examples/get_hubs_by_hub_id_or_slug-7c3ea43db392206b.get_hubs_by_hub_id_or_slug.68b06350-cgu.1.rcgu.o" "/opt/rustwide/target/debug/examples/get_hubs_by_hub_id_or_slug-7c3ea43db392206b.get_hubs_by_hub_id_or_slug.68b06350-cgu.10.rcgu.o" "/opt/rustwide/target/debug/examples/get_hubs_by_hub_id_or_slug-7c3ea43db392206b.get_hubs_by_hub_id_or_slug.68b06350-cgu.11.rcgu.o" "/opt/rustwide/target/debug/examples/get_hubs_by_hub_id_or_slug-7c3ea43db392206b.get_hubs_by_hub_id_or_slug.68b06350-cgu.12.rcgu.o" "/opt/rustwide/target/debug/examples/get_hubs_by_hub_id_or_slug-7c3ea43db392206b.get_hubs_by_hub_id_or_slug.68b06350-cgu.13.rcgu.o" "/opt/rustwide/target/debug/examples/get_hubs_by_hub_id_or_slug-7c3ea43db392206b.get_hubs_by_hub_id_or_slug.68b06350-cgu.14.rcgu.o" "/opt/rustwide/target/debug/examples/get_hubs_by_hub_id_or_slug-7c3ea43db392206b.get_hubs_by_hub_id_or_slug.68b06350-cgu.15.rcgu.o" "/opt/rustwide/target/debug/examples/get_hubs_by_hub_id_or_slug-7c3ea43db392206b.get_hubs_by_hub_id_or_slug.68b06350-cgu.2.rcgu.o" "/opt/rustwide/target/debug/examples/get_hubs_by_hub_id_or_slug-7c3ea43db392206b.get_hubs_by_hub_id_or_slug.68b06350-cgu.3.rcgu.o" "/opt/rustwide/target/debug/examples/get_hubs_by_hub_id_or_slug-7c3ea43db392206b.get_hubs_by_hub_id_or_slug.68b06350-cgu.4.rcgu.o" "/opt/rustwide/target/debug/examples/get_hubs_by_hub_id_or_slug-7c3ea43db392206b.get_hubs_by_hub_id_or_slug.68b06350-cgu.5.rcgu.o" "/opt/rustwide/target/debug/examples/get_hubs_by_hub_id_or_slug-7c3ea43db392206b.get_hubs_by_hub_id_or_slug.68b06350-cgu.6.rcgu.o" "/opt/rustwide/target/debug/examples/get_hubs_by_hub_id_or_slug-7c3ea43db392206b.get_hubs_by_hub_id_or_slug.68b06350-cgu.7.rcgu.o" "/opt/rustwide/target/debug/examples/get_hubs_by_hub_id_or_slug-7c3ea43db392206b.get_hubs_by_hub_id_or_slug.68b06350-cgu.8.rcgu.o" "/opt/rustwide/target/debug/examples/get_hubs_by_hub_id_or_slug-7c3ea43db392206b.get_hubs_by_hub_id_or_slug.68b06350-cgu.9.rcgu.o" "/opt/rustwide/target/debug/examples/get_hubs_by_hub_id_or_slug-7c3ea43db392206b.30vyi7zq976mp27q.rcgu.o" "-Wl,--as-needed" "-L" "/opt/rustwide/target/debug/deps" "-L" "/opt/rustwide/target/debug/build/ring-8e0695998d44f704/out" "-L" "/opt/rustwide/rustup-home/toolchains/1.69.0-x86_64-unknown-linux-gnu/lib/rustlib/x86_64-unknown-linux-gnu/lib" "-Wl,-Bstatic" "/opt/rustwide/target/debug/deps/libbump_api-747679168d3440fc.rlib" "/opt/rustwide/target/debug/deps/libhttpclient-6213f8b8d9361cb4.rlib" "/opt/rustwide/target/debug/deps/liburlencoding-1157924a9e5f842f.rlib" "/opt/rustwide/target/debug/deps/libthiserror-4ea583f49f1f3cac.rlib" "/opt/rustwide/target/debug/deps/libencoding_rs-445b6023340cc421.rlib" "/opt/rustwide/target/debug/deps/libwalkdir-b48bc91a5fc3dc05.rlib" "/opt/rustwide/target/debug/deps/libsame_file-fab28c3c81b2d2fa.rlib" "/opt/rustwide/target/debug/deps/libhyper_rustls-0f4ddda16da594c9.rlib" "/opt/rustwide/target/debug/deps/librustls_native_certs-6384a5dfc9993015.rlib" "/opt/rustwide/target/debug/deps/librustls_pemfile-c8bcf3c1e4c32a92.rlib" "/opt/rustwide/target/debug/deps/libbase64-007e7c1fbda2b30a.rlib" "/opt/rustwide/target/debug/deps/libopenssl_probe-2d1cd15c290ad1de.rlib" "/opt/rustwide/target/debug/deps/libtokio_rustls-6e8e9fc8d711fc3d.rlib" "/opt/rustwide/target/debug/deps/librustls-8a676ff09c1054e2.rlib" "/opt/rustwide/target/debug/deps/libsct-92cf65eee28c3df0.rlib" "/opt/rustwide/target/debug/deps/libwebpki-a4ec0ca2afa571a5.rlib" "/opt/rustwide/target/debug/deps/libring-3b0f10efc888d651.rlib" "/opt/rustwide/target/debug/deps/libspin-ba7f384cfb4b159f.rlib" "/opt/rustwide/target/debug/deps/libuntrusted-ec41ab00ed225515.rlib" "/opt/rustwide/target/debug/deps/libhyper-4037c748518b77e4.rlib" "/opt/rustwide/target/debug/deps/libwant-1e20505a393def83.rlib" "/opt/rustwide/target/debug/deps/libtry_lock-372cab8856e9ce9d.rlib" "/opt/rustwide/target/debug/deps/libhttparse-30fefae29fd53c2e.rlib" "/opt/rustwide/target/debug/deps/libtower_service-a82a463fea06a00e.rlib" "/opt/rustwide/target/debug/deps/libtracing-550f0775672b0322.rlib" "/opt/rustwide/target/debug/deps/libtracing_core-80f1d1e05160e1c7.rlib" "/opt/rustwide/target/debug/deps/libonce_cell-385e74d8868073fc.rlib" "/opt/rustwide/target/debug/deps/libhttp_body-85f8e16db2812707.rlib" "/opt/rustwide/target/debug/deps/libfutures_util-5866bfa5f1468fa4.rlib" "/opt/rustwide/target/debug/deps/libfutures_io-56ca8340f3c089b4.rlib" "/opt/rustwide/target/debug/deps/libslab-adc206ca6c0d0a92.rlib" "/opt/rustwide/target/debug/deps/libfutures_channel-5eb75dfe89b94d01.rlib" "/opt/rustwide/target/debug/deps/libfutures_sink-637706f303d562be.rlib" "/opt/rustwide/target/debug/deps/libfutures_task-bf8bfa06799588f1.rlib" "/opt/rustwide/target/debug/deps/libpin_utils-0d8eaf4ac0fcb221.rlib" "/opt/rustwide/target/debug/deps/libfutures_core-e0b9019999ad3207.rlib" "/opt/rustwide/target/debug/deps/libtokio-4297bd37e4f85e5f.rlib" "/opt/rustwide/target/debug/deps/libsignal_hook_registry-c5c946cffa680603.rlib" "/opt/rustwide/target/debug/deps/libnum_cpus-4fd95113040753a9.rlib" "/opt/rustwide/target/debug/deps/libsocket2-035ab3925402a966.rlib" "/opt/rustwide/target/debug/deps/libmemchr-b18e4aa3c7a38625.rlib" "/opt/rustwide/target/debug/deps/libmio-911a425e31b01d5e.rlib" "/opt/rustwide/target/debug/deps/liblog-b7002f1ab15c8d8b.rlib" "/opt/rustwide/target/debug/deps/libparking_lot-1242aef5736e855c.rlib" "/opt/rustwide/target/debug/deps/libparking_lot_core-907453f7e437ce3f.rlib" "/opt/rustwide/target/debug/deps/liblibc-c7fb5efcb88f0b9c.rlib" "/opt/rustwide/target/debug/deps/libcfg_if-e5e118dd7d121aaa.rlib" "/opt/rustwide/target/debug/deps/libsmallvec-22f2447eab0ca59b.rlib" "/opt/rustwide/target/debug/deps/liblock_api-68f9f4627da435ce.rlib" "/opt/rustwide/target/debug/deps/libscopeguard-f471875f675163b5.rlib" "/opt/rustwide/target/debug/deps/libpin_project_lite-e66e1bab7310d569.rlib" "/opt/rustwide/target/debug/deps/libhttpdate-fbb447b85a38529c.rlib" "/opt/rustwide/target/debug/deps/libhttp-0128c146bb77aa97.rlib" "/opt/rustwide/target/debug/deps/libbytes-159062f54026df47.rlib" "/opt/rustwide/target/debug/deps/libfnv-41a559218f992797.rlib" "/opt/rustwide/target/debug/deps/libanyhow-921cd1397652c88f.rlib" "/opt/rustwide/target/debug/deps/libserde_json-833bcc75795a4705.rlib" "/opt/rustwide/target/debug/deps/libryu-88ed33e27302889f.rlib" "/opt/rustwide/target/debug/deps/libitoa-d3fb77795e408776.rlib" "/opt/rustwide/target/debug/deps/libserde-362146e83d9c7145.rlib" "/opt/rustwide/rustup-home/toolchains/1.69.0-x86_64-unknown-linux-gnu/lib/rustlib/x86_64-unknown-linux-gnu/lib/libstd-89bc084783fdc439.rlib" "/opt/rustwide/rustup-home/toolchains/1.69.0-x86_64-unknown-linux-gnu/lib/rustlib/x86_64-unknown-linux-gnu/lib/libpanic_unwind-8bee4b287d4367c1.rlib" "/opt/rustwide/rustup-home/toolchains/1.69.0-x86_64-unknown-linux-gnu/lib/rustlib/x86_64-unknown-linux-gnu/lib/libobject-d61707aed80694c0.rlib" "/opt/rustwide/rustup-home/toolchains/1.69.0-x86_64-unknown-linux-gnu/lib/rustlib/x86_64-unknown-linux-gnu/lib/libmemchr-d85366256f22345b.rlib" "/opt/rustwide/rustup-home/toolchains/1.69.0-x86_64-unknown-linux-gnu/lib/rustlib/x86_64-unknown-linux-gnu/lib/libaddr2line-96069b86b8a8cae9.rlib" "/opt/rustwide/rustup-home/toolchains/1.69.0-x86_64-unknown-linux-gnu/lib/rustlib/x86_64-unknown-linux-gnu/lib/libgimli-d19d53abf68dfa6c.rlib" "/opt/rustwide/rustup-home/toolchains/1.69.0-x86_64-unknown-linux-gnu/lib/rustlib/x86_64-unknown-linux-gnu/lib/librustc_demangle-787cbccd19d64ac6.rlib" "/opt/rustwide/rustup-home/toolchains/1.69.0-x86_64-unknown-linux-gnu/lib/rustlib/x86_64-unknown-linux-gnu/lib/libstd_detect-b3837a36b830e0d0.rlib" "/opt/rustwide/rustup-home/toolchains/1.69.0-x86_64-unknown-linux-gnu/lib/rustlib/x86_64-unknown-linux-gnu/lib/libhashbrown-e3deb0e7e3f04966.rlib" "/opt/rustwide/rustup-home/toolchains/1.69.0-x86_64-unknown-linux-gnu/lib/rustlib/x86_64-unknown-linux-gnu/lib/libminiz_oxide-dabbb79c9815def4.rlib" "/opt/rustwide/rustup-home/toolchains/1.69.0-x86_64-unknown-linux-gnu/lib/rustlib/x86_64-unknown-linux-gnu/lib/libadler-305b01f34c9409f2.rlib" "/opt/rustwide/rustup-home/toolchains/1.69.0-x86_64-unknown-linux-gnu/lib/rustlib/x86_64-unknown-linux-gnu/lib/librustc_std_workspace_alloc-f833521df6074e73.rlib" "/opt/rustwide/rustup-home/toolchains/1.69.0-x86_64-unknown-linux-gnu/lib/rustlib/x86_64-unknown-linux-gnu/lib/libunwind-9ac333113350d171.rlib" "/opt/rustwide/rustup-home/toolchains/1.69.0-x86_64-unknown-linux-gnu/lib/rustlib/x86_64-unknown-linux-gnu/lib/libcfg_if-1c126114322d0eee.rlib" "/opt/rustwide/rustup-home/toolchains/1.69.0-x86_64-unknown-linux-gnu/lib/rustlib/x86_64-unknown-linux-gnu/lib/liblibc-bad9164fdeeecf92.rlib" "/opt/rustwide/rustup-home/toolchains/1.69.0-x86_64-unknown-linux-gnu/lib/rustlib/x86_64-unknown-linux-gnu/lib/liballoc-f9374b1e480fa681.rlib" "/opt/rustwide/rustup-home/toolchains/1.69.0-x86_64-unknown-linux-gnu/lib/rustlib/x86_64-unknown-linux-gnu/lib/librustc_std_workspace_core-207f06e41d9603af.rlib" "/opt/rustwide/rustup-home/toolchains/1.69.0-x86_64-unknown-linux-gnu/lib/rustlib/x86_64-unknown-linux-gnu/lib/libcore-7e2768e66e984e85.rlib" "/opt/rustwide/rustup-home/toolchains/1.69.0-x86_64-unknown-linux-gnu/lib/rustlib/x86_64-unknown-linux-gnu/lib/libcompiler_builtins-957b4aff41f8cd46.rlib" "-Wl,-Bdynamic" "-lgcc_s" "-lutil" "-lrt" "-lpthread" "-lm" "-ldl" "-lc" "-Wl,--eh-frame-hdr" "-Wl,-z,noexecstack" "-L" "/opt/rustwide/rustup-home/toolchains/1.69.0-x86_64-unknown-linux-gnu/lib/rustlib/x86_64-unknown-linux-gnu/lib" "-o" "/opt/rustwide/target/debug/examples/get_hubs_by_hub_id_or_slug-7c3ea43db392206b" "-Wl,--gc-sections" "-pie" "-Wl,-z,relro,-z,now" "-nodefaultlibs"
[INFO] [stdout]   = note: collect2: fatal error: ld terminated with signal 9 [Killed]
[INFO] [stdout]           compilation terminated.
[INFO] [stdout]           
[INFO] [stdout] 
[INFO] [stdout] 
[INFO] [stdout] error: aborting due to previous error; 1 warning emitted
[INFO] [stdout] 
[INFO] [stdout] 
[INFO] [stderr] error: could not compile `bump-api` due to 2 previous errors; 1 warning emitted
[INFO] [stdout] warning: 1 warning emitted
[INFO] [stdout] 
[INFO] [stdout] 
[INFO] [stdout] warning: 1 warning emitted
[INFO] [stdout] 
[INFO] [stdout] 
[INFO] running `Command { std: "docker" "inspect" "74e0f094662cd629de1fe6491d068bc26f2d4f404b4ab457f8b5a341b85fb0cb", kill_on_drop: false }`
[INFO] running `Command { std: "docker" "rm" "-f" "74e0f094662cd629de1fe6491d068bc26f2d4f404b4ab457f8b5a341b85fb0cb", kill_on_drop: false }`
[INFO] [stdout] 74e0f094662cd629de1fe6491d068bc26f2d4f404b4ab457f8b5a341b85fb0cb
