[INFO] fetching crate btle 0.1.4...
[INFO] testing btle-0.1.4 against beta-2023-04-20 for beta-1.70-1
[INFO] extracting crate btle 0.1.4 into /workspace/builds/worker-3-tc2/source
[INFO] validating manifest of crates.io crate btle 0.1.4 on toolchain beta-2023-04-20
[INFO] running `Command { std: CARGO_HOME="/workspace/cargo-home" RUSTUP_HOME="/workspace/rustup-home" "/workspace/cargo-home/bin/cargo" "+beta-2023-04-20" "metadata" "--manifest-path" "Cargo.toml" "--no-deps", kill_on_drop: false }`
[INFO] started tweaking crates.io crate btle 0.1.4
[INFO] removed 0 missing examples
[INFO] finished tweaking crates.io crate btle 0.1.4
[INFO] tweaked toml for crates.io crate btle 0.1.4 written to /workspace/builds/worker-3-tc2/source/Cargo.toml
[INFO] crate crates.io crate btle 0.1.4 already has a lockfile, it will not be regenerated
[INFO] running `Command { std: CARGO_HOME="/workspace/cargo-home" RUSTUP_HOME="/workspace/rustup-home" "/workspace/cargo-home/bin/cargo" "+beta-2023-04-20" "fetch" "--manifest-path" "Cargo.toml", kill_on_drop: false }`
[INFO] [stderr]     Updating crates.io index
[INFO] [stderr]  Downloading crates ...
[INFO] [stderr]   Downloaded vcpkg v0.2.8
[INFO] [stderr]   Downloaded libusb1-sys v0.3.7
[INFO] [stderr]   Downloaded tar v0.4.26
[INFO] [stderr]   Downloaded net2 v0.2.33
[INFO] [stderr]   Downloaded cc v1.0.50
[INFO] [stderr]   Downloaded futures-util v0.3.4
[INFO] [stderr]   Downloaded nix v0.16.1
[INFO] [stderr]   Downloaded bytes v0.5.4
[INFO] [stderr]   Downloaded proc-macro2 v1.0.10
[INFO] [stderr]   Downloaded mio-uds v0.6.7
[INFO] [stderr]   Downloaded tokio v0.2.18
[INFO] [stderr]   Downloaded tokio v0.3.3
[INFO] [stderr]   Downloaded winrt v0.6.0
[INFO] [stderr]   Downloaded driver_async v0.0.3
[INFO] [stderr]   Downloaded filetime v0.2.9
[INFO] [stderr]   Downloaded syn v1.0.17
[INFO] [stderr]   Downloaded libc v0.2.66
[INFO] [stderr]   Downloaded quote v1.0.3
[INFO] [stderr]   Downloaded serde_derive v1.0.106
[INFO] [stderr]   Downloaded serde v1.0.106
[INFO] [stderr]   Downloaded pin-project-lite v0.1.4
[INFO] [stderr]   Downloaded futures-core v0.3.4
[INFO] [stderr]   Downloaded futures-task v0.3.4
[INFO] [stderr]   Downloaded pin-utils v0.1.0-alpha.4
[INFO] [stderr]   Downloaded pkg-config v0.3.17
[INFO] [stderr]   Downloaded usbw v0.0.2
[INFO] [stderr]   Downloaded take_mut v0.2.2
[INFO] [stderr]   Downloaded libflate v0.1.27
[INFO] [stderr]   Downloaded mio v0.6.21
[INFO] running `Command { std: "docker" "create" "-v" "/var/lib/crater-agent-workspace/builds/worker-3-tc2/target:/opt/rustwide/target:rw,Z" "-v" "/var/lib/crater-agent-workspace/builds/worker-3-tc2/source:/opt/rustwide/workdir:ro,Z" "-v" "/var/lib/crater-agent-workspace/cargo-home:/opt/rustwide/cargo-home:ro,Z" "-v" "/var/lib/crater-agent-workspace/rustup-home:/opt/rustwide/rustup-home:ro,Z" "-e" "SOURCE_DIR=/opt/rustwide/workdir" "-e" "CARGO_TARGET_DIR=/opt/rustwide/target" "-e" "CARGO_HOME=/opt/rustwide/cargo-home" "-e" "RUSTUP_HOME=/opt/rustwide/rustup-home" "-w" "/opt/rustwide/workdir" "-m" "1610612736" "--user" "0:0" "--network" "none" "ghcr.io/rust-lang/crates-build-env/linux@sha256:5ff2268d62e97bff2cde7d5815dd6ed5b47097566f13b8d0ca110b04b60e07ed" "/opt/rustwide/cargo-home/bin/cargo" "+beta-2023-04-20" "metadata" "--no-deps" "--format-version=1", kill_on_drop: false }`
[INFO] [stdout] cb71c62580a60d2c1427f1a987d2f67de875ce41ce999cc03169b31e99efdebb
[INFO] running `Command { std: "docker" "start" "-a" "cb71c62580a60d2c1427f1a987d2f67de875ce41ce999cc03169b31e99efdebb", kill_on_drop: false }`
[INFO] running `Command { std: "docker" "inspect" "cb71c62580a60d2c1427f1a987d2f67de875ce41ce999cc03169b31e99efdebb", kill_on_drop: false }`
[INFO] running `Command { std: "docker" "rm" "-f" "cb71c62580a60d2c1427f1a987d2f67de875ce41ce999cc03169b31e99efdebb", kill_on_drop: false }`
[INFO] [stdout] cb71c62580a60d2c1427f1a987d2f67de875ce41ce999cc03169b31e99efdebb
[INFO] running `Command { std: "docker" "create" "-v" "/var/lib/crater-agent-workspace/builds/worker-3-tc2/target:/opt/rustwide/target:rw,Z" "-v" "/var/lib/crater-agent-workspace/builds/worker-3-tc2/source:/opt/rustwide/workdir:ro,Z" "-v" "/var/lib/crater-agent-workspace/cargo-home:/opt/rustwide/cargo-home:ro,Z" "-v" "/var/lib/crater-agent-workspace/rustup-home:/opt/rustwide/rustup-home:ro,Z" "-e" "SOURCE_DIR=/opt/rustwide/workdir" "-e" "CARGO_TARGET_DIR=/opt/rustwide/target" "-e" "CARGO_INCREMENTAL=0" "-e" "RUST_BACKTRACE=full" "-e" "RUSTFLAGS=--cap-lints=warn" "-e" "RUSTDOCFLAGS=--cap-lints=warn" "-e" "CARGO_HOME=/opt/rustwide/cargo-home" "-e" "RUSTUP_HOME=/opt/rustwide/rustup-home" "-w" "/opt/rustwide/workdir" "-m" "1610612736" "--user" "0:0" "--network" "none" "ghcr.io/rust-lang/crates-build-env/linux@sha256:5ff2268d62e97bff2cde7d5815dd6ed5b47097566f13b8d0ca110b04b60e07ed" "/opt/rustwide/cargo-home/bin/cargo" "+beta-2023-04-20" "build" "--frozen" "--message-format=json", kill_on_drop: false }`
[INFO] [stdout] fc8fed15e079048cf3808832af9e6c2d676d90e27156695f608fb4e2158d875e
[INFO] running `Command { std: "docker" "start" "-a" "fc8fed15e079048cf3808832af9e6c2d676d90e27156695f608fb4e2158d875e", kill_on_drop: false }`
[INFO] [stderr]    Compiling futures-task v0.3.4
[INFO] [stderr]    Compiling pin-utils v0.1.0-alpha.4
[INFO] [stderr]    Compiling futures-core v0.3.4
[INFO] [stderr]    Compiling futures-util v0.3.4
[INFO] [stderr]    Compiling btle v0.1.4 (/opt/rustwide/workdir)
[INFO] [stdout] warning: panic message contains an unused formatting placeholder
[INFO] [stdout]   --> src/le/scan.rs:51:24
[INFO] [stdout]    |
[INFO] [stdout] 51 |             "interval '{}' is out of range"
[INFO] [stdout]    |                        ^^
[INFO] [stdout]    |
[INFO] [stdout]    = note: this message is not used as a format string when given without arguments, but will be in Rust 2021
[INFO] [stdout]    = note: `#[warn(non_fmt_panics)]` on by default
[INFO] [stdout] help: add the missing argument
[INFO] [stdout]    |
[INFO] [stdout] 51 |             "interval '{}' is out of range", ...
[INFO] [stdout]    |                                            +++++
[INFO] [stdout] help: or add a "{}" format string to use the message literally
[INFO] [stdout]    |
[INFO] [stdout] 51 |             "{}", "interval '{}' is out of range"
[INFO] [stdout]    |             +++++
[INFO] [stdout] 
[INFO] [stdout] 
[INFO] [stdout] warning: panic message contains an unused formatting placeholder
[INFO] [stdout]   --> src/le/scan.rs:79:22
[INFO] [stdout]    |
[INFO] [stdout] 79 |             "window '{}' is out of range"
[INFO] [stdout]    |                      ^^
[INFO] [stdout]    |
[INFO] [stdout]    = note: this message is not used as a format string when given without arguments, but will be in Rust 2021
[INFO] [stdout] help: add the missing argument
[INFO] [stdout]    |
[INFO] [stdout] 79 |             "window '{}' is out of range", ...
[INFO] [stdout]    |                                          +++++
[INFO] [stdout] help: or add a "{}" format string to use the message literally
[INFO] [stdout]    |
[INFO] [stdout] 79 |             "{}", "window '{}' is out of range"
[INFO] [stdout]    |             +++++
[INFO] [stdout] 
[INFO] [stdout] 
[INFO] [stdout] warning: 2 warnings emitted
[INFO] [stdout] 
[INFO] [stdout] 
[INFO] [stderr]     Finished dev [unoptimized + debuginfo] target(s) in 2.89s
[INFO] running `Command { std: "docker" "inspect" "fc8fed15e079048cf3808832af9e6c2d676d90e27156695f608fb4e2158d875e", kill_on_drop: false }`
[INFO] running `Command { std: "docker" "rm" "-f" "fc8fed15e079048cf3808832af9e6c2d676d90e27156695f608fb4e2158d875e", kill_on_drop: false }`
[INFO] [stdout] fc8fed15e079048cf3808832af9e6c2d676d90e27156695f608fb4e2158d875e
[INFO] running `Command { std: "docker" "create" "-v" "/var/lib/crater-agent-workspace/builds/worker-3-tc2/target:/opt/rustwide/target:rw,Z" "-v" "/var/lib/crater-agent-workspace/builds/worker-3-tc2/source:/opt/rustwide/workdir:ro,Z" "-v" "/var/lib/crater-agent-workspace/cargo-home:/opt/rustwide/cargo-home:ro,Z" "-v" "/var/lib/crater-agent-workspace/rustup-home:/opt/rustwide/rustup-home:ro,Z" "-e" "SOURCE_DIR=/opt/rustwide/workdir" "-e" "CARGO_TARGET_DIR=/opt/rustwide/target" "-e" "CARGO_INCREMENTAL=0" "-e" "RUST_BACKTRACE=full" "-e" "RUSTFLAGS=--cap-lints=warn" "-e" "RUSTDOCFLAGS=--cap-lints=warn" "-e" "CARGO_HOME=/opt/rustwide/cargo-home" "-e" "RUSTUP_HOME=/opt/rustwide/rustup-home" "-w" "/opt/rustwide/workdir" "-m" "1610612736" "--user" "0:0" "--network" "none" "ghcr.io/rust-lang/crates-build-env/linux@sha256:5ff2268d62e97bff2cde7d5815dd6ed5b47097566f13b8d0ca110b04b60e07ed" "/opt/rustwide/cargo-home/bin/cargo" "+beta-2023-04-20" "test" "--frozen" "--no-run" "--message-format=json", kill_on_drop: false }`
[INFO] [stdout] 985b76bebddc1aa1ecf13633c5ae35e4f80ea13e72c0d165dc060cc0ee0972b5
[INFO] running `Command { std: "docker" "start" "-a" "985b76bebddc1aa1ecf13633c5ae35e4f80ea13e72c0d165dc060cc0ee0972b5", kill_on_drop: false }`
[INFO] [stderr] warning: invalid feature `windows_drivers` in required-features of target `windows_test`: `windows_drivers` is not present in [features] section
[INFO] [stderr]    Compiling pin-project-lite v0.1.4
[INFO] [stderr]    Compiling bytes v0.5.4
[INFO] [stdout] warning: panic message contains an unused formatting placeholder
[INFO] [stdout]   --> src/le/scan.rs:51:24
[INFO] [stdout]    |
[INFO] [stdout] 51 |             "interval '{}' is out of range"
[INFO] [stdout]    |                        ^^
[INFO] [stdout]    |
[INFO] [stdout]    = note: this message is not used as a format string when given without arguments, but will be in Rust 2021
[INFO] [stdout]    = note: `#[warn(non_fmt_panics)]` on by default
[INFO] [stdout] help: add the missing argument
[INFO] [stdout]    |
[INFO] [stdout] 51 |             "interval '{}' is out of range", ...
[INFO] [stdout]    |                                            +++++
[INFO] [stdout] help: or add a "{}" format string to use the message literally
[INFO] [stdout]    |
[INFO] [stdout] 51 |             "{}", "interval '{}' is out of range"
[INFO] [stdout]    |             +++++
[INFO] [stdout] 
[INFO] [stdout] 
[INFO] [stdout] warning: panic message contains an unused formatting placeholder
[INFO] [stdout]   --> src/le/scan.rs:79:22
[INFO] [stdout]    |
[INFO] [stdout] 79 |             "window '{}' is out of range"
[INFO] [stdout]    |                      ^^
[INFO] [stdout]    |
[INFO] [stdout]    = note: this message is not used as a format string when given without arguments, but will be in Rust 2021
[INFO] [stdout] help: add the missing argument
[INFO] [stdout]    |
[INFO] [stdout] 79 |             "window '{}' is out of range", ...
[INFO] [stdout]    |                                          +++++
[INFO] [stdout] help: or add a "{}" format string to use the message literally
[INFO] [stdout]    |
[INFO] [stdout] 79 |             "{}", "window '{}' is out of range"
[INFO] [stdout]    |             +++++
[INFO] [stdout] 
[INFO] [stdout] 
[INFO] [stdout] warning: 2 warnings emitted
[INFO] [stdout] 
[INFO] [stdout] 
[INFO] [stderr]    Compiling tokio v0.2.18
[INFO] [stderr]    Compiling btle v0.1.4 (/opt/rustwide/workdir)
[INFO] [stdout] error[E0432]: unresolved import `usbw`
[INFO] [stdout]  --> examples/advertisement_dump.rs:8:5
[INFO] [stdout]   |
[INFO] [stdout] 8 | use usbw::libusb;
[INFO] [stdout]   |     ^^^^ use of undeclared crate or module `usbw`
[INFO] [stdout] 
[INFO] [stdout] 
[INFO] [stdout] error[E0433]: failed to resolve: could not find `socket` in `hci`
[INFO] [stdout]   --> examples/advertisement_dump.rs:41:30
[INFO] [stdout]    |
[INFO] [stdout] 41 |     let manager = btle::hci::socket::Manager::new().map_err(StdError)?;
[INFO] [stdout]    |                              ^^^^^^ could not find `socket` in `hci`
[INFO] [stdout] 
[INFO] [stdout] 
[INFO] [stdout] error[E0433]: failed to resolve: could not find `socket` in `hci`
[INFO] [stdout]   --> examples/advertisement_dump.rs:42:62
[INFO] [stdout]    |
[INFO] [stdout] 42 |     let socket = match manager.get_adapter_socket(btle::hci::socket::AdapterID(adapter_id)) {
[INFO] [stdout]    |                                                              ^^^^^^ could not find `socket` in `hci`
[INFO] [stdout] 
[INFO] [stdout] 
[INFO] [stdout] error[E0433]: failed to resolve: could not find `socket` in `hci`
[INFO] [stdout]   --> examples/advertisement_dump.rs:44:24
[INFO] [stdout]    |
[INFO] [stdout] 44 |         Err(btle::hci::socket::HCISocketError::PermissionDenied) => {
[INFO] [stdout]    |                        ^^^^^^ could not find `socket` in `hci`
[INFO] [stdout] 
[INFO] [stdout] 
[INFO] [stdout] error[E0433]: failed to resolve: could not find `socket` in `hci`
[INFO] [stdout]   --> examples/advertisement_dump.rs:46:35
[INFO] [stdout]    |
[INFO] [stdout] 46 |             return Err(btle::hci::socket::HCISocketError::PermissionDenied)
[INFO] [stdout]    |                                   ^^^^^^ could not find `socket` in `hci`
[INFO] [stdout] 
[INFO] [stdout] 
[INFO] [stdout] error[E0433]: failed to resolve: could not find `socket` in `hci`
[INFO] [stdout]   --> examples/advertisement_dump.rs:53:35
[INFO] [stdout]    |
[INFO] [stdout] 53 |     let async_socket = btle::hci::socket::AsyncHCISocket::try_from(socket)?;
[INFO] [stdout]    |                                   ^^^^^^ could not find `socket` in `hci`
[INFO] [stdout] 
[INFO] [stdout] 
[INFO] [stdout] warning: unused import: `btle::error::IOError`
[INFO] [stdout]  --> examples/advertisement_dump.rs:1:5
[INFO] [stdout]   |
[INFO] [stdout] 1 | use btle::error::IOError;
[INFO] [stdout]   |     ^^^^^^^^^^^^^^^^^^^^
[INFO] [stdout]   |
[INFO] [stdout]   = note: `#[warn(unused_imports)]` on by default
[INFO] [stdout] 
[INFO] [stdout] 
[INFO] [stdout] error[E0728]: `await` is only allowed inside `async` functions and blocks
[INFO] [stdout]   --> examples/advertisement_dump.rs:57:9
[INFO] [stdout]    |
[INFO] [stdout] 39 | pub fn dump_bluez(adapter_id: u16) -> Result<(), Box<dyn std::error::Error>> {
[INFO] [stdout]    |        ---------- this is not `async`
[INFO] [stdout] ...
[INFO] [stdout] 57 |         .await
[INFO] [stdout]    |         ^^^^^^ only allowed inside `async` functions and blocks
[INFO] [stdout] 
[INFO] [stdout] 
[INFO] [stdout] error[E0433]: failed to resolve: could not find `socket` in `hci`
[INFO] [stdout]   --> examples/advertise_test.rs:40:30
[INFO] [stdout]    |
[INFO] [stdout] 40 |     let manager = btle::hci::socket::Manager::new().map_err(StdError)?;
[INFO] [stdout]    |                              ^^^^^^ could not find `socket` in `hci`
[INFO] [stdout] 
[INFO] [stdout] 
[INFO] [stdout] error[E0433]: failed to resolve: could not find `socket` in `hci`
[INFO] [stdout]   --> examples/advertise_test.rs:41:62
[INFO] [stdout]    |
[INFO] [stdout] 41 |     let socket = match manager.get_adapter_socket(btle::hci::socket::AdapterID(adapter_id)) {
[INFO] [stdout]    |                                                              ^^^^^^ could not find `socket` in `hci`
[INFO] [stdout] 
[INFO] [stdout] 
[INFO] [stdout] error[E0433]: failed to resolve: could not find `socket` in `hci`
[INFO] [stdout]   --> examples/advertise_test.rs:43:24
[INFO] [stdout]    |
[INFO] [stdout] 43 |         Err(btle::hci::socket::HCISocketError::PermissionDenied) => {
[INFO] [stdout]    |                        ^^^^^^ could not find `socket` in `hci`
[INFO] [stdout] 
[INFO] [stdout] 
[INFO] [stdout] error[E0433]: failed to resolve: could not find `socket` in `hci`
[INFO] [stdout]   --> examples/advertise_test.rs:45:35
[INFO] [stdout]    |
[INFO] [stdout] 45 |             return Err(btle::hci::socket::HCISocketError::PermissionDenied)
[INFO] [stdout]    |                                   ^^^^^^ could not find `socket` in `hci`
[INFO] [stdout] 
[INFO] [stdout] 
[INFO] [stdout] error[E0433]: failed to resolve: could not find `socket` in `hci`
[INFO] [stdout]   --> examples/advertise_test.rs:52:35
[INFO] [stdout]    |
[INFO] [stdout] 52 |     let async_socket = btle::hci::socket::AsyncHCISocket::try_from(socket)?;
[INFO] [stdout]    |                                   ^^^^^^ could not find `socket` in `hci`
[INFO] [stdout] 
[INFO] [stdout] 
[INFO] [stdout] warning: unused import: `btle::error::IOError`
[INFO] [stdout]  --> examples/advertise_test.rs:1:5
[INFO] [stdout]   |
[INFO] [stdout] 1 | use btle::error::IOError;
[INFO] [stdout]   |     ^^^^^^^^^^^^^^^^^^^^
[INFO] [stdout]   |
[INFO] [stdout]   = note: `#[warn(unused_imports)]` on by default
[INFO] [stdout] 
[INFO] [stdout] 
[INFO] [stdout] error[E0728]: `await` is only allowed inside `async` functions and blocks
[INFO] [stdout]   --> examples/advertise_test.rs:56:9
[INFO] [stdout]    |
[INFO] [stdout] 38 | pub fn dump_bluez(adapter_id: u16) -> Result<(), Box<dyn std::error::Error>> {
[INFO] [stdout]    |        ---------- this is not `async`
[INFO] [stdout] ...
[INFO] [stdout] 56 |         .await
[INFO] [stdout]    |         ^^^^^^ only allowed inside `async` functions and blocks
[INFO] [stdout] 
[INFO] [stdout] 
[INFO] [stdout] error[E0277]: `Result<(), Box<dyn std::error::Error>>` is not a future
[INFO] [stdout]   --> examples/advertisement_dump.rs:25:9
[INFO] [stdout]    |
[INFO] [stdout] 17 | /         dump_bluez(
[INFO] [stdout] 18 | |             std::env::args()
[INFO] [stdout] 19 | |                 .skip(1)
[INFO] [stdout] 20 | |                 .next()
[INFO] [stdout] ...  |
[INFO] [stdout] 23 | |                 .expect("invalid adapter id"),
[INFO] [stdout] 24 | |         )
[INFO] [stdout]    | |_________- this call returns `Result<(), Box<dyn std::error::Error>>`
[INFO] [stdout] 25 |           .await;
[INFO] [stdout]    |           ^^^^^^ `Result<(), Box<dyn std::error::Error>>` is not a future
[INFO] [stdout]    |
[INFO] [stdout]    = help: the trait `std::future::Future` is not implemented for `Result<(), Box<dyn std::error::Error>>`
[INFO] [stdout]    = note: Result<(), Box<dyn std::error::Error>> must be a future or must implement `IntoFuture` to be awaited
[INFO] [stdout]    = note: required for `Result<(), Box<dyn std::error::Error>>` to implement `std::future::IntoFuture`
[INFO] [stdout] help: remove the `.await`
[INFO] [stdout]    |
[INFO] [stdout] 25 -         .await;
[INFO] [stdout] 25 +         ;
[INFO] [stdout]    |
[INFO] [stdout] help: alternatively, consider making `fn dump_bluez` asynchronous
[INFO] [stdout]    |
[INFO] [stdout] 39 | pub async fn dump_bluez(adapter_id: u16) -> Result<(), Box<dyn std::error::Error>> {
[INFO] [stdout]    |     +++++
[INFO] [stdout] 
[INFO] [stdout] 
[INFO] [stdout] error[E0277]: `Result<(), Box<dyn std::error::Error>>` is not a future
[INFO] [stdout]   --> examples/advertise_test.rs:24:9
[INFO] [stdout]    |
[INFO] [stdout] 16 | /         dump_bluez(
[INFO] [stdout] 17 | |             std::env::args()
[INFO] [stdout] 18 | |                 .skip(1)
[INFO] [stdout] 19 | |                 .next()
[INFO] [stdout] ...  |
[INFO] [stdout] 22 | |                 .expect("invalid adapter id"),
[INFO] [stdout] 23 | |         )
[INFO] [stdout]    | |_________- this call returns `Result<(), Box<dyn std::error::Error>>`
[INFO] [stdout] 24 |           .await;
[INFO] [stdout]    |           ^^^^^^ `Result<(), Box<dyn std::error::Error>>` is not a future
[INFO] [stdout]    |
[INFO] [stdout]    = help: the trait `std::future::Future` is not implemented for `Result<(), Box<dyn std::error::Error>>`
[INFO] [stdout]    = note: Result<(), Box<dyn std::error::Error>> must be a future or must implement `IntoFuture` to be awaited
[INFO] [stdout]    = note: required for `Result<(), Box<dyn std::error::Error>>` to implement `IntoFuture`
[INFO] [stdout] help: remove the `.await`
[INFO] [stdout]    |
[INFO] [stdout] 24 -         .await;
[INFO] [stdout] 24 +         ;
[INFO] [stdout]    |
[INFO] [stdout] help: alternatively, consider making `fn dump_bluez` asynchronous
[INFO] [stdout]    |
[INFO] [stdout] 38 | pub async fn dump_bluez(adapter_id: u16) -> Result<(), Box<dyn std::error::Error>> {
[INFO] [stdout]    |     +++++
[INFO] [stdout] 
[INFO] [stdout] 
[INFO] [stdout] error[E0277]: the trait bound `btle::hci::adapters::Adapter<Stream<_, _>, DummyUnrecognizedEventHandler>: btle::hci::adapter::Adapter` is not satisfied
[INFO] [stdout]   --> examples/advertise_test.rs:55:18
[INFO] [stdout]    |
[INFO] [stdout] 55 |     dump_adapter(adapter)
[INFO] [stdout]    |     ------------ ^^^^^^^ the trait `btle::hci::adapter::Adapter` is not implemented for `btle::hci::adapters::Adapter<Stream<_, _>, DummyUnrecognizedEventHandler>`
[INFO] [stdout]    |     |
[INFO] [stdout]    |     required by a bound introduced by this call
[INFO] [stdout]    |
[INFO] [stdout]    = help: the following other types implement trait `btle::hci::adapter::Adapter`:
[INFO] [stdout]              DummyAdapter
[INFO] [stdout]              Stream<S, B>
[INFO] [stdout] note: required by a bound in `dump_adapter`
[INFO] [stdout]   --> examples/advertise_test.rs:83:30
[INFO] [stdout]    |
[INFO] [stdout] 83 | pub async fn dump_adapter<A: btle::hci::adapter::Adapter>(
[INFO] [stdout]    |                              ^^^^^^^^^^^^^^^^^^^^^^^^^^^ required by this bound in `dump_adapter`
[INFO] [stdout] 
[INFO] [stdout] 
[INFO] [stdout] error[E0277]: the trait bound `btle::hci::adapters::Adapter<btle::hci::stream::Stream<_, _>, DummyUnrecognizedEventHandler>: btle::hci::adapter::Adapter` is not satisfied
[INFO] [stdout]   --> examples/advertisement_dump.rs:56:18
[INFO] [stdout]    |
[INFO] [stdout] 56 |     dump_adapter(adapter)
[INFO] [stdout]    |     ------------ ^^^^^^^ the trait `btle::hci::adapter::Adapter` is not implemented for `btle::hci::adapters::Adapter<btle::hci::stream::Stream<_, _>, DummyUnrecognizedEventHandler>`
[INFO] [stdout]    |     |
[INFO] [stdout]    |     required by a bound introduced by this call
[INFO] [stdout]    |
[INFO] [stdout]    = help: the following other types implement trait `btle::hci::adapter::Adapter`:
[INFO] [stdout]              DummyAdapter
[INFO] [stdout]              btle::hci::stream::Stream<S, B>
[INFO] [stdout] note: required by a bound in `dump_adapter`
[INFO] [stdout]   --> examples/advertisement_dump.rs:77:30
[INFO] [stdout]    |
[INFO] [stdout] 77 | pub async fn dump_adapter<A: btle::hci::adapter::Adapter>(
[INFO] [stdout]    |                              ^^^^^^^^^^^^^^^^^^^^^^^^^^^ required by this bound in `dump_adapter`
[INFO] [stdout] 
[INFO] [stdout] 
[INFO] [stdout] error: aborting due to 8 previous errors; 1 warning emitted
[INFO] [stdout] 
[INFO] [stdout] 
[INFO] [stdout] Some errors have detailed explanations: E0277, E0433, E0728.
[INFO] [stdout] 
[INFO] [stdout] For more information about an error, try `rustc --explain E0277`.
[INFO] [stdout] 
[INFO] [stdout] error: aborting due to 9 previous errors; 1 warning emitted
[INFO] [stdout] 
[INFO] [stdout] 
[INFO] [stdout] Some errors have detailed explanations: E0277, E0432, E0433, E0728.
[INFO] [stdout] 
[INFO] [stdout] For more information about an error, try `rustc --explain E0277`.
[INFO] [stdout] 
[INFO] [stderr] error: could not compile `btle` (example "advertise_test") due to 9 previous errors; 1 warning emitted
[INFO] [stderr] warning: build failed, waiting for other jobs to finish...
[INFO] [stderr] error: could not compile `btle` (example "advertisement_dump") due to 10 previous errors; 1 warning emitted
[INFO] [stdout] warning: panic message contains an unused formatting placeholder
[INFO] [stdout]   --> src/le/scan.rs:51:24
[INFO] [stdout]    |
[INFO] [stdout] 51 |             "interval '{}' is out of range"
[INFO] [stdout]    |                        ^^
[INFO] [stdout]    |
[INFO] [stdout]    = note: this message is not used as a format string when given without arguments, but will be in Rust 2021
[INFO] [stdout]    = note: `#[warn(non_fmt_panics)]` on by default
[INFO] [stdout] help: add the missing argument
[INFO] [stdout]    |
[INFO] [stdout] 51 |             "interval '{}' is out of range", ...
[INFO] [stdout]    |                                            +++++
[INFO] [stdout] help: or add a "{}" format string to use the message literally
[INFO] [stdout]    |
[INFO] [stdout] 51 |             "{}", "interval '{}' is out of range"
[INFO] [stdout]    |             +++++
[INFO] [stdout] 
[INFO] [stdout] 
[INFO] [stdout] warning: panic message contains an unused formatting placeholder
[INFO] [stdout]   --> src/le/scan.rs:79:22
[INFO] [stdout]    |
[INFO] [stdout] 79 |             "window '{}' is out of range"
[INFO] [stdout]    |                      ^^
[INFO] [stdout]    |
[INFO] [stdout]    = note: this message is not used as a format string when given without arguments, but will be in Rust 2021
[INFO] [stdout] help: add the missing argument
[INFO] [stdout]    |
[INFO] [stdout] 79 |             "window '{}' is out of range", ...
[INFO] [stdout]    |                                          +++++
[INFO] [stdout] help: or add a "{}" format string to use the message literally
[INFO] [stdout]    |
[INFO] [stdout] 79 |             "{}", "window '{}' is out of range"
[INFO] [stdout]    |             +++++
[INFO] [stdout] 
[INFO] [stdout] 
[INFO] [stdout] warning: 2 warnings emitted
[INFO] [stdout] 
[INFO] [stdout] 
[INFO] running `Command { std: "docker" "inspect" "985b76bebddc1aa1ecf13633c5ae35e4f80ea13e72c0d165dc060cc0ee0972b5", kill_on_drop: false }`
[INFO] running `Command { std: "docker" "rm" "-f" "985b76bebddc1aa1ecf13633c5ae35e4f80ea13e72c0d165dc060cc0ee0972b5", kill_on_drop: false }`
[INFO] [stdout] 985b76bebddc1aa1ecf13633c5ae35e4f80ea13e72c0d165dc060cc0ee0972b5
