[INFO] fetching crate bpaf 0.7.10...
[INFO] testing bpaf-0.7.10 against beta-2023-04-20 for beta-1.70-1
[INFO] extracting crate bpaf 0.7.10 into /workspace/builds/worker-1-tc2/source
[INFO] validating manifest of crates.io crate bpaf 0.7.10 on toolchain beta-2023-04-20
[INFO] running `Command { std: CARGO_HOME="/workspace/cargo-home" RUSTUP_HOME="/workspace/rustup-home" "/workspace/cargo-home/bin/cargo" "+beta-2023-04-20" "metadata" "--manifest-path" "Cargo.toml" "--no-deps", kill_on_drop: false }`
[INFO] started tweaking crates.io crate bpaf 0.7.10
[INFO] removed 0 missing examples
[INFO] removed 0 missing tests
[INFO] finished tweaking crates.io crate bpaf 0.7.10
[INFO] tweaked toml for crates.io crate bpaf 0.7.10 written to /workspace/builds/worker-1-tc2/source/Cargo.toml
[INFO] crate crates.io crate bpaf 0.7.10 already has a lockfile, it will not be regenerated
[INFO] running `Command { std: CARGO_HOME="/workspace/cargo-home" RUSTUP_HOME="/workspace/rustup-home" "/workspace/cargo-home/bin/cargo" "+beta-2023-04-20" "fetch" "--manifest-path" "Cargo.toml", kill_on_drop: false }`
[INFO] [stderr]     Updating crates.io index
[INFO] [stderr]  Downloading crates ...
[INFO] [stderr]   Downloaded supports-color v1.3.1
[INFO] [stderr]   Downloaded bpaf_derive v0.3.5
[INFO] [stderr]   Downloaded is_ci v1.1.1
[INFO] [stderr]   Downloaded roff v0.2.1
[INFO] [stderr]   Downloaded proc-macro2 v1.0.52
[INFO] [stderr]   Downloaded syn v2.0.2
[INFO] running `Command { std: "docker" "create" "-v" "/var/lib/crater-agent-workspace/builds/worker-1-tc2/target:/opt/rustwide/target:rw,Z" "-v" "/var/lib/crater-agent-workspace/builds/worker-1-tc2/source:/opt/rustwide/workdir:ro,Z" "-v" "/var/lib/crater-agent-workspace/cargo-home:/opt/rustwide/cargo-home:ro,Z" "-v" "/var/lib/crater-agent-workspace/rustup-home:/opt/rustwide/rustup-home:ro,Z" "-e" "SOURCE_DIR=/opt/rustwide/workdir" "-e" "CARGO_TARGET_DIR=/opt/rustwide/target" "-e" "CARGO_HOME=/opt/rustwide/cargo-home" "-e" "RUSTUP_HOME=/opt/rustwide/rustup-home" "-w" "/opt/rustwide/workdir" "-m" "1610612736" "--user" "0:0" "--network" "none" "ghcr.io/rust-lang/crates-build-env/linux@sha256:5ff2268d62e97bff2cde7d5815dd6ed5b47097566f13b8d0ca110b04b60e07ed" "/opt/rustwide/cargo-home/bin/cargo" "+beta-2023-04-20" "metadata" "--no-deps" "--format-version=1", kill_on_drop: false }`
[INFO] [stdout] 82226b9f2a59354f5380ae9725440503e881337801b765c82b61c567dc9111cb
[INFO] running `Command { std: "docker" "start" "-a" "82226b9f2a59354f5380ae9725440503e881337801b765c82b61c567dc9111cb", kill_on_drop: false }`
[INFO] running `Command { std: "docker" "inspect" "82226b9f2a59354f5380ae9725440503e881337801b765c82b61c567dc9111cb", kill_on_drop: false }`
[INFO] running `Command { std: "docker" "rm" "-f" "82226b9f2a59354f5380ae9725440503e881337801b765c82b61c567dc9111cb", kill_on_drop: false }`
[INFO] [stdout] 82226b9f2a59354f5380ae9725440503e881337801b765c82b61c567dc9111cb
[INFO] running `Command { std: "docker" "create" "-v" "/var/lib/crater-agent-workspace/builds/worker-1-tc2/target:/opt/rustwide/target:rw,Z" "-v" "/var/lib/crater-agent-workspace/builds/worker-1-tc2/source:/opt/rustwide/workdir:ro,Z" "-v" "/var/lib/crater-agent-workspace/cargo-home:/opt/rustwide/cargo-home:ro,Z" "-v" "/var/lib/crater-agent-workspace/rustup-home:/opt/rustwide/rustup-home:ro,Z" "-e" "SOURCE_DIR=/opt/rustwide/workdir" "-e" "CARGO_TARGET_DIR=/opt/rustwide/target" "-e" "CARGO_INCREMENTAL=0" "-e" "RUST_BACKTRACE=full" "-e" "RUSTFLAGS=--cap-lints=warn" "-e" "RUSTDOCFLAGS=--cap-lints=warn" "-e" "CARGO_HOME=/opt/rustwide/cargo-home" "-e" "RUSTUP_HOME=/opt/rustwide/rustup-home" "-w" "/opt/rustwide/workdir" "-m" "1610612736" "--user" "0:0" "--network" "none" "ghcr.io/rust-lang/crates-build-env/linux@sha256:5ff2268d62e97bff2cde7d5815dd6ed5b47097566f13b8d0ca110b04b60e07ed" "/opt/rustwide/cargo-home/bin/cargo" "+beta-2023-04-20" "build" "--frozen" "--message-format=json", kill_on_drop: false }`
[INFO] [stdout] 6451c15c6b932e12559777eb874fe13c6410fea5fb72415301ef44a267661f78
[INFO] running `Command { std: "docker" "start" "-a" "6451c15c6b932e12559777eb874fe13c6410fea5fb72415301ef44a267661f78", kill_on_drop: false }`
[INFO] [stderr]    Compiling bpaf v0.7.10 (/opt/rustwide/workdir)
[INFO] [stderr]     Finished dev [unoptimized + debuginfo] target(s) in 1.51s
[INFO] running `Command { std: "docker" "inspect" "6451c15c6b932e12559777eb874fe13c6410fea5fb72415301ef44a267661f78", kill_on_drop: false }`
[INFO] running `Command { std: "docker" "rm" "-f" "6451c15c6b932e12559777eb874fe13c6410fea5fb72415301ef44a267661f78", kill_on_drop: false }`
[INFO] [stdout] 6451c15c6b932e12559777eb874fe13c6410fea5fb72415301ef44a267661f78
[INFO] running `Command { std: "docker" "create" "-v" "/var/lib/crater-agent-workspace/builds/worker-1-tc2/target:/opt/rustwide/target:rw,Z" "-v" "/var/lib/crater-agent-workspace/builds/worker-1-tc2/source:/opt/rustwide/workdir:ro,Z" "-v" "/var/lib/crater-agent-workspace/cargo-home:/opt/rustwide/cargo-home:ro,Z" "-v" "/var/lib/crater-agent-workspace/rustup-home:/opt/rustwide/rustup-home:ro,Z" "-e" "SOURCE_DIR=/opt/rustwide/workdir" "-e" "CARGO_TARGET_DIR=/opt/rustwide/target" "-e" "CARGO_INCREMENTAL=0" "-e" "RUST_BACKTRACE=full" "-e" "RUSTFLAGS=--cap-lints=warn" "-e" "RUSTDOCFLAGS=--cap-lints=warn" "-e" "CARGO_HOME=/opt/rustwide/cargo-home" "-e" "RUSTUP_HOME=/opt/rustwide/rustup-home" "-w" "/opt/rustwide/workdir" "-m" "1610612736" "--user" "0:0" "--network" "none" "ghcr.io/rust-lang/crates-build-env/linux@sha256:5ff2268d62e97bff2cde7d5815dd6ed5b47097566f13b8d0ca110b04b60e07ed" "/opt/rustwide/cargo-home/bin/cargo" "+beta-2023-04-20" "test" "--frozen" "--no-run" "--message-format=json", kill_on_drop: false }`
[INFO] [stdout] 78417f75e133175dd602e32be24b1351048e5e95072f9ff975ff511537d4c188
[INFO] running `Command { std: "docker" "start" "-a" "78417f75e133175dd602e32be24b1351048e5e95072f9ff975ff511537d4c188", kill_on_drop: false }`
[INFO] [stderr]    Compiling bpaf v0.7.10 (/opt/rustwide/workdir)
[INFO] [stdout] error[E0433]: failed to resolve: use of undeclared type `Section`
[INFO] [stdout]   --> tests/manpage.rs:15:13
[INFO] [stdout]    |
[INFO] [stdout] 15 |             Section::General,
[INFO] [stdout]    |             ^^^^^^^ use of undeclared type `Section`
[INFO] [stdout] 
[INFO] [stdout] 
[INFO] [stdout] error[E0433]: failed to resolve: use of undeclared type `Section`
[INFO] [stdout]   --> tests/manpage.rs:64:13
[INFO] [stdout]    |
[INFO] [stdout] 64 |             Section::General,
[INFO] [stdout]    |             ^^^^^^^ use of undeclared type `Section`
[INFO] [stdout] 
[INFO] [stdout] 
[INFO] [stdout] error[E0433]: failed to resolve: use of undeclared type `Section`
[INFO] [stdout]   --> tests/manpage.rs:95:13
[INFO] [stdout]    |
[INFO] [stdout] 95 |             Section::General,
[INFO] [stdout]    |             ^^^^^^^ use of undeclared type `Section`
[INFO] [stdout] 
[INFO] [stdout] 
[INFO] [stdout] error[E0432]: unresolved import `bpaf::Bpaf`
[INFO] [stdout]  --> examples/derive_show_asm.rs:4:36
[INFO] [stdout]   |
[INFO] [stdout] 4 | use bpaf::{construct, long, short, Bpaf, Parser};
[INFO] [stdout]   |                                    ^^^^ no `Bpaf` in the root
[INFO] [stdout] 
[INFO] [stdout] 
[INFO] [stdout] error: cannot determine resolution for the derive macro `Bpaf`
[INFO] [stdout]  --> examples/derive_show_asm.rs:7:24
[INFO] [stdout]   |
[INFO] [stdout] 7 | #[derive(Clone, Debug, Bpaf)]
[INFO] [stdout]   |                        ^^^^
[INFO] [stdout]   |
[INFO] [stdout]   = note: import resolution is stuck, try simplifying macro imports
[INFO] [stdout] 
[INFO] [stdout] 
[INFO] [stdout] error: cannot find attribute `bpaf` in this scope
[INFO] [stdout]  --> examples/derive_show_asm.rs:8:3
[INFO] [stdout]   |
[INFO] [stdout] 8 | #[bpaf(options("asm"))]
[INFO] [stdout]   |   ^^^^
[INFO] [stdout]   |
[INFO] [stdout]   = note: `bpaf` is in scope, but it is a crate, not an attribute
[INFO] [stdout] 
[INFO] [stdout] 
[INFO] [stdout] error: cannot find attribute `bpaf` in this scope
[INFO] [stdout]   --> examples/derive_show_asm.rs:11:7
[INFO] [stdout]    |
[INFO] [stdout] 11 |     #[bpaf(external(parse_manifest_path))]
[INFO] [stdout]    |       ^^^^
[INFO] [stdout]    |
[INFO] [stdout]    = note: `bpaf` is in scope, but it is a crate, not an attribute
[INFO] [stdout] 
[INFO] [stdout] 
[INFO] [stdout] error: cannot find attribute `bpaf` in this scope
[INFO] [stdout]   --> examples/derive_show_asm.rs:14:7
[INFO] [stdout]    |
[INFO] [stdout] 14 |     #[bpaf(argument("DIR"))]
[INFO] [stdout]    |       ^^^^
[INFO] [stdout]    |
[INFO] [stdout]    = note: `bpaf` is in scope, but it is a crate, not an attribute
[INFO] [stdout] 
[INFO] [stdout] 
[INFO] [stdout] error: cannot find attribute `bpaf` in this scope
[INFO] [stdout]   --> examples/derive_show_asm.rs:17:7
[INFO] [stdout]    |
[INFO] [stdout] 17 |     #[bpaf(long, short, argument("SPEC"))]
[INFO] [stdout]    |       ^^^^
[INFO] [stdout]    |
[INFO] [stdout]    = note: `bpaf` is in scope, but it is a crate, not an attribute
[INFO] [stdout] 
[INFO] [stdout] 
[INFO] [stdout] error: cannot find attribute `bpaf` in this scope
[INFO] [stdout]   --> examples/derive_show_asm.rs:19:7
[INFO] [stdout]    |
[INFO] [stdout] 19 |     #[bpaf(external, optional)]
[INFO] [stdout]    |       ^^^^
[INFO] [stdout]    |
[INFO] [stdout]    = note: `bpaf` is in scope, but it is a crate, not an attribute
[INFO] [stdout] 
[INFO] [stdout] 
[INFO] [stdout] error: cannot find attribute `bpaf` in this scope
[INFO] [stdout]   --> examples/derive_show_asm.rs:29:7
[INFO] [stdout]    |
[INFO] [stdout] 29 |     #[bpaf(external)]
[INFO] [stdout]    |       ^^^^
[INFO] [stdout]    |
[INFO] [stdout]    = note: `bpaf` is in scope, but it is a crate, not an attribute
[INFO] [stdout] 
[INFO] [stdout] 
[INFO] [stdout] error: cannot find attribute `bpaf` in this scope
[INFO] [stdout]   --> examples/derive_show_asm.rs:32:7
[INFO] [stdout]    |
[INFO] [stdout] 32 |     #[bpaf(external)]
[INFO] [stdout]    |       ^^^^
[INFO] [stdout]    |
[INFO] [stdout]    = note: `bpaf` is in scope, but it is a crate, not an attribute
[INFO] [stdout] 
[INFO] [stdout] 
[INFO] [stdout] error: cannot find attribute `bpaf` in this scope
[INFO] [stdout]   --> examples/derive_show_asm.rs:34:7
[INFO] [stdout]    |
[INFO] [stdout] 34 |     #[bpaf(external, fallback(Syntax::Intel))]
[INFO] [stdout]    |       ^^^^
[INFO] [stdout]    |
[INFO] [stdout]    = note: `bpaf` is in scope, but it is a crate, not an attribute
[INFO] [stdout] 
[INFO] [stdout] 
[INFO] [stdout] error: cannot find attribute `bpaf` in this scope
[INFO] [stdout]   --> examples/derive_show_asm.rs:36:7
[INFO] [stdout]    |
[INFO] [stdout] 36 |     #[bpaf(positional("FUNCTION"))]
[INFO] [stdout]    |       ^^^^
[INFO] [stdout]    |
[INFO] [stdout]    = note: `bpaf` is in scope, but it is a crate, not an attribute
[INFO] [stdout] 
[INFO] [stdout] 
[INFO] [stdout] error: cannot find attribute `bpaf` in this scope
[INFO] [stdout]   --> examples/derive_show_asm.rs:38:7
[INFO] [stdout]    |
[INFO] [stdout] 38 |     #[bpaf(positional("INDEX"), fallback(0))]
[INFO] [stdout]    |       ^^^^
[INFO] [stdout]    |
[INFO] [stdout]    = note: `bpaf` is in scope, but it is a crate, not an attribute
[INFO] [stdout] 
[INFO] [stdout] 
[INFO] [stdout] error: cannot determine resolution for the derive macro `Bpaf`
[INFO] [stdout]   --> examples/derive_show_asm.rs:67:24
[INFO] [stdout]    |
[INFO] [stdout] 67 | #[derive(Debug, Clone, Bpaf)]
[INFO] [stdout]    |                        ^^^^
[INFO] [stdout]    |
[INFO] [stdout]    = note: import resolution is stuck, try simplifying macro imports
[INFO] [stdout] 
[INFO] [stdout] 
[INFO] [stdout] error: cannot find attribute `bpaf` in this scope
[INFO] [stdout]   --> examples/derive_show_asm.rs:72:7
[INFO] [stdout]    |
[INFO] [stdout] 72 |     #[bpaf(external(color_detection))]
[INFO] [stdout]    |       ^^^^
[INFO] [stdout]    |
[INFO] [stdout]    = note: `bpaf` is in scope, but it is a crate, not an attribute
[INFO] [stdout] 
[INFO] [stdout] 
[INFO] [stdout] error: cannot determine resolution for the derive macro `Bpaf`
[INFO] [stdout]   --> examples/derive_show_asm.rs:79:24
[INFO] [stdout]    |
[INFO] [stdout] 79 | #[derive(Debug, Clone, Bpaf)]
[INFO] [stdout]    |                        ^^^^
[INFO] [stdout]    |
[INFO] [stdout]    = note: import resolution is stuck, try simplifying macro imports
[INFO] [stdout] 
[INFO] [stdout] 
[INFO] [stdout] error: cannot determine resolution for the derive macro `Bpaf`
[INFO] [stdout]    --> examples/derive_show_asm.rs:106:24
[INFO] [stdout]     |
[INFO] [stdout] 106 | #[derive(Debug, Clone, Bpaf)]
[INFO] [stdout]     |                        ^^^^
[INFO] [stdout]     |
[INFO] [stdout]     = note: import resolution is stuck, try simplifying macro imports
[INFO] [stdout] 
[INFO] [stdout] 
[INFO] [stdout] error: cannot find attribute `bpaf` in this scope
[INFO] [stdout]    --> examples/derive_show_asm.rs:113:11
[INFO] [stdout]     |
[INFO] [stdout] 113 |         #[bpaf(long("test"), argument("TEST"))]
[INFO] [stdout]     |           ^^^^
[INFO] [stdout]     |
[INFO] [stdout]     = note: `bpaf` is in scope, but it is a crate, not an attribute
[INFO] [stdout] 
[INFO] [stdout] 
[INFO] [stdout] error: cannot find derive macro `Bpaf` in this scope
[INFO] [stdout]  --> examples/derive_rudo.rs:4:24
[INFO] [stdout]   |
[INFO] [stdout] 4 | #[derive(Debug, Clone, Bpaf)]
[INFO] [stdout]   |                        ^^^^
[INFO] [stdout] 
[INFO] [stdout] 
[INFO] [stdout] error: cannot find attribute `bpaf` in this scope
[INFO] [stdout]    --> examples/derive_show_asm.rs:119:11
[INFO] [stdout]     |
[INFO] [stdout] 119 |         #[bpaf(long("bench"), argument("BENCH"))]
[INFO] [stdout]     |           ^^^^
[INFO] [stdout]     |
[INFO] [stdout]     = note: `bpaf` is in scope, but it is a crate, not an attribute
[INFO] [stdout] 
[INFO] [stdout] 
[INFO] [stdout] error: cannot find attribute `bpaf` in this scope
[INFO] [stdout]    --> examples/derive_show_asm.rs:125:11
[INFO] [stdout]     |
[INFO] [stdout] 125 |         #[bpaf(long("example"), argument("EXAMPLE"))]
[INFO] [stdout]     |           ^^^^
[INFO] [stdout]     |
[INFO] [stdout]     = note: `bpaf` is in scope, but it is a crate, not an attribute
[INFO] [stdout] 
[INFO] [stdout] 
[INFO] [stdout] error: cannot find attribute `bpaf` in this scope
[INFO] [stdout]    --> examples/derive_show_asm.rs:131:11
[INFO] [stdout]     |
[INFO] [stdout] 131 |         #[bpaf(long("bin"), argument("BIN"))]
[INFO] [stdout]     |           ^^^^
[INFO] [stdout]     |
[INFO] [stdout]     = note: `bpaf` is in scope, but it is a crate, not an attribute
[INFO] [stdout] 
[INFO] [stdout] 
[INFO] [stdout] error: cannot find attribute `bpaf` in this scope
[INFO] [stdout]  --> examples/derive_rudo.rs:6:3
[INFO] [stdout]   |
[INFO] [stdout] 6 | #[bpaf(options)]
[INFO] [stdout]   |   ^^^^
[INFO] [stdout]   |
[INFO] [stdout]   = note: `bpaf` is in scope, but it is a crate, not an attribute
[INFO] [stdout] 
[INFO] [stdout] 
[INFO] [stdout] error: cannot find attribute `bpaf` in this scope
[INFO] [stdout]   --> examples/derive_rudo.rs:10:7
[INFO] [stdout]    |
[INFO] [stdout] 10 |     #[bpaf(external, fallback(Action::List))]
[INFO] [stdout]    |       ^^^^
[INFO] [stdout]    |
[INFO] [stdout]    = note: `bpaf` is in scope, but it is a crate, not an attribute
[INFO] [stdout] 
[INFO] [stdout] 
[INFO] [stdout] error: cannot find derive macro `Bpaf` in this scope
[INFO] [stdout]   --> examples/derive_rudo.rs:14:24
[INFO] [stdout]    |
[INFO] [stdout] 14 | #[derive(Debug, Clone, Bpaf)]
[INFO] [stdout]    |                        ^^^^
[INFO] [stdout] 
[INFO] [stdout] 
[INFO] [stdout] error: cannot find attribute `bpaf` in this scope
[INFO] [stdout]   --> examples/derive_rudo.rs:17:7
[INFO] [stdout]    |
[INFO] [stdout] 17 |     #[bpaf(command)]
[INFO] [stdout]    |       ^^^^
[INFO] [stdout]    |
[INFO] [stdout]    = note: `bpaf` is in scope, but it is a crate, not an attribute
[INFO] [stdout] 
[INFO] [stdout] 
[INFO] [stdout] error: cannot find attribute `bpaf` in this scope
[INFO] [stdout]   --> examples/derive_rudo.rs:21:7
[INFO] [stdout]    |
[INFO] [stdout] 21 |     #[bpaf(command)]
[INFO] [stdout]    |       ^^^^
[INFO] [stdout]    |
[INFO] [stdout]    = note: `bpaf` is in scope, but it is a crate, not an attribute
[INFO] [stdout] 
[INFO] [stdout] 
[INFO] [stdout] error: cannot find attribute `bpaf` in this scope
[INFO] [stdout]   --> examples/derive_rudo.rs:25:7
[INFO] [stdout]    |
[INFO] [stdout] 25 |     #[bpaf(command)]
[INFO] [stdout]    |       ^^^^
[INFO] [stdout]    |
[INFO] [stdout]    = note: `bpaf` is in scope, but it is a crate, not an attribute
[INFO] [stdout] 
[INFO] [stdout] 
[INFO] [stdout] error: cannot find attribute `bpaf` in this scope
[INFO] [stdout]   --> examples/derive_rudo.rs:30:7
[INFO] [stdout]    |
[INFO] [stdout] 30 |     #[bpaf(command("list"))]
[INFO] [stdout]    |       ^^^^
[INFO] [stdout]    |
[INFO] [stdout]    = note: `bpaf` is in scope, but it is a crate, not an attribute
[INFO] [stdout] 
[INFO] [stdout] 
[INFO] [stdout] error: cannot find derive macro `Bpaf` in this scope
[INFO] [stdout]    --> tests/help_format.rs:163:28
[INFO] [stdout]     |
[INFO] [stdout] 163 |     #[derive(Debug, Clone, Bpaf)]
[INFO] [stdout]     |                            ^^^^
[INFO] [stdout] 
[INFO] [stdout] 
[INFO] [stdout] error: cannot find derive macro `Bpaf` in this scope
[INFO] [stdout]    --> tests/help_format.rs:201:28
[INFO] [stdout]     |
[INFO] [stdout] 201 |     #[derive(Debug, Clone, Bpaf)]
[INFO] [stdout]     |                            ^^^^
[INFO] [stdout] 
[INFO] [stdout] 
[INFO] [stdout] error: cannot find attribute `bpaf` in this scope
[INFO] [stdout]    --> tests/help_format.rs:203:7
[INFO] [stdout]     |
[INFO] [stdout] 203 |     #[bpaf(anywhere)]
[INFO] [stdout]     |       ^^^^
[INFO] [stdout]     |
[INFO] [stdout]     = note: `bpaf` is in scope, but it is a crate, not an attribute
[INFO] [stdout] 
[INFO] [stdout] 
[INFO] [stdout] error: cannot find attribute `bpaf` in this scope
[INFO] [stdout]    --> tests/help_format.rs:206:11
[INFO] [stdout]     |
[INFO] [stdout] 206 |         #[bpaf(positional)]
[INFO] [stdout]     |           ^^^^
[INFO] [stdout]     |
[INFO] [stdout]     = note: `bpaf` is in scope, but it is a crate, not an attribute
[INFO] [stdout] 
[INFO] [stdout] 
[INFO] [stdout] error: cannot find attribute `bpaf` in this scope
[INFO] [stdout]    --> tests/help_format.rs:209:11
[INFO] [stdout]     |
[INFO] [stdout] 209 |         #[bpaf(positional)]
[INFO] [stdout]     |           ^^^^
[INFO] [stdout]     |
[INFO] [stdout]     = note: `bpaf` is in scope, but it is a crate, not an attribute
[INFO] [stdout] 
[INFO] [stdout] 
[INFO] [stdout] error[E0425]: cannot find function `options` in this scope
[INFO] [stdout]   --> examples/derive_rudo.rs:35:22
[INFO] [stdout]    |
[INFO] [stdout] 35 |     println!("{:?}", options().run());
[INFO] [stdout]    |                      ^^^^^^^ not found in this scope
[INFO] [stdout] 
[INFO] [stdout] 
[INFO] [stdout] warning: unused import: `bpaf`
[INFO] [stdout]  --> examples/derive_rudo.rs:2:5
[INFO] [stdout]   |
[INFO] [stdout] 2 | use bpaf::*;
[INFO] [stdout]   |     ^^^^
[INFO] [stdout]   |
[INFO] [stdout]   = note: `#[warn(unused_imports)]` on by default
[INFO] [stdout] 
[INFO] [stdout] 
[INFO] [stdout] error: aborting due to 9 previous errors; 1 warning emitted
[INFO] [stdout] 
[INFO] [stdout] 
[INFO] [stdout] For more information about this error, try `rustc --explain E0425`.
[INFO] [stdout] 
[INFO] [stderr] error: could not compile `bpaf` (example "derive_rudo") due to 10 previous errors; 1 warning emitted
[INFO] [stderr] warning: build failed, waiting for other jobs to finish...
[INFO] [stdout] error[E0425]: cannot find function `options` in this scope
[INFO] [stdout]    --> examples/derive_show_asm.rs:149:23
[INFO] [stdout]     |
[INFO] [stdout] 149 |     println!("{:#?}", options().run());
[INFO] [stdout]     |                       ^^^^^^^ not found in this scope
[INFO] [stdout] 
[INFO] [stdout] 
[INFO] [stdout] error: aborting due to 21 previous errors
[INFO] [stdout] 
[INFO] [stdout] 
[INFO] [stdout] Some errors have detailed explanations: E0425, E0432.
[INFO] [stdout] 
[INFO] [stdout] For more information about an error, try `rustc --explain E0425`.
[INFO] [stdout] 
[INFO] [stderr] error: could not compile `bpaf` (example "derive_show_asm") due to 22 previous errors
[INFO] [stdout] error[E0425]: cannot find function `mode` in this scope
[INFO] [stdout]    --> tests/help_format.rs:179:13
[INFO] [stdout]     |
[INFO] [stdout] 179 |     let r = mode()
[INFO] [stdout]     |             ^^^^ not found in this scope
[INFO] [stdout] 
[INFO] [stdout] 
[INFO] [stdout] error: cannot find derive macro `Bpaf` in this scope
[INFO] [stdout]   --> examples/very_custom_usage.rs:12:24
[INFO] [stdout]    |
[INFO] [stdout] 12 | #[derive(Debug, Clone, Bpaf)]
[INFO] [stdout]    |                        ^^^^
[INFO] [stdout] 
[INFO] [stdout] 
[INFO] [stdout] error[E0425]: cannot find function `foo` in this scope
[INFO] [stdout]    --> tests/help_format.rs:215:32
[INFO] [stdout]     |
[INFO] [stdout] 215 |     let parser = construct!(a, foo(), b).to_options();
[INFO] [stdout]     |                                ^^^ not found in this scope
[INFO] [stdout] 
[INFO] [stdout] 
[INFO] [stdout] error: cannot find attribute `bpaf` in this scope
[INFO] [stdout]   --> examples/very_custom_usage.rs:13:3
[INFO] [stdout]    |
[INFO] [stdout] 13 | #[bpaf(options)]
[INFO] [stdout]    |   ^^^^
[INFO] [stdout]    |
[INFO] [stdout]    = note: `bpaf` is in scope, but it is a crate, not an attribute
[INFO] [stdout] 
[INFO] [stdout] 
[INFO] [stdout] error: aborting due to 7 previous errors
[INFO] [stdout] 
[INFO] [stdout] 
[INFO] [stdout] For more information about this error, try `rustc --explain E0425`.
[INFO] [stdout] 
[INFO] [stdout] error[E0599]: no method named `as_manpage` found for struct `OptionParser` in the current scope
[INFO] [stdout]   --> tests/manpage.rs:13:10
[INFO] [stdout]    |
[INFO] [stdout] 5  |       let manpage = short('d')
[INFO] [stdout]    |  ___________________-
[INFO] [stdout] 6  | |         .long("kraken")
[INFO] [stdout] 7  | |         .help("Unleash the kraken")
[INFO] [stdout] 8  | |         .switch()
[INFO] [stdout] ...  |
[INFO] [stdout] 12 | |         .footer("Beware `-d`, dragons be here")
[INFO] [stdout] 13 | |         .as_manpage(
[INFO] [stdout]    | |         -^^^^^^^^^^ method not found in `OptionParser<bool>`
[INFO] [stdout]    | |_________|
[INFO] [stdout]    | 
[INFO] [stdout] 
[INFO] [stdout] 
[INFO] [stderr] error: could not compile `bpaf` (test "help_format") due to 8 previous errors
[INFO] [stdout] error: cannot find attribute `bpaf` in this scope
[INFO] [stdout]   --> examples/very_custom_usage.rs:16:11
[INFO] [stdout]    |
[INFO] [stdout] 16 |     Cmd(#[bpaf(external(cmd_usage))] Cmd),
[INFO] [stdout]    |           ^^^^
[INFO] [stdout]    |
[INFO] [stdout]    = note: `bpaf` is in scope, but it is a crate, not an attribute
[INFO] [stdout] 
[INFO] [stdout] 
[INFO] [stdout] error: cannot find derive macro `Bpaf` in this scope
[INFO] [stdout]   --> examples/very_custom_usage.rs:22:24
[INFO] [stdout]    |
[INFO] [stdout] 22 | #[derive(Debug, Clone, Bpaf)]
[INFO] [stdout]    |                        ^^^^
[INFO] [stdout] 
[INFO] [stdout] 
[INFO] [stdout] error: cannot find derive macro `Bpaf` in this scope
[INFO] [stdout]   --> examples/env_logger.rs:16:10
[INFO] [stdout]    |
[INFO] [stdout] 16 | #[derive(Bpaf)]
[INFO] [stdout]    |          ^^^^
[INFO] [stdout] 
[INFO] [stdout] 
[INFO] [stdout] error: cannot find attribute `bpaf` in this scope
[INFO] [stdout]   --> examples/very_custom_usage.rs:23:3
[INFO] [stdout]    |
[INFO] [stdout] 23 | #[bpaf(options)]
[INFO] [stdout]    |   ^^^^
[INFO] [stdout]    |
[INFO] [stdout]    = note: `bpaf` is in scope, but it is a crate, not an attribute
[INFO] [stdout] 
[INFO] [stdout] 
[INFO] [stdout] error: cannot find attribute `bpaf` in this scope
[INFO] [stdout]   --> examples/env_logger.rs:17:3
[INFO] [stdout]    |
[INFO] [stdout] 17 | #[bpaf(options)]
[INFO] [stdout]    |   ^^^^
[INFO] [stdout]    |
[INFO] [stdout]    = note: `bpaf` is in scope, but it is a crate, not an attribute
[INFO] [stdout] 
[INFO] [stdout] 
[INFO] [stdout] error: cannot find attribute `bpaf` in this scope
[INFO] [stdout]   --> examples/env_logger.rs:21:7
[INFO] [stdout]    |
[INFO] [stdout] 21 |     #[bpaf(external)]
[INFO] [stdout]    |       ^^^^
[INFO] [stdout]    |
[INFO] [stdout]    = note: `bpaf` is in scope, but it is a crate, not an attribute
[INFO] [stdout] 
[INFO] [stdout] 
[INFO] [stdout] error: cannot find attribute `bpaf` in this scope
[INFO] [stdout]   --> examples/env_logger.rs:24:7
[INFO] [stdout]    |
[INFO] [stdout] 24 |     #[bpaf(fallback(3))]
[INFO] [stdout]    |       ^^^^
[INFO] [stdout]    |
[INFO] [stdout]    = note: `bpaf` is in scope, but it is a crate, not an attribute
[INFO] [stdout] 
[INFO] [stdout] 
[INFO] [stdout] error[E0599]: no method named `as_manpage` found for struct `OptionParser` in the current scope
[INFO] [stdout]   --> tests/manpage.rs:62:10
[INFO] [stdout]    |
[INFO] [stdout] 57 |       let manpage = construct!(d, c, a_or_b)
[INFO] [stdout]    |  ___________________-
[INFO] [stdout] 58 | |         .to_options()
[INFO] [stdout] 59 | |         .descr("I am a program and I do things 3")
[INFO] [stdout] 60 | |         .header("Sometimes they even work. 3")
[INFO] [stdout] 61 | |         .footer("Beware `-d`, dragons be here 3")
[INFO] [stdout] 62 | |         .as_manpage(
[INFO] [stdout]    | |         -^^^^^^^^^^ method not found in `OptionParser<(String, String, String)>`
[INFO] [stdout]    | |_________|
[INFO] [stdout]    | 
[INFO] [stdout] 
[INFO] [stdout] 
[INFO] [stdout] error: cannot find derive macro `Bpaf` in this scope
[INFO] [stdout]  --> examples/positional_derive.rs:7:24
[INFO] [stdout]   |
[INFO] [stdout] 7 | #[derive(Debug, Clone, Bpaf)]
[INFO] [stdout]   |                        ^^^^
[INFO] [stdout] 
[INFO] [stdout] 
[INFO] [stderr] error: could not compile `bpaf` (example "env_logger") due to 6 previous errors
[INFO] [stdout] error: cannot find attribute `bpaf` in this scope
[INFO] [stdout]  --> examples/positional_derive.rs:8:3
[INFO] [stdout]   |
[INFO] [stdout] 8 | #[bpaf(options)]
[INFO] [stdout]   |   ^^^^
[INFO] [stdout]   |
[INFO] [stdout]   = note: `bpaf` is in scope, but it is a crate, not an attribute
[INFO] [stdout] 
[INFO] [stdout] 
[INFO] [stdout] error[E0425]: cannot find function `options` in this scope
[INFO] [stdout]   --> examples/env_logger.rs:42:23
[INFO] [stdout]    |
[INFO] [stdout] 42 |     println!("{:#?}", options().run());
[INFO] [stdout]    |                       ^^^^^^^ not found in this scope
[INFO] [stdout] 
[INFO] [stdout] 
[INFO] [stdout] error[E0425]: cannot find function `cmd` in this scope
[INFO] [stdout]   --> examples/very_custom_usage.rs:33:5
[INFO] [stdout]    |
[INFO] [stdout] 33 |     cmd().usage("A very custom usage goes here").command("cmd")
[INFO] [stdout]    |     ^^^ not found in this scope
[INFO] [stdout] 
[INFO] [stdout] 
[INFO] [stdout] error: aborting due to 5 previous errors
[INFO] [stdout] 
[INFO] [stdout] 
[INFO] [stdout] For more information about this error, try `rustc --explain E0425`.
[INFO] [stdout] 
[INFO] [stdout] error[E0599]: no method named `as_manpage` found for struct `OptionParser` in the current scope
[INFO] [stdout]   --> tests/manpage.rs:93:10
[INFO] [stdout]    |
[INFO] [stdout] 77 |       let manpage = short('k')
[INFO] [stdout]    |  ___________________-
[INFO] [stdout] 78 | |         .help("Unleash the Kraken")
[INFO] [stdout] 79 | |         .switch()
[INFO] [stdout] 80 | |         .to_options()
[INFO] [stdout] ...  |
[INFO] [stdout] 92 | |         .to_options()
[INFO] [stdout] 93 | |         .as_manpage(
[INFO] [stdout]    | |         -^^^^^^^^^^ method not found in `OptionParser<bool>`
[INFO] [stdout]    | |_________|
[INFO] [stdout]    | 
[INFO] [stdout] 
[INFO] [stdout] 
[INFO] [stdout] error: cannot find attribute `bpaf` in this scope
[INFO] [stdout]   --> examples/positional_derive.rs:11:7
[INFO] [stdout]    |
[INFO] [stdout] 11 |     #[bpaf(argument("VAL"), fallback(42))]
[INFO] [stdout]    |       ^^^^
[INFO] [stdout]    |
[INFO] [stdout]    = note: `bpaf` is in scope, but it is a crate, not an attribute
[INFO] [stdout] 
[INFO] [stdout] 
[INFO] [stdout] error[E0425]: cannot find function `opts` in this scope
[INFO] [stdout]   --> examples/very_custom_usage.rs:37:22
[INFO] [stdout]    |
[INFO] [stdout] 37 |     println!("{:?}", opts().run());
[INFO] [stdout]    |                      ^^^^ not found in this scope
[INFO] [stdout] 
[INFO] [stdout] 
[INFO] [stdout] error: cannot find attribute `bpaf` in this scope
[INFO] [stdout]   --> examples/positional_derive.rs:13:7
[INFO] [stdout]    |
[INFO] [stdout] 13 |     #[bpaf(positional("FILE"))]
[INFO] [stdout]    |       ^^^^
[INFO] [stdout]    |
[INFO] [stdout]    = note: `bpaf` is in scope, but it is a crate, not an attribute
[INFO] [stdout] 
[INFO] [stdout] 
[INFO] [stdout] error: aborting due to 7 previous errors
[INFO] [stdout] 
[INFO] [stdout] 
[INFO] [stdout] For more information about this error, try `rustc --explain E0425`.
[INFO] [stdout] 
[INFO] [stderr] error: could not compile `bpaf` (example "very_custom_usage") due to 8 previous errors
[INFO] [stdout] error: aborting due to 6 previous errors
[INFO] [stdout] 
[INFO] [stdout] 
[INFO] [stdout] Some errors have detailed explanations: E0433, E0599.
[INFO] [stdout] 
[INFO] [stdout] For more information about an error, try `rustc --explain E0433`.
[INFO] [stdout] 
[INFO] [stdout] error[E0425]: cannot find function `options` in this scope
[INFO] [stdout]   --> examples/positional_derive.rs:18:16
[INFO] [stdout]    |
[INFO] [stdout] 18 |     let opts = options().run();
[INFO] [stdout]    |                ^^^^^^^ not found in this scope
[INFO] [stdout] 
[INFO] [stdout] 
[INFO] [stdout] warning: unused import: `bpaf`
[INFO] [stdout]  --> examples/positional_derive.rs:3:5
[INFO] [stdout]   |
[INFO] [stdout] 3 | use bpaf::*;
[INFO] [stdout]   |     ^^^^
[INFO] [stdout]   |
[INFO] [stdout]   = note: `#[warn(unused_imports)]` on by default
[INFO] [stdout] 
[INFO] [stdout] 
[INFO] [stdout] error: aborting due to 5 previous errors; 1 warning emitted
[INFO] [stdout] 
[INFO] [stdout] 
[INFO] [stdout] For more information about this error, try `rustc --explain E0425`.
[INFO] [stdout] 
[INFO] [stderr] error: could not compile `bpaf` (test "manpage") due to 7 previous errors
[INFO] [stderr] error: could not compile `bpaf` (example "positional_derive") due to 6 previous errors; 1 warning emitted
[INFO] running `Command { std: "docker" "inspect" "78417f75e133175dd602e32be24b1351048e5e95072f9ff975ff511537d4c188", kill_on_drop: false }`
[INFO] running `Command { std: "docker" "rm" "-f" "78417f75e133175dd602e32be24b1351048e5e95072f9ff975ff511537d4c188", kill_on_drop: false }`
[INFO] [stdout] 78417f75e133175dd602e32be24b1351048e5e95072f9ff975ff511537d4c188
