[INFO] fetching crate bootloader-x86_64-uefi 0.11.3...
[INFO] testing bootloader-x86_64-uefi-0.11.3 against 1.69.0 for beta-1.70-1
[INFO] extracting crate bootloader-x86_64-uefi 0.11.3 into /workspace/builds/worker-6-tc1/source
[INFO] validating manifest of crates.io crate bootloader-x86_64-uefi 0.11.3 on toolchain 1.69.0
[INFO] running `Command { std: CARGO_HOME="/workspace/cargo-home" RUSTUP_HOME="/workspace/rustup-home" "/workspace/cargo-home/bin/cargo" "+1.69.0" "metadata" "--manifest-path" "Cargo.toml" "--no-deps", kill_on_drop: false }`
[INFO] started tweaking crates.io crate bootloader-x86_64-uefi 0.11.3
[INFO] finished tweaking crates.io crate bootloader-x86_64-uefi 0.11.3
[INFO] tweaked toml for crates.io crate bootloader-x86_64-uefi 0.11.3 written to /workspace/builds/worker-6-tc1/source/Cargo.toml
[INFO] crate crates.io crate bootloader-x86_64-uefi 0.11.3 already has a lockfile, it will not be regenerated
[INFO] running `Command { std: CARGO_HOME="/workspace/cargo-home" RUSTUP_HOME="/workspace/rustup-home" "/workspace/cargo-home/bin/cargo" "+1.69.0" "fetch" "--manifest-path" "Cargo.toml", kill_on_drop: false }`
[INFO] [stderr]  Downloading crates ...
[INFO] [stderr]   Downloaded serde-json-core v0.5.0
[INFO] [stderr]   Downloaded uart_16550 v0.2.18
[INFO] [stderr]   Downloaded xmas-elf v0.8.0
[INFO] [stderr]   Downloaded conquer-util v0.3.0
[INFO] [stderr]   Downloaded bootloader-boot-config v0.11.3
[INFO] [stderr]   Downloaded spin v0.9.5
[INFO] [stderr]   Downloaded heapless v0.7.16
[INFO] [stderr]   Downloaded conquer-once v0.3.2
[INFO] [stderr]   Downloaded zero v0.1.3
[INFO] [stderr]   Downloaded ucs2 v0.3.2
[INFO] [stderr]   Downloaded spinning_top v0.2.5
[INFO] [stderr]   Downloaded serde v1.0.154
[INFO] [stderr]   Downloaded uefi-macros v0.9.0
[INFO] [stderr]   Downloaded bootloader_api v0.11.3
[INFO] [stderr]   Downloaded atomic-polyfill v0.1.11
[INFO] [stderr]   Downloaded serde_derive v1.0.154
[INFO] [stderr]   Downloaded volatile v0.4.6
[INFO] [stderr]   Downloaded x86_64 v0.14.10
[INFO] [stderr]   Downloaded noto-sans-mono-bitmap v0.2.0
[INFO] [stderr]   Downloaded usize_conversions v0.2.0
[INFO] [stderr]   Downloaded bootloader-x86_64-common v0.11.3
[INFO] [stderr]   Downloaded uefi v0.18.0
[INFO] running `Command { std: "docker" "create" "-v" "/var/lib/crater-agent-workspace/builds/worker-6-tc1/target:/opt/rustwide/target:rw,Z" "-v" "/var/lib/crater-agent-workspace/builds/worker-6-tc1/source:/opt/rustwide/workdir:ro,Z" "-v" "/var/lib/crater-agent-workspace/cargo-home:/opt/rustwide/cargo-home:ro,Z" "-v" "/var/lib/crater-agent-workspace/rustup-home:/opt/rustwide/rustup-home:ro,Z" "-e" "SOURCE_DIR=/opt/rustwide/workdir" "-e" "CARGO_TARGET_DIR=/opt/rustwide/target" "-e" "CARGO_HOME=/opt/rustwide/cargo-home" "-e" "RUSTUP_HOME=/opt/rustwide/rustup-home" "-w" "/opt/rustwide/workdir" "-m" "1610612736" "--user" "0:0" "--network" "none" "ghcr.io/rust-lang/crates-build-env/linux@sha256:5ff2268d62e97bff2cde7d5815dd6ed5b47097566f13b8d0ca110b04b60e07ed" "/opt/rustwide/cargo-home/bin/cargo" "+1.69.0" "metadata" "--no-deps" "--format-version=1", kill_on_drop: false }`
[INFO] [stdout] 0956c33b5acf3b79cbe70c55c35d24d328a8009d2459ac1d1cb89fb80d617dce
[INFO] running `Command { std: "docker" "start" "-a" "0956c33b5acf3b79cbe70c55c35d24d328a8009d2459ac1d1cb89fb80d617dce", kill_on_drop: false }`
[INFO] running `Command { std: "docker" "inspect" "0956c33b5acf3b79cbe70c55c35d24d328a8009d2459ac1d1cb89fb80d617dce", kill_on_drop: false }`
[INFO] running `Command { std: "docker" "rm" "-f" "0956c33b5acf3b79cbe70c55c35d24d328a8009d2459ac1d1cb89fb80d617dce", kill_on_drop: false }`
[INFO] [stdout] 0956c33b5acf3b79cbe70c55c35d24d328a8009d2459ac1d1cb89fb80d617dce
[INFO] running `Command { std: "docker" "create" "-v" "/var/lib/crater-agent-workspace/builds/worker-6-tc1/target:/opt/rustwide/target:rw,Z" "-v" "/var/lib/crater-agent-workspace/builds/worker-6-tc1/source:/opt/rustwide/workdir:ro,Z" "-v" "/var/lib/crater-agent-workspace/cargo-home:/opt/rustwide/cargo-home:ro,Z" "-v" "/var/lib/crater-agent-workspace/rustup-home:/opt/rustwide/rustup-home:ro,Z" "-e" "SOURCE_DIR=/opt/rustwide/workdir" "-e" "CARGO_TARGET_DIR=/opt/rustwide/target" "-e" "CARGO_INCREMENTAL=0" "-e" "RUST_BACKTRACE=full" "-e" "RUSTFLAGS=--cap-lints=warn" "-e" "RUSTDOCFLAGS=--cap-lints=warn" "-e" "CARGO_HOME=/opt/rustwide/cargo-home" "-e" "RUSTUP_HOME=/opt/rustwide/rustup-home" "-w" "/opt/rustwide/workdir" "-m" "1610612736" "--user" "0:0" "--network" "none" "ghcr.io/rust-lang/crates-build-env/linux@sha256:5ff2268d62e97bff2cde7d5815dd6ed5b47097566f13b8d0ca110b04b60e07ed" "/opt/rustwide/cargo-home/bin/cargo" "+1.69.0" "build" "--frozen" "--message-format=json", kill_on_drop: false }`
[INFO] [stdout] 95871789dded50a6ec1471abe1059e7a7a1d351abb0a1f7f9e428034258fdd8f
[INFO] running `Command { std: "docker" "start" "-a" "95871789dded50a6ec1471abe1059e7a7a1d351abb0a1f7f9e428034258fdd8f", kill_on_drop: false }`
[INFO] [stderr]    Compiling proc-macro2 v1.0.51
[INFO] [stderr]    Compiling quote v1.0.23
[INFO] [stderr]    Compiling syn v1.0.109
[INFO] [stderr]    Compiling semver v1.0.16
[INFO] [stderr]    Compiling serde_derive v1.0.154
[INFO] [stderr]    Compiling bit_field v0.10.2
[INFO] [stderr]    Compiling serde v1.0.154
[INFO] [stderr]    Compiling rustversion v1.0.12
[INFO] [stderr]    Compiling log v0.4.17
[INFO] [stderr]    Compiling rand_core v0.6.4
[INFO] [stderr]    Compiling bootloader_api v0.11.3
[INFO] [stderr]    Compiling byteorder v1.4.3
[INFO] [stderr]    Compiling volatile v0.4.6
[INFO] [stderr]    Compiling spin v0.9.5
[INFO] [stderr]    Compiling hash32 v0.2.1
[INFO] [stderr]    Compiling zero v0.1.3
[INFO] [stderr]    Compiling conquer-util v0.3.0
[INFO] [stderr]    Compiling rustc_version v0.4.0
[INFO] [stderr]    Compiling stable_deref_trait v1.2.0
[INFO] [stderr]    Compiling conquer-once v0.3.2
[INFO] [stderr]    Compiling xmas-elf v0.8.0
[INFO] [stderr]    Compiling rand v0.8.5
[INFO] [stderr]    Compiling rand_hc v0.3.1
[INFO] [stderr]    Compiling ucs2 v0.3.2
[INFO] [stderr]    Compiling heapless v0.7.16
[INFO] [stderr]    Compiling spinning_top v0.2.5
[INFO] [stderr]    Compiling ryu v1.0.13
[INFO] [stderr]    Compiling noto-sans-mono-bitmap v0.2.0
[INFO] [stderr]    Compiling x86_64 v0.14.10
[INFO] [stderr]    Compiling usize_conversions v0.2.0
[INFO] [stdout] error[E0554]: `#![feature]` may not be used on the stable release channel
[INFO] [stdout]  --> /opt/rustwide/cargo-home/registry/src/github.com-1ecc6299db9ec823/usize_conversions-0.2.0/src/lib.rs:6:1
[INFO] [stdout]   |
[INFO] [stdout] 6 | #![feature(i128_type)]
[INFO] [stdout]   | ^^^^^^^^^^^^^^^^^^^^^^ help: remove the attribute
[INFO] [stdout]   |
[INFO] [stdout]   = help: the feature `i128_type` has been stable since `1.26.0` and no longer requires an attribute to enable
[INFO] [stdout] 
[INFO] [stdout] 
[INFO] [stdout] error: aborting due to previous error
[INFO] [stdout] 
[INFO] [stdout] 
[INFO] [stdout] For more information about this error, try `rustc --explain E0554`.
[INFO] [stdout] 
[INFO] [stderr] error: could not compile `usize_conversions` due to 2 previous errors
[INFO] [stderr] warning: build failed, waiting for other jobs to finish...
[INFO] [stdout] error[E0554]: `#![feature]` may not be used on the stable release channel
[INFO] [stdout]  --> /opt/rustwide/cargo-home/registry/src/github.com-1ecc6299db9ec823/x86_64-0.14.10/src/lib.rs:5:35
[INFO] [stdout]   |
[INFO] [stdout] 5 | #![cfg_attr(feature = "const_fn", feature(const_mut_refs))] // GDT add_entry()
[INFO] [stdout]   |                                   ^^^^^^^^^^^^^^^^^^^^^^^
[INFO] [stdout] 
[INFO] [stdout] 
[INFO] [stdout] error[E0554]: `#![feature]` may not be used on the stable release channel
[INFO] [stdout]  --> /opt/rustwide/cargo-home/registry/src/github.com-1ecc6299db9ec823/x86_64-0.14.10/src/lib.rs:6:44
[INFO] [stdout]   |
[INFO] [stdout] 6 | #![cfg_attr(feature = "abi_x86_interrupt", feature(abi_x86_interrupt))]
[INFO] [stdout]   |                                            ^^^^^^^^^^^^^^^^^^^^^^^^^^
[INFO] [stdout] 
[INFO] [stdout] 
[INFO] [stdout] error[E0554]: `#![feature]` may not be used on the stable release channel
[INFO] [stdout]  --> /opt/rustwide/cargo-home/registry/src/github.com-1ecc6299db9ec823/x86_64-0.14.10/src/lib.rs:7:37
[INFO] [stdout]   |
[INFO] [stdout] 7 | #![cfg_attr(feature = "step_trait", feature(step_trait))]
[INFO] [stdout]   |                                     ^^^^^^^^^^^^^^^^^^^
[INFO] [stdout] 
[INFO] [stdout] 
[INFO] [stdout] error[E0554]: `#![feature]` may not be used on the stable release channel
[INFO] [stdout]  --> /opt/rustwide/cargo-home/registry/src/github.com-1ecc6299db9ec823/x86_64-0.14.10/src/lib.rs:8:34
[INFO] [stdout]   |
[INFO] [stdout] 8 | #![cfg_attr(feature = "doc_cfg", feature(doc_cfg))]
[INFO] [stdout]   |                                  ^^^^^^^^^^^^^^^^
[INFO] [stdout] 
[INFO] [stdout] 
[INFO] [stdout] error[E0554]: `#![feature]` may not be used on the stable release channel
[INFO] [stdout]  --> /opt/rustwide/cargo-home/registry/src/github.com-1ecc6299db9ec823/x86_64-0.14.10/src/lib.rs:7:45
[INFO] [stdout]   |
[INFO] [stdout] 7 | #![cfg_attr(feature = "step_trait", feature(step_trait))]
[INFO] [stdout]   |                                             ^^^^^^^^^^
[INFO] [stdout] 
[INFO] [stdout] 
[INFO] [stdout] error: aborting due to 5 previous errors
[INFO] [stdout] 
[INFO] [stdout] 
[INFO] [stdout] For more information about this error, try `rustc --explain E0554`.
[INFO] [stdout] 
[INFO] [stderr] error: could not compile `x86_64` due to 6 previous errors
[INFO] running `Command { std: "docker" "inspect" "95871789dded50a6ec1471abe1059e7a7a1d351abb0a1f7f9e428034258fdd8f", kill_on_drop: false }`
[INFO] running `Command { std: "docker" "rm" "-f" "95871789dded50a6ec1471abe1059e7a7a1d351abb0a1f7f9e428034258fdd8f", kill_on_drop: false }`
[INFO] [stdout] 95871789dded50a6ec1471abe1059e7a7a1d351abb0a1f7f9e428034258fdd8f
