[INFO] fetching crate blunt 0.0.8...
[INFO] testing blunt-0.0.8 against 1.69.0 for beta-1.70-1
[INFO] extracting crate blunt 0.0.8 into /workspace/builds/worker-1-tc1/source
[INFO] validating manifest of crates.io crate blunt 0.0.8 on toolchain 1.69.0
[INFO] running `Command { std: CARGO_HOME="/workspace/cargo-home" RUSTUP_HOME="/workspace/rustup-home" "/workspace/cargo-home/bin/cargo" "+1.69.0" "metadata" "--manifest-path" "Cargo.toml" "--no-deps", kill_on_drop: false }`
[INFO] started tweaking crates.io crate blunt 0.0.8
[INFO] finished tweaking crates.io crate blunt 0.0.8
[INFO] tweaked toml for crates.io crate blunt 0.0.8 written to /workspace/builds/worker-1-tc1/source/Cargo.toml
[INFO] crate crates.io crate blunt 0.0.8 already has a lockfile, it will not be regenerated
[INFO] running `Command { std: CARGO_HOME="/workspace/cargo-home" RUSTUP_HOME="/workspace/rustup-home" "/workspace/cargo-home/bin/cargo" "+1.69.0" "fetch" "--manifest-path" "Cargo.toml", kill_on_drop: false }`
[INFO] [stderr]  Downloading crates ...
[INFO] [stderr]   Downloaded libc v0.2.95
[INFO] [stderr]   Downloaded input_buffer v0.4.0
[INFO] [stderr]   Downloaded tokio-util v0.6.7
[INFO] [stderr]   Downloaded futures-core v0.3.14
[INFO] [stderr]   Downloaded futures-macro v0.3.14
[INFO] [stderr]   Downloaded futures-executor v0.3.14
[INFO] [stderr]   Downloaded half v1.7.1
[INFO] [stderr]   Downloaded plotters-backend v0.3.0
[INFO] [stderr]   Downloaded async-tungstenite v0.13.1
[INFO] [stderr]   Downloaded pin-project-internal v1.0.7
[INFO] [stderr]   Downloaded openssl-sys v0.9.63
[INFO] [stderr]   Downloaded security-framework-sys v2.3.0
[INFO] [stderr]   Downloaded cast v0.2.6
[INFO] [stderr]   Downloaded socket2 v0.4.0
[INFO] [stderr]   Downloaded mio v0.7.11
[INFO] [stderr]   Downloaded memoffset v0.6.4
[INFO] [stderr]   Downloaded hyper v0.14.9
[INFO] [stderr]   Downloaded wasm-bindgen-macro-support v0.2.74
[INFO] [stderr]   Downloaded wasm-bindgen-backend v0.2.74
[INFO] [stderr]   Downloaded js-sys v0.3.51
[INFO] [stderr]   Downloaded criterion-plot v0.4.3
[INFO] [stderr]   Downloaded itertools v0.9.0
[INFO] [stderr]   Downloaded wasm-bindgen v0.2.74
[INFO] [stderr]   Downloaded security-framework v2.3.1
[INFO] [stderr]   Downloaded async-trait v0.1.50
[INFO] [stderr]   Downloaded pest v2.1.3
[INFO] [stderr]   Downloaded bstr v0.2.15
[INFO] [stderr]   Downloaded rayon v1.5.1
[INFO] [stderr]   Downloaded web-sys v0.3.51
[INFO] [stderr]   Downloaded csv v1.1.6
[INFO] [stderr]   Downloaded tokio v1.8.0
[INFO] [stderr]   Downloaded serde_cbor v0.11.1
[INFO] [stderr]   Downloaded native-tls v0.2.7
[INFO] [stderr]   Downloaded unicode-bidi v0.3.5
[INFO] [stderr]   Downloaded plotters v0.3.1
[INFO] [stderr]   Downloaded httparse v1.4.0
[INFO] [stderr]   Downloaded tinyvec v1.2.0
[INFO] [stderr]   Downloaded typenum v1.13.0
[INFO] [stderr]   Downloaded wasm-bindgen-shared v0.2.74
[INFO] [stderr]   Downloaded wasm-bindgen-macro v0.2.74
[INFO] [stderr]   Downloaded crossbeam-epoch v0.9.5
[INFO] [stderr]   Downloaded rayon-core v1.9.1
[INFO] [stderr]   Downloaded regex-syntax v0.6.23
[INFO] [stderr]   Downloaded http-body v0.4.2
[INFO] [stderr]   Downloaded regex v1.4.6
[INFO] [stderr]   Downloaded httpdate v1.0.1
[INFO] [stderr]   Downloaded redox_syscall v0.2.6
[INFO] [stderr]   Downloaded syn v1.0.70
[INFO] [stderr]   Downloaded tungstenite v0.13.0
[INFO] [stderr]   Downloaded ucd-trie v0.1.3
[INFO] [stderr]   Downloaded itertools v0.10.0
[INFO] [stderr]   Downloaded plotters-svg v0.3.0
[INFO] [stderr]   Downloaded crossbeam-deque v0.8.0
[INFO] [stderr]   Downloaded criterion v0.3.4
[INFO] [stderr]   Downloaded futures v0.3.14
[INFO] [stderr]   Downloaded futures-channel v0.3.14
[INFO] [stderr]   Downloaded futures-io v0.3.14
[INFO] [stderr]   Downloaded futures-task v0.3.14
[INFO] [stderr]   Downloaded futures-util v0.3.14
[INFO] [stderr]   Downloaded futures-sink v0.3.14
[INFO] [stderr]   Downloaded h2 v0.3.3
[INFO] [stderr]   Downloaded lock_api v0.4.3
[INFO] [stderr]   Downloaded pin-project v1.0.7
[INFO] [stderr]   Downloaded serde v1.0.125
[INFO] [stderr]   Downloaded tracing-subscriber v0.2.17
[INFO] [stderr]   Downloaded http v0.2.4
[INFO] [stderr]   Downloaded openssl v0.10.34
[INFO] [stderr]   Downloaded openssl-probe v0.1.4
[INFO] [stderr]   Downloaded vcpkg v0.2.13
[INFO] running `Command { std: "docker" "create" "-v" "/var/lib/crater-agent-workspace/builds/worker-1-tc1/target:/opt/rustwide/target:rw,Z" "-v" "/var/lib/crater-agent-workspace/builds/worker-1-tc1/source:/opt/rustwide/workdir:ro,Z" "-v" "/var/lib/crater-agent-workspace/cargo-home:/opt/rustwide/cargo-home:ro,Z" "-v" "/var/lib/crater-agent-workspace/rustup-home:/opt/rustwide/rustup-home:ro,Z" "-e" "SOURCE_DIR=/opt/rustwide/workdir" "-e" "CARGO_TARGET_DIR=/opt/rustwide/target" "-e" "CARGO_HOME=/opt/rustwide/cargo-home" "-e" "RUSTUP_HOME=/opt/rustwide/rustup-home" "-w" "/opt/rustwide/workdir" "-m" "1610612736" "--user" "0:0" "--network" "none" "ghcr.io/rust-lang/crates-build-env/linux@sha256:5ff2268d62e97bff2cde7d5815dd6ed5b47097566f13b8d0ca110b04b60e07ed" "/opt/rustwide/cargo-home/bin/cargo" "+1.69.0" "metadata" "--no-deps" "--format-version=1", kill_on_drop: false }`
[INFO] [stdout] ce0d6ecf67f0d229c6c4109470a16e902d081eef62ad38ae1e3155ec765e9ab3
[INFO] running `Command { std: "docker" "start" "-a" "ce0d6ecf67f0d229c6c4109470a16e902d081eef62ad38ae1e3155ec765e9ab3", kill_on_drop: false }`
[INFO] running `Command { std: "docker" "inspect" "ce0d6ecf67f0d229c6c4109470a16e902d081eef62ad38ae1e3155ec765e9ab3", kill_on_drop: false }`
[INFO] running `Command { std: "docker" "rm" "-f" "ce0d6ecf67f0d229c6c4109470a16e902d081eef62ad38ae1e3155ec765e9ab3", kill_on_drop: false }`
[INFO] [stdout] ce0d6ecf67f0d229c6c4109470a16e902d081eef62ad38ae1e3155ec765e9ab3
[INFO] running `Command { std: "docker" "create" "-v" "/var/lib/crater-agent-workspace/builds/worker-1-tc1/target:/opt/rustwide/target:rw,Z" "-v" "/var/lib/crater-agent-workspace/builds/worker-1-tc1/source:/opt/rustwide/workdir:ro,Z" "-v" "/var/lib/crater-agent-workspace/cargo-home:/opt/rustwide/cargo-home:ro,Z" "-v" "/var/lib/crater-agent-workspace/rustup-home:/opt/rustwide/rustup-home:ro,Z" "-e" "SOURCE_DIR=/opt/rustwide/workdir" "-e" "CARGO_TARGET_DIR=/opt/rustwide/target" "-e" "CARGO_INCREMENTAL=0" "-e" "RUST_BACKTRACE=full" "-e" "RUSTFLAGS=--cap-lints=warn" "-e" "RUSTDOCFLAGS=--cap-lints=warn" "-e" "CARGO_HOME=/opt/rustwide/cargo-home" "-e" "RUSTUP_HOME=/opt/rustwide/rustup-home" "-w" "/opt/rustwide/workdir" "-m" "1610612736" "--user" "0:0" "--network" "none" "ghcr.io/rust-lang/crates-build-env/linux@sha256:5ff2268d62e97bff2cde7d5815dd6ed5b47097566f13b8d0ca110b04b60e07ed" "/opt/rustwide/cargo-home/bin/cargo" "+1.69.0" "build" "--frozen" "--message-format=json", kill_on_drop: false }`
[INFO] [stdout] 9d7db97f59afa3bc24a14bd29cb80b8c4226ec88c6e0fe0f87b58d46e4bac3e0
[INFO] running `Command { std: "docker" "start" "-a" "9d7db97f59afa3bc24a14bd29cb80b8c4226ec88c6e0fe0f87b58d46e4bac3e0", kill_on_drop: false }`
[INFO] [stderr]    Compiling proc-macro2 v1.0.26
[INFO] [stderr]    Compiling unicode-xid v0.2.1
[INFO] [stderr]    Compiling cfg-if v1.0.0
[INFO] [stderr]    Compiling libc v0.2.95
[INFO] [stderr]    Compiling syn v1.0.70
[INFO] [stderr]    Compiling autocfg v1.0.1
[INFO] [stderr]    Compiling log v0.4.14
[INFO] [stderr]    Compiling pin-project-lite v0.2.6
[INFO] [stderr]    Compiling memchr v2.3.4
[INFO] [stderr]    Compiling pkg-config v0.3.19
[INFO] [stderr]    Compiling proc-macro-hack v0.5.19
[INFO] [stderr]    Compiling bytes v1.0.1
[INFO] [stderr]    Compiling cc v1.0.68
[INFO] [stderr]    Compiling futures-core v0.3.14
[INFO] [stderr]    Compiling futures-sink v0.3.14
[INFO] [stderr]    Compiling getrandom v0.2.2
[INFO] [stderr]    Compiling version_check v0.9.3
[INFO] [stderr]    Compiling typenum v1.13.0
[INFO] [stderr]    Compiling once_cell v1.7.2
[INFO] [stderr]    Compiling quote v1.0.9
[INFO] [stderr]    Compiling proc-macro-nested v0.1.7
[INFO] [stderr]    Compiling generic-array v0.14.4
[INFO] [stderr]    Compiling instant v0.1.9
[INFO] [stderr]    Compiling scopeguard v1.1.0
[INFO] [stderr]    Compiling smallvec v1.6.1
[INFO] [stderr]    Compiling lock_api v0.4.3
[INFO] [stderr]    Compiling futures-channel v0.3.14
[INFO] [stderr]    Compiling parking_lot_core v0.8.3
[INFO] [stderr]    Compiling tokio v1.8.0
[INFO] [stderr]    Compiling futures-task v0.3.14
[INFO] [stderr]    Compiling openssl-sys v0.9.63
[INFO] [stderr]    Compiling futures-io v0.3.14
[INFO] [stderr]    Compiling tinyvec_macros v0.1.0
[INFO] [stderr]    Compiling bitflags v1.2.1
[INFO] [stderr]    Compiling matches v0.1.8
[INFO] [stderr]    Compiling slab v0.4.3
[INFO] [stderr]    Compiling pin-utils v0.1.0
[INFO] [stderr]    Compiling fnv v1.0.7
[INFO] [stderr]    Compiling itoa v0.4.7
[INFO] [stderr]    Compiling tinyvec v1.2.0
[INFO] [stderr]    Compiling parking_lot v0.11.1
[INFO] [stderr]    Compiling http v0.2.4
[INFO] [stderr]    Compiling signal-hook-registry v1.3.0
[INFO] [stderr]    Compiling mio v0.7.11
[INFO] [stderr] The following warnings were emitted during compilation:
[INFO] [stderr] 
[INFO] [stderr] warning: build/expando.c:4:24: error: pasting "RUST_VERSION_OPENSSL_" and "(" does not give a valid preprocessing token
[INFO] [stderr] warning:     4 | #define VERSION2(n, v) RUST_VERSION_##n##_##v
[INFO] [stderr] warning:       |                        ^~~~~~~~~~~~~
[INFO] [stderr] warning: build/expando.c:5:23: note: in expansion of macro 'VERSION2'
[INFO] [stderr] warning:     5 | #define VERSION(n, v) VERSION2(n, v)
[INFO] [stderr] warning:       |                       ^~~~~~~~
[INFO] [stderr] warning: build/expando.c:10:1: note: in expansion of macro 'VERSION'
[INFO] [stderr] warning:    10 | VERSION(OPENSSL, OPENSSL_VERSION_NUMBER)
[INFO] [stderr] warning:       | ^~~~~~~
[INFO] [stderr] 
[INFO] [stderr] error: failed to run custom build command for `openssl-sys v0.9.63`
[INFO] [stderr] note: To improve backtraces for build dependencies, set the CARGO_PROFILE_DEV_BUILD_OVERRIDE_DEBUG=true environment variable to enable debug information generation.
[INFO] [stderr] 
[INFO] [stderr] Caused by:
[INFO] [stderr]   process didn't exit successfully: `/opt/rustwide/target/debug/build/openssl-sys-8ccf91c914c96ac1/build-script-main` (exit status: 101)
[INFO] [stderr]   --- stdout
[INFO] [stderr]   cargo:rustc-cfg=const_fn
[INFO] [stderr]   cargo:rerun-if-env-changed=X86_64_UNKNOWN_LINUX_GNU_OPENSSL_LIB_DIR
[INFO] [stderr]   X86_64_UNKNOWN_LINUX_GNU_OPENSSL_LIB_DIR unset
[INFO] [stderr]   cargo:rerun-if-env-changed=OPENSSL_LIB_DIR
[INFO] [stderr]   OPENSSL_LIB_DIR unset
[INFO] [stderr]   cargo:rerun-if-env-changed=X86_64_UNKNOWN_LINUX_GNU_OPENSSL_INCLUDE_DIR
[INFO] [stderr]   X86_64_UNKNOWN_LINUX_GNU_OPENSSL_INCLUDE_DIR unset
[INFO] [stderr]   cargo:rerun-if-env-changed=OPENSSL_INCLUDE_DIR
[INFO] [stderr]   OPENSSL_INCLUDE_DIR unset
[INFO] [stderr]   cargo:rerun-if-env-changed=X86_64_UNKNOWN_LINUX_GNU_OPENSSL_DIR
[INFO] [stderr]   X86_64_UNKNOWN_LINUX_GNU_OPENSSL_DIR unset
[INFO] [stderr]   cargo:rerun-if-env-changed=OPENSSL_DIR
[INFO] [stderr]   OPENSSL_DIR unset
[INFO] [stderr]   cargo:rerun-if-env-changed=OPENSSL_NO_PKG_CONFIG
[INFO] [stderr]   cargo:rerun-if-env-changed=PKG_CONFIG
[INFO] [stderr]   cargo:rerun-if-env-changed=OPENSSL_STATIC
[INFO] [stderr]   cargo:rerun-if-env-changed=OPENSSL_DYNAMIC
[INFO] [stderr]   cargo:rerun-if-env-changed=PKG_CONFIG_ALL_STATIC
[INFO] [stderr]   cargo:rerun-if-env-changed=PKG_CONFIG_ALL_DYNAMIC
[INFO] [stderr]   cargo:rerun-if-env-changed=PKG_CONFIG_PATH_x86_64-unknown-linux-gnu
[INFO] [stderr]   cargo:rerun-if-env-changed=PKG_CONFIG_PATH_x86_64_unknown_linux_gnu
[INFO] [stderr]   cargo:rerun-if-env-changed=HOST_PKG_CONFIG_PATH
[INFO] [stderr]   cargo:rerun-if-env-changed=PKG_CONFIG_PATH
[INFO] [stderr]   cargo:rerun-if-env-changed=PKG_CONFIG_LIBDIR_x86_64-unknown-linux-gnu
[INFO] [stderr]   cargo:rerun-if-env-changed=PKG_CONFIG_LIBDIR_x86_64_unknown_linux_gnu
[INFO] [stderr]   cargo:rerun-if-env-changed=HOST_PKG_CONFIG_LIBDIR
[INFO] [stderr]   cargo:rerun-if-env-changed=PKG_CONFIG_LIBDIR
[INFO] [stderr]   cargo:rerun-if-env-changed=PKG_CONFIG_SYSROOT_DIR_x86_64-unknown-linux-gnu
[INFO] [stderr]   cargo:rerun-if-env-changed=PKG_CONFIG_SYSROOT_DIR_x86_64_unknown_linux_gnu
[INFO] [stderr]   cargo:rerun-if-env-changed=HOST_PKG_CONFIG_SYSROOT_DIR
[INFO] [stderr]   cargo:rerun-if-env-changed=PKG_CONFIG_SYSROOT_DIR
[INFO] [stderr]   cargo:rerun-if-env-changed=PKG_CONFIG_SYSROOT_DIR
[INFO] [stderr]   cargo:rerun-if-env-changed=SYSROOT
[INFO] [stderr]   cargo:rerun-if-env-changed=OPENSSL_STATIC
[INFO] [stderr]   cargo:rerun-if-env-changed=OPENSSL_DYNAMIC
[INFO] [stderr]   cargo:rerun-if-env-changed=PKG_CONFIG_ALL_STATIC
[INFO] [stderr]   cargo:rerun-if-env-changed=PKG_CONFIG_ALL_DYNAMIC
[INFO] [stderr]   cargo:rustc-link-lib=ssl
[INFO] [stderr]   cargo:rustc-link-lib=crypto
[INFO] [stderr]   cargo:rerun-if-env-changed=PKG_CONFIG
[INFO] [stderr]   cargo:rerun-if-env-changed=OPENSSL_STATIC
[INFO] [stderr]   cargo:rerun-if-env-changed=OPENSSL_DYNAMIC
[INFO] [stderr]   cargo:rerun-if-env-changed=PKG_CONFIG_ALL_STATIC
[INFO] [stderr]   cargo:rerun-if-env-changed=PKG_CONFIG_ALL_DYNAMIC
[INFO] [stderr]   cargo:rerun-if-env-changed=PKG_CONFIG_PATH_x86_64-unknown-linux-gnu
[INFO] [stderr]   cargo:rerun-if-env-changed=PKG_CONFIG_PATH_x86_64_unknown_linux_gnu
[INFO] [stderr]   cargo:rerun-if-env-changed=HOST_PKG_CONFIG_PATH
[INFO] [stderr]   cargo:rerun-if-env-changed=PKG_CONFIG_PATH
[INFO] [stderr]   cargo:rerun-if-env-changed=PKG_CONFIG_LIBDIR_x86_64-unknown-linux-gnu
[INFO] [stderr]   cargo:rerun-if-env-changed=PKG_CONFIG_LIBDIR_x86_64_unknown_linux_gnu
[INFO] [stderr]   cargo:rerun-if-env-changed=HOST_PKG_CONFIG_LIBDIR
[INFO] [stderr]   cargo:rerun-if-env-changed=PKG_CONFIG_LIBDIR
[INFO] [stderr]   cargo:rerun-if-env-changed=PKG_CONFIG_SYSROOT_DIR_x86_64-unknown-linux-gnu
[INFO] [stderr]   cargo:rerun-if-env-changed=PKG_CONFIG_SYSROOT_DIR_x86_64_unknown_linux_gnu
[INFO] [stderr]   cargo:rerun-if-env-changed=HOST_PKG_CONFIG_SYSROOT_DIR
[INFO] [stderr]   cargo:rerun-if-env-changed=PKG_CONFIG_SYSROOT_DIR
[INFO] [stderr]   OPT_LEVEL = Some("0")
[INFO] [stderr]   TARGET = Some("x86_64-unknown-linux-gnu")
[INFO] [stderr]   HOST = Some("x86_64-unknown-linux-gnu")
[INFO] [stderr]   CC_x86_64-unknown-linux-gnu = None
[INFO] [stderr]   CC_x86_64_unknown_linux_gnu = None
[INFO] [stderr]   HOST_CC = None
[INFO] [stderr]   CC = None
[INFO] [stderr]   CFLAGS_x86_64-unknown-linux-gnu = None
[INFO] [stderr]   CFLAGS_x86_64_unknown_linux_gnu = None
[INFO] [stderr]   HOST_CFLAGS = None
[INFO] [stderr]   CFLAGS = None
[INFO] [stderr]   CRATE_CC_NO_DEFAULTS = None
[INFO] [stderr]   DEBUG = Some("true")
[INFO] [stderr]   CARGO_CFG_TARGET_FEATURE = Some("fxsr,sse,sse2")
[INFO] [stderr]   running: "cc" "-O0" "-ffunction-sections" "-fdata-sections" "-fPIC" "-g" "-fno-omit-frame-pointer" "-m64" "-I" "/usr/include" "-Wall" "-Wextra" "-E" "build/expando.c"
[INFO] [stderr]   cargo:warning=build/expando.c:4:24: error: pasting "RUST_VERSION_OPENSSL_" and "(" does not give a valid preprocessing token
[INFO] [stderr]   cargo:warning=    4 | #define VERSION2(n, v) RUST_VERSION_##n##_##v
[INFO] [stderr]   cargo:warning=      |                        ^~~~~~~~~~~~~
[INFO] [stderr]   cargo:warning=build/expando.c:5:23: note: in expansion of macro 'VERSION2'
[INFO] [stderr]   cargo:warning=    5 | #define VERSION(n, v) VERSION2(n, v)
[INFO] [stderr]   cargo:warning=      |                       ^~~~~~~~
[INFO] [stderr]   cargo:warning=build/expando.c:10:1: note: in expansion of macro 'VERSION'
[INFO] [stderr]   cargo:warning=   10 | VERSION(OPENSSL, OPENSSL_VERSION_NUMBER)
[INFO] [stderr]   cargo:warning=      | ^~~~~~~
[INFO] [stderr]   exit status: 1
[INFO] [stderr] 
[INFO] [stderr]   --- stderr
[INFO] [stderr]   thread 'main' panicked at '
[INFO] [stderr]   Header expansion error:
[INFO] [stderr]   Error { kind: ToolExecError, message: "Command \"cc\" \"-O0\" \"-ffunction-sections\" \"-fdata-sections\" \"-fPIC\" \"-g\" \"-fno-omit-frame-pointer\" \"-m64\" \"-I\" \"/usr/include\" \"-Wall\" \"-Wextra\" \"-E\" \"build/expando.c\" with args \"cc\" did not execute successfully (status code exit status: 1)." }
[INFO] [stderr] 
[INFO] [stderr]   Failed to find OpenSSL development headers.
[INFO] [stderr] 
[INFO] [stderr]   You can try fixing this setting the `OPENSSL_DIR` environment variable
[INFO] [stderr]   pointing to your OpenSSL installation or installing OpenSSL headers package
[INFO] [stderr]   specific to your distribution:
[INFO] [stderr] 
[INFO] [stderr]       # On Ubuntu
[INFO] [stderr]       sudo apt-get install libssl-dev
[INFO] [stderr]       # On Arch Linux
[INFO] [stderr]       sudo pacman -S openssl
[INFO] [stderr]       # On Fedora
[INFO] [stderr]       sudo dnf install openssl-devel
[INFO] [stderr] 
[INFO] [stderr]   See rust-openssl README for more information:
[INFO] [stderr] 
[INFO] [stderr]       https://github.com/sfackler/rust-openssl#linux
[INFO] [stderr]   ', /opt/rustwide/cargo-home/registry/src/github.com-1ecc6299db9ec823/openssl-sys-0.9.63/build/main.rs:147:13
[INFO] [stderr]   stack backtrace:
[INFO] [stderr]      0:     0x55b722da177a - std::backtrace_rs::backtrace::libunwind::trace::ha9053a9a07ca49cb
[INFO] [stderr]                                  at /rustc/84c898d65adf2f39a5a98507f1fe0ce10a2b8dbc/library/std/src/../../backtrace/src/backtrace/libunwind.rs:93:5
[INFO] [stderr]      1:     0x55b722da177a - std::backtrace_rs::backtrace::trace_unsynchronized::h9c2852a457ad564e
[INFO] [stderr]                                  at /rustc/84c898d65adf2f39a5a98507f1fe0ce10a2b8dbc/library/std/src/../../backtrace/src/backtrace/mod.rs:66:5
[INFO] [stderr]      2:     0x55b722da177a - std::sys_common::backtrace::_print_fmt::h457936fbfaa0070f
[INFO] [stderr]                                  at /rustc/84c898d65adf2f39a5a98507f1fe0ce10a2b8dbc/library/std/src/sys_common/backtrace.rs:65:5
[INFO] [stderr]      3:     0x55b722da177a - <std::sys_common::backtrace::_print::DisplayBacktrace as core::fmt::Display>::fmt::h5779d7bf7f70cb0c
[INFO] [stderr]                                  at /rustc/84c898d65adf2f39a5a98507f1fe0ce10a2b8dbc/library/std/src/sys_common/backtrace.rs:44:22
[INFO] [stderr]      4:     0x55b722dc190e - core::fmt::write::h5a4baaff1bcd3eb5
[INFO] [stderr]                                  at /rustc/84c898d65adf2f39a5a98507f1fe0ce10a2b8dbc/library/core/src/fmt/mod.rs:1232:17
[INFO] [stderr]      5:     0x55b722d9e865 - std::io::Write::write_fmt::h4bc1f301cb9e9cce
[INFO] [stderr]                                  at /rustc/84c898d65adf2f39a5a98507f1fe0ce10a2b8dbc/library/std/src/io/mod.rs:1684:15
[INFO] [stderr]      6:     0x55b722da1545 - std::sys_common::backtrace::_print::h5fcdc36060f177e8
[INFO] [stderr]                                  at /rustc/84c898d65adf2f39a5a98507f1fe0ce10a2b8dbc/library/std/src/sys_common/backtrace.rs:47:5
[INFO] [stderr]      7:     0x55b722da1545 - std::sys_common::backtrace::print::h54ca9458b876c8bf
[INFO] [stderr]                                  at /rustc/84c898d65adf2f39a5a98507f1fe0ce10a2b8dbc/library/std/src/sys_common/backtrace.rs:34:9
[INFO] [stderr]      8:     0x55b722da2f1f - std::panicking::default_hook::{{closure}}::hbe471161c7664ed6
[INFO] [stderr]                                  at /rustc/84c898d65adf2f39a5a98507f1fe0ce10a2b8dbc/library/std/src/panicking.rs:271:22
[INFO] [stderr]      9:     0x55b722da2c5b - std::panicking::default_hook::ha3500da57aa4ac4f
[INFO] [stderr]                                  at /rustc/84c898d65adf2f39a5a98507f1fe0ce10a2b8dbc/library/std/src/panicking.rs:290:9
[INFO] [stderr]     10:     0x55b722da34c8 - std::panicking::rust_panic_with_hook::h50c09d000dc561d2
[INFO] [stderr]                                  at /rustc/84c898d65adf2f39a5a98507f1fe0ce10a2b8dbc/library/std/src/panicking.rs:692:13
[INFO] [stderr]     11:     0x55b722da33c9 - std::panicking::begin_panic_handler::{{closure}}::h9e2b2176e00e0d9c
[INFO] [stderr]                                  at /rustc/84c898d65adf2f39a5a98507f1fe0ce10a2b8dbc/library/std/src/panicking.rs:583:13
[INFO] [stderr]     12:     0x55b722da1be6 - std::sys_common::backtrace::__rust_end_short_backtrace::h5739b8e512c09d02
[INFO] [stderr]                                  at /rustc/84c898d65adf2f39a5a98507f1fe0ce10a2b8dbc/library/std/src/sys_common/backtrace.rs:150:18
[INFO] [stderr]     13:     0x55b722da30d2 - rust_begin_unwind
[INFO] [stderr]                                  at /rustc/84c898d65adf2f39a5a98507f1fe0ce10a2b8dbc/library/std/src/panicking.rs:579:5
[INFO] [stderr]     14:     0x55b722d047c3 - core::panicking::panic_fmt::hf33a1475b4dc5c3e
[INFO] [stderr]                                  at /rustc/84c898d65adf2f39a5a98507f1fe0ce10a2b8dbc/library/core/src/panicking.rs:64:14
[INFO] [stderr]     15:     0x55b722d0b65c - build_script_main::validate_headers::h848d48eb67ccfdf9
[INFO] [stderr]     16:     0x55b722d0f0b6 - build_script_main::find_normal::try_pkg_config::hf61dc3f6ba8c28bf
[INFO] [stderr]     17:     0x55b722d0e15e - build_script_main::find_normal::find_openssl_dir::h8e08a05ee77c8904
[INFO] [stderr]     18:     0x55b722d0db92 - build_script_main::find_normal::get_openssl::{{closure}}::h3a818b91965d112c
[INFO] [stderr]     19:     0x55b722d0f60a - core::option::Option<T>::unwrap_or_else::hb8f5f1c6ec63d3e7
[INFO] [stderr]     20:     0x55b722d0d94e - build_script_main::find_normal::get_openssl::h0e20f7edab24ae7c
[INFO] [stderr]     21:     0x55b722d0a39d - build_script_main::find_openssl::haf8859e27afc853c
[INFO] [stderr]     22:     0x55b722d0a47d - build_script_main::main::hb028125e1367396c
[INFO] [stderr]     23:     0x55b722d09633 - core::ops::function::FnOnce::call_once::h96b82e5fe8b3b234
[INFO] [stderr]     24:     0x55b722d09389 - std::sys_common::backtrace::__rust_begin_short_backtrace::h2c53d4368454b071
[INFO] [stderr]     25:     0x55b722d08139 - std::rt::lang_start::{{closure}}::h5304f791acd5f236
[INFO] [stderr]     26:     0x55b722d9b0dc - core::ops::function::impls::<impl core::ops::function::FnOnce<A> for &F>::call_once::hd6efcd3bec896f2c
[INFO] [stderr]                                  at /rustc/84c898d65adf2f39a5a98507f1fe0ce10a2b8dbc/library/core/src/ops/function.rs:287:13
[INFO] [stderr]     27:     0x55b722d9b0dc - std::panicking::try::do_call::hce04e543bb1f4cbb
[INFO] [stderr]                                  at /rustc/84c898d65adf2f39a5a98507f1fe0ce10a2b8dbc/library/std/src/panicking.rs:487:40
[INFO] [stderr]     28:     0x55b722d9b0dc - std::panicking::try::h3342dd4e1f680968
[INFO] [stderr]                                  at /rustc/84c898d65adf2f39a5a98507f1fe0ce10a2b8dbc/library/std/src/panicking.rs:451:19
[INFO] [stderr]     29:     0x55b722d9b0dc - std::panic::catch_unwind::h148ce1e59ac0cee7
[INFO] [stderr]                                  at /rustc/84c898d65adf2f39a5a98507f1fe0ce10a2b8dbc/library/std/src/panic.rs:140:14
[INFO] [stderr]     30:     0x55b722d9b0dc - std::rt::lang_start_internal::{{closure}}::h25f9dda2057a67fe
[INFO] [stderr]                                  at /rustc/84c898d65adf2f39a5a98507f1fe0ce10a2b8dbc/library/std/src/rt.rs:148:48
[INFO] [stderr]     31:     0x55b722d9b0dc - std::panicking::try::do_call::h7caaaeaf9401650b
[INFO] [stderr]                                  at /rustc/84c898d65adf2f39a5a98507f1fe0ce10a2b8dbc/library/std/src/panicking.rs:487:40
[INFO] [stderr]     32:     0x55b722d9b0dc - std::panicking::try::he7d15285746cbbc2
[INFO] [stderr]                                  at /rustc/84c898d65adf2f39a5a98507f1fe0ce10a2b8dbc/library/std/src/panicking.rs:451:19
[INFO] [stderr]     33:     0x55b722d9b0dc - std::panic::catch_unwind::h89fb4f50c0301fe0
[INFO] [stderr]                                  at /rustc/84c898d65adf2f39a5a98507f1fe0ce10a2b8dbc/library/std/src/panic.rs:140:14
[INFO] [stderr]     34:     0x55b722d9b0dc - std::rt::lang_start_internal::h078acd489417d3c1
[INFO] [stderr]                                  at /rustc/84c898d65adf2f39a5a98507f1fe0ce10a2b8dbc/library/std/src/rt.rs:148:20
[INFO] [stderr]     35:     0x55b722d08117 - std::rt::lang_start::he6db218163495ec3
[INFO] [stderr]     36:     0x55b722d0d615 - main
[INFO] [stderr]     37:     0x7f2fe6dcfd90 - <unknown>
[INFO] [stderr]     38:     0x7f2fe6dcfe40 - __libc_start_main
[INFO] [stderr]     39:     0x55b722d04d45 - _start
[INFO] [stderr]     40:                0x0 - <unknown>
[INFO] [stderr] warning: build failed, waiting for other jobs to finish...
[INFO] running `Command { std: "docker" "inspect" "9d7db97f59afa3bc24a14bd29cb80b8c4226ec88c6e0fe0f87b58d46e4bac3e0", kill_on_drop: false }`
[INFO] running `Command { std: "docker" "rm" "-f" "9d7db97f59afa3bc24a14bd29cb80b8c4226ec88c6e0fe0f87b58d46e4bac3e0", kill_on_drop: false }`
[INFO] [stdout] 9d7db97f59afa3bc24a14bd29cb80b8c4226ec88c6e0fe0f87b58d46e4bac3e0
