[INFO] fetching crate bluetooth-sys 0.1.0...
[INFO] testing bluetooth-sys-0.1.0 against 1.69.0 for beta-1.70-1
[INFO] extracting crate bluetooth-sys 0.1.0 into /workspace/builds/worker-4-tc1/source
[INFO] validating manifest of crates.io crate bluetooth-sys 0.1.0 on toolchain 1.69.0
[INFO] running `Command { std: CARGO_HOME="/workspace/cargo-home" RUSTUP_HOME="/workspace/rustup-home" "/workspace/cargo-home/bin/cargo" "+1.69.0" "metadata" "--manifest-path" "Cargo.toml" "--no-deps", kill_on_drop: false }`
[INFO] started tweaking crates.io crate bluetooth-sys 0.1.0
[INFO] finished tweaking crates.io crate bluetooth-sys 0.1.0
[INFO] tweaked toml for crates.io crate bluetooth-sys 0.1.0 written to /workspace/builds/worker-4-tc1/source/Cargo.toml
[INFO] running `Command { std: CARGO_HOME="/workspace/cargo-home" RUSTUP_HOME="/workspace/rustup-home" __CARGO_TEST_CHANNEL_OVERRIDE_DO_NOT_USE_THIS="nightly" "/workspace/cargo-home/bin/cargo" "+1.69.0" "generate-lockfile" "--manifest-path" "Cargo.toml" "-Zno-index-update", kill_on_drop: false }`
[INFO] running `Command { std: CARGO_HOME="/workspace/cargo-home" RUSTUP_HOME="/workspace/rustup-home" "/workspace/cargo-home/bin/cargo" "+1.69.0" "fetch" "--manifest-path" "Cargo.toml", kill_on_drop: false }`
[INFO] [stderr]  Downloading crates ...
[INFO] [stderr]   Downloaded nom v5.1.3
[INFO] [stderr]   Downloaded libloading v0.5.2
[INFO] [stderr]   Downloaded bindgen v0.53.3
[INFO] [stderr]   Downloaded clang-sys v0.29.3
[INFO] running `Command { std: "docker" "create" "-v" "/var/lib/crater-agent-workspace/builds/worker-4-tc1/target:/opt/rustwide/target:rw,Z" "-v" "/var/lib/crater-agent-workspace/builds/worker-4-tc1/source:/opt/rustwide/workdir:ro,Z" "-v" "/var/lib/crater-agent-workspace/cargo-home:/opt/rustwide/cargo-home:ro,Z" "-v" "/var/lib/crater-agent-workspace/rustup-home:/opt/rustwide/rustup-home:ro,Z" "-e" "SOURCE_DIR=/opt/rustwide/workdir" "-e" "CARGO_TARGET_DIR=/opt/rustwide/target" "-e" "CARGO_HOME=/opt/rustwide/cargo-home" "-e" "RUSTUP_HOME=/opt/rustwide/rustup-home" "-w" "/opt/rustwide/workdir" "-m" "1610612736" "--user" "0:0" "--network" "none" "ghcr.io/rust-lang/crates-build-env/linux@sha256:5ff2268d62e97bff2cde7d5815dd6ed5b47097566f13b8d0ca110b04b60e07ed" "/opt/rustwide/cargo-home/bin/cargo" "+1.69.0" "metadata" "--no-deps" "--format-version=1", kill_on_drop: false }`
[INFO] [stdout] 5c6dd98add600148de7e52d334330da40c1aec0704b81f88452180b3331c73ee
[INFO] running `Command { std: "docker" "start" "-a" "5c6dd98add600148de7e52d334330da40c1aec0704b81f88452180b3331c73ee", kill_on_drop: false }`
[INFO] running `Command { std: "docker" "inspect" "5c6dd98add600148de7e52d334330da40c1aec0704b81f88452180b3331c73ee", kill_on_drop: false }`
[INFO] running `Command { std: "docker" "rm" "-f" "5c6dd98add600148de7e52d334330da40c1aec0704b81f88452180b3331c73ee", kill_on_drop: false }`
[INFO] [stdout] 5c6dd98add600148de7e52d334330da40c1aec0704b81f88452180b3331c73ee
[INFO] running `Command { std: "docker" "create" "-v" "/var/lib/crater-agent-workspace/builds/worker-4-tc1/target:/opt/rustwide/target:rw,Z" "-v" "/var/lib/crater-agent-workspace/builds/worker-4-tc1/source:/opt/rustwide/workdir:ro,Z" "-v" "/var/lib/crater-agent-workspace/cargo-home:/opt/rustwide/cargo-home:ro,Z" "-v" "/var/lib/crater-agent-workspace/rustup-home:/opt/rustwide/rustup-home:ro,Z" "-e" "SOURCE_DIR=/opt/rustwide/workdir" "-e" "CARGO_TARGET_DIR=/opt/rustwide/target" "-e" "CARGO_INCREMENTAL=0" "-e" "RUST_BACKTRACE=full" "-e" "RUSTFLAGS=--cap-lints=warn" "-e" "RUSTDOCFLAGS=--cap-lints=warn" "-e" "CARGO_HOME=/opt/rustwide/cargo-home" "-e" "RUSTUP_HOME=/opt/rustwide/rustup-home" "-w" "/opt/rustwide/workdir" "-m" "1610612736" "--user" "0:0" "--network" "none" "ghcr.io/rust-lang/crates-build-env/linux@sha256:5ff2268d62e97bff2cde7d5815dd6ed5b47097566f13b8d0ca110b04b60e07ed" "/opt/rustwide/cargo-home/bin/cargo" "+1.69.0" "build" "--frozen" "--message-format=json", kill_on_drop: false }`
[INFO] [stdout] eae29582e2bdca7c7b468fb5fc49995513b18548548b3eb704efb612b79a3b4b
[INFO] running `Command { std: "docker" "start" "-a" "eae29582e2bdca7c7b468fb5fc49995513b18548548b3eb704efb612b79a3b4b", kill_on_drop: false }`
[INFO] [stderr]    Compiling memchr v2.5.0
[INFO] [stderr]    Compiling libc v0.2.142
[INFO] [stderr]    Compiling glob v0.3.1
[INFO] [stderr]    Compiling proc-macro2 v1.0.56
[INFO] [stderr]    Compiling unicode-width v0.1.10
[INFO] [stderr]    Compiling libloading v0.5.2
[INFO] [stderr]    Compiling nom v5.1.3
[INFO] [stderr]    Compiling log v0.4.17
[INFO] [stderr]    Compiling regex-syntax v0.7.1
[INFO] [stderr]    Compiling quote v1.0.26
[INFO] [stderr]    Compiling quick-error v1.2.3
[INFO] [stderr]    Compiling cfg-if v1.0.0
[INFO] [stderr]    Compiling clang-sys v0.29.3
[INFO] [stderr]    Compiling humantime v1.3.0
[INFO] [stderr]    Compiling atty v0.2.14
[INFO] [stderr]    Compiling textwrap v0.11.0
[INFO] [stderr]    Compiling bindgen v0.53.3
[INFO] [stderr]    Compiling vec_map v0.8.2
[INFO] [stderr]    Compiling aho-corasick v1.0.1
[INFO] [stderr]    Compiling bitflags v1.3.2
[INFO] [stderr]    Compiling ansi_term v0.12.1
[INFO] [stderr]    Compiling strsim v0.8.0
[INFO] [stderr]    Compiling termcolor v1.2.0
[INFO] [stderr]    Compiling clap v2.34.0
[INFO] [stderr]    Compiling which v3.1.1
[INFO] [stderr]    Compiling peeking_take_while v0.1.2
[INFO] [stderr]    Compiling lazycell v1.3.0
[INFO] [stderr]    Compiling shlex v0.1.1
[INFO] [stderr]    Compiling cfg-if v0.1.10
[INFO] [stderr]    Compiling lazy_static v1.4.0
[INFO] [stderr]    Compiling rustc-hash v1.1.0
[INFO] [stderr]    Compiling cexpr v0.4.0
[INFO] [stderr]    Compiling regex v1.8.1
[INFO] [stderr]    Compiling env_logger v0.7.1
[INFO] [stderr]    Compiling bluetooth-sys v0.1.0 (/opt/rustwide/workdir)
[INFO] [stdout] warning: lint `safe_packed_borrows` has been removed: converted into hard error, see issue #82523 <https://github.com/rust-lang/rust/issues/82523> for more information
[INFO] [stdout]  --> src/lib.rs:4:10
[INFO] [stdout]   |
[INFO] [stdout] 4 | #![allow(safe_packed_borrows)]
[INFO] [stdout]   |          ^^^^^^^^^^^^^^^^^^^
[INFO] [stdout]   |
[INFO] [stdout]   = note: `#[warn(renamed_and_removed_lints)]` on by default
[INFO] [stdout] 
[INFO] [stdout] 
[INFO] [stdout] error[E0507]: cannot move out of `self.caps` which is behind a shared reference
[INFO] [stdout]  --> /opt/rustwide/target/debug/build/bluetooth-sys-8d333b7e334b17a7/out/bindings.rs:3:187285
[INFO] [stdout]   |
[INFO] [stdout] 3 | ...e (Debug)] pub struct bt_codec { pub id : u8 , pub cid : u16 , pub vid : u16 , pub data_path_id : u8 , pub num_caps : u8 , pub caps : __IncompleteArrayField < bt_codec_codec_caps > , ...
[INFO] [stdout]   |       ----- in this derive macro expansion                                                                                    ^^^^^^^^^^^^^^^^^^^^^^^^^^^^^^^^^^^^^^^^^^^^^^^^^^^^^^^^^ move occurs because `self.caps` has type `__IncompleteArrayField<bt_codec_codec_caps>`, which does not implement the `Copy` trait
[INFO] [stdout]   |
[INFO] [stdout]   = note: this error originates in the derive macro `Debug` (in Nightly builds, run with -Z macro-backtrace for more info)
[INFO] [stdout] 
[INFO] [stdout] 
[INFO] [stdout] error[E0507]: cannot move out of `self.codecs` which is behind a shared reference
[INFO] [stdout]  --> /opt/rustwide/target/debug/build/bluetooth-sys-8d333b7e334b17a7/out/bindings.rs:3:189853
[INFO] [stdout]   |
[INFO] [stdout] 3 | ...] # [derive (Debug)] pub struct bt_codecs { pub num_codecs : u8 , pub codecs : __IncompleteArrayField < bt_codec > , } # [test] fn bin...
[INFO] [stdout]   |                 ----- in this derive macro expansion                 ^^^^^^^^^^^^^^^^^^^^^^^^^^^^^^^^^^^^^^^^^^^^^^^^ move occurs because `self.codecs` has type `__IncompleteArrayField<bt_codec>`, which does not implement the `Copy` trait
[INFO] [stdout]   |
[INFO] [stdout]   = note: this error originates in the derive macro `Debug` (in Nightly builds, run with -Z macro-backtrace for more info)
[INFO] [stdout] 
[INFO] [stdout] 
[INFO] [stdout] error[E0507]: cannot move out of `self.service` which is behind a shared reference
[INFO] [stdout]  --> /opt/rustwide/target/debug/build/bluetooth-sys-8d333b7e334b17a7/out/bindings.rs:3:194314
[INFO] [stdout]   |
[INFO] [stdout] 3 | ...e (Debug)] pub struct bnep_setup_conn_req { pub type_ : u8 , pub ctrl : u8 , pub uuid_size : u8 , pub service : __IncompleteArrayField < u8 > , ...
[INFO] [stdout]   |       ----- in this derive macro expansion                                                           ^^^^^^^^^^^^^^^^^^^^^^^^^^^^^^^^^^^^^^^^^^^ move occurs because `self.service` has type `__IncompleteArrayField<u8>`, which does not implement the `Copy` trait
[INFO] [stdout]   |
[INFO] [stdout]   = note: this error originates in the derive macro `Debug` (in Nightly builds, run with -Z macro-backtrace for more info)
[INFO] [stdout] 
[INFO] [stdout] 
[INFO] [stdout] error[E0507]: cannot move out of `self.list` which is behind a shared reference
[INFO] [stdout]  --> /opt/rustwide/target/debug/build/bluetooth-sys-8d333b7e334b17a7/out/bindings.rs:3:195737
[INFO] [stdout]   |
[INFO] [stdout] 3 | ...e (Debug)] pub struct bnep_set_filter_req { pub type_ : u8 , pub ctrl : u8 , pub len : u16 , pub list : __IncompleteArrayField < u8 > , ...
[INFO] [stdout]   |       ----- in this derive macro expansion                                                      ^^^^^^^^^^^^^^^^^^^^^^^^^^^^^^^^^^^^^^^^ move occurs because `self.list` has type `__IncompleteArrayField<u8>`, which does not implement the `Copy` trait
[INFO] [stdout]   |
[INFO] [stdout]   = note: this error originates in the derive macro `Debug` (in Nightly builds, run with -Z macro-backtrace for more info)
[INFO] [stdout] 
[INFO] [stdout] 
[INFO] [stdout] error[E0507]: cannot move out of `self.data` which is behind a shared reference
[INFO] [stdout]  --> /opt/rustwide/target/debug/build/bluetooth-sys-8d333b7e334b17a7/out/bindings.rs:3:199559
[INFO] [stdout]   |
[INFO] [stdout] 3 | ...# [derive (Debug)] pub struct bnep_ext_hdr { pub type_ : u8 , pub len : u8 , pub data : __IncompleteArrayField < u8 > , } # [test] fn ...
[INFO] [stdout]   |               ----- in this derive macro expansion                              ^^^^^^^^^^^^^^^^^^^^^^^^^^^^^^^^^^^^^^^^ move occurs because `self.data` has type `__IncompleteArrayField<u8>`, which does not implement the `Copy` trait
[INFO] [stdout]   |
[INFO] [stdout]   = note: this error originates in the derive macro `Debug` (in Nightly builds, run with -Z macro-backtrace for more info)
[INFO] [stdout] 
[INFO] [stdout] 
[INFO] [stdout] error[E0507]: cannot move out of `self.condition` which is behind a shared reference
[INFO] [stdout]  --> /opt/rustwide/target/debug/build/bluetooth-sys-8d333b7e334b17a7/out/bindings.rs:3:266645
[INFO] [stdout]   |
[INFO] [stdout] 3 | ...e (Debug)] pub struct set_event_flt_cp { pub flt_type : u8 , pub cond_type : u8 , pub condition : __IncompleteArrayField < u8 > , } # ...
[INFO] [stdout]   |       ----- in this derive macro expansion                                           ^^^^^^^^^^^^^^^^^^^^^^^^^^^^^^^^^^^^^^^^^^^^^ move occurs because `self.condition` has type `__IncompleteArrayField<u8>`, which does not implement the `Copy` trait
[INFO] [stdout]   |
[INFO] [stdout]   = note: this error originates in the derive macro `Debug` (in Nightly builds, run with -Z macro-backtrace for more info)
[INFO] [stdout] 
[INFO] [stdout] 
[INFO] [stdout] error[E0507]: cannot move out of `self.data` which is behind a shared reference
[INFO] [stdout]  --> /opt/rustwide/target/debug/build/bluetooth-sys-8d333b7e334b17a7/out/bindings.rs:3:465628
[INFO] [stdout]   |
[INFO] [stdout] 3 | ...] # [derive (Debug)] pub struct evt_le_meta_event { pub subevent : u8 , pub data : __IncompleteArrayField < u8 > , } # [test] fn bindg...
[INFO] [stdout]   |                 ----- in this derive macro expansion                       ^^^^^^^^^^^^^^^^^^^^^^^^^^^^^^^^^^^^^^^^ move occurs because `self.data` has type `__IncompleteArrayField<u8>`, which does not implement the `Copy` trait
[INFO] [stdout]   |
[INFO] [stdout]   = note: this error originates in the derive macro `Debug` (in Nightly builds, run with -Z macro-backtrace for more info)
[INFO] [stdout] 
[INFO] [stdout] 
[INFO] [stdout] error[E0507]: cannot move out of `self.data` which is behind a shared reference
[INFO] [stdout]  --> /opt/rustwide/target/debug/build/bluetooth-sys-8d333b7e334b17a7/out/bindings.rs:3:469560
[INFO] [stdout]   |
[INFO] [stdout] 3 | ...e (Debug)] pub struct le_advertising_info { pub evt_type : u8 , pub bdaddr_type : u8 , pub bdaddr : bdaddr_t , pub length : u8 , pub data : __IncompleteArrayField < u8 > , ...
[INFO] [stdout]   |       ----- in this derive macro expansion                                                                                          ^^^^^^^^^^^^^^^^^^^^^^^^^^^^^^^^^^^^^^^^ move occurs because `self.data` has type `__IncompleteArrayField<u8>`, which does not implement the `Copy` trait
[INFO] [stdout]   |
[INFO] [stdout]   = note: this error originates in the derive macro `Debug` (in Nightly builds, run with -Z macro-backtrace for more info)
[INFO] [stdout] 
[INFO] [stdout] 
[INFO] [stdout] error[E0507]: cannot move out of `self.handles` which is behind a shared reference
[INFO] [stdout]  --> /opt/rustwide/target/debug/build/bluetooth-sys-8d333b7e334b17a7/out/bindings.rs:3:483704
[INFO] [stdout]   |
[INFO] [stdout] 3 | ...e (Debug)] pub struct evt_num_completed_blocks { pub total_num_blocks : u16 , pub num_handles : u8 , pub handles : __IncompleteArrayField < cmplt_handle > , ...
[INFO] [stdout]   |       ----- in this derive macro expansion                                                              ^^^^^^^^^^^^^^^^^^^^^^^^^^^^^^^^^^^^^^^^^^^^^^^^^^^^^ move occurs because `self.handles` has type `__IncompleteArrayField<cmplt_handle>`, which does not implement the `Copy` trait
[INFO] [stdout]   |
[INFO] [stdout]   = note: this error originates in the derive macro `Debug` (in Nightly builds, run with -Z macro-backtrace for more info)
[INFO] [stdout] 
[INFO] [stdout] 
[INFO] [stdout] error[E0507]: cannot move out of `self.data` which is behind a shared reference
[INFO] [stdout]  --> /opt/rustwide/target/debug/build/bluetooth-sys-8d333b7e334b17a7/out/bindings.rs:3:485921
[INFO] [stdout]   |
[INFO] [stdout] 3 | ...d)] # [derive (Debug)] pub struct evt_stack_internal { pub type_ : u16 , pub data : __IncompleteArrayField < u8 > , } # [test] fn bind...
[INFO] [stdout]   |                   ----- in this derive macro expansion                      ^^^^^^^^^^^^^^^^^^^^^^^^^^^^^^^^^^^^^^^^ move occurs because `self.data` has type `__IncompleteArrayField<u8>`, which does not implement the `Copy` trait
[INFO] [stdout]   |
[INFO] [stdout]   = note: this error originates in the derive macro `Debug` (in Nightly builds, run with -Z macro-backtrace for more info)
[INFO] [stdout] 
[INFO] [stdout] 
[INFO] [stdout] error[E0507]: cannot move out of `self.data` which is behind a shared reference
[INFO] [stdout]  --> /opt/rustwide/target/debug/build/bluetooth-sys-8d333b7e334b17a7/out/bindings.rs:3:547717
[INFO] [stdout]   |
[INFO] [stdout] 3 | ...[derive (Debug)] pub struct l2cap_conf_req { pub dcid : u16 , pub flags : u16 , pub data : __IncompleteArrayField < u8 > , } # [test] ...
[INFO] [stdout]   |             ----- in this derive macro expansion                                   ^^^^^^^^^^^^^^^^^^^^^^^^^^^^^^^^^^^^^^^^ move occurs because `self.data` has type `__IncompleteArrayField<u8>`, which does not implement the `Copy` trait
[INFO] [stdout]   |
[INFO] [stdout]   = note: this error originates in the derive macro `Debug` (in Nightly builds, run with -Z macro-backtrace for more info)
[INFO] [stdout] 
[INFO] [stdout] 
[INFO] [stdout] error[E0507]: cannot move out of `self.data` which is behind a shared reference
[INFO] [stdout]  --> /opt/rustwide/target/debug/build/bluetooth-sys-8d333b7e334b17a7/out/bindings.rs:3:548844
[INFO] [stdout]   |
[INFO] [stdout] 3 | ...e (Debug)] pub struct l2cap_conf_rsp { pub scid : u16 , pub flags : u16 , pub result : u16 , pub data : __IncompleteArrayField < u8 > , ...
[INFO] [stdout]   |       ----- in this derive macro expansion                                                      ^^^^^^^^^^^^^^^^^^^^^^^^^^^^^^^^^^^^^^^^ move occurs because `self.data` has type `__IncompleteArrayField<u8>`, which does not implement the `Copy` trait
[INFO] [stdout]   |
[INFO] [stdout]   = note: this error originates in the derive macro `Debug` (in Nightly builds, run with -Z macro-backtrace for more info)
[INFO] [stdout] 
[INFO] [stdout] 
[INFO] [stdout] error[E0507]: cannot move out of `self.val` which is behind a shared reference
[INFO] [stdout]  --> /opt/rustwide/target/debug/build/bluetooth-sys-8d333b7e334b17a7/out/bindings.rs:3:550165
[INFO] [stdout]   |
[INFO] [stdout] 3 | ...# [derive (Debug)] pub struct l2cap_conf_opt { pub type_ : u8 , pub len : u8 , pub val : __IncompleteArrayField < u8 > , } # [test] fn...
[INFO] [stdout]   |               ----- in this derive macro expansion                                ^^^^^^^^^^^^^^^^^^^^^^^^^^^^^^^^^^^^^^^ move occurs because `self.val` has type `__IncompleteArrayField<u8>`, which does not implement the `Copy` trait
[INFO] [stdout]   |
[INFO] [stdout]   = note: this error originates in the derive macro `Debug` (in Nightly builds, run with -Z macro-backtrace for more info)
[INFO] [stdout] 
[INFO] [stdout] 
[INFO] [stdout] error[E0507]: cannot move out of `self.data` which is behind a shared reference
[INFO] [stdout]  --> /opt/rustwide/target/debug/build/bluetooth-sys-8d333b7e334b17a7/out/bindings.rs:3:553699
[INFO] [stdout]   |
[INFO] [stdout] 3 | ...[derive (Debug)] pub struct l2cap_info_rsp { pub type_ : u16 , pub result : u16 , pub data : __IncompleteArrayField < u8 > , } # [test...
[INFO] [stdout]   |             ----- in this derive macro expansion                                     ^^^^^^^^^^^^^^^^^^^^^^^^^^^^^^^^^^^^^^^^ move occurs because `self.data` has type `__IncompleteArrayField<u8>`, which does not implement the `Copy` trait
[INFO] [stdout]   |
[INFO] [stdout]   = note: this error originates in the derive macro `Debug` (in Nightly builds, run with -Z macro-backtrace for more info)
[INFO] [stdout] 
[INFO] [stdout] 
[INFO] [stdout] error: aborting due to 14 previous errors; 1 warning emitted
[INFO] [stdout] 
[INFO] [stdout] 
[INFO] [stdout] For more information about this error, try `rustc --explain E0507`.
[INFO] [stdout] 
[INFO] [stderr] error: could not compile `bluetooth-sys` due to 15 previous errors; 1 warning emitted
[INFO] running `Command { std: "docker" "inspect" "eae29582e2bdca7c7b468fb5fc49995513b18548548b3eb704efb612b79a3b4b", kill_on_drop: false }`
[INFO] running `Command { std: "docker" "rm" "-f" "eae29582e2bdca7c7b468fb5fc49995513b18548548b3eb704efb612b79a3b4b", kill_on_drop: false }`
[INFO] [stdout] eae29582e2bdca7c7b468fb5fc49995513b18548548b3eb704efb612b79a3b4b
