[INFO] fetching crate blend-rs 0.3.0...
[INFO] testing blend-rs-0.3.0 against beta-2023-04-20 for beta-1.70-1
[INFO] extracting crate blend-rs 0.3.0 into /workspace/builds/worker-2-tc2/source
[INFO] validating manifest of crates.io crate blend-rs 0.3.0 on toolchain beta-2023-04-20
[INFO] running `Command { std: CARGO_HOME="/workspace/cargo-home" RUSTUP_HOME="/workspace/rustup-home" "/workspace/cargo-home/bin/cargo" "+beta-2023-04-20" "metadata" "--manifest-path" "Cargo.toml" "--no-deps", kill_on_drop: false }`
[INFO] started tweaking crates.io crate blend-rs 0.3.0
[INFO] finished tweaking crates.io crate blend-rs 0.3.0
[INFO] tweaked toml for crates.io crate blend-rs 0.3.0 written to /workspace/builds/worker-2-tc2/source/Cargo.toml
[INFO] crate crates.io crate blend-rs 0.3.0 already has a lockfile, it will not be regenerated
[INFO] running `Command { std: CARGO_HOME="/workspace/cargo-home" RUSTUP_HOME="/workspace/rustup-home" "/workspace/cargo-home/bin/cargo" "+beta-2023-04-20" "fetch" "--manifest-path" "Cargo.toml", kill_on_drop: false }`
[INFO] [stderr]     Updating crates.io index
[INFO] [stderr]  Downloading crates ...
[INFO] [stderr]   Downloaded num v0.2.1
[INFO] [stderr]   Downloaded num-bigint v0.2.6
[INFO] [stderr]   Downloaded num-complex v0.2.4
[INFO] [stderr]   Downloaded num-rational v0.2.4
[INFO] [stderr]   Downloaded blend-inspect-rs v0.3.0
[INFO] [stderr]   Downloaded hamcrest2 v0.3.0
[INFO] [stderr]   Downloaded num-iter v0.1.43
[INFO] [stderr]   Downloaded blend-bindgen-rs v0.5.0
[INFO] running `Command { std: "docker" "create" "-v" "/var/lib/crater-agent-workspace/builds/worker-2-tc2/target:/opt/rustwide/target:rw,Z" "-v" "/var/lib/crater-agent-workspace/builds/worker-2-tc2/source:/opt/rustwide/workdir:ro,Z" "-v" "/var/lib/crater-agent-workspace/cargo-home:/opt/rustwide/cargo-home:ro,Z" "-v" "/var/lib/crater-agent-workspace/rustup-home:/opt/rustwide/rustup-home:ro,Z" "-e" "SOURCE_DIR=/opt/rustwide/workdir" "-e" "CARGO_TARGET_DIR=/opt/rustwide/target" "-e" "CARGO_HOME=/opt/rustwide/cargo-home" "-e" "RUSTUP_HOME=/opt/rustwide/rustup-home" "-w" "/opt/rustwide/workdir" "-m" "1610612736" "--user" "0:0" "--network" "none" "ghcr.io/rust-lang/crates-build-env/linux@sha256:5ff2268d62e97bff2cde7d5815dd6ed5b47097566f13b8d0ca110b04b60e07ed" "/opt/rustwide/cargo-home/bin/cargo" "+beta-2023-04-20" "metadata" "--no-deps" "--format-version=1", kill_on_drop: false }`
[INFO] [stdout] ea170935a8b4452d203d0f265230a35009641211aef8c43bad765058a5b6e3bb
[INFO] running `Command { std: "docker" "start" "-a" "ea170935a8b4452d203d0f265230a35009641211aef8c43bad765058a5b6e3bb", kill_on_drop: false }`
[INFO] running `Command { std: "docker" "inspect" "ea170935a8b4452d203d0f265230a35009641211aef8c43bad765058a5b6e3bb", kill_on_drop: false }`
[INFO] running `Command { std: "docker" "rm" "-f" "ea170935a8b4452d203d0f265230a35009641211aef8c43bad765058a5b6e3bb", kill_on_drop: false }`
[INFO] [stdout] ea170935a8b4452d203d0f265230a35009641211aef8c43bad765058a5b6e3bb
[INFO] running `Command { std: "docker" "create" "-v" "/var/lib/crater-agent-workspace/builds/worker-2-tc2/target:/opt/rustwide/target:rw,Z" "-v" "/var/lib/crater-agent-workspace/builds/worker-2-tc2/source:/opt/rustwide/workdir:ro,Z" "-v" "/var/lib/crater-agent-workspace/cargo-home:/opt/rustwide/cargo-home:ro,Z" "-v" "/var/lib/crater-agent-workspace/rustup-home:/opt/rustwide/rustup-home:ro,Z" "-e" "SOURCE_DIR=/opt/rustwide/workdir" "-e" "CARGO_TARGET_DIR=/opt/rustwide/target" "-e" "CARGO_INCREMENTAL=0" "-e" "RUST_BACKTRACE=full" "-e" "RUSTFLAGS=--cap-lints=warn" "-e" "RUSTDOCFLAGS=--cap-lints=warn" "-e" "CARGO_HOME=/opt/rustwide/cargo-home" "-e" "RUSTUP_HOME=/opt/rustwide/rustup-home" "-w" "/opt/rustwide/workdir" "-m" "1610612736" "--user" "0:0" "--network" "none" "ghcr.io/rust-lang/crates-build-env/linux@sha256:5ff2268d62e97bff2cde7d5815dd6ed5b47097566f13b8d0ca110b04b60e07ed" "/opt/rustwide/cargo-home/bin/cargo" "+beta-2023-04-20" "build" "--frozen" "--message-format=json", kill_on_drop: false }`
[INFO] [stdout] 9e7452c37796e0f1b697ce72f68d8528cb178295a73a9187941ef4821bec343f
[INFO] running `Command { std: "docker" "start" "-a" "9e7452c37796e0f1b697ce72f68d8528cb178295a73a9187941ef4821bec343f", kill_on_drop: false }`
[INFO] [stderr]    Compiling proc-macro2 v1.0.49
[INFO] [stderr]    Compiling quote v1.0.23
[INFO] [stderr]    Compiling unicode-ident v1.0.6
[INFO] [stderr]    Compiling syn v1.0.107
[INFO] [stderr]    Compiling memchr v2.5.0
[INFO] [stderr]    Compiling thiserror v1.0.38
[INFO] [stderr]    Compiling either v1.8.0
[INFO] [stderr]    Compiling minimal-lexical v0.2.1
[INFO] [stderr]    Compiling itertools v0.10.5
[INFO] [stderr]    Compiling nom v7.1.1
[INFO] [stderr]    Compiling thiserror-impl v1.0.38
[INFO] [stderr]    Compiling blend-inspect-rs v0.3.0
[INFO] [stderr]    Compiling blend-bindgen-rs v0.5.0
[INFO] [stderr]    Compiling blend-rs v0.3.0 (/opt/rustwide/workdir)
[INFO] [stdout] warning: crate-level attribute should be an inner attribute: add an exclamation mark: `#![foo]`
[INFO] [stdout]   --> src/blend/mod.rs:25:5
[INFO] [stdout]    |
[INFO] [stdout] 25 |     #[feature(generic_associated_types)] //TODO: Switch to stable rust as soon as GATs are released.
[INFO] [stdout]    |     ^^^^^^^^^^^^^^^^^^^^^^^^^^^^^^^^^^^^
[INFO] [stdout]    |
[INFO] [stdout]    = note: `#[warn(unused_attributes)]` on by default
[INFO] [stdout] 
[INFO] [stdout] 
[INFO] [stdout] warning: 1 warning emitted
[INFO] [stdout] 
[INFO] [stdout] 
[INFO] [stderr]     Finished dev [unoptimized + debuginfo] target(s) in 12.58s
[INFO] running `Command { std: "docker" "inspect" "9e7452c37796e0f1b697ce72f68d8528cb178295a73a9187941ef4821bec343f", kill_on_drop: false }`
[INFO] running `Command { std: "docker" "rm" "-f" "9e7452c37796e0f1b697ce72f68d8528cb178295a73a9187941ef4821bec343f", kill_on_drop: false }`
[INFO] [stdout] 9e7452c37796e0f1b697ce72f68d8528cb178295a73a9187941ef4821bec343f
[INFO] running `Command { std: "docker" "create" "-v" "/var/lib/crater-agent-workspace/builds/worker-2-tc2/target:/opt/rustwide/target:rw,Z" "-v" "/var/lib/crater-agent-workspace/builds/worker-2-tc2/source:/opt/rustwide/workdir:ro,Z" "-v" "/var/lib/crater-agent-workspace/cargo-home:/opt/rustwide/cargo-home:ro,Z" "-v" "/var/lib/crater-agent-workspace/rustup-home:/opt/rustwide/rustup-home:ro,Z" "-e" "SOURCE_DIR=/opt/rustwide/workdir" "-e" "CARGO_TARGET_DIR=/opt/rustwide/target" "-e" "CARGO_INCREMENTAL=0" "-e" "RUST_BACKTRACE=full" "-e" "RUSTFLAGS=--cap-lints=warn" "-e" "RUSTDOCFLAGS=--cap-lints=warn" "-e" "CARGO_HOME=/opt/rustwide/cargo-home" "-e" "RUSTUP_HOME=/opt/rustwide/rustup-home" "-w" "/opt/rustwide/workdir" "-m" "1610612736" "--user" "0:0" "--network" "none" "ghcr.io/rust-lang/crates-build-env/linux@sha256:5ff2268d62e97bff2cde7d5815dd6ed5b47097566f13b8d0ca110b04b60e07ed" "/opt/rustwide/cargo-home/bin/cargo" "+beta-2023-04-20" "test" "--frozen" "--no-run" "--message-format=json", kill_on_drop: false }`
[INFO] [stdout] b7cb4f4cc061a95e88357e8ad2073528e41b11b60291030640117ee0113ea562
[INFO] running `Command { std: "docker" "start" "-a" "b7cb4f4cc061a95e88357e8ad2073528e41b11b60291030640117ee0113ea562", kill_on_drop: false }`
[INFO] [stderr]    Compiling autocfg v1.1.0
[INFO] [stderr]    Compiling memchr v2.5.0
[INFO] [stderr]    Compiling regex-syntax v0.6.28
[INFO] [stderr]    Compiling num-traits v0.2.15
[INFO] [stderr]    Compiling num-integer v0.1.45
[INFO] [stderr]    Compiling num-bigint v0.2.6
[INFO] [stderr]    Compiling num-rational v0.2.4
[INFO] [stderr]    Compiling num-iter v0.1.43
[INFO] [stderr]    Compiling num-complex v0.2.4
[INFO] [stderr]    Compiling nom v7.1.1
[INFO] [stderr]    Compiling aho-corasick v0.7.20
[INFO] [stderr]    Compiling regex v1.7.0
[INFO] [stderr]    Compiling blend-inspect-rs v0.3.0
[INFO] [stderr]    Compiling blend-bindgen-rs v0.5.0
[INFO] [stderr]    Compiling blend-rs v0.3.0 (/opt/rustwide/workdir)
[INFO] [stderr]    Compiling num v0.2.1
[INFO] [stderr]    Compiling hamcrest2 v0.3.0
[INFO] [stdout] error[E0433]: failed to resolve: could not find `blender2_79` in the crate root
[INFO] [stdout]    --> src/blend/reader/mod.rs:561:43
[INFO] [stdout]     |
[INFO] [stdout] 561 |         assert_that!(reader.iter::<crate::blender2_79::Object>(), is(err()))
[INFO] [stdout]     |                                           ^^^^^^^^^^^ could not find `blender2_79` in the crate root
[INFO] [stdout] 
[INFO] [stdout] 
[INFO] [stdout] error[E0433]: failed to resolve: could not find `blender2_80x86` in the crate root
[INFO] [stdout]    --> src/blend/reader/mod.rs:570:43
[INFO] [stdout]     |
[INFO] [stdout] 570 |         assert_that!(reader.iter::<crate::blender2_80x86::Object>(), is(err()))
[INFO] [stdout]     |                                           ^^^^^^^^^^^^^^ could not find `blender2_80x86` in the crate root
[INFO] [stdout] 
[INFO] [stdout] 
[INFO] [stdout] error[E0433]: failed to resolve: could not find `blender2_79` in the crate root
[INFO] [stdout]    --> src/blend/reader/mod.rs:583:70
[INFO] [stdout]     |
[INFO] [stdout] 583 |         assert_that!(reader.deref(&cube.data.as_instance_of::<crate::blender2_79::Mesh>()), is(err()))
[INFO] [stdout]     |                                                                      ^^^^^^^^^^^ could not find `blender2_79` in the crate root
[INFO] [stdout] 
[INFO] [stdout] 
[INFO] [stdout] error[E0433]: failed to resolve: could not find `blender2_79` in the crate root
[INFO] [stdout]    --> src/blend/reader/mod.rs:596:75
[INFO] [stdout]     |
[INFO] [stdout] 596 |         let mesh = reader.deref_single(&cube.data.as_instance_of::<crate::blender2_79::Mesh>());
[INFO] [stdout]     |                                                                           ^^^^^^^^^^^ could not find `blender2_79` in the crate root
[INFO] [stdout] 
[INFO] [stdout] 
[INFO] [stdout] warning: crate-level attribute should be an inner attribute: add an exclamation mark: `#![foo]`
[INFO] [stdout]   --> src/blend/mod.rs:25:5
[INFO] [stdout]    |
[INFO] [stdout] 25 |     #[feature(generic_associated_types)] //TODO: Switch to stable rust as soon as GATs are released.
[INFO] [stdout]    |     ^^^^^^^^^^^^^^^^^^^^^^^^^^^^^^^^^^^^
[INFO] [stdout]    |
[INFO] [stdout]    = note: `#[warn(unused_attributes)]` on by default
[INFO] [stdout] 
[INFO] [stdout] 
[INFO] [stdout] warning: unnecessary trailing semicolon
[INFO] [stdout]  --> /opt/rustwide/target/debug/build/blend-rs-27b7b1ede621e7d6/out/blender3_2.rs:1:668788
[INFO] [stdout]   |
[INFO] [stdout] 1 | ...ert_eq ! (std :: mem :: size_of :: < i8 > () , 1) ; ; assert_eq ! (std :: mem :: size_of :: < u8 > () , 1) ; ; assert_eq ! (std :: mem...
[INFO] [stdout]   |                                                        ^ help: remove this semicolon
[INFO] [stdout]   |
[INFO] [stdout]   = note: `#[warn(redundant_semicolons)]` on by default
[INFO] [stdout] 
[INFO] [stdout] 
[INFO] [stdout] warning: unnecessary trailing semicolon
[INFO] [stdout]  --> /opt/rustwide/target/debug/build/blend-rs-27b7b1ede621e7d6/out/blender3_2.rs:1:668845
[INFO] [stdout]   |
[INFO] [stdout] 1 | ...ert_eq ! (std :: mem :: size_of :: < u8 > () , 1) ; ; assert_eq ! (std :: mem :: size_of :: < i16 > () , 2) ; ; assert_eq ! (std :: me...
[INFO] [stdout]   |                                                        ^ help: remove this semicolon
[INFO] [stdout] 
[INFO] [stdout] 
[INFO] [stdout] warning: unnecessary trailing semicolon
[INFO] [stdout]  --> /opt/rustwide/target/debug/build/blend-rs-27b7b1ede621e7d6/out/blender3_2.rs:1:668903
[INFO] [stdout]   |
[INFO] [stdout] 1 | ...rt_eq ! (std :: mem :: size_of :: < i16 > () , 2) ; ; assert_eq ! (std :: mem :: size_of :: < u16 > () , 2) ; ; assert_eq ! (std :: me...
[INFO] [stdout]   |                                                        ^ help: remove this semicolon
[INFO] [stdout] 
[INFO] [stdout] 
[INFO] [stdout] warning: unnecessary trailing semicolon
[INFO] [stdout]  --> /opt/rustwide/target/debug/build/blend-rs-27b7b1ede621e7d6/out/blender3_2.rs:1:668961
[INFO] [stdout]   |
[INFO] [stdout] 1 | ...rt_eq ! (std :: mem :: size_of :: < u16 > () , 2) ; ; assert_eq ! (std :: mem :: size_of :: < i32 > () , 4) ; ; assert_eq ! (std :: me...
[INFO] [stdout]   |                                                        ^ help: remove this semicolon
[INFO] [stdout] 
[INFO] [stdout] 
[INFO] [stdout] warning: unnecessary trailing semicolon
[INFO] [stdout]  --> /opt/rustwide/target/debug/build/blend-rs-27b7b1ede621e7d6/out/blender3_2.rs:1:669019
[INFO] [stdout]   |
[INFO] [stdout] 1 | ...rt_eq ! (std :: mem :: size_of :: < i32 > () , 4) ; ; assert_eq ! (std :: mem :: size_of :: < i8 > () , 1) ; ; assert_eq ! (std :: mem...
[INFO] [stdout]   |                                                        ^ help: remove this semicolon
[INFO] [stdout] 
[INFO] [stdout] 
[INFO] [stdout] warning: unnecessary trailing semicolon
[INFO] [stdout]  --> /opt/rustwide/target/debug/build/blend-rs-27b7b1ede621e7d6/out/blender3_2.rs:1:669076
[INFO] [stdout]   |
[INFO] [stdout] 1 | ...ert_eq ! (std :: mem :: size_of :: < i8 > () , 1) ; ; assert_eq ! (std :: mem :: size_of :: < i64 > () , 8) ; ; assert_eq ! (std :: me...
[INFO] [stdout]   |                                                        ^ help: remove this semicolon
[INFO] [stdout] 
[INFO] [stdout] 
[INFO] [stdout] warning: unnecessary trailing semicolon
[INFO] [stdout]  --> /opt/rustwide/target/debug/build/blend-rs-27b7b1ede621e7d6/out/blender3_2.rs:1:669134
[INFO] [stdout]   |
[INFO] [stdout] 1 | ...rt_eq ! (std :: mem :: size_of :: < i64 > () , 8) ; ; assert_eq ! (std :: mem :: size_of :: < u64 > () , 8) ; ; assert_eq ! (std :: me...
[INFO] [stdout]   |                                                        ^ help: remove this semicolon
[INFO] [stdout] 
[INFO] [stdout] 
[INFO] [stdout] warning: unnecessary trailing semicolon
[INFO] [stdout]  --> /opt/rustwide/target/debug/build/blend-rs-27b7b1ede621e7d6/out/blender3_2.rs:1:669192
[INFO] [stdout]   |
[INFO] [stdout] 1 | ...rt_eq ! (std :: mem :: size_of :: < u64 > () , 8) ; ; assert_eq ! (std :: mem :: size_of :: < i32 > () , 4) ; ; assert_eq ! (std :: me...
[INFO] [stdout]   |                                                        ^ help: remove this semicolon
[INFO] [stdout] 
[INFO] [stdout] 
[INFO] [stdout] warning: unnecessary trailing semicolon
[INFO] [stdout]  --> /opt/rustwide/target/debug/build/blend-rs-27b7b1ede621e7d6/out/blender3_2.rs:1:669250
[INFO] [stdout]   |
[INFO] [stdout] 1 | ...rt_eq ! (std :: mem :: size_of :: < i32 > () , 4) ; ; assert_eq ! (std :: mem :: size_of :: < u32 > () , 4) ; ; assert_eq ! (std :: me...
[INFO] [stdout]   |                                                        ^ help: remove this semicolon
[INFO] [stdout] 
[INFO] [stdout] 
[INFO] [stdout] warning: unnecessary trailing semicolon
[INFO] [stdout]  --> /opt/rustwide/target/debug/build/blend-rs-27b7b1ede621e7d6/out/blender3_2.rs:1:669308
[INFO] [stdout]   |
[INFO] [stdout] 1 | ...rt_eq ! (std :: mem :: size_of :: < u32 > () , 4) ; ; assert_eq ! (std :: mem :: size_of :: < f32 > () , 4) ; ; assert_eq ! (std :: me...
[INFO] [stdout]   |                                                        ^ help: remove this semicolon
[INFO] [stdout] 
[INFO] [stdout] 
[INFO] [stdout] warning: unnecessary trailing semicolon
[INFO] [stdout]  --> /opt/rustwide/target/debug/build/blend-rs-27b7b1ede621e7d6/out/blender3_2.rs:1:669366
[INFO] [stdout]   |
[INFO] [stdout] 1 | ...rt_eq ! (std :: mem :: size_of :: < f32 > () , 4) ; ; assert_eq ! (std :: mem :: size_of :: < f64 > () , 8) ; } # [test] fn verify_Seq...
[INFO] [stdout]   |                                                        ^ help: remove this semicolon
[INFO] [stdout] 
[INFO] [stdout] 
[INFO] [stdout] warning: crate-level attribute should be an inner attribute: add an exclamation mark: `#![foo]`
[INFO] [stdout]   --> src/blend/mod.rs:25:5
[INFO] [stdout]    |
[INFO] [stdout] 25 |     #[feature(generic_associated_types)] //TODO: Switch to stable rust as soon as GATs are released.
[INFO] [stdout]    |     ^^^^^^^^^^^^^^^^^^^^^^^^^^^^^^^^^^^^
[INFO] [stdout]    |
[INFO] [stdout]    = note: `#[warn(unused_attributes)]` on by default
[INFO] [stdout] 
[INFO] [stdout] 
[INFO] [stdout] error: aborting due to 4 previous errors; 12 warnings emitted
[INFO] [stdout] 
[INFO] [stdout] 
[INFO] [stdout] For more information about this error, try `rustc --explain E0433`.
[INFO] [stdout] 
[INFO] [stderr] error: could not compile `blend-rs` (lib test) due to 5 previous errors; 12 warnings emitted
[INFO] [stderr] warning: build failed, waiting for other jobs to finish...
[INFO] [stdout] warning: 1 warning emitted
[INFO] [stdout] 
[INFO] [stdout] 
[INFO] running `Command { std: "docker" "inspect" "b7cb4f4cc061a95e88357e8ad2073528e41b11b60291030640117ee0113ea562", kill_on_drop: false }`
[INFO] running `Command { std: "docker" "rm" "-f" "b7cb4f4cc061a95e88357e8ad2073528e41b11b60291030640117ee0113ea562", kill_on_drop: false }`
[INFO] [stdout] b7cb4f4cc061a95e88357e8ad2073528e41b11b60291030640117ee0113ea562
