[INFO] fetching crate blakeout 0.3.0...
[INFO] testing blakeout-0.3.0 against beta-2023-04-20 for beta-1.70-1
[INFO] extracting crate blakeout 0.3.0 into /workspace/builds/worker-3-tc2/source
[INFO] validating manifest of crates.io crate blakeout 0.3.0 on toolchain beta-2023-04-20
[INFO] running `Command { std: CARGO_HOME="/workspace/cargo-home" RUSTUP_HOME="/workspace/rustup-home" "/workspace/cargo-home/bin/cargo" "+beta-2023-04-20" "metadata" "--manifest-path" "Cargo.toml" "--no-deps", kill_on_drop: false }`
[INFO] started tweaking crates.io crate blakeout 0.3.0
[INFO] finished tweaking crates.io crate blakeout 0.3.0
[INFO] tweaked toml for crates.io crate blakeout 0.3.0 written to /workspace/builds/worker-3-tc2/source/Cargo.toml
[INFO] crate crates.io crate blakeout 0.3.0 already has a lockfile, it will not be regenerated
[INFO] running `Command { std: CARGO_HOME="/workspace/cargo-home" RUSTUP_HOME="/workspace/rustup-home" "/workspace/cargo-home/bin/cargo" "+beta-2023-04-20" "fetch" "--manifest-path" "Cargo.toml", kill_on_drop: false }`
[INFO] [stderr]     Updating crates.io index
[INFO] [stderr]  Downloading crates ...
[INFO] [stderr]   Downloaded blake2 v0.9.1
[INFO] [stderr]   Downloaded subtle v2.4.0
[INFO] [stderr]   Downloaded typenum v1.13.0
[INFO] running `Command { std: "docker" "create" "-v" "/var/lib/crater-agent-workspace/builds/worker-3-tc2/target:/opt/rustwide/target:rw,Z" "-v" "/var/lib/crater-agent-workspace/builds/worker-3-tc2/source:/opt/rustwide/workdir:ro,Z" "-v" "/var/lib/crater-agent-workspace/cargo-home:/opt/rustwide/cargo-home:ro,Z" "-v" "/var/lib/crater-agent-workspace/rustup-home:/opt/rustwide/rustup-home:ro,Z" "-e" "SOURCE_DIR=/opt/rustwide/workdir" "-e" "CARGO_TARGET_DIR=/opt/rustwide/target" "-e" "CARGO_HOME=/opt/rustwide/cargo-home" "-e" "RUSTUP_HOME=/opt/rustwide/rustup-home" "-w" "/opt/rustwide/workdir" "-m" "1610612736" "--user" "0:0" "--network" "none" "ghcr.io/rust-lang/crates-build-env/linux@sha256:5ff2268d62e97bff2cde7d5815dd6ed5b47097566f13b8d0ca110b04b60e07ed" "/opt/rustwide/cargo-home/bin/cargo" "+beta-2023-04-20" "metadata" "--no-deps" "--format-version=1", kill_on_drop: false }`
[INFO] [stdout] 5faa3109f164ef0fca5a949b129e1c3bf2ba12847aee8c4d225977a89a2754bf
[INFO] running `Command { std: "docker" "start" "-a" "5faa3109f164ef0fca5a949b129e1c3bf2ba12847aee8c4d225977a89a2754bf", kill_on_drop: false }`
[INFO] running `Command { std: "docker" "inspect" "5faa3109f164ef0fca5a949b129e1c3bf2ba12847aee8c4d225977a89a2754bf", kill_on_drop: false }`
[INFO] running `Command { std: "docker" "rm" "-f" "5faa3109f164ef0fca5a949b129e1c3bf2ba12847aee8c4d225977a89a2754bf", kill_on_drop: false }`
[INFO] [stdout] 5faa3109f164ef0fca5a949b129e1c3bf2ba12847aee8c4d225977a89a2754bf
[INFO] running `Command { std: "docker" "create" "-v" "/var/lib/crater-agent-workspace/builds/worker-3-tc2/target:/opt/rustwide/target:rw,Z" "-v" "/var/lib/crater-agent-workspace/builds/worker-3-tc2/source:/opt/rustwide/workdir:ro,Z" "-v" "/var/lib/crater-agent-workspace/cargo-home:/opt/rustwide/cargo-home:ro,Z" "-v" "/var/lib/crater-agent-workspace/rustup-home:/opt/rustwide/rustup-home:ro,Z" "-e" "SOURCE_DIR=/opt/rustwide/workdir" "-e" "CARGO_TARGET_DIR=/opt/rustwide/target" "-e" "CARGO_INCREMENTAL=0" "-e" "RUST_BACKTRACE=full" "-e" "RUSTFLAGS=--cap-lints=warn" "-e" "RUSTDOCFLAGS=--cap-lints=warn" "-e" "CARGO_HOME=/opt/rustwide/cargo-home" "-e" "RUSTUP_HOME=/opt/rustwide/rustup-home" "-w" "/opt/rustwide/workdir" "-m" "1610612736" "--user" "0:0" "--network" "none" "ghcr.io/rust-lang/crates-build-env/linux@sha256:5ff2268d62e97bff2cde7d5815dd6ed5b47097566f13b8d0ca110b04b60e07ed" "/opt/rustwide/cargo-home/bin/cargo" "+beta-2023-04-20" "build" "--frozen" "--message-format=json", kill_on_drop: false }`
[INFO] [stdout] f8803447d36fc4878166f608fa465e9de34314ff041f80c715b7b1c53d1fea9a
[INFO] running `Command { std: "docker" "start" "-a" "f8803447d36fc4878166f608fa465e9de34314ff041f80c715b7b1c53d1fea9a", kill_on_drop: false }`
[INFO] [stderr]    Compiling typenum v1.13.0
[INFO] [stderr]    Compiling generic-array v0.14.4
[INFO] [stderr]    Compiling subtle v2.4.0
[INFO] [stderr]    Compiling opaque-debug v0.3.0
[INFO] [stderr]    Compiling crypto-mac v0.8.0
[INFO] [stderr]    Compiling digest v0.9.0
[INFO] [stderr]    Compiling blake2 v0.9.1
[INFO] [stderr]    Compiling blakeout v0.3.0 (/opt/rustwide/workdir)
[INFO] [stderr]     Finished dev [optimized + debuginfo] target(s) in 3.33s
[INFO] running `Command { std: "docker" "inspect" "f8803447d36fc4878166f608fa465e9de34314ff041f80c715b7b1c53d1fea9a", kill_on_drop: false }`
[INFO] running `Command { std: "docker" "rm" "-f" "f8803447d36fc4878166f608fa465e9de34314ff041f80c715b7b1c53d1fea9a", kill_on_drop: false }`
[INFO] [stdout] f8803447d36fc4878166f608fa465e9de34314ff041f80c715b7b1c53d1fea9a
[INFO] running `Command { std: "docker" "create" "-v" "/var/lib/crater-agent-workspace/builds/worker-3-tc2/target:/opt/rustwide/target:rw,Z" "-v" "/var/lib/crater-agent-workspace/builds/worker-3-tc2/source:/opt/rustwide/workdir:ro,Z" "-v" "/var/lib/crater-agent-workspace/cargo-home:/opt/rustwide/cargo-home:ro,Z" "-v" "/var/lib/crater-agent-workspace/rustup-home:/opt/rustwide/rustup-home:ro,Z" "-e" "SOURCE_DIR=/opt/rustwide/workdir" "-e" "CARGO_TARGET_DIR=/opt/rustwide/target" "-e" "CARGO_INCREMENTAL=0" "-e" "RUST_BACKTRACE=full" "-e" "RUSTFLAGS=--cap-lints=warn" "-e" "RUSTDOCFLAGS=--cap-lints=warn" "-e" "CARGO_HOME=/opt/rustwide/cargo-home" "-e" "RUSTUP_HOME=/opt/rustwide/rustup-home" "-w" "/opt/rustwide/workdir" "-m" "1610612736" "--user" "0:0" "--network" "none" "ghcr.io/rust-lang/crates-build-env/linux@sha256:5ff2268d62e97bff2cde7d5815dd6ed5b47097566f13b8d0ca110b04b60e07ed" "/opt/rustwide/cargo-home/bin/cargo" "+beta-2023-04-20" "test" "--frozen" "--no-run" "--message-format=json", kill_on_drop: false }`
[INFO] [stdout] 331b9cb7a63fdabc142f828c4d0f14fc86c7f75a1a0353f9f4e636acc3ac7b44
[INFO] running `Command { std: "docker" "start" "-a" "331b9cb7a63fdabc142f828c4d0f14fc86c7f75a1a0353f9f4e636acc3ac7b44", kill_on_drop: false }`
[INFO] [stderr]     Blocking waiting for file lock on package cache
[INFO] [stderr]    Compiling blakeout v0.3.0 (/opt/rustwide/workdir)
[INFO] [stdout] error[E0599]: no method named `input` found for type parameter `D` in the current scope
[INFO] [stdout]   --> examples/file_blakeout.rs:24:12
[INFO] [stdout]    |
[INFO] [stdout] 16 | fn process<D: Digest + Default, R: Read>(reader: &mut R, name: &str) {
[INFO] [stdout]    |            - method `input` not found for this type parameter
[INFO] [stdout] ...
[INFO] [stdout] 24 |         sh.input(&buffer[..n]);
[INFO] [stdout]    |            ^^^^^ method not found in `D`
[INFO] [stdout] 
[INFO] [stdout] 
[INFO] [stdout] error[E0599]: no method named `result_str` found for type parameter `D` in the current scope
[INFO] [stdout]   --> examples/file_blakeout.rs:30:22
[INFO] [stdout]    |
[INFO] [stdout] 16 | fn process<D: Digest + Default, R: Read>(reader: &mut R, name: &str) {
[INFO] [stdout]    |            - method `result_str` not found for this type parameter
[INFO] [stdout] ...
[INFO] [stdout] 30 |     print_result(&sh.result_str(), name);
[INFO] [stdout]    |                      ^^^^^^^^^^ method not found in `D`
[INFO] [stdout] 
[INFO] [stdout] 
[INFO] [stdout] error[E0277]: the trait bound `Blakeout: Update` is not satisfied
[INFO] [stdout]   --> examples/file_blakeout.rs:40:27
[INFO] [stdout]    |
[INFO] [stdout] 40 |                 process::<Blakeout, _>(&mut file, &path);
[INFO] [stdout]    |                           ^^^^^^^^ the trait `Update` is not implemented for `Blakeout`
[INFO] [stdout]    |
[INFO] [stdout]    = help: the following other types implement trait `Update`:
[INFO] [stdout]              blake2::blake2b::Blake2b
[INFO] [stdout]              blake2::blake2b::VarBlake2b
[INFO] [stdout]              blake2::blake2s::Blake2s
[INFO] [stdout]              blake2::blake2s::VarBlake2s
[INFO] [stdout]    = note: required for `Blakeout` to implement `Digest`
[INFO] [stdout] note: required by a bound in `process`
[INFO] [stdout]   --> examples/file_blakeout.rs:16:15
[INFO] [stdout]    |
[INFO] [stdout] 16 | fn process<D: Digest + Default, R: Read>(reader: &mut R, name: &str) {
[INFO] [stdout]    |               ^^^^^^ required by this bound in `process`
[INFO] [stdout] 
[INFO] [stdout] 
[INFO] [stdout] error[E0277]: the trait bound `Blakeout: Reset` is not satisfied
[INFO] [stdout]   --> examples/file_blakeout.rs:40:27
[INFO] [stdout]    |
[INFO] [stdout] 40 |                 process::<Blakeout, _>(&mut file, &path);
[INFO] [stdout]    |                           ^^^^^^^^ the trait `Reset` is not implemented for `Blakeout`
[INFO] [stdout]    |
[INFO] [stdout]    = help: the following other types implement trait `Reset`:
[INFO] [stdout]              blake2::blake2b::Blake2b
[INFO] [stdout]              blake2::blake2b::VarBlake2b
[INFO] [stdout]              blake2::blake2s::Blake2s
[INFO] [stdout]              blake2::blake2s::VarBlake2s
[INFO] [stdout]    = note: required for `Blakeout` to implement `Digest`
[INFO] [stdout] note: required by a bound in `process`
[INFO] [stdout]   --> examples/file_blakeout.rs:16:15
[INFO] [stdout]    |
[INFO] [stdout] 16 | fn process<D: Digest + Default, R: Read>(reader: &mut R, name: &str) {
[INFO] [stdout]    |               ^^^^^^ required by this bound in `process`
[INFO] [stdout] 
[INFO] [stdout] 
[INFO] [stdout] error[E0277]: the trait bound `Blakeout: Clone` is not satisfied
[INFO] [stdout]   --> examples/file_blakeout.rs:40:27
[INFO] [stdout]    |
[INFO] [stdout] 40 |                 process::<Blakeout, _>(&mut file, &path);
[INFO] [stdout]    |                           ^^^^^^^^ the trait `Clone` is not implemented for `Blakeout`
[INFO] [stdout]    |
[INFO] [stdout]    = note: required for `Blakeout` to implement `Digest`
[INFO] [stdout] note: required by a bound in `process`
[INFO] [stdout]   --> examples/file_blakeout.rs:16:15
[INFO] [stdout]    |
[INFO] [stdout] 16 | fn process<D: Digest + Default, R: Read>(reader: &mut R, name: &str) {
[INFO] [stdout]    |               ^^^^^^ required by this bound in `process`
[INFO] [stdout] 
[INFO] [stdout] 
[INFO] [stdout] error[E0277]: the trait bound `Blakeout: FixedOutputDirty` is not satisfied
[INFO] [stdout]   --> examples/file_blakeout.rs:40:27
[INFO] [stdout]    |
[INFO] [stdout] 40 |                 process::<Blakeout, _>(&mut file, &path);
[INFO] [stdout]    |                           ^^^^^^^^ the trait `FixedOutputDirty` is not implemented for `Blakeout`
[INFO] [stdout]    |
[INFO] [stdout]    = help: the following other types implement trait `FixedOutputDirty`:
[INFO] [stdout]              blake2::blake2b::Blake2b
[INFO] [stdout]              blake2::blake2s::Blake2s
[INFO] [stdout]    = note: required for `Blakeout` to implement `FixedOutput`
[INFO] [stdout]    = note: required for `Blakeout` to implement `Digest`
[INFO] [stdout] note: required by a bound in `process`
[INFO] [stdout]   --> examples/file_blakeout.rs:16:15
[INFO] [stdout]    |
[INFO] [stdout] 16 | fn process<D: Digest + Default, R: Read>(reader: &mut R, name: &str) {
[INFO] [stdout]    |               ^^^^^^ required by this bound in `process`
[INFO] [stdout] 
[INFO] [stdout] 
[INFO] [stdout] error[E0277]: the trait bound `Blakeout: Update` is not satisfied
[INFO] [stdout]   --> examples/file_blakeout.rs:44:19
[INFO] [stdout]    |
[INFO] [stdout] 44 |         process::<Blakeout, _>(&mut io::stdin(), "-");
[INFO] [stdout]    |                   ^^^^^^^^ the trait `Update` is not implemented for `Blakeout`
[INFO] [stdout]    |
[INFO] [stdout]    = help: the following other types implement trait `Update`:
[INFO] [stdout]              blake2::blake2b::Blake2b
[INFO] [stdout]              blake2::blake2b::VarBlake2b
[INFO] [stdout]              blake2::blake2s::Blake2s
[INFO] [stdout]              blake2::blake2s::VarBlake2s
[INFO] [stdout]    = note: required for `Blakeout` to implement `Digest`
[INFO] [stdout] note: required by a bound in `process`
[INFO] [stdout]   --> examples/file_blakeout.rs:16:15
[INFO] [stdout]    |
[INFO] [stdout] 16 | fn process<D: Digest + Default, R: Read>(reader: &mut R, name: &str) {
[INFO] [stdout]    |               ^^^^^^ required by this bound in `process`
[INFO] [stdout] 
[INFO] [stdout] 
[INFO] [stdout] error[E0277]: the trait bound `Blakeout: Reset` is not satisfied
[INFO] [stdout]   --> examples/file_blakeout.rs:44:19
[INFO] [stdout]    |
[INFO] [stdout] 44 |         process::<Blakeout, _>(&mut io::stdin(), "-");
[INFO] [stdout]    |                   ^^^^^^^^ the trait `Reset` is not implemented for `Blakeout`
[INFO] [stdout]    |
[INFO] [stdout]    = help: the following other types implement trait `Reset`:
[INFO] [stdout]              blake2::blake2b::Blake2b
[INFO] [stdout]              blake2::blake2b::VarBlake2b
[INFO] [stdout]              blake2::blake2s::Blake2s
[INFO] [stdout]              blake2::blake2s::VarBlake2s
[INFO] [stdout]    = note: required for `Blakeout` to implement `Digest`
[INFO] [stdout] note: required by a bound in `process`
[INFO] [stdout]   --> examples/file_blakeout.rs:16:15
[INFO] [stdout]    |
[INFO] [stdout] 16 | fn process<D: Digest + Default, R: Read>(reader: &mut R, name: &str) {
[INFO] [stdout]    |               ^^^^^^ required by this bound in `process`
[INFO] [stdout] 
[INFO] [stdout] 
[INFO] [stdout] error[E0277]: the trait bound `Blakeout: Clone` is not satisfied
[INFO] [stdout]   --> examples/file_blakeout.rs:44:19
[INFO] [stdout]    |
[INFO] [stdout] 44 |         process::<Blakeout, _>(&mut io::stdin(), "-");
[INFO] [stdout]    |                   ^^^^^^^^ the trait `Clone` is not implemented for `Blakeout`
[INFO] [stdout]    |
[INFO] [stdout]    = note: required for `Blakeout` to implement `Digest`
[INFO] [stdout] note: required by a bound in `process`
[INFO] [stdout]   --> examples/file_blakeout.rs:16:15
[INFO] [stdout]    |
[INFO] [stdout] 16 | fn process<D: Digest + Default, R: Read>(reader: &mut R, name: &str) {
[INFO] [stdout]    |               ^^^^^^ required by this bound in `process`
[INFO] [stdout] 
[INFO] [stdout] 
[INFO] [stdout] error[E0277]: the trait bound `Blakeout: FixedOutputDirty` is not satisfied
[INFO] [stdout]   --> examples/file_blakeout.rs:44:19
[INFO] [stdout]    |
[INFO] [stdout] 44 |         process::<Blakeout, _>(&mut io::stdin(), "-");
[INFO] [stdout]    |                   ^^^^^^^^ the trait `FixedOutputDirty` is not implemented for `Blakeout`
[INFO] [stdout]    |
[INFO] [stdout]    = help: the following other types implement trait `FixedOutputDirty`:
[INFO] [stdout]              blake2::blake2b::Blake2b
[INFO] [stdout]              blake2::blake2s::Blake2s
[INFO] [stdout]    = note: required for `Blakeout` to implement `FixedOutput`
[INFO] [stdout]    = note: required for `Blakeout` to implement `Digest`
[INFO] [stdout] note: required by a bound in `process`
[INFO] [stdout]   --> examples/file_blakeout.rs:16:15
[INFO] [stdout]    |
[INFO] [stdout] 16 | fn process<D: Digest + Default, R: Read>(reader: &mut R, name: &str) {
[INFO] [stdout]    |               ^^^^^^ required by this bound in `process`
[INFO] [stdout] 
[INFO] [stdout] 
[INFO] [stdout] error: aborting due to 10 previous errors
[INFO] [stdout] 
[INFO] [stdout] 
[INFO] [stdout] Some errors have detailed explanations: E0277, E0599.
[INFO] [stdout] 
[INFO] [stdout] For more information about an error, try `rustc --explain E0277`.
[INFO] [stdout] 
[INFO] [stderr] error: could not compile `blakeout` (example "file_blakeout") due to 11 previous errors
[INFO] [stderr] warning: build failed, waiting for other jobs to finish...
[INFO] running `Command { std: "docker" "inspect" "331b9cb7a63fdabc142f828c4d0f14fc86c7f75a1a0353f9f4e636acc3ac7b44", kill_on_drop: false }`
[INFO] running `Command { std: "docker" "rm" "-f" "331b9cb7a63fdabc142f828c4d0f14fc86c7f75a1a0353f9f4e636acc3ac7b44", kill_on_drop: false }`
[INFO] [stdout] 331b9cb7a63fdabc142f828c4d0f14fc86c7f75a1a0353f9f4e636acc3ac7b44
