[INFO] fetching crate binstall-zip 0.6.4...
[INFO] testing binstall-zip-0.6.4 against beta-2023-04-20 for beta-1.70-1
[INFO] extracting crate binstall-zip 0.6.4 into /workspace/builds/worker-2-tc2/source
[INFO] validating manifest of crates.io crate binstall-zip 0.6.4 on toolchain beta-2023-04-20
[INFO] running `Command { std: CARGO_HOME="/workspace/cargo-home" RUSTUP_HOME="/workspace/rustup-home" "/workspace/cargo-home/bin/cargo" "+beta-2023-04-20" "metadata" "--manifest-path" "Cargo.toml" "--no-deps", kill_on_drop: false }`
[INFO] started tweaking crates.io crate binstall-zip 0.6.4
[INFO] finished tweaking crates.io crate binstall-zip 0.6.4
[INFO] tweaked toml for crates.io crate binstall-zip 0.6.4 written to /workspace/builds/worker-2-tc2/source/Cargo.toml
[INFO] crate crates.io crate binstall-zip 0.6.4 already has a lockfile, it will not be regenerated
[INFO] running `Command { std: CARGO_HOME="/workspace/cargo-home" RUSTUP_HOME="/workspace/rustup-home" "/workspace/cargo-home/bin/cargo" "+beta-2023-04-20" "fetch" "--manifest-path" "Cargo.toml", kill_on_drop: false }`
[INFO] [stderr]     Updating crates.io index
[INFO] [stderr]  Downloading crates ...
[INFO] [stderr]   Downloaded bencher v0.1.5
[INFO] [stderr]   Downloaded zstd-safe v5.0.2+zstd.1.5.2
[INFO] [stderr]   Downloaded base64ct v1.5.3
[INFO] [stderr]   Downloaded crossbeam-utils v0.8.12
[INFO] [stderr]   Downloaded bzip2 v0.4.3
[INFO] [stderr]   Downloaded password-hash v0.4.2
[INFO] [stderr]   Downloaded pbkdf2 v0.11.0
[INFO] [stderr]   Downloaded flate2 v1.0.24
[INFO] [stderr]   Downloaded zstd v0.11.2+zstd.1.5.2
[INFO] running `Command { std: "docker" "create" "-v" "/var/lib/crater-agent-workspace/builds/worker-2-tc2/target:/opt/rustwide/target:rw,Z" "-v" "/var/lib/crater-agent-workspace/builds/worker-2-tc2/source:/opt/rustwide/workdir:ro,Z" "-v" "/var/lib/crater-agent-workspace/cargo-home:/opt/rustwide/cargo-home:ro,Z" "-v" "/var/lib/crater-agent-workspace/rustup-home:/opt/rustwide/rustup-home:ro,Z" "-e" "SOURCE_DIR=/opt/rustwide/workdir" "-e" "CARGO_TARGET_DIR=/opt/rustwide/target" "-e" "CARGO_HOME=/opt/rustwide/cargo-home" "-e" "RUSTUP_HOME=/opt/rustwide/rustup-home" "-w" "/opt/rustwide/workdir" "-m" "1610612736" "--user" "0:0" "--network" "none" "ghcr.io/rust-lang/crates-build-env/linux@sha256:5ff2268d62e97bff2cde7d5815dd6ed5b47097566f13b8d0ca110b04b60e07ed" "/opt/rustwide/cargo-home/bin/cargo" "+beta-2023-04-20" "metadata" "--no-deps" "--format-version=1", kill_on_drop: false }`
[INFO] [stdout] 2fbcd82349c6a7c3ae2fcc47e9759693a5f948187c25f281b308016e9ff7d52b
[INFO] running `Command { std: "docker" "start" "-a" "2fbcd82349c6a7c3ae2fcc47e9759693a5f948187c25f281b308016e9ff7d52b", kill_on_drop: false }`
[INFO] running `Command { std: "docker" "inspect" "2fbcd82349c6a7c3ae2fcc47e9759693a5f948187c25f281b308016e9ff7d52b", kill_on_drop: false }`
[INFO] running `Command { std: "docker" "rm" "-f" "2fbcd82349c6a7c3ae2fcc47e9759693a5f948187c25f281b308016e9ff7d52b", kill_on_drop: false }`
[INFO] [stdout] 2fbcd82349c6a7c3ae2fcc47e9759693a5f948187c25f281b308016e9ff7d52b
[INFO] running `Command { std: "docker" "create" "-v" "/var/lib/crater-agent-workspace/builds/worker-2-tc2/target:/opt/rustwide/target:rw,Z" "-v" "/var/lib/crater-agent-workspace/builds/worker-2-tc2/source:/opt/rustwide/workdir:ro,Z" "-v" "/var/lib/crater-agent-workspace/cargo-home:/opt/rustwide/cargo-home:ro,Z" "-v" "/var/lib/crater-agent-workspace/rustup-home:/opt/rustwide/rustup-home:ro,Z" "-e" "SOURCE_DIR=/opt/rustwide/workdir" "-e" "CARGO_TARGET_DIR=/opt/rustwide/target" "-e" "CARGO_INCREMENTAL=0" "-e" "RUST_BACKTRACE=full" "-e" "RUSTFLAGS=--cap-lints=warn" "-e" "RUSTDOCFLAGS=--cap-lints=warn" "-e" "CARGO_HOME=/opt/rustwide/cargo-home" "-e" "RUSTUP_HOME=/opt/rustwide/rustup-home" "-w" "/opt/rustwide/workdir" "-m" "1610612736" "--user" "0:0" "--network" "none" "ghcr.io/rust-lang/crates-build-env/linux@sha256:5ff2268d62e97bff2cde7d5815dd6ed5b47097566f13b8d0ca110b04b60e07ed" "/opt/rustwide/cargo-home/bin/cargo" "+beta-2023-04-20" "build" "--frozen" "--message-format=json", kill_on_drop: false }`
[INFO] [stdout] dab2f515dfeb6bcbc0e4012b6fe601a4feb202bf6f8a45c5fca73f636c3e667c
[INFO] running `Command { std: "docker" "start" "-a" "dab2f515dfeb6bcbc0e4012b6fe601a4feb202bf6f8a45c5fca73f636c3e667c", kill_on_drop: false }`
[INFO] [stderr]    Compiling libc v0.2.137
[INFO] [stderr]    Compiling version_check v0.9.4
[INFO] [stderr]    Compiling typenum v1.15.0
[INFO] [stderr]    Compiling cfg-if v1.0.0
[INFO] [stderr]    Compiling subtle v2.4.1
[INFO] [stderr]    Compiling cpufeatures v0.2.5
[INFO] [stderr]    Compiling pkg-config v0.3.26
[INFO] [stderr]    Compiling crc32fast v1.3.2
[INFO] [stderr]    Compiling zstd-safe v5.0.2+zstd.1.5.2
[INFO] [stderr]    Compiling base64ct v1.5.3
[INFO] [stderr]    Compiling rand_core v0.6.4
[INFO] [stderr]    Compiling time-core v0.1.0
[INFO] [stderr]    Compiling adler v1.0.2
[INFO] [stderr]    Compiling generic-array v0.14.6
[INFO] [stderr]    Compiling time-macros v0.2.6
[INFO] [stderr]    Compiling miniz_oxide v0.5.4
[INFO] [stderr]    Compiling password-hash v0.4.2
[INFO] [stderr]    Compiling opaque-debug v0.3.0
[INFO] [stderr]    Compiling itoa v1.0.4
[INFO] [stderr]    Compiling byteorder v1.4.3
[INFO] [stderr]    Compiling constant_time_eq v0.1.5
[INFO] [stderr]    Compiling jobserver v0.1.25
[INFO] [stderr]    Compiling flate2 v1.0.24
[INFO] [stderr]    Compiling cc v1.0.74
[INFO] [stderr]    Compiling time v0.3.17
[INFO] [stderr]    Compiling block-buffer v0.10.3
[INFO] [stderr]    Compiling crypto-common v0.1.6
[INFO] [stderr]    Compiling cipher v0.3.0
[INFO] [stderr]    Compiling zstd-sys v2.0.1+zstd.1.5.2
[INFO] [stderr]    Compiling bzip2-sys v0.1.11+1.0.8
[INFO] [stderr]    Compiling digest v0.10.5
[INFO] [stderr]    Compiling aes v0.7.5
[INFO] [stderr]    Compiling sha2 v0.10.6
[INFO] [stderr]    Compiling hmac v0.12.1
[INFO] [stderr]    Compiling sha1 v0.10.5
[INFO] [stderr]    Compiling pbkdf2 v0.11.0
[INFO] [stderr]    Compiling bzip2 v0.4.3
[INFO] [stderr]    Compiling zstd v0.11.2+zstd.1.5.2
[INFO] [stderr]    Compiling binstall-zip v0.6.4 (/opt/rustwide/workdir)
[INFO] [stderr]     Finished dev [unoptimized + debuginfo] target(s) in 1m 16s
[INFO] running `Command { std: "docker" "inspect" "dab2f515dfeb6bcbc0e4012b6fe601a4feb202bf6f8a45c5fca73f636c3e667c", kill_on_drop: false }`
[INFO] running `Command { std: "docker" "rm" "-f" "dab2f515dfeb6bcbc0e4012b6fe601a4feb202bf6f8a45c5fca73f636c3e667c", kill_on_drop: false }`
[INFO] [stdout] dab2f515dfeb6bcbc0e4012b6fe601a4feb202bf6f8a45c5fca73f636c3e667c
[INFO] running `Command { std: "docker" "create" "-v" "/var/lib/crater-agent-workspace/builds/worker-2-tc2/target:/opt/rustwide/target:rw,Z" "-v" "/var/lib/crater-agent-workspace/builds/worker-2-tc2/source:/opt/rustwide/workdir:ro,Z" "-v" "/var/lib/crater-agent-workspace/cargo-home:/opt/rustwide/cargo-home:ro,Z" "-v" "/var/lib/crater-agent-workspace/rustup-home:/opt/rustwide/rustup-home:ro,Z" "-e" "SOURCE_DIR=/opt/rustwide/workdir" "-e" "CARGO_TARGET_DIR=/opt/rustwide/target" "-e" "CARGO_INCREMENTAL=0" "-e" "RUST_BACKTRACE=full" "-e" "RUSTFLAGS=--cap-lints=warn" "-e" "RUSTDOCFLAGS=--cap-lints=warn" "-e" "CARGO_HOME=/opt/rustwide/cargo-home" "-e" "RUSTUP_HOME=/opt/rustwide/rustup-home" "-w" "/opt/rustwide/workdir" "-m" "1610612736" "--user" "0:0" "--network" "none" "ghcr.io/rust-lang/crates-build-env/linux@sha256:5ff2268d62e97bff2cde7d5815dd6ed5b47097566f13b8d0ca110b04b60e07ed" "/opt/rustwide/cargo-home/bin/cargo" "+beta-2023-04-20" "test" "--frozen" "--no-run" "--message-format=json", kill_on_drop: false }`
[INFO] [stdout] 1ccfb0491baf83b75f3f9640e6c9db5b4d2dcb3a70265d6922505a7142e987ab
[INFO] running `Command { std: "docker" "start" "-a" "1ccfb0491baf83b75f3f9640e6c9db5b4d2dcb3a70265d6922505a7142e987ab", kill_on_drop: false }`
[INFO] [stderr]    Compiling same-file v1.0.6
[INFO] [stderr]    Compiling getrandom v0.2.8
[INFO] [stderr]    Compiling bencher v0.1.5
[INFO] [stderr]    Compiling walkdir v2.3.2
[INFO] [stderr]    Compiling binstall-zip v0.6.4 (/opt/rustwide/workdir)
[INFO] [stdout] error[E0433]: failed to resolve: use of undeclared crate or module `zip`
[INFO] [stdout]  --> tests/invalid_date.rs:2:5
[INFO] [stdout]   |
[INFO] [stdout] 2 | use zip::read::ZipArchive;
[INFO] [stdout]   |     ^^^ use of undeclared crate or module `zip`
[INFO] [stdout] 
[INFO] [stdout] 
[INFO] [stdout] error[E0433]: failed to resolve: use of undeclared crate or module `zip`
[INFO] [stdout]  --> examples/write_dir.rs:4:5
[INFO] [stdout]   |
[INFO] [stdout] 4 | use zip::result::ZipError;
[INFO] [stdout]   |     ^^^ use of undeclared crate or module `zip`
[INFO] [stdout] 
[INFO] [stdout] 
[INFO] [stdout] error[E0433]: failed to resolve: use of undeclared crate or module `zip`
[INFO] [stdout]  --> examples/write_dir.rs:5:5
[INFO] [stdout]   |
[INFO] [stdout] 5 | use zip::write::FileOptions;
[INFO] [stdout]   |     ^^^ use of undeclared crate or module `zip`
[INFO] [stdout] 
[INFO] [stdout] 
[INFO] [stdout] error[E0433]: failed to resolve: use of undeclared crate or module `zip`
[INFO] [stdout]   --> examples/write_dir.rs:15:29
[INFO] [stdout]    |
[INFO] [stdout] 15 | const METHOD_STORED: Option<zip::CompressionMethod> = Some(zip::CompressionMethod::Stored);
[INFO] [stdout]    |                             ^^^ use of undeclared crate or module `zip`
[INFO] [stdout] 
[INFO] [stdout] 
[INFO] [stdout] error[E0433]: failed to resolve: use of undeclared crate or module `zip`
[INFO] [stdout]   --> examples/write_dir.rs:15:60
[INFO] [stdout]    |
[INFO] [stdout] 15 | const METHOD_STORED: Option<zip::CompressionMethod> = Some(zip::CompressionMethod::Stored);
[INFO] [stdout]    |                                                            ^^^ use of undeclared crate or module `zip`
[INFO] [stdout] 
[INFO] [stdout] 
[INFO] [stdout] error[E0433]: failed to resolve: use of undeclared crate or module `zip`
[INFO] [stdout]   --> examples/write_dir.rs:22:31
[INFO] [stdout]    |
[INFO] [stdout] 22 | const METHOD_DEFLATED: Option<zip::CompressionMethod> = Some(zip::CompressionMethod::Deflated);
[INFO] [stdout]    |                               ^^^ use of undeclared crate or module `zip`
[INFO] [stdout] 
[INFO] [stdout] 
[INFO] [stdout] error[E0433]: failed to resolve: use of undeclared crate or module `zip`
[INFO] [stdout]   --> examples/write_dir.rs:22:62
[INFO] [stdout]    |
[INFO] [stdout] 22 | const METHOD_DEFLATED: Option<zip::CompressionMethod> = Some(zip::CompressionMethod::Deflated);
[INFO] [stdout]    |                                                              ^^^ use of undeclared crate or module `zip`
[INFO] [stdout] 
[INFO] [stdout] 
[INFO] [stdout] error[E0433]: failed to resolve: use of undeclared crate or module `zip`
[INFO] [stdout]   --> examples/write_dir.rs:31:28
[INFO] [stdout]    |
[INFO] [stdout] 31 | const METHOD_BZIP2: Option<zip::CompressionMethod> = Some(zip::CompressionMethod::Bzip2);
[INFO] [stdout]    |                            ^^^ use of undeclared crate or module `zip`
[INFO] [stdout] 
[INFO] [stdout] 
[INFO] [stdout] error[E0433]: failed to resolve: use of undeclared crate or module `zip`
[INFO] [stdout]   --> examples/write_dir.rs:31:59
[INFO] [stdout]    |
[INFO] [stdout] 31 | const METHOD_BZIP2: Option<zip::CompressionMethod> = Some(zip::CompressionMethod::Bzip2);
[INFO] [stdout]    |                                                           ^^^ use of undeclared crate or module `zip`
[INFO] [stdout] 
[INFO] [stdout] 
[INFO] [stdout] error[E0433]: failed to resolve: use of undeclared crate or module `zip`
[INFO] [stdout]   --> examples/write_dir.rs:36:27
[INFO] [stdout]    |
[INFO] [stdout] 36 | const METHOD_ZSTD: Option<zip::CompressionMethod> = Some(zip::CompressionMethod::Zstd);
[INFO] [stdout]    |                           ^^^ use of undeclared crate or module `zip`
[INFO] [stdout] 
[INFO] [stdout] 
[INFO] [stdout] error[E0433]: failed to resolve: use of undeclared crate or module `zip`
[INFO] [stdout]   --> examples/write_dir.rs:36:58
[INFO] [stdout]    |
[INFO] [stdout] 36 | const METHOD_ZSTD: Option<zip::CompressionMethod> = Some(zip::CompressionMethod::Zstd);
[INFO] [stdout]    |                                                          ^^^ use of undeclared crate or module `zip`
[INFO] [stdout] 
[INFO] [stdout] 
[INFO] [stdout] error[E0433]: failed to resolve: use of undeclared crate or module `zip`
[INFO] [stdout]   --> examples/write_dir.rs:69:13
[INFO] [stdout]    |
[INFO] [stdout] 69 |     method: zip::CompressionMethod,
[INFO] [stdout]    |             ^^^ use of undeclared crate or module `zip`
[INFO] [stdout] 
[INFO] [stdout] 
[INFO] [stdout] error[E0433]: failed to resolve: use of undeclared crate or module `zip`
[INFO] [stdout]   --> examples/write_dir.rs:70:6
[INFO] [stdout]    |
[INFO] [stdout] 70 | ) -> zip::result::ZipResult<()>
[INFO] [stdout]    |      ^^^ use of undeclared crate or module `zip`
[INFO] [stdout] 
[INFO] [stdout] 
[INFO] [stdout] error: aborting due to previous error
[INFO] [stdout] 
[INFO] [stdout] 
[INFO] [stdout] For more information about this error, try `rustc --explain E0433`.
[INFO] [stdout] 
[INFO] [stdout] error[E0433]: failed to resolve: use of undeclared crate or module `zip`
[INFO] [stdout]   --> examples/extract.rs:17:23
[INFO] [stdout]    |
[INFO] [stdout] 17 |     let mut archive = zip::ZipArchive::new(file).unwrap();
[INFO] [stdout]    |                       ^^^ use of undeclared crate or module `zip`
[INFO] [stdout]    |
[INFO] [stdout] help: consider importing this struct
[INFO] [stdout]    |
[INFO] [stdout] 1  + use binstall_zip::ZipArchive;
[INFO] [stdout]    |
[INFO] [stdout] help: if you import `ZipArchive`, refer to it directly
[INFO] [stdout]    |
[INFO] [stdout] 17 -     let mut archive = zip::ZipArchive::new(file).unwrap();
[INFO] [stdout] 17 +     let mut archive = ZipArchive::new(file).unwrap();
[INFO] [stdout]    |
[INFO] [stdout] 
[INFO] [stdout] 
[INFO] [stderr] error: could not compile `binstall-zip` (test "invalid_date") due to 2 previous errors
[INFO] [stderr] warning: build failed, waiting for other jobs to finish...
[INFO] [stdout] error[E0432]: unresolved import `zip`
[INFO] [stdout]   --> tests/zip_comment_garbage.rs:21:5
[INFO] [stdout]    |
[INFO] [stdout] 21 | use zip::ZipArchive;
[INFO] [stdout]    |     ^^^ use of undeclared crate or module `zip`
[INFO] [stdout] 
[INFO] [stdout] 
[INFO] [stdout] error[E0433]: failed to resolve: use of undeclared crate or module `zip`
[INFO] [stdout]  --> tests/end_to_end.rs:6:5
[INFO] [stdout]   |
[INFO] [stdout] 6 | use zip::write::FileOptions;
[INFO] [stdout]   |     ^^^ use of undeclared crate or module `zip`
[INFO] [stdout] 
[INFO] [stdout] 
[INFO] [stdout] error[E0433]: failed to resolve: use of undeclared crate or module `zip`
[INFO] [stdout]    --> examples/write_dir.rs:110:13
[INFO] [stdout]     |
[INFO] [stdout] 110 |     method: zip::CompressionMethod,
[INFO] [stdout]     |             ^^^ use of undeclared crate or module `zip`
[INFO] [stdout] 
[INFO] [stdout] 
[INFO] [stdout] error: aborting due to previous error
[INFO] [stdout] 
[INFO] [stdout] 
[INFO] [stdout] For more information about this error, try `rustc --explain E0432`.
[INFO] [stdout] 
[INFO] [stdout] error[E0432]: unresolved import `zip`
[INFO] [stdout]  --> tests/end_to_end.rs:7:5
[INFO] [stdout]   |
[INFO] [stdout] 7 | use zip::{CompressionMethod, SUPPORTED_COMPRESSION_METHODS};
[INFO] [stdout]   |     ^^^ use of undeclared crate or module `zip`
[INFO] [stdout] 
[INFO] [stdout] 
[INFO] [stdout] error[E0433]: failed to resolve: use of undeclared crate or module `zip`
[INFO] [stdout]    --> examples/write_dir.rs:111:6
[INFO] [stdout]     |
[INFO] [stdout] 111 | ) -> zip::result::ZipResult<()> {
[INFO] [stdout]     |      ^^^ use of undeclared crate or module `zip`
[INFO] [stdout] 
[INFO] [stdout] 
[INFO] [stdout] error[E0433]: failed to resolve: use of undeclared crate or module `zip`
[INFO] [stdout]   --> examples/write_dir.rs:74:19
[INFO] [stdout]    |
[INFO] [stdout] 74 |     let mut zip = zip::ZipWriter::new(writer);
[INFO] [stdout]    |                   ^^^ use of undeclared crate or module `zip`
[INFO] [stdout]    |
[INFO] [stdout] help: consider importing this struct
[INFO] [stdout]    |
[INFO] [stdout] 1  + use binstall_zip::ZipWriter;
[INFO] [stdout]    |
[INFO] [stdout] help: if you import `ZipWriter`, refer to it directly
[INFO] [stdout]    |
[INFO] [stdout] 74 -     let mut zip = zip::ZipWriter::new(writer);
[INFO] [stdout] 74 +     let mut zip = ZipWriter::new(writer);
[INFO] [stdout]    |
[INFO] [stdout] 
[INFO] [stdout] 
[INFO] [stderr] error: could not compile `binstall-zip` (test "zip_comment_garbage") due to 2 previous errors
[INFO] [stdout] error[E0433]: failed to resolve: use of undeclared crate or module `zip`
[INFO] [stdout]   --> examples/extract_lorem.rs:16:23
[INFO] [stdout]    |
[INFO] [stdout] 16 |     let mut archive = zip::ZipArchive::new(zipfile).unwrap();
[INFO] [stdout]    |                       ^^^ use of undeclared crate or module `zip`
[INFO] [stdout]    |
[INFO] [stdout] help: consider importing this struct
[INFO] [stdout]    |
[INFO] [stdout] 1  + use binstall_zip::ZipArchive;
[INFO] [stdout]    |
[INFO] [stdout] help: if you import `ZipArchive`, refer to it directly
[INFO] [stdout]    |
[INFO] [stdout] 16 -     let mut archive = zip::ZipArchive::new(zipfile).unwrap();
[INFO] [stdout] 16 +     let mut archive = ZipArchive::new(zipfile).unwrap();
[INFO] [stdout]    |
[INFO] [stdout] 
[INFO] [stdout] 
[INFO] [stdout] warning: unused import: `std::io::prelude`
[INFO] [stdout]  --> examples/extract_lorem.rs:1:5
[INFO] [stdout]   |
[INFO] [stdout] 1 | use std::io::prelude::*;
[INFO] [stdout]   |     ^^^^^^^^^^^^^^^^
[INFO] [stdout]   |
[INFO] [stdout]   = note: `#[warn(unused_imports)]` on by default
[INFO] [stdout] 
[INFO] [stdout] 
[INFO] [stdout] error: aborting due to previous error; 1 warning emitted
[INFO] [stdout] 
[INFO] [stdout] 
[INFO] [stdout] For more information about this error, try `rustc --explain E0433`.
[INFO] [stdout] 
[INFO] [stdout] error[E0433]: failed to resolve: use of undeclared crate or module `zip`
[INFO] [stdout]   --> examples/file_info.rs:18:23
[INFO] [stdout]    |
[INFO] [stdout] 18 |     let mut archive = zip::ZipArchive::new(reader).unwrap();
[INFO] [stdout]    |                       ^^^ use of undeclared crate or module `zip`
[INFO] [stdout]    |
[INFO] [stdout] help: consider importing this struct
[INFO] [stdout]    |
[INFO] [stdout] 1  + use binstall_zip::ZipArchive;
[INFO] [stdout]    |
[INFO] [stdout] help: if you import `ZipArchive`, refer to it directly
[INFO] [stdout]    |
[INFO] [stdout] 18 -     let mut archive = zip::ZipArchive::new(reader).unwrap();
[INFO] [stdout] 18 +     let mut archive = ZipArchive::new(reader).unwrap();
[INFO] [stdout]    |
[INFO] [stdout] 
[INFO] [stdout] 
[INFO] [stdout] error: aborting due to previous error
[INFO] [stdout] 
[INFO] [stdout] 
[INFO] [stdout] For more information about this error, try `rustc --explain E0433`.
[INFO] [stdout] 
[INFO] [stderr] error: could not compile `binstall-zip` (example "extract") due to 2 previous errors
[INFO] [stdout] error[E0433]: failed to resolve: use of undeclared crate or module `zip`
[INFO] [stdout]   --> tests/end_to_end.rs:92:6
[INFO] [stdout]    |
[INFO] [stdout] 92 | ) -> zip::result::ZipResult<()> {
[INFO] [stdout]    |      ^^^ use of undeclared crate or module `zip`
[INFO] [stdout] 
[INFO] [stdout] 
[INFO] [stderr] error: could not compile `binstall-zip` (example "extract_lorem") due to 2 previous errors; 1 warning emitted
[INFO] [stdout] error[E0433]: failed to resolve: use of undeclared crate or module `zip`
[INFO] [stdout]    --> tests/end_to_end.rs:119:55
[INFO] [stdout]     |
[INFO] [stdout] 119 | fn check_test_archive<R: Read + Seek>(zip_file: R) -> zip::result::ZipResult<zip::ZipArchive<R>> {
[INFO] [stdout]     |                                                       ^^^ use of undeclared crate or module `zip`
[INFO] [stdout] 
[INFO] [stdout] 
[INFO] [stdout] error[E0433]: failed to resolve: use of undeclared crate or module `zip`
[INFO] [stdout]    --> tests/end_to_end.rs:119:78
[INFO] [stdout]     |
[INFO] [stdout] 119 | fn check_test_archive<R: Read + Seek>(zip_file: R) -> zip::result::ZipResult<zip::ZipArchive<R>> {
[INFO] [stdout]     |                                                                              ^^^ use of undeclared crate or module `zip`
[INFO] [stdout] 
[INFO] [stdout] 
[INFO] [stdout] error[E0433]: failed to resolve: use of undeclared crate or module `zip`
[INFO] [stdout]    --> tests/end_to_end.rs:150:19
[INFO] [stdout]     |
[INFO] [stdout] 150 |     archive: &mut zip::ZipArchive<R>,
[INFO] [stdout]     |                   ^^^ use of undeclared crate or module `zip`
[INFO] [stdout] 
[INFO] [stdout] 
[INFO] [stdout] error[E0433]: failed to resolve: use of undeclared crate or module `zip`
[INFO] [stdout]    --> tests/end_to_end.rs:152:6
[INFO] [stdout]     |
[INFO] [stdout] 152 | ) -> zip::result::ZipResult<String> {
[INFO] [stdout]     |      ^^^ use of undeclared crate or module `zip`
[INFO] [stdout] 
[INFO] [stdout] 
[INFO] [stdout] error[E0433]: failed to resolve: use of undeclared crate or module `zip`
[INFO] [stdout]    --> tests/end_to_end.rs:186:19
[INFO] [stdout]     |
[INFO] [stdout] 186 |     archive: &mut zip::ZipArchive<R>,
[INFO] [stdout]     |                   ^^^ use of undeclared crate or module `zip`
[INFO] [stdout] 
[INFO] [stdout] 
[INFO] [stdout] error[E0433]: failed to resolve: use of undeclared crate or module `zip`
[INFO] [stdout]   --> tests/end_to_end.rs:35:35
[INFO] [stdout]    |
[INFO] [stdout] 35 |             let mut src_archive = zip::ZipArchive::new(src_file).unwrap();
[INFO] [stdout]    |                                   ^^^ use of undeclared crate or module `zip`
[INFO] [stdout]    |
[INFO] [stdout] help: consider importing this struct
[INFO] [stdout]    |
[INFO] [stdout] 1  + use binstall_zip::ZipArchive;
[INFO] [stdout]    |
[INFO] [stdout] help: if you import `ZipArchive`, refer to it directly
[INFO] [stdout]    |
[INFO] [stdout] 35 -             let mut src_archive = zip::ZipArchive::new(src_file).unwrap();
[INFO] [stdout] 35 +             let mut src_archive = ZipArchive::new(src_file).unwrap();
[INFO] [stdout]    |
[INFO] [stdout] 
[INFO] [stdout] 
[INFO] [stdout] error[E0433]: failed to resolve: use of undeclared crate or module `zip`
[INFO] [stdout]   --> tests/end_to_end.rs:36:27
[INFO] [stdout]    |
[INFO] [stdout] 36 |             let mut zip = zip::ZipWriter::new(&mut tgt_file);
[INFO] [stdout]    |                           ^^^ use of undeclared crate or module `zip`
[INFO] [stdout]    |
[INFO] [stdout] help: consider importing this struct
[INFO] [stdout]    |
[INFO] [stdout] 1  + use binstall_zip::ZipWriter;
[INFO] [stdout]    |
[INFO] [stdout] help: if you import `ZipWriter`, refer to it directly
[INFO] [stdout]    |
[INFO] [stdout] 36 -             let mut zip = zip::ZipWriter::new(&mut tgt_file);
[INFO] [stdout] 36 +             let mut zip = ZipWriter::new(&mut tgt_file);
[INFO] [stdout]    |
[INFO] [stdout] 
[INFO] [stdout] 
[INFO] [stdout] error[E0433]: failed to resolve: use of undeclared crate or module `zip`
[INFO] [stdout]   --> tests/end_to_end.rs:56:31
[INFO] [stdout]    |
[INFO] [stdout] 56 |         let mut tgt_archive = zip::ZipArchive::new(tgt_file).unwrap();
[INFO] [stdout]    |                               ^^^ use of undeclared crate or module `zip`
[INFO] [stdout]    |
[INFO] [stdout] help: consider importing this struct
[INFO] [stdout]    |
[INFO] [stdout] 1  + use binstall_zip::ZipArchive;
[INFO] [stdout]    |
[INFO] [stdout] help: if you import `ZipArchive`, refer to it directly
[INFO] [stdout]    |
[INFO] [stdout] 56 -         let mut tgt_archive = zip::ZipArchive::new(tgt_file).unwrap();
[INFO] [stdout] 56 +         let mut tgt_archive = ZipArchive::new(tgt_file).unwrap();
[INFO] [stdout]    |
[INFO] [stdout] 
[INFO] [stdout] 
[INFO] [stdout] error[E0433]: failed to resolve: use of undeclared crate or module `zip`
[INFO] [stdout]   --> tests/end_to_end.rs:72:27
[INFO] [stdout]    |
[INFO] [stdout] 72 |             let mut zip = zip::ZipWriter::new_append(&mut file).unwrap();
[INFO] [stdout]    |                           ^^^ use of undeclared crate or module `zip`
[INFO] [stdout]    |
[INFO] [stdout] help: consider importing this struct
[INFO] [stdout]    |
[INFO] [stdout] 1  + use binstall_zip::ZipWriter;
[INFO] [stdout]    |
[INFO] [stdout] help: if you import `ZipWriter`, refer to it directly
[INFO] [stdout]    |
[INFO] [stdout] 72 -             let mut zip = zip::ZipWriter::new_append(&mut file).unwrap();
[INFO] [stdout] 72 +             let mut zip = ZipWriter::new_append(&mut file).unwrap();
[INFO] [stdout]    |
[INFO] [stdout] 
[INFO] [stdout] 
[INFO] [stdout] error[E0433]: failed to resolve: use of undeclared crate or module `zip`
[INFO] [stdout]   --> tests/end_to_end.rs:82:23
[INFO] [stdout]    |
[INFO] [stdout] 82 |         let mut zip = zip::ZipArchive::new(&mut file).unwrap();
[INFO] [stdout]    |                       ^^^ use of undeclared crate or module `zip`
[INFO] [stdout]    |
[INFO] [stdout] help: consider importing this struct
[INFO] [stdout]    |
[INFO] [stdout] 1  + use binstall_zip::ZipArchive;
[INFO] [stdout]    |
[INFO] [stdout] help: if you import `ZipArchive`, refer to it directly
[INFO] [stdout]    |
[INFO] [stdout] 82 -         let mut zip = zip::ZipArchive::new(&mut file).unwrap();
[INFO] [stdout] 82 +         let mut zip = ZipArchive::new(&mut file).unwrap();
[INFO] [stdout]    |
[INFO] [stdout] 
[INFO] [stdout] 
[INFO] [stdout] error[E0433]: failed to resolve: use of undeclared crate or module `zip`
[INFO] [stdout]   --> tests/end_to_end.rs:93:19
[INFO] [stdout]    |
[INFO] [stdout] 93 |     let mut zip = zip::ZipWriter::new(file);
[INFO] [stdout]    |                   ^^^ use of undeclared crate or module `zip`
[INFO] [stdout]    |
[INFO] [stdout] help: consider importing this struct
[INFO] [stdout]    |
[INFO] [stdout] 1  + use binstall_zip::ZipWriter;
[INFO] [stdout]    |
[INFO] [stdout] help: if you import `ZipWriter`, refer to it directly
[INFO] [stdout]    |
[INFO] [stdout] 93 -     let mut zip = zip::ZipWriter::new(file);
[INFO] [stdout] 93 +     let mut zip = ZipWriter::new(file);
[INFO] [stdout]    |
[INFO] [stdout] 
[INFO] [stdout] 
[INFO] [stdout] error[E0433]: failed to resolve: use of undeclared crate or module `zip`
[INFO] [stdout]    --> tests/end_to_end.rs:120:23
[INFO] [stdout]     |
[INFO] [stdout] 120 |     let mut archive = zip::ZipArchive::new(zip_file).unwrap();
[INFO] [stdout]     |                       ^^^ use of undeclared crate or module `zip`
[INFO] [stdout]     |
[INFO] [stdout] help: consider importing this struct
[INFO] [stdout]     |
[INFO] [stdout] 1   + use binstall_zip::ZipArchive;
[INFO] [stdout]     |
[INFO] [stdout] help: if you import `ZipArchive`, refer to it directly
[INFO] [stdout]     |
[INFO] [stdout] 120 -     let mut archive = zip::ZipArchive::new(zip_file).unwrap();
[INFO] [stdout] 120 +     let mut archive = ZipArchive::new(zip_file).unwrap();
[INFO] [stdout]     |
[INFO] [stdout] 
[INFO] [stdout] 
[INFO] [stdout] error: aborting due to previous error
[INFO] [stdout] 
[INFO] [stdout] 
[INFO] [stdout] For more information about this error, try `rustc --explain E0433`.
[INFO] [stdout] 
[INFO] [stderr] error: could not compile `binstall-zip` (example "file_info") due to 2 previous errors
[INFO] [stdout] error: aborting due to 15 previous errors
[INFO] [stdout] 
[INFO] [stdout] 
[INFO] [stdout] For more information about this error, try `rustc --explain E0433`.
[INFO] [stdout] 
[INFO] [stderr] error: could not compile `binstall-zip` (example "write_dir") due to 16 previous errors
[INFO] [stdout] error: aborting due to 15 previous errors
[INFO] [stdout] 
[INFO] [stdout] 
[INFO] [stdout] Some errors have detailed explanations: E0432, E0433.
[INFO] [stdout] 
[INFO] [stdout] For more information about an error, try `rustc --explain E0432`.
[INFO] [stdout] 
[INFO] [stderr] error: could not compile `binstall-zip` (test "end_to_end") due to 16 previous errors
[INFO] running `Command { std: "docker" "inspect" "1ccfb0491baf83b75f3f9640e6c9db5b4d2dcb3a70265d6922505a7142e987ab", kill_on_drop: false }`
[INFO] running `Command { std: "docker" "rm" "-f" "1ccfb0491baf83b75f3f9640e6c9db5b4d2dcb3a70265d6922505a7142e987ab", kill_on_drop: false }`
[INFO] [stdout] 1ccfb0491baf83b75f3f9640e6c9db5b4d2dcb3a70265d6922505a7142e987ab
