[INFO] fetching crate binstall-tar 0.4.39...
[INFO] testing binstall-tar-0.4.39 against 1.69.0 for beta-1.70-1
[INFO] extracting crate binstall-tar 0.4.39 into /workspace/builds/worker-3-tc1/source
[INFO] validating manifest of crates.io crate binstall-tar 0.4.39 on toolchain 1.69.0
[INFO] running `Command { std: CARGO_HOME="/workspace/cargo-home" RUSTUP_HOME="/workspace/rustup-home" "/workspace/cargo-home/bin/cargo" "+1.69.0" "metadata" "--manifest-path" "Cargo.toml" "--no-deps", kill_on_drop: false }`
[INFO] started tweaking crates.io crate binstall-tar 0.4.39
[INFO] finished tweaking crates.io crate binstall-tar 0.4.39
[INFO] tweaked toml for crates.io crate binstall-tar 0.4.39 written to /workspace/builds/worker-3-tc1/source/Cargo.toml
[INFO] crate crates.io crate binstall-tar 0.4.39 already has a lockfile, it will not be regenerated
[INFO] running `Command { std: CARGO_HOME="/workspace/cargo-home" RUSTUP_HOME="/workspace/rustup-home" "/workspace/cargo-home/bin/cargo" "+1.69.0" "fetch" "--manifest-path" "Cargo.toml", kill_on_drop: false }`
[INFO] [stderr]  Downloading crates ...
[INFO] [stderr]   Downloaded filetime v0.2.17
[INFO] running `Command { std: "docker" "create" "-v" "/var/lib/crater-agent-workspace/builds/worker-3-tc1/target:/opt/rustwide/target:rw,Z" "-v" "/var/lib/crater-agent-workspace/builds/worker-3-tc1/source:/opt/rustwide/workdir:ro,Z" "-v" "/var/lib/crater-agent-workspace/cargo-home:/opt/rustwide/cargo-home:ro,Z" "-v" "/var/lib/crater-agent-workspace/rustup-home:/opt/rustwide/rustup-home:ro,Z" "-e" "SOURCE_DIR=/opt/rustwide/workdir" "-e" "CARGO_TARGET_DIR=/opt/rustwide/target" "-e" "CARGO_HOME=/opt/rustwide/cargo-home" "-e" "RUSTUP_HOME=/opt/rustwide/rustup-home" "-w" "/opt/rustwide/workdir" "-m" "1610612736" "--user" "0:0" "--network" "none" "ghcr.io/rust-lang/crates-build-env/linux@sha256:5ff2268d62e97bff2cde7d5815dd6ed5b47097566f13b8d0ca110b04b60e07ed" "/opt/rustwide/cargo-home/bin/cargo" "+1.69.0" "metadata" "--no-deps" "--format-version=1", kill_on_drop: false }`
[INFO] [stdout] 78bf0fc1d3202e78d579c27b574b1c3efb720cb77ba7b43825a5302802b58f40
[INFO] running `Command { std: "docker" "start" "-a" "78bf0fc1d3202e78d579c27b574b1c3efb720cb77ba7b43825a5302802b58f40", kill_on_drop: false }`
[INFO] running `Command { std: "docker" "inspect" "78bf0fc1d3202e78d579c27b574b1c3efb720cb77ba7b43825a5302802b58f40", kill_on_drop: false }`
[INFO] running `Command { std: "docker" "rm" "-f" "78bf0fc1d3202e78d579c27b574b1c3efb720cb77ba7b43825a5302802b58f40", kill_on_drop: false }`
[INFO] [stdout] 78bf0fc1d3202e78d579c27b574b1c3efb720cb77ba7b43825a5302802b58f40
[INFO] running `Command { std: "docker" "create" "-v" "/var/lib/crater-agent-workspace/builds/worker-3-tc1/target:/opt/rustwide/target:rw,Z" "-v" "/var/lib/crater-agent-workspace/builds/worker-3-tc1/source:/opt/rustwide/workdir:ro,Z" "-v" "/var/lib/crater-agent-workspace/cargo-home:/opt/rustwide/cargo-home:ro,Z" "-v" "/var/lib/crater-agent-workspace/rustup-home:/opt/rustwide/rustup-home:ro,Z" "-e" "SOURCE_DIR=/opt/rustwide/workdir" "-e" "CARGO_TARGET_DIR=/opt/rustwide/target" "-e" "CARGO_INCREMENTAL=0" "-e" "RUST_BACKTRACE=full" "-e" "RUSTFLAGS=--cap-lints=warn" "-e" "RUSTDOCFLAGS=--cap-lints=warn" "-e" "CARGO_HOME=/opt/rustwide/cargo-home" "-e" "RUSTUP_HOME=/opt/rustwide/rustup-home" "-w" "/opt/rustwide/workdir" "-m" "1610612736" "--user" "0:0" "--network" "none" "ghcr.io/rust-lang/crates-build-env/linux@sha256:5ff2268d62e97bff2cde7d5815dd6ed5b47097566f13b8d0ca110b04b60e07ed" "/opt/rustwide/cargo-home/bin/cargo" "+1.69.0" "build" "--frozen" "--message-format=json", kill_on_drop: false }`
[INFO] [stdout] 7b73731604394cf773fb6f6a7a1e3f7c87ab8d610208df1c034b934b6cc66c31
[INFO] running `Command { std: "docker" "start" "-a" "7b73731604394cf773fb6f6a7a1e3f7c87ab8d610208df1c034b934b6cc66c31", kill_on_drop: false }`
[INFO] [stderr]    Compiling libc v0.2.132
[INFO] [stderr]    Compiling xattr v0.2.3
[INFO] [stderr]    Compiling filetime v0.2.17
[INFO] [stderr]    Compiling binstall-tar v0.4.39 (/opt/rustwide/workdir)
[INFO] [stderr]     Finished dev [unoptimized + debuginfo] target(s) in 4.13s
[INFO] running `Command { std: "docker" "inspect" "7b73731604394cf773fb6f6a7a1e3f7c87ab8d610208df1c034b934b6cc66c31", kill_on_drop: false }`
[INFO] running `Command { std: "docker" "rm" "-f" "7b73731604394cf773fb6f6a7a1e3f7c87ab8d610208df1c034b934b6cc66c31", kill_on_drop: false }`
[INFO] [stdout] 7b73731604394cf773fb6f6a7a1e3f7c87ab8d610208df1c034b934b6cc66c31
[INFO] running `Command { std: "docker" "create" "-v" "/var/lib/crater-agent-workspace/builds/worker-3-tc1/target:/opt/rustwide/target:rw,Z" "-v" "/var/lib/crater-agent-workspace/builds/worker-3-tc1/source:/opt/rustwide/workdir:ro,Z" "-v" "/var/lib/crater-agent-workspace/cargo-home:/opt/rustwide/cargo-home:ro,Z" "-v" "/var/lib/crater-agent-workspace/rustup-home:/opt/rustwide/rustup-home:ro,Z" "-e" "SOURCE_DIR=/opt/rustwide/workdir" "-e" "CARGO_TARGET_DIR=/opt/rustwide/target" "-e" "CARGO_INCREMENTAL=0" "-e" "RUST_BACKTRACE=full" "-e" "RUSTFLAGS=--cap-lints=warn" "-e" "RUSTDOCFLAGS=--cap-lints=warn" "-e" "CARGO_HOME=/opt/rustwide/cargo-home" "-e" "RUSTUP_HOME=/opt/rustwide/rustup-home" "-w" "/opt/rustwide/workdir" "-m" "1610612736" "--user" "0:0" "--network" "none" "ghcr.io/rust-lang/crates-build-env/linux@sha256:5ff2268d62e97bff2cde7d5815dd6ed5b47097566f13b8d0ca110b04b60e07ed" "/opt/rustwide/cargo-home/bin/cargo" "+1.69.0" "test" "--frozen" "--no-run" "--message-format=json", kill_on_drop: false }`
[INFO] [stdout] 35b6e8c59ed69208d0765f29a45f266f0772274e77bc848a5f987f612d12d305
[INFO] running `Command { std: "docker" "start" "-a" "35b6e8c59ed69208d0765f29a45f266f0772274e77bc848a5f987f612d12d305", kill_on_drop: false }`
[INFO] [stderr]    Compiling tempfile v3.3.0
[INFO] [stderr]    Compiling binstall-tar v0.4.39 (/opt/rustwide/workdir)
[INFO] [stdout] error[E0463]: can't find crate for `tar`
[INFO] [stdout]  --> examples/write.rs:1:1
[INFO] [stdout]   |
[INFO] [stdout] 1 | extern crate tar;
[INFO] [stdout]   | ^^^^^^^^^^^^^^^^^ can't find crate
[INFO] [stdout] 
[INFO] [stdout] 
[INFO] [stdout] error: aborting due to previous error
[INFO] [stdout] 
[INFO] [stdout] 
[INFO] [stdout] For more information about this error, try `rustc --explain E0463`.
[INFO] [stdout] 
[INFO] [stderr] error: could not compile `binstall-tar` due to 2 previous errors
[INFO] [stderr] warning: build failed, waiting for other jobs to finish...
[INFO] [stdout] error[E0463]: can't find crate for `tar`
[INFO] [stdout]  --> tests/entry.rs:1:1
[INFO] [stdout]   |
[INFO] [stdout] 1 | extern crate tar;
[INFO] [stdout]   | ^^^^^^^^^^^^^^^^^ can't find crate
[INFO] [stdout] 
[INFO] [stdout] 
[INFO] [stdout] error[E0463]: can't find crate for `tar`
[INFO] [stdout]  --> examples/list.rs:5:1
[INFO] [stdout]   |
[INFO] [stdout] 5 | extern crate tar;
[INFO] [stdout]   | ^^^^^^^^^^^^^^^^^ can't find crate
[INFO] [stdout] 
[INFO] [stdout] 
[INFO] [stdout] error[E0463]: can't find crate for `tar`
[INFO] [stdout]  --> examples/extract_file.rs:7:1
[INFO] [stdout]   |
[INFO] [stdout] 7 | extern crate tar;
[INFO] [stdout]   | ^^^^^^^^^^^^^^^^^ can't find crate
[INFO] [stdout] 
[INFO] [stdout] 
[INFO] [stderr] error: could not compile `binstall-tar` due to 2 previous errors
[INFO] [stdout] error: aborting due to previous error
[INFO] [stdout] 
[INFO] [stdout] 
[INFO] [stdout] For more information about this error, try `rustc --explain E0463`.
[INFO] [stdout] 
[INFO] [stdout] error: aborting due to previous error
[INFO] [stdout] 
[INFO] [stdout] 
[INFO] [stdout] For more information about this error, try `rustc --explain E0463`.
[INFO] [stdout] 
[INFO] [stderr] error: could not compile `binstall-tar` due to 2 previous errors
[INFO] [stdout] error[E0463]: can't find crate for `tar`
[INFO] [stdout]  --> examples/raw_list.rs:5:1
[INFO] [stdout]   |
[INFO] [stdout] 5 | extern crate tar;
[INFO] [stdout]   | ^^^^^^^^^^^^^^^^^ can't find crate
[INFO] [stdout] 
[INFO] [stdout] 
[INFO] [stdout] error[E0463]: can't find crate for `tar`
[INFO] [stdout]  --> tests/all.rs:2:1
[INFO] [stdout]   |
[INFO] [stdout] 2 | extern crate tar;
[INFO] [stdout]   | ^^^^^^^^^^^^^^^^^ can't find crate
[INFO] [stdout] 
[INFO] [stdout] 
[INFO] [stdout] error: aborting due to previous error
[INFO] [stdout] 
[INFO] [stdout] 
[INFO] [stdout] For more information about this error, try `rustc --explain E0463`.
[INFO] [stdout] 
[INFO] [stdout] error: couldn't read tests/archives/simple.tar: No such file or directory (os error 2)
[INFO] [stdout]   --> tests/all.rs:28:10
[INFO] [stdout]    |
[INFO] [stdout] 28 |         &include_bytes!(concat!("archives/", $e))[..]
[INFO] [stdout]    |          ^^^^^^^^^^^^^^^^^^^^^^^^^^^^^^^^^^^^^^^^
[INFO] [stdout] ...
[INFO] [stdout] 38 |     let bytes = tar!("simple.tar");
[INFO] [stdout]    |                 ------------------ in this macro invocation
[INFO] [stdout]    |
[INFO] [stdout]    = note: this error originates in the macro `include_bytes` which comes from the expansion of the macro `tar` (in Nightly builds, run with -Z macro-backtrace for more info)
[INFO] [stdout] 
[INFO] [stdout] 
[INFO] [stdout] error: couldn't read tests/archives/simple.tar: No such file or directory (os error 2)
[INFO] [stdout]   --> tests/all.rs:28:10
[INFO] [stdout]    |
[INFO] [stdout] 28 |         &include_bytes!(concat!("archives/", $e))[..]
[INFO] [stdout]    |          ^^^^^^^^^^^^^^^^^^^^^^^^^^^^^^^^^^^^^^^^
[INFO] [stdout] ...
[INFO] [stdout] 83 |     let mut ar = Archive::new(Cursor::new(tar!("simple.tar")));
[INFO] [stdout]    |                                           ------------------ in this macro invocation
[INFO] [stdout]    |
[INFO] [stdout]    = note: this error originates in the macro `include_bytes` which comes from the expansion of the macro `tar` (in Nightly builds, run with -Z macro-backtrace for more info)
[INFO] [stdout] 
[INFO] [stdout] 
[INFO] [stdout] error: couldn't read tests/archives/simple_missing_last_header.tar: No such file or directory (os error 2)
[INFO] [stdout]   --> tests/all.rs:28:10
[INFO] [stdout]    |
[INFO] [stdout] 28 |         &include_bytes!(concat!("archives/", $e))[..]
[INFO] [stdout]    |          ^^^^^^^^^^^^^^^^^^^^^^^^^^^^^^^^^^^^^^^^
[INFO] [stdout] ...
[INFO] [stdout] 98 |     let mut ar = Archive::new(Cursor::new(tar!("simple_missing_last_header.tar")));
[INFO] [stdout]    |                                           -------------------------------------- in this macro invocation
[INFO] [stdout]    |
[INFO] [stdout]    = note: this error originates in the macro `include_bytes` which comes from the expansion of the macro `tar` (in Nightly builds, run with -Z macro-backtrace for more info)
[INFO] [stdout] 
[INFO] [stdout] 
[INFO] [stdout] error: couldn't read tests/archives/reading_files.tar: No such file or directory (os error 2)
[INFO] [stdout]    --> tests/all.rs:28:10
[INFO] [stdout]     |
[INFO] [stdout] 28  |         &include_bytes!(concat!("archives/", $e))[..]
[INFO] [stdout]     |          ^^^^^^^^^^^^^^^^^^^^^^^^^^^^^^^^^^^^^^^^
[INFO] [stdout] ...
[INFO] [stdout] 113 |     let rdr = Cursor::new(tar!("reading_files.tar"));
[INFO] [stdout]     |                           ------------------------- in this macro invocation
[INFO] [stdout]     |
[INFO] [stdout]     = note: this error originates in the macro `include_bytes` which comes from the expansion of the macro `tar` (in Nightly builds, run with -Z macro-backtrace for more info)
[INFO] [stdout] 
[INFO] [stdout] 
[INFO] [stderr] error: could not compile `binstall-tar` due to 2 previous errors
[INFO] [stdout] error: couldn't read tests/archives/reading_files.tar: No such file or directory (os error 2)
[INFO] [stdout]    --> tests/all.rs:28:10
[INFO] [stdout]     |
[INFO] [stdout] 28  |         &include_bytes!(concat!("archives/", $e))[..]
[INFO] [stdout]     |          ^^^^^^^^^^^^^^^^^^^^^^^^^^^^^^^^^^^^^^^^
[INFO] [stdout] ...
[INFO] [stdout] 226 |     let rdr = Cursor::new(tar!("reading_files.tar"));
[INFO] [stdout]     |                           ------------------------- in this macro invocation
[INFO] [stdout]     |
[INFO] [stdout]     = note: this error originates in the macro `include_bytes` which comes from the expansion of the macro `tar` (in Nightly builds, run with -Z macro-backtrace for more info)
[INFO] [stdout] 
[INFO] [stdout] 
[INFO] [stdout] error: couldn't read tests/archives/reading_files.tar: No such file or directory (os error 2)
[INFO] [stdout]    --> tests/all.rs:28:10
[INFO] [stdout]     |
[INFO] [stdout] 28  |         &include_bytes!(concat!("archives/", $e))[..]
[INFO] [stdout]     |          ^^^^^^^^^^^^^^^^^^^^^^^^^^^^^^^^^^^^^^^^
[INFO] [stdout] ...
[INFO] [stdout] 233 |     let rdr = Cursor::new(tar!("reading_files.tar"));
[INFO] [stdout]     |                           ------------------------- in this macro invocation
[INFO] [stdout]     |
[INFO] [stdout]     = note: this error originates in the macro `include_bytes` which comes from the expansion of the macro `tar` (in Nightly builds, run with -Z macro-backtrace for more info)
[INFO] [stdout] 
[INFO] [stdout] 
[INFO] [stdout] error: couldn't read tests/archives/reading_files.tar: No such file or directory (os error 2)
[INFO] [stdout]    --> tests/all.rs:28:10
[INFO] [stdout]     |
[INFO] [stdout] 28  |         &include_bytes!(concat!("archives/", $e))[..]
[INFO] [stdout]     |          ^^^^^^^^^^^^^^^^^^^^^^^^^^^^^^^^^^^^^^^^
[INFO] [stdout] ...
[INFO] [stdout] 269 |     let mut reader = LoggingReader::new(Cursor::new(tar!("reading_files.tar")));
[INFO] [stdout]     |                                                     ------------------------- in this macro invocation
[INFO] [stdout]     |
[INFO] [stdout]     = note: this error originates in the macro `include_bytes` which comes from the expansion of the macro `tar` (in Nightly builds, run with -Z macro-backtrace for more info)
[INFO] [stdout] 
[INFO] [stdout] 
[INFO] [stdout] error: couldn't read tests/archives/reading_files.tar: No such file or directory (os error 2)
[INFO] [stdout]    --> tests/all.rs:28:10
[INFO] [stdout]     |
[INFO] [stdout] 28  |         &include_bytes!(concat!("archives/", $e))[..]
[INFO] [stdout]     |          ^^^^^^^^^^^^^^^^^^^^^^^^^^^^^^^^^^^^^^^^
[INFO] [stdout] ...
[INFO] [stdout] 275 |     let mut seekable_reader = LoggingReader::new(Cursor::new(tar!("reading_files.tar")));
[INFO] [stdout]     |                                                              ------------------------- in this macro invocation
[INFO] [stdout]     |
[INFO] [stdout]     = note: this error originates in the macro `include_bytes` which comes from the expansion of the macro `tar` (in Nightly builds, run with -Z macro-backtrace for more info)
[INFO] [stdout] 
[INFO] [stdout] 
[INFO] [stdout] error: couldn't read tests/archives/directory.tar: No such file or directory (os error 2)
[INFO] [stdout]    --> tests/all.rs:28:10
[INFO] [stdout]     |
[INFO] [stdout] 28  |         &include_bytes!(concat!("archives/", $e))[..]
[INFO] [stdout]     |          ^^^^^^^^^^^^^^^^^^^^^^^^^^^^^^^^^^^^^^^^
[INFO] [stdout] ...
[INFO] [stdout] 297 |     let rdr = Cursor::new(tar!("directory.tar"));
[INFO] [stdout]     |                           --------------------- in this macro invocation
[INFO] [stdout]     |
[INFO] [stdout]     = note: this error originates in the macro `include_bytes` which comes from the expansion of the macro `tar` (in Nightly builds, run with -Z macro-backtrace for more info)
[INFO] [stdout] 
[INFO] [stdout] 
[INFO] [stdout] error: couldn't read tests/archives/reading_files.tar: No such file or directory (os error 2)
[INFO] [stdout]    --> tests/all.rs:28:10
[INFO] [stdout]     |
[INFO] [stdout] 28  |         &include_bytes!(concat!("archives/", $e))[..]
[INFO] [stdout]     |          ^^^^^^^^^^^^^^^^^^^^^^^^^^^^^^^^^^^^^^^^
[INFO] [stdout] ...
[INFO] [stdout] 309 |     let rdr = Cursor::new(tar!("reading_files.tar"));
[INFO] [stdout]     |                           ------------------------- in this macro invocation
[INFO] [stdout]     |
[INFO] [stdout]     = note: this error originates in the macro `include_bytes` which comes from the expansion of the macro `tar` (in Nightly builds, run with -Z macro-backtrace for more info)
[INFO] [stdout] 
[INFO] [stdout] 
[INFO] [stdout] error: couldn't read tests/archives/reading_files.tar: No such file or directory (os error 2)
[INFO] [stdout]    --> tests/all.rs:28:10
[INFO] [stdout]     |
[INFO] [stdout] 28  |         &include_bytes!(concat!("archives/", $e))[..]
[INFO] [stdout]     |          ^^^^^^^^^^^^^^^^^^^^^^^^^^^^^^^^^^^^^^^^
[INFO] [stdout] ...
[INFO] [stdout] 331 |     let rdr = Cursor::new(tar!("reading_files.tar"));
[INFO] [stdout]     |                           ------------------------- in this macro invocation
[INFO] [stdout]     |
[INFO] [stdout]     = note: this error originates in the macro `include_bytes` which comes from the expansion of the macro `tar` (in Nightly builds, run with -Z macro-backtrace for more info)
[INFO] [stdout] 
[INFO] [stdout] 
[INFO] [stdout] error: couldn't read tests/archives/link.tar: No such file or directory (os error 2)
[INFO] [stdout]    --> tests/all.rs:28:10
[INFO] [stdout]     |
[INFO] [stdout] 28  |         &include_bytes!(concat!("archives/", $e))[..]
[INFO] [stdout]     |          ^^^^^^^^^^^^^^^^^^^^^^^^^^^^^^^^^^^^^^^^
[INFO] [stdout] ...
[INFO] [stdout] 344 |     let rdr = Cursor::new(tar!("link.tar"));
[INFO] [stdout]     |                           ---------------- in this macro invocation
[INFO] [stdout]     |
[INFO] [stdout]     = note: this error originates in the macro `include_bytes` which comes from the expansion of the macro `tar` (in Nightly builds, run with -Z macro-backtrace for more info)
[INFO] [stdout] 
[INFO] [stdout] 
[INFO] [stdout] error: couldn't read tests/archives/link.tar: No such file or directory (os error 2)
[INFO] [stdout]    --> tests/all.rs:28:10
[INFO] [stdout]     |
[INFO] [stdout] 28  |         &include_bytes!(concat!("archives/", $e))[..]
[INFO] [stdout]     |          ^^^^^^^^^^^^^^^^^^^^^^^^^^^^^^^^^^^^^^^^
[INFO] [stdout] ...
[INFO] [stdout] 367 |     let rdr = Cursor::new(tar!("link.tar"));
[INFO] [stdout]     |                           ---------------- in this macro invocation
[INFO] [stdout]     |
[INFO] [stdout]     = note: this error originates in the macro `include_bytes` which comes from the expansion of the macro `tar` (in Nightly builds, run with -Z macro-backtrace for more info)
[INFO] [stdout] 
[INFO] [stdout] 
[INFO] [stdout] error: couldn't read tests/archives/xattrs.tar: No such file or directory (os error 2)
[INFO] [stdout]    --> tests/all.rs:28:10
[INFO] [stdout]     |
[INFO] [stdout] 28  |         &include_bytes!(concat!("archives/", $e))[..]
[INFO] [stdout]     |          ^^^^^^^^^^^^^^^^^^^^^^^^^^^^^^^^^^^^^^^^
[INFO] [stdout] ...
[INFO] [stdout] 379 |     let rdr = Cursor::new(tar!("xattrs.tar"));
[INFO] [stdout]     |                           ------------------ in this macro invocation
[INFO] [stdout]     |
[INFO] [stdout]     = note: this error originates in the macro `include_bytes` which comes from the expansion of the macro `tar` (in Nightly builds, run with -Z macro-backtrace for more info)
[INFO] [stdout] 
[INFO] [stdout] 
[INFO] [stdout] error: couldn't read tests/archives/xattrs.tar: No such file or directory (os error 2)
[INFO] [stdout]    --> tests/all.rs:28:10
[INFO] [stdout]     |
[INFO] [stdout] 28  |         &include_bytes!(concat!("archives/", $e))[..]
[INFO] [stdout]     |          ^^^^^^^^^^^^^^^^^^^^^^^^^^^^^^^^^^^^^^^^
[INFO] [stdout] ...
[INFO] [stdout] 394 |     let rdr = Cursor::new(tar!("xattrs.tar"));
[INFO] [stdout]     |                           ------------------ in this macro invocation
[INFO] [stdout]     |
[INFO] [stdout]     = note: this error originates in the macro `include_bytes` which comes from the expansion of the macro `tar` (in Nightly builds, run with -Z macro-backtrace for more info)
[INFO] [stdout] 
[INFO] [stdout] 
[INFO] [stdout] error: couldn't read tests/archives/duplicate_dirs.tar: No such file or directory (os error 2)
[INFO] [stdout]    --> tests/all.rs:28:10
[INFO] [stdout]     |
[INFO] [stdout] 28  |         &include_bytes!(concat!("archives/", $e))[..]
[INFO] [stdout]     |          ^^^^^^^^^^^^^^^^^^^^^^^^^^^^^^^^^^^^^^^^
[INFO] [stdout] ...
[INFO] [stdout] 499 |     let rdr = Cursor::new(tar!("duplicate_dirs.tar"));
[INFO] [stdout]     |                           -------------------------- in this macro invocation
[INFO] [stdout]     |
[INFO] [stdout]     = note: this error originates in the macro `include_bytes` which comes from the expansion of the macro `tar` (in Nightly builds, run with -Z macro-backtrace for more info)
[INFO] [stdout] 
[INFO] [stdout] 
[INFO] [stdout] error: couldn't read tests/archives/spaces.tar: No such file or directory (os error 2)
[INFO] [stdout]    --> tests/all.rs:28:10
[INFO] [stdout]     |
[INFO] [stdout] 28  |         &include_bytes!(concat!("archives/", $e))[..]
[INFO] [stdout]     |          ^^^^^^^^^^^^^^^^^^^^^^^^^^^^^^^^^^^^^^^^
[INFO] [stdout] ...
[INFO] [stdout] 646 |     let rdr = Cursor::new(tar!("spaces.tar"));
[INFO] [stdout]     |                           ------------------ in this macro invocation
[INFO] [stdout]     |
[INFO] [stdout]     = note: this error originates in the macro `include_bytes` which comes from the expansion of the macro `tar` (in Nightly builds, run with -Z macro-backtrace for more info)
[INFO] [stdout] 
[INFO] [stdout] 
[INFO] [stdout] error: couldn't read tests/archives/empty_filename.tar: No such file or directory (os error 2)
[INFO] [stdout]    --> tests/all.rs:28:10
[INFO] [stdout]     |
[INFO] [stdout] 28  |         &include_bytes!(concat!("archives/", $e))[..]
[INFO] [stdout]     |          ^^^^^^^^^^^^^^^^^^^^^^^^^^^^^^^^^^^^^^^^
[INFO] [stdout] ...
[INFO] [stdout] 684 |     let rdr = Cursor::new(tar!("empty_filename.tar"));
[INFO] [stdout]     |                           -------------------------- in this macro invocation
[INFO] [stdout]     |
[INFO] [stdout]     = note: this error originates in the macro `include_bytes` which comes from the expansion of the macro `tar` (in Nightly builds, run with -Z macro-backtrace for more info)
[INFO] [stdout] 
[INFO] [stdout] 
[INFO] [stdout] error: couldn't read tests/archives/file_times.tar: No such file or directory (os error 2)
[INFO] [stdout]    --> tests/all.rs:28:10
[INFO] [stdout]     |
[INFO] [stdout] 28  |         &include_bytes!(concat!("archives/", $e))[..]
[INFO] [stdout]     |          ^^^^^^^^^^^^^^^^^^^^^^^^^^^^^^^^^^^^^^^^
[INFO] [stdout] ...
[INFO] [stdout] 692 |     let rdr = Cursor::new(tar!("file_times.tar"));
[INFO] [stdout]     |                           ---------------------- in this macro invocation
[INFO] [stdout]     |
[INFO] [stdout]     = note: this error originates in the macro `include_bytes` which comes from the expansion of the macro `tar` (in Nightly builds, run with -Z macro-backtrace for more info)
[INFO] [stdout] 
[INFO] [stdout] 
[INFO] [stdout] error: couldn't read tests/archives/link.tar: No such file or directory (os error 2)
[INFO] [stdout]    --> tests/all.rs:28:10
[INFO] [stdout]     |
[INFO] [stdout] 28  |         &include_bytes!(concat!("archives/", $e))[..]
[INFO] [stdout]     |          ^^^^^^^^^^^^^^^^^^^^^^^^^^^^^^^^^^^^^^^^
[INFO] [stdout] ...
[INFO] [stdout] 775 |     let mut ar = Archive::new(Cursor::new(tar!("link.tar")));
[INFO] [stdout]     |                                           ---------------- in this macro invocation
[INFO] [stdout]     |
[INFO] [stdout]     = note: this error originates in the macro `include_bytes` which comes from the expansion of the macro `tar` (in Nightly builds, run with -Z macro-backtrace for more info)
[INFO] [stdout] 
[INFO] [stdout] 
[INFO] [stdout] error: couldn't read tests/archives/link.tar: No such file or directory (os error 2)
[INFO] [stdout]    --> tests/all.rs:28:10
[INFO] [stdout]     |
[INFO] [stdout] 28  |         &include_bytes!(concat!("archives/", $e))[..]
[INFO] [stdout]     |          ^^^^^^^^^^^^^^^^^^^^^^^^^^^^^^^^^^^^^^^^
[INFO] [stdout] ...
[INFO] [stdout] 790 |     let mut ar = Archive::new(Cursor::new(tar!("link.tar")));
[INFO] [stdout]     |                                           ---------------- in this macro invocation
[INFO] [stdout]     |
[INFO] [stdout]     = note: this error originates in the macro `include_bytes` which comes from the expansion of the macro `tar` (in Nightly builds, run with -Z macro-backtrace for more info)
[INFO] [stdout] 
[INFO] [stdout] 
[INFO] [stdout] error: couldn't read tests/archives/pax_size.tar: No such file or directory (os error 2)
[INFO] [stdout]    --> tests/all.rs:28:10
[INFO] [stdout]     |
[INFO] [stdout] 28  |         &include_bytes!(concat!("archives/", $e))[..]
[INFO] [stdout]     |          ^^^^^^^^^^^^^^^^^^^^^^^^^^^^^^^^^^^^^^^^
[INFO] [stdout] ...
[INFO] [stdout] 808 |     let mut ar = Archive::new(tar!("pax_size.tar"));
[INFO] [stdout]     |                               -------------------- in this macro invocation
[INFO] [stdout]     |
[INFO] [stdout]     = note: this error originates in the macro `include_bytes` which comes from the expansion of the macro `tar` (in Nightly builds, run with -Z macro-backtrace for more info)
[INFO] [stdout] 
[INFO] [stdout] 
[INFO] [stdout] error: couldn't read tests/archives/pax.tar: No such file or directory (os error 2)
[INFO] [stdout]    --> tests/all.rs:28:10
[INFO] [stdout]     |
[INFO] [stdout] 28  |         &include_bytes!(concat!("archives/", $e))[..]
[INFO] [stdout]     |          ^^^^^^^^^^^^^^^^^^^^^^^^^^^^^^^^^^^^^^^^
[INFO] [stdout] ...
[INFO] [stdout] 828 |     let mut ar = Archive::new(tar!("pax.tar"));
[INFO] [stdout]     |                               --------------- in this macro invocation
[INFO] [stdout]     |
[INFO] [stdout]     = note: this error originates in the macro `include_bytes` which comes from the expansion of the macro `tar` (in Nightly builds, run with -Z macro-backtrace for more info)
[INFO] [stdout] 
[INFO] [stdout] 
[INFO] [stdout] error: couldn't read tests/archives/pax2.tar: No such file or directory (os error 2)
[INFO] [stdout]    --> tests/all.rs:28:10
[INFO] [stdout]     |
[INFO] [stdout] 28  |         &include_bytes!(concat!("archives/", $e))[..]
[INFO] [stdout]     |          ^^^^^^^^^^^^^^^^^^^^^^^^^^^^^^^^^^^^^^^^
[INFO] [stdout] ...
[INFO] [stdout] 848 |     let mut ar = Archive::new(tar!("pax2.tar"));
[INFO] [stdout]     |                               ---------------- in this macro invocation
[INFO] [stdout]     |
[INFO] [stdout]     = note: this error originates in the macro `include_bytes` which comes from the expansion of the macro `tar` (in Nightly builds, run with -Z macro-backtrace for more info)
[INFO] [stdout] 
[INFO] [stdout] 
[INFO] [stdout] error: couldn't read tests/archives/pax2.tar: No such file or directory (os error 2)
[INFO] [stdout]    --> tests/all.rs:28:10
[INFO] [stdout]     |
[INFO] [stdout] 28  |         &include_bytes!(concat!("archives/", $e))[..]
[INFO] [stdout]     |          ^^^^^^^^^^^^^^^^^^^^^^^^^^^^^^^^^^^^^^^^
[INFO] [stdout] ...
[INFO] [stdout] 857 |     let mut ar = Archive::new(tar!("pax2.tar"));
[INFO] [stdout]     |                               ---------------- in this macro invocation
[INFO] [stdout]     |
[INFO] [stdout]     = note: this error originates in the macro `include_bytes` which comes from the expansion of the macro `tar` (in Nightly builds, run with -Z macro-backtrace for more info)
[INFO] [stdout] 
[INFO] [stdout] 
[INFO] [stdout] error: couldn't read tests/archives/sparse.tar: No such file or directory (os error 2)
[INFO] [stdout]    --> tests/all.rs:28:10
[INFO] [stdout]     |
[INFO] [stdout] 28  |         &include_bytes!(concat!("archives/", $e))[..]
[INFO] [stdout]     |          ^^^^^^^^^^^^^^^^^^^^^^^^^^^^^^^^^^^^^^^^
[INFO] [stdout] ...
[INFO] [stdout] 989 |     let rdr = Cursor::new(tar!("sparse.tar"));
[INFO] [stdout]     |                           ------------------ in this macro invocation
[INFO] [stdout]     |
[INFO] [stdout]     = note: this error originates in the macro `include_bytes` which comes from the expansion of the macro `tar` (in Nightly builds, run with -Z macro-backtrace for more info)
[INFO] [stdout] 
[INFO] [stdout] 
[INFO] [stdout] error: couldn't read tests/archives/sparse.tar: No such file or directory (os error 2)
[INFO] [stdout]     --> tests/all.rs:28:10
[INFO] [stdout]      |
[INFO] [stdout] 28   |         &include_bytes!(concat!("archives/", $e))[..]
[INFO] [stdout]      |          ^^^^^^^^^^^^^^^^^^^^^^^^^^^^^^^^^^^^^^^^
[INFO] [stdout] ...
[INFO] [stdout] 1039 |     let rdr = Cursor::new(tar!("sparse.tar"));
[INFO] [stdout]      |                           ------------------ in this macro invocation
[INFO] [stdout]      |
[INFO] [stdout]      = note: this error originates in the macro `include_bytes` which comes from the expansion of the macro `tar` (in Nightly builds, run with -Z macro-backtrace for more info)
[INFO] [stdout] 
[INFO] [stdout] 
[INFO] [stdout] error: couldn't read tests/archives/sparse-1.tar: No such file or directory (os error 2)
[INFO] [stdout]     --> tests/all.rs:28:10
[INFO] [stdout]      |
[INFO] [stdout] 28   |         &include_bytes!(concat!("archives/", $e))[..]
[INFO] [stdout]      |          ^^^^^^^^^^^^^^^^^^^^^^^^^^^^^^^^^^^^^^^^
[INFO] [stdout] ...
[INFO] [stdout] 1080 |     let rdr = Cursor::new(tar!("sparse-1.tar"));
[INFO] [stdout]      |                           -------------------- in this macro invocation
[INFO] [stdout]      |
[INFO] [stdout]      = note: this error originates in the macro `include_bytes` which comes from the expansion of the macro `tar` (in Nightly builds, run with -Z macro-backtrace for more info)
[INFO] [stdout] 
[INFO] [stdout] 
[INFO] [stdout] error: couldn't read tests/archives/pax_sparse.tar: No such file or directory (os error 2)
[INFO] [stdout]     --> tests/all.rs:28:10
[INFO] [stdout]      |
[INFO] [stdout] 28   |         &include_bytes!(concat!("archives/", $e))[..]
[INFO] [stdout]      |          ^^^^^^^^^^^^^^^^^^^^^^^^^^^^^^^^^^^^^^^^
[INFO] [stdout] ...
[INFO] [stdout] 1094 |     let rdr = Cursor::new(tar!("pax_sparse.tar"));
[INFO] [stdout]      |                           ---------------------- in this macro invocation
[INFO] [stdout]      |
[INFO] [stdout]      = note: this error originates in the macro `include_bytes` which comes from the expansion of the macro `tar` (in Nightly builds, run with -Z macro-backtrace for more info)
[INFO] [stdout] 
[INFO] [stdout] 
[INFO] [stdout] error: couldn't read tests/archives/7z_long_path.tar: No such file or directory (os error 2)
[INFO] [stdout]     --> tests/all.rs:28:10
[INFO] [stdout]      |
[INFO] [stdout] 28   |         &include_bytes!(concat!("archives/", $e))[..]
[INFO] [stdout]      |          ^^^^^^^^^^^^^^^^^^^^^^^^^^^^^^^^^^^^^^^^
[INFO] [stdout] ...
[INFO] [stdout] 1276 |     let rdr = Cursor::new(tar!("7z_long_path.tar"));
[INFO] [stdout]      |                           ------------------------ in this macro invocation
[INFO] [stdout]      |
[INFO] [stdout]      = note: this error originates in the macro `include_bytes` which comes from the expansion of the macro `tar` (in Nightly builds, run with -Z macro-backtrace for more info)
[INFO] [stdout] 
[INFO] [stdout] 
[INFO] [stdout] error: couldn't read tests/archives/7z_long_path.tar: No such file or directory (os error 2)
[INFO] [stdout]     --> tests/all.rs:28:10
[INFO] [stdout]      |
[INFO] [stdout] 28   |         &include_bytes!(concat!("archives/", $e))[..]
[INFO] [stdout]      |          ^^^^^^^^^^^^^^^^^^^^^^^^^^^^^^^^^^^^^^^^
[INFO] [stdout] ...
[INFO] [stdout] 1288 |     let rdr = Cursor::new(tar!("7z_long_path.tar"));
[INFO] [stdout]      |                           ------------------------ in this macro invocation
[INFO] [stdout]      |
[INFO] [stdout]      = note: this error originates in the macro `include_bytes` which comes from the expansion of the macro `tar` (in Nightly builds, run with -Z macro-backtrace for more info)
[INFO] [stdout] 
[INFO] [stdout] 
[INFO] [stdout] error: aborting due to previous error
[INFO] [stdout] 
[INFO] [stdout] 
[INFO] [stdout] For more information about this error, try `rustc --explain E0463`.
[INFO] [stdout] 
[INFO] [stderr] error: could not compile `binstall-tar` due to 2 previous errors
[INFO] [stderr] error: could not compile `binstall-tar` due to 33 previous errors
[INFO] [stdout] error: aborting due to 32 previous errors
[INFO] [stdout] 
[INFO] [stdout] 
[INFO] [stdout] For more information about this error, try `rustc --explain E0463`.
[INFO] [stdout] 
[INFO] running `Command { std: "docker" "inspect" "35b6e8c59ed69208d0765f29a45f266f0772274e77bc848a5f987f612d12d305", kill_on_drop: false }`
[INFO] running `Command { std: "docker" "rm" "-f" "35b6e8c59ed69208d0765f29a45f266f0772274e77bc848a5f987f612d12d305", kill_on_drop: false }`
[INFO] [stdout] 35b6e8c59ed69208d0765f29a45f266f0772274e77bc848a5f987f612d12d305
