[INFO] fetching crate bevy-aabb-instancing 0.8.0...
[INFO] testing bevy-aabb-instancing-0.8.0 against 1.69.0 for beta-1.70-1
[INFO] extracting crate bevy-aabb-instancing 0.8.0 into /workspace/builds/worker-4-tc1/source
[INFO] validating manifest of crates.io crate bevy-aabb-instancing 0.8.0 on toolchain 1.69.0
[INFO] running `Command { std: CARGO_HOME="/workspace/cargo-home" RUSTUP_HOME="/workspace/rustup-home" "/workspace/cargo-home/bin/cargo" "+1.69.0" "metadata" "--manifest-path" "Cargo.toml" "--no-deps", kill_on_drop: false }`
[INFO] started tweaking crates.io crate bevy-aabb-instancing 0.8.0
[INFO] finished tweaking crates.io crate bevy-aabb-instancing 0.8.0
[INFO] tweaked toml for crates.io crate bevy-aabb-instancing 0.8.0 written to /workspace/builds/worker-4-tc1/source/Cargo.toml
[INFO] crate crates.io crate bevy-aabb-instancing 0.8.0 already has a lockfile, it will not be regenerated
[INFO] running `Command { std: CARGO_HOME="/workspace/cargo-home" RUSTUP_HOME="/workspace/rustup-home" "/workspace/cargo-home/bin/cargo" "+1.69.0" "fetch" "--manifest-path" "Cargo.toml", kill_on_drop: false }`
[INFO] [stderr]     Blocking waiting for file lock on package cache
[INFO] [stderr]     Blocking waiting for file lock on package cache
[INFO] [stderr]  Downloading crates ...
[INFO] [stderr]   Downloaded bevy_internal v0.9.1
[INFO] [stderr]   Downloaded ndk-glue v0.7.0
[INFO] [stderr]   Downloaded lock_api v0.4.7
[INFO] [stderr]   Downloaded thiserror v1.0.32
[INFO] [stderr]   Downloaded once_cell v1.13.1
[INFO] [stderr]   Downloaded bevy v0.9.1
[INFO] [stderr]   Downloaded erased-serde v0.3.23
[INFO] [stderr]   Downloaded pkg-config v0.3.25
[INFO] [stderr]   Downloaded json v0.12.4
[INFO] [stderr]   Downloaded bevy_winit v0.9.1
[INFO] [stderr]   Downloaded thiserror-impl v1.0.32
[INFO] [stderr]   Downloaded bevy_log v0.9.1
[INFO] [stderr]   Downloaded bevy_macro_utils v0.9.1
[INFO] [stderr]   Downloaded bevy_reflect v0.9.1
[INFO] [stderr]   Downloaded android_logger v0.11.3
[INFO] [stderr]   Downloaded bytemuck v1.12.1
[INFO] [stderr]   Downloaded winit v0.27.5
[INFO] [stderr]   Downloaded bevy_utils v0.9.1
[INFO] [stderr]   Downloaded bevy_render_macros v0.9.1
[INFO] [stderr]   Downloaded bevy_window v0.9.1
[INFO] [stderr]   Downloaded android_system_properties v0.1.4
[INFO] [stderr]   Downloaded bevy_transform v0.9.1
[INFO] [stderr]   Downloaded bevy_math v0.9.1
[INFO] [stderr]   Downloaded bevy_ecs_macros v0.9.1
[INFO] [stderr]   Downloaded bevy_ptr v0.9.1
[INFO] [stderr]   Downloaded bytemuck_derive v1.2.1
[INFO] [stderr]   Downloaded futures-io v0.3.23
[INFO] [stderr]   Downloaded bevy_core v0.9.1
[INFO] [stderr]   Downloaded cocoa v0.24.1
[INFO] [stderr]   Downloaded bevy_encase_derive v0.9.1
[INFO] [stderr]   Downloaded gpu-descriptor v0.2.3
[INFO] [stderr]   Downloaded encase_derive v0.4.1
[INFO] [stderr]   Downloaded crossbeam-utils v0.8.11
[INFO] [stderr]   Downloaded encase_derive_impl v0.4.1
[INFO] [stderr]   Downloaded futures-core v0.3.23
[INFO] [stderr]   Downloaded bevy_hierarchy v0.9.1
[INFO] [stderr]   Downloaded bevy_time v0.9.1
[INFO] [stderr]   Downloaded crossbeam v0.8.2
[INFO] [stderr]   Downloaded tracing-chrome v0.6.0
[INFO] [stderr]   Downloaded bevy_derive v0.9.1
[INFO] [stderr]   Downloaded bevy_diagnostic v0.9.1
[INFO] [stderr]   Downloaded hexasphere v8.1.0
[INFO] [stderr]   Downloaded d3d12 v0.5.0
[INFO] [stderr]   Downloaded concurrent-queue v2.1.0
[INFO] [stderr]   Downloaded bevy_app v0.9.1
[INFO] [stderr]   Downloaded bevy_core_pipeline v0.9.1
[INFO] [stderr]   Downloaded radsort v0.1.0
[INFO] [stderr]   Downloaded bevy_input v0.9.1
[INFO] [stderr]   Downloaded bevy_mikktspace v0.9.1
[INFO] [stderr]   Downloaded bevy_reflect_derive v0.9.1
[INFO] [stderr]   Downloaded wgpu-types v0.14.1
[INFO] [stderr]   Downloaded encase v0.4.1
[INFO] [stderr]   Downloaded bevy_tasks v0.9.1
[INFO] [stderr]   Downloaded anyhow v1.0.62
[INFO] [stderr]   Downloaded bevy_asset v0.9.1
[INFO] [stderr]   Downloaded const_panic v0.2.4
[INFO] [stderr]   Downloaded uuid v1.1.2
[INFO] [stderr]   Downloaded x11-dl v2.20.0
[INFO] [stderr]   Downloaded bevy_pbr v0.9.1
[INFO] [stderr]   Downloaded bevy_render v0.9.1
[INFO] [stderr]   Downloaded wgpu v0.14.2
[INFO] [stderr]   Downloaded unicode-xid v0.2.3
[INFO] [stderr]   Downloaded bevy_ecs v0.9.1
[INFO] [stderr]   Downloaded wgpu-core v0.14.2
[INFO] [stderr]   Downloaded wgpu-hal v0.14.1
[INFO] [stderr]   Downloaded glam v0.23.0
[INFO] [stderr]   Downloaded image v0.24.3
[INFO] [stderr]   Downloaded ash v0.37.2+1.3.238
[INFO] [stderr]   Downloaded naga v0.10.0
[INFO] [stderr]   Downloaded metal v0.24.0
[INFO] [stderr]   Downloaded profiling-procmacros v1.0.6
[INFO] [stderr]   Downloaded profiling v1.0.6
[INFO] running `Command { std: "docker" "create" "-v" "/var/lib/crater-agent-workspace/builds/worker-4-tc1/target:/opt/rustwide/target:rw,Z" "-v" "/var/lib/crater-agent-workspace/builds/worker-4-tc1/source:/opt/rustwide/workdir:ro,Z" "-v" "/var/lib/crater-agent-workspace/cargo-home:/opt/rustwide/cargo-home:ro,Z" "-v" "/var/lib/crater-agent-workspace/rustup-home:/opt/rustwide/rustup-home:ro,Z" "-e" "SOURCE_DIR=/opt/rustwide/workdir" "-e" "CARGO_TARGET_DIR=/opt/rustwide/target" "-e" "CARGO_HOME=/opt/rustwide/cargo-home" "-e" "RUSTUP_HOME=/opt/rustwide/rustup-home" "-w" "/opt/rustwide/workdir" "-m" "1610612736" "--user" "0:0" "--network" "none" "ghcr.io/rust-lang/crates-build-env/linux@sha256:5ff2268d62e97bff2cde7d5815dd6ed5b47097566f13b8d0ca110b04b60e07ed" "/opt/rustwide/cargo-home/bin/cargo" "+1.69.0" "metadata" "--no-deps" "--format-version=1", kill_on_drop: false }`
[INFO] [stdout] cec308aa95615892a18a7509746803e28d072e97fd0ca4c3219c5c682407b01e
[INFO] running `Command { std: "docker" "start" "-a" "cec308aa95615892a18a7509746803e28d072e97fd0ca4c3219c5c682407b01e", kill_on_drop: false }`
[INFO] running `Command { std: "docker" "inspect" "cec308aa95615892a18a7509746803e28d072e97fd0ca4c3219c5c682407b01e", kill_on_drop: false }`
[INFO] running `Command { std: "docker" "rm" "-f" "cec308aa95615892a18a7509746803e28d072e97fd0ca4c3219c5c682407b01e", kill_on_drop: false }`
[INFO] [stdout] cec308aa95615892a18a7509746803e28d072e97fd0ca4c3219c5c682407b01e
[INFO] running `Command { std: "docker" "create" "-v" "/var/lib/crater-agent-workspace/builds/worker-4-tc1/target:/opt/rustwide/target:rw,Z" "-v" "/var/lib/crater-agent-workspace/builds/worker-4-tc1/source:/opt/rustwide/workdir:ro,Z" "-v" "/var/lib/crater-agent-workspace/cargo-home:/opt/rustwide/cargo-home:ro,Z" "-v" "/var/lib/crater-agent-workspace/rustup-home:/opt/rustwide/rustup-home:ro,Z" "-e" "SOURCE_DIR=/opt/rustwide/workdir" "-e" "CARGO_TARGET_DIR=/opt/rustwide/target" "-e" "CARGO_INCREMENTAL=0" "-e" "RUST_BACKTRACE=full" "-e" "RUSTFLAGS=--cap-lints=warn" "-e" "RUSTDOCFLAGS=--cap-lints=warn" "-e" "CARGO_HOME=/opt/rustwide/cargo-home" "-e" "RUSTUP_HOME=/opt/rustwide/rustup-home" "-w" "/opt/rustwide/workdir" "-m" "1610612736" "--user" "0:0" "--network" "none" "ghcr.io/rust-lang/crates-build-env/linux@sha256:5ff2268d62e97bff2cde7d5815dd6ed5b47097566f13b8d0ca110b04b60e07ed" "/opt/rustwide/cargo-home/bin/cargo" "+1.69.0" "build" "--frozen" "--message-format=json", kill_on_drop: false }`
[INFO] [stdout] 27b58cdc4e330b7ac839f567a011dba10759583c24cc3e9503f8e1ba2c460d41
[INFO] running `Command { std: "docker" "start" "-a" "27b58cdc4e330b7ac839f567a011dba10759583c24cc3e9503f8e1ba2c460d41", kill_on_drop: false }`
[INFO] [stderr]    Compiling proc-macro2 v1.0.43
[INFO] [stderr]    Compiling unicode-ident v1.0.3
[INFO] [stderr]    Compiling syn v1.0.99
[INFO] [stderr]    Compiling once_cell v1.13.1
[INFO] [stderr]    Compiling serde_derive v1.0.144
[INFO] [stderr]    Compiling serde v1.0.144
[INFO] [stderr]    Compiling libc v0.2.132
[INFO] [stderr]    Compiling ahash v0.7.6
[INFO] [stderr]    Compiling lock_api v0.4.7
[INFO] [stderr]    Compiling parking_lot_core v0.9.3
[INFO] [stderr]    Compiling bytemuck v1.12.1
[INFO] [stderr]    Compiling crossbeam-utils v0.8.11
[INFO] [stderr]    Compiling futures-core v0.3.23
[INFO] [stderr]    Compiling tracing-core v0.1.30
[INFO] [stderr]    Compiling fixedbitset v0.4.2
[INFO] [stderr]    Compiling quote v1.0.21
[INFO] [stderr]    Compiling getrandom v0.2.7
[INFO] [stderr]    Compiling tracing v0.1.36
[INFO] [stderr]    Compiling instant v0.1.12
[INFO] [stderr]    Compiling futures-io v0.3.23
[INFO] [stderr]    Compiling bit-vec v0.6.3
[INFO] [stderr]    Compiling erased-serde v0.3.23
[INFO] [stderr]    Compiling concurrent-queue v2.1.0
[INFO] [stderr]    Compiling bit-set v0.5.3
[INFO] [stderr]    Compiling futures-lite v1.12.0
[INFO] [stderr]    Compiling async-channel v1.8.0
[INFO] [stderr]    Compiling thread_local v1.1.4
[INFO] [stderr]    Compiling bevy_ptr v0.9.1
[INFO] [stderr]    Compiling downcast-rs v1.2.0
[INFO] [stderr]    Compiling uuid v1.1.2
[INFO] [stderr]    Compiling regex-syntax v0.6.27
[INFO] [stderr]    Compiling cty v0.2.2
[INFO] [stderr]    Compiling aho-corasick v0.7.18
[INFO] [stderr]    Compiling indexmap v1.9.1
[INFO] [stderr]    Compiling overload v0.1.1
[INFO] [stderr]    Compiling nu-ansi-term v0.46.0
[INFO] [stderr]    Compiling raw-window-handle v0.5.0
[INFO] [stderr]    Compiling sharded-slab v0.1.4
[INFO] [stderr]    Compiling tracing-log v0.1.3
[INFO] [stderr]    Compiling libloading v0.7.3
[INFO] [stderr]    Compiling async-executor v1.4.1
[INFO] [stderr]    Compiling khronos-egl v4.1.0
[INFO] [stderr]    Compiling unicode-width v0.1.9
[INFO] [stderr]    Compiling bevy_tasks v0.9.1
[INFO] [stderr]    Compiling ash v0.37.2+1.3.238
[INFO] [stderr]    Compiling unicode-xid v0.2.3
[INFO] [stderr]    Compiling pp-rs v0.2.1
[INFO] [stderr]    Compiling codespan-reporting v0.11.1
[INFO] [stderr]    Compiling spirv v0.2.0+1.5.4
[INFO] [stderr]    Compiling gpu-alloc-types v0.2.0
[INFO] [stderr]    Compiling gpu-descriptor-types v0.1.1
[INFO] [stderr]    Compiling hexf-parse v0.2.1
[INFO] [stderr]    Compiling cfg_aliases v0.1.1
[INFO] [stderr]    Compiling rustc-hash v1.1.0
[INFO] [stderr]    Compiling wgpu-core v0.14.2
[INFO] [stderr]    Compiling regex-automata v0.1.10
[INFO] [stderr]    Compiling regex v1.6.0
[INFO] [stderr]    Compiling toml v0.5.9
[INFO] [stderr]    Compiling encase_derive_impl v0.4.1
[INFO] [stderr]    Compiling gpu-alloc v0.5.3
[INFO] [stderr]    Compiling matchers v0.1.0
[INFO] [stderr]    Compiling wgpu-types v0.14.1
[INFO] [stderr]    Compiling crossbeam-channel v0.5.6
[INFO] [stderr]    Compiling bevy_macro_utils v0.9.1
[INFO] [stderr]    Compiling anyhow v1.0.62
[INFO] [stderr]    Compiling renderdoc-sys v0.7.1
[INFO] [stderr]    Compiling pkg-config v0.3.25
[INFO] [stderr]    Compiling profiling v1.0.6
[INFO] [stderr]    Compiling glow v0.11.2
[INFO] [stderr]    Compiling const_panic v0.2.4
[INFO] [stderr]    Compiling glam v0.23.0
[INFO] [stderr]    Compiling image v0.24.3
[INFO] [stderr]    Compiling thiserror-impl v1.0.32
[INFO] [stderr]    Compiling bevy_reflect_derive v0.9.1
[INFO] [stderr]    Compiling bevy_ecs_macros v0.9.1
[INFO] [stderr]    Compiling bevy_derive v0.9.1
[INFO] [stderr]    Compiling x11-dl v2.20.0
[INFO] [stderr]    Compiling thiserror v1.0.32
[INFO] [stderr]    Compiling encase_derive v0.4.1
[INFO] [stderr]    Compiling hexasphere v8.1.0
[INFO] [stderr]    Compiling bevy_render_macros v0.9.1
[INFO] [stderr]    Compiling bevy_encase_derive v0.9.1
[INFO] [stderr]    Compiling raw-window-handle v0.4.3
[INFO] [stderr]    Compiling mio v0.8.4
[INFO] [stderr]    Compiling percent-encoding v2.1.0
[INFO] [stderr]    Compiling approx v0.5.1
[INFO] [stderr]    Compiling radsort v0.1.0
[INFO] [stderr]    Compiling hashbrown v0.12.3
[INFO] [stderr]    Compiling smallvec v1.9.0
[INFO] [stderr]    Compiling glam v0.22.0
[INFO] [stderr]    Compiling tracing-subscriber v0.3.16
[INFO] [stderr]    Compiling parking_lot v0.12.1
[INFO] [stderr]    Compiling winit v0.27.5
[INFO] [stderr]    Compiling bevy_utils v0.9.1
[INFO] [stderr]    Compiling gpu-descriptor v0.2.3
[INFO] [stderr]    Compiling petgraph v0.6.2
[INFO] [stderr]    Compiling bevy_math v0.9.1
[INFO] [stderr]    Compiling encase v0.4.1
[INFO] [stderr]    Compiling bevy_mikktspace v0.9.1
[INFO] [stderr]    Compiling bevy_reflect v0.9.1
[INFO] [stderr]    Compiling naga v0.10.0
[INFO] [stderr]    Compiling bevy_ecs v0.9.1
[INFO] [stderr]    Compiling wgpu-hal v0.14.1
[INFO] [stderr]    Compiling bevy_app v0.9.1
[INFO] [stderr]    Compiling bevy_log v0.9.1
[INFO] [stderr]    Compiling bevy_core v0.9.1
[INFO] [stderr]    Compiling bevy_time v0.9.1
[INFO] [stderr]    Compiling bevy_input v0.9.1
[INFO] [stderr]    Compiling bevy_hierarchy v0.9.1
[INFO] [stderr]    Compiling bevy_diagnostic v0.9.1
[INFO] [stderr]    Compiling bevy_transform v0.9.1
[INFO] [stderr]    Compiling bevy_asset v0.9.1
[INFO] [stderr]    Compiling bevy_window v0.9.1
[INFO] [stderr]    Compiling bevy_winit v0.9.1
[INFO] [stderr]    Compiling wgpu v0.14.2
[INFO] [stderr]    Compiling bevy_render v0.9.1
[INFO] [stderr]    Compiling bevy_core_pipeline v0.9.1
[INFO] [stderr]    Compiling bevy_internal v0.9.1
[INFO] [stderr]    Compiling bevy v0.9.1
[INFO] [stderr]    Compiling bevy-aabb-instancing v0.8.0 (/opt/rustwide/workdir)
[INFO] [stderr]     Finished dev [unoptimized + debuginfo] target(s) in 4m 12s
[INFO] running `Command { std: "docker" "inspect" "27b58cdc4e330b7ac839f567a011dba10759583c24cc3e9503f8e1ba2c460d41", kill_on_drop: false }`
[INFO] running `Command { std: "docker" "rm" "-f" "27b58cdc4e330b7ac839f567a011dba10759583c24cc3e9503f8e1ba2c460d41", kill_on_drop: false }`
[INFO] [stdout] 27b58cdc4e330b7ac839f567a011dba10759583c24cc3e9503f8e1ba2c460d41
[INFO] running `Command { std: "docker" "create" "-v" "/var/lib/crater-agent-workspace/builds/worker-4-tc1/target:/opt/rustwide/target:rw,Z" "-v" "/var/lib/crater-agent-workspace/builds/worker-4-tc1/source:/opt/rustwide/workdir:ro,Z" "-v" "/var/lib/crater-agent-workspace/cargo-home:/opt/rustwide/cargo-home:ro,Z" "-v" "/var/lib/crater-agent-workspace/rustup-home:/opt/rustwide/rustup-home:ro,Z" "-e" "SOURCE_DIR=/opt/rustwide/workdir" "-e" "CARGO_TARGET_DIR=/opt/rustwide/target" "-e" "CARGO_INCREMENTAL=0" "-e" "RUST_BACKTRACE=full" "-e" "RUSTFLAGS=--cap-lints=warn" "-e" "RUSTDOCFLAGS=--cap-lints=warn" "-e" "CARGO_HOME=/opt/rustwide/cargo-home" "-e" "RUSTUP_HOME=/opt/rustwide/rustup-home" "-w" "/opt/rustwide/workdir" "-m" "1610612736" "--user" "0:0" "--network" "none" "ghcr.io/rust-lang/crates-build-env/linux@sha256:5ff2268d62e97bff2cde7d5815dd6ed5b47097566f13b8d0ca110b04b60e07ed" "/opt/rustwide/cargo-home/bin/cargo" "+1.69.0" "test" "--frozen" "--no-run" "--message-format=json", kill_on_drop: false }`
[INFO] [stdout] 5ae8cb446a08ff449cffe446574ba0d6ce25eb00383c49ca41312db7df9c6faf
[INFO] running `Command { std: "docker" "start" "-a" "5ae8cb446a08ff449cffe446574ba0d6ce25eb00383c49ca41312db7df9c6faf", kill_on_drop: false }`
[INFO] [stderr]    Compiling getrandom v0.2.7
[INFO] [stderr]    Compiling ppv-lite86 v0.2.16
[INFO] [stderr]    Compiling uuid v1.1.2
[INFO] [stderr]    Compiling ahash v0.7.6
[INFO] [stderr]    Compiling rand_core v0.6.3
[INFO] [stderr]    Compiling rand_chacha v0.3.1
[INFO] [stderr]    Compiling bevy_reflect_derive v0.9.1
[INFO] [stderr]    Compiling hashbrown v0.12.3
[INFO] [stderr]    Compiling rand v0.8.5
[INFO] [stderr]    Compiling bevy_utils v0.9.1
[INFO] [stderr]    Compiling indexmap v1.9.1
[INFO] [stderr]    Compiling gpu-descriptor v0.2.3
[INFO] [stderr]    Compiling petgraph v0.6.2
[INFO] [stderr]    Compiling bevy_reflect v0.9.1
[INFO] [stderr]    Compiling naga v0.10.0
[INFO] [stderr]    Compiling bevy_ecs v0.9.1
[INFO] [stderr]    Compiling wgpu-hal v0.14.1
[INFO] [stderr]    Compiling bevy_app v0.9.1
[INFO] [stderr]    Compiling bevy_log v0.9.1
[INFO] [stderr]    Compiling bevy_core v0.9.1
[INFO] [stderr]    Compiling bevy_time v0.9.1
[INFO] [stderr]    Compiling bevy_input v0.9.1
[INFO] [stderr]    Compiling bevy_hierarchy v0.9.1
[INFO] [stderr]    Compiling bevy_diagnostic v0.9.1
[INFO] [stderr]    Compiling wgpu-core v0.14.2
[INFO] [stderr]    Compiling bevy_asset v0.9.1
[INFO] [stderr]    Compiling bevy_transform v0.9.1
[INFO] [stderr]    Compiling bevy_window v0.9.1
[INFO] [stderr]    Compiling bevy_winit v0.9.1
[INFO] [stderr]    Compiling wgpu v0.14.2
[INFO] [stderr]    Compiling bevy_render v0.9.1
[INFO] [stderr]    Compiling bevy_core_pipeline v0.9.1
[INFO] [stderr]    Compiling bevy_internal v0.9.1
[INFO] [stderr]    Compiling bevy v0.9.1
[INFO] [stderr]    Compiling bevy-aabb-instancing v0.8.0 (/opt/rustwide/workdir)
[INFO] [stdout] error[E0433]: failed to resolve: use of undeclared crate or module `smooth_bevy_cameras`
[INFO] [stdout]  --> examples/wave.rs:6:5
[INFO] [stdout]   |
[INFO] [stdout] 6 | use smooth_bevy_cameras::{controllers::fps::*, LookTransformPlugin};
[INFO] [stdout]   |     ^^^^^^^^^^^^^^^^^^^ use of undeclared crate or module `smooth_bevy_cameras`
[INFO] [stdout] 
[INFO] [stdout] 
[INFO] [stdout] error[E0432]: unresolved import `smooth_bevy_cameras`
[INFO] [stdout]  --> examples/wave.rs:6:5
[INFO] [stdout]   |
[INFO] [stdout] 6 | use smooth_bevy_cameras::{controllers::fps::*, LookTransformPlugin};
[INFO] [stdout]   |     ^^^^^^^^^^^^^^^^^^^ use of undeclared crate or module `smooth_bevy_cameras`
[INFO] [stdout] 
[INFO] [stdout] 
[INFO] [stdout] error[E0422]: cannot find struct, variant or union type `FpsCameraController` in this scope
[INFO] [stdout]   --> examples/wave.rs:69:13
[INFO] [stdout]    |
[INFO] [stdout] 69 |             FpsCameraController {
[INFO] [stdout]    |             ^^^^^^^^^^^^^^^^^^^ not found in this scope
[INFO] [stdout] 
[INFO] [stdout] 
[INFO] [stdout] error[E0433]: failed to resolve: use of undeclared type `FpsCameraPlugin`
[INFO] [stdout]   --> examples/wave.rs:14:21
[INFO] [stdout]    |
[INFO] [stdout] 14 |         .add_plugin(FpsCameraPlugin::default())
[INFO] [stdout]    |                     ^^^^^^^^^^^^^^^ use of undeclared type `FpsCameraPlugin`
[INFO] [stdout] 
[INFO] [stdout] 
[INFO] [stdout] error[E0433]: failed to resolve: use of undeclared type `FpsCameraBundle`
[INFO] [stdout]   --> examples/wave.rs:68:17
[INFO] [stdout]    |
[INFO] [stdout] 68 |         .insert(FpsCameraBundle::new(
[INFO] [stdout]    |                 ^^^^^^^^^^^^^^^
[INFO] [stdout]    |                 |
[INFO] [stdout]    |                 use of undeclared type `FpsCameraBundle`
[INFO] [stdout]    |                 help: a struct with a similar name exists: `Camera2dBundle`
[INFO] [stdout] 
[INFO] [stdout] 
[INFO] [stdout] error: aborting due to 5 previous errors
[INFO] [stdout] 
[INFO] [stdout] 
[INFO] [stdout] Some errors have detailed explanations: E0422, E0432, E0433.
[INFO] [stdout] 
[INFO] [stdout] For more information about an error, try `rustc --explain E0422`.
[INFO] [stdout] 
[INFO] [stderr] error: could not compile `bevy-aabb-instancing` due to 6 previous errors
[INFO] [stderr] warning: build failed, waiting for other jobs to finish...
[INFO] running `Command { std: "docker" "inspect" "5ae8cb446a08ff449cffe446574ba0d6ce25eb00383c49ca41312db7df9c6faf", kill_on_drop: false }`
[INFO] running `Command { std: "docker" "rm" "-f" "5ae8cb446a08ff449cffe446574ba0d6ce25eb00383c49ca41312db7df9c6faf", kill_on_drop: false }`
[INFO] [stdout] 5ae8cb446a08ff449cffe446574ba0d6ce25eb00383c49ca41312db7df9c6faf
