[INFO] fetching crate betrusted-rt 0.0.1...
[INFO] testing betrusted-rt-0.0.1 against beta-2023-04-20 for beta-1.70-1
[INFO] extracting crate betrusted-rt 0.0.1 into /workspace/builds/worker-3-tc2/source
[INFO] validating manifest of crates.io crate betrusted-rt 0.0.1 on toolchain beta-2023-04-20
[INFO] running `Command { std: CARGO_HOME="/workspace/cargo-home" RUSTUP_HOME="/workspace/rustup-home" "/workspace/cargo-home/bin/cargo" "+beta-2023-04-20" "metadata" "--manifest-path" "Cargo.toml" "--no-deps", kill_on_drop: false }`
[INFO] started tweaking crates.io crate betrusted-rt 0.0.1
[INFO] finished tweaking crates.io crate betrusted-rt 0.0.1
[INFO] tweaked toml for crates.io crate betrusted-rt 0.0.1 written to /workspace/builds/worker-3-tc2/source/Cargo.toml
[INFO] crate crates.io crate betrusted-rt 0.0.1 already has a lockfile, it will not be regenerated
[INFO] running `Command { std: CARGO_HOME="/workspace/cargo-home" RUSTUP_HOME="/workspace/rustup-home" "/workspace/cargo-home/bin/cargo" "+beta-2023-04-20" "fetch" "--manifest-path" "Cargo.toml", kill_on_drop: false }`
[INFO] [stderr]     Updating crates.io index
[INFO] [stderr]  Downloading crates ...
[INFO] [stderr]   Downloaded panic-halt v0.2.0
[INFO] [stderr]   Downloaded riscv-rt-macros v0.1.6
[INFO] [stderr]   Downloaded r0 v0.2.2
[INFO] [stderr]   Downloaded bit_field v0.9.0
[INFO] [stderr]   Downloaded bare-metal v0.2.4
[INFO] [stderr]   Downloaded rand v0.5.6
[INFO] [stderr]   Downloaded vexriscv v0.0.2
[INFO] running `Command { std: "docker" "create" "-v" "/var/lib/crater-agent-workspace/builds/worker-3-tc2/target:/opt/rustwide/target:rw,Z" "-v" "/var/lib/crater-agent-workspace/builds/worker-3-tc2/source:/opt/rustwide/workdir:ro,Z" "-v" "/var/lib/crater-agent-workspace/cargo-home:/opt/rustwide/cargo-home:ro,Z" "-v" "/var/lib/crater-agent-workspace/rustup-home:/opt/rustwide/rustup-home:ro,Z" "-e" "SOURCE_DIR=/opt/rustwide/workdir" "-e" "CARGO_TARGET_DIR=/opt/rustwide/target" "-e" "CARGO_HOME=/opt/rustwide/cargo-home" "-e" "RUSTUP_HOME=/opt/rustwide/rustup-home" "-w" "/opt/rustwide/workdir" "-m" "1610612736" "--user" "0:0" "--network" "none" "ghcr.io/rust-lang/crates-build-env/linux@sha256:5ff2268d62e97bff2cde7d5815dd6ed5b47097566f13b8d0ca110b04b60e07ed" "/opt/rustwide/cargo-home/bin/cargo" "+beta-2023-04-20" "metadata" "--no-deps" "--format-version=1", kill_on_drop: false }`
[INFO] [stdout] 66cf15887c5c00b5ee3b31eb1847ffe79e4e60fc49503c2b2b93ba5ae2750f85
[INFO] running `Command { std: "docker" "start" "-a" "66cf15887c5c00b5ee3b31eb1847ffe79e4e60fc49503c2b2b93ba5ae2750f85", kill_on_drop: false }`
[INFO] running `Command { std: "docker" "inspect" "66cf15887c5c00b5ee3b31eb1847ffe79e4e60fc49503c2b2b93ba5ae2750f85", kill_on_drop: false }`
[INFO] running `Command { std: "docker" "rm" "-f" "66cf15887c5c00b5ee3b31eb1847ffe79e4e60fc49503c2b2b93ba5ae2750f85", kill_on_drop: false }`
[INFO] [stdout] 66cf15887c5c00b5ee3b31eb1847ffe79e4e60fc49503c2b2b93ba5ae2750f85
[INFO] running `Command { std: "docker" "create" "-v" "/var/lib/crater-agent-workspace/builds/worker-3-tc2/target:/opt/rustwide/target:rw,Z" "-v" "/var/lib/crater-agent-workspace/builds/worker-3-tc2/source:/opt/rustwide/workdir:ro,Z" "-v" "/var/lib/crater-agent-workspace/cargo-home:/opt/rustwide/cargo-home:ro,Z" "-v" "/var/lib/crater-agent-workspace/rustup-home:/opt/rustwide/rustup-home:ro,Z" "-e" "SOURCE_DIR=/opt/rustwide/workdir" "-e" "CARGO_TARGET_DIR=/opt/rustwide/target" "-e" "CARGO_INCREMENTAL=0" "-e" "RUST_BACKTRACE=full" "-e" "RUSTFLAGS=--cap-lints=warn" "-e" "RUSTDOCFLAGS=--cap-lints=warn" "-e" "CARGO_HOME=/opt/rustwide/cargo-home" "-e" "RUSTUP_HOME=/opt/rustwide/rustup-home" "-w" "/opt/rustwide/workdir" "-m" "1610612736" "--user" "0:0" "--network" "none" "ghcr.io/rust-lang/crates-build-env/linux@sha256:5ff2268d62e97bff2cde7d5815dd6ed5b47097566f13b8d0ca110b04b60e07ed" "/opt/rustwide/cargo-home/bin/cargo" "+beta-2023-04-20" "build" "--frozen" "--message-format=json", kill_on_drop: false }`
[INFO] [stdout] d6721c502a1f9826b442a0b706c4ed469743a5462f1e34c2b61aeb6ba938c499
[INFO] running `Command { std: "docker" "start" "-a" "d6721c502a1f9826b442a0b706c4ed469743a5462f1e34c2b61aeb6ba938c499", kill_on_drop: false }`
[INFO] [stderr]    Compiling semver-parser v0.7.0
[INFO] [stderr]    Compiling proc-macro2 v0.4.30
[INFO] [stderr]    Compiling unicode-xid v0.1.0
[INFO] [stderr]    Compiling rand_core v0.4.2
[INFO] [stderr]    Compiling syn v0.15.44
[INFO] [stderr]    Compiling vexriscv v0.0.2
[INFO] [stderr]    Compiling betrusted-rt v0.0.1 (/opt/rustwide/workdir)
[INFO] [stderr]    Compiling bit_field v0.9.0
[INFO] [stderr]    Compiling r0 v0.2.2
[INFO] [stderr]    Compiling rand_core v0.3.1
[INFO] [stderr]    Compiling rand v0.5.6
[INFO] [stderr]    Compiling semver v0.9.0
[INFO] [stderr]    Compiling rustc_version v0.2.3
[INFO] [stderr]    Compiling bare-metal v0.2.4
[INFO] [stderr]    Compiling quote v0.6.13
[INFO] [stderr]    Compiling riscv-rt-macros v0.1.6
[INFO] [stderr]     Finished dev [unoptimized + debuginfo] target(s) in 8.12s
[INFO] running `Command { std: "docker" "inspect" "d6721c502a1f9826b442a0b706c4ed469743a5462f1e34c2b61aeb6ba938c499", kill_on_drop: false }`
[INFO] running `Command { std: "docker" "rm" "-f" "d6721c502a1f9826b442a0b706c4ed469743a5462f1e34c2b61aeb6ba938c499", kill_on_drop: false }`
[INFO] [stdout] d6721c502a1f9826b442a0b706c4ed469743a5462f1e34c2b61aeb6ba938c499
[INFO] running `Command { std: "docker" "create" "-v" "/var/lib/crater-agent-workspace/builds/worker-3-tc2/target:/opt/rustwide/target:rw,Z" "-v" "/var/lib/crater-agent-workspace/builds/worker-3-tc2/source:/opt/rustwide/workdir:ro,Z" "-v" "/var/lib/crater-agent-workspace/cargo-home:/opt/rustwide/cargo-home:ro,Z" "-v" "/var/lib/crater-agent-workspace/rustup-home:/opt/rustwide/rustup-home:ro,Z" "-e" "SOURCE_DIR=/opt/rustwide/workdir" "-e" "CARGO_TARGET_DIR=/opt/rustwide/target" "-e" "CARGO_INCREMENTAL=0" "-e" "RUST_BACKTRACE=full" "-e" "RUSTFLAGS=--cap-lints=warn" "-e" "RUSTDOCFLAGS=--cap-lints=warn" "-e" "CARGO_HOME=/opt/rustwide/cargo-home" "-e" "RUSTUP_HOME=/opt/rustwide/rustup-home" "-w" "/opt/rustwide/workdir" "-m" "1610612736" "--user" "0:0" "--network" "none" "ghcr.io/rust-lang/crates-build-env/linux@sha256:5ff2268d62e97bff2cde7d5815dd6ed5b47097566f13b8d0ca110b04b60e07ed" "/opt/rustwide/cargo-home/bin/cargo" "+beta-2023-04-20" "test" "--frozen" "--no-run" "--message-format=json", kill_on_drop: false }`
[INFO] [stdout] 694cfa9ed1e7f0ee3d9c3ead4cabf6b72b4df516ca5a51916347ee3365c7bbc6
[INFO] running `Command { std: "docker" "start" "-a" "694cfa9ed1e7f0ee3d9c3ead4cabf6b72b4df516ca5a51916347ee3365c7bbc6", kill_on_drop: false }`
[INFO] [stderr]    Compiling panic-halt v0.2.0
[INFO] [stderr]    Compiling betrusted-rt v0.0.1 (/opt/rustwide/workdir)
[INFO] [stdout] error[E0463]: can't find crate for `riscv_rt`
[INFO] [stdout]  --> examples/empty.rs:5:1
[INFO] [stdout]   |
[INFO] [stdout] 5 | extern crate riscv_rt;
[INFO] [stdout]   | ^^^^^^^^^^^^^^^^^^^^^^ can't find crate
[INFO] [stdout] 
[INFO] [stdout] 
[INFO] [stdout] error: cannot determine resolution for the attribute macro `entry`
[INFO] [stdout]  --> examples/empty.rs:9:3
[INFO] [stdout]   |
[INFO] [stdout] 9 | #[entry]
[INFO] [stdout]   |   ^^^^^
[INFO] [stdout]   |
[INFO] [stdout]   = note: import resolution is stuck, try simplifying macro imports
[INFO] [stdout] 
[INFO] [stdout] 
[INFO] [stdout] error: language item required, but not found: `eh_personality`
[INFO] [stdout]   |
[INFO] [stdout]   = note: this can occur when a binary crate with `#![no_std]` is compiled for a target where `eh_personality` is defined in the standard library
[INFO] [stdout]   = help: you may be able to compile for a target that doesn't need `eh_personality`, specify a target with `--target` or in `.cargo/config`
[INFO] [stdout] 
[INFO] [stdout] 
[INFO] [stdout] error: aborting due to 3 previous errors
[INFO] [stdout] 
[INFO] [stdout] 
[INFO] [stdout] For more information about this error, try `rustc --explain E0463`.
[INFO] [stdout] 
[INFO] [stderr] error: could not compile `betrusted-rt` (example "empty") due to 4 previous errors
[INFO] [stderr] warning: build failed, waiting for other jobs to finish...
[INFO] [stdout] error[E0463]: can't find crate for `riscv`
[INFO] [stdout]  --> examples/multi_core.rs:5:1
[INFO] [stdout]   |
[INFO] [stdout] 5 | extern crate riscv;
[INFO] [stdout]   | ^^^^^^^^^^^^^^^^^^^ can't find crate
[INFO] [stdout] 
[INFO] [stdout] 
[INFO] [stdout] error[E0463]: can't find crate for `riscv_rt`
[INFO] [stdout]  --> examples/multi_core.rs:6:1
[INFO] [stdout]   |
[INFO] [stdout] 6 | extern crate riscv_rt;
[INFO] [stdout]   | ^^^^^^^^^^^^^^^^^^^^^^ can't find crate
[INFO] [stdout] 
[INFO] [stdout] 
[INFO] [stdout] error: cannot determine resolution for the attribute macro `entry`
[INFO] [stdout]   --> examples/multi_core.rs:43:3
[INFO] [stdout]    |
[INFO] [stdout] 43 | #[entry]
[INFO] [stdout]    |   ^^^^^
[INFO] [stdout]    |
[INFO] [stdout]    = note: import resolution is stuck, try simplifying macro imports
[INFO] [stdout] 
[INFO] [stdout] 
[INFO] [stdout] error: language item required, but not found: `eh_personality`
[INFO] [stdout]   |
[INFO] [stdout]   = note: this can occur when a binary crate with `#![no_std]` is compiled for a target where `eh_personality` is defined in the standard library
[INFO] [stdout]   = help: you may be able to compile for a target that doesn't need `eh_personality`, specify a target with `--target` or in `.cargo/config`
[INFO] [stdout] 
[INFO] [stdout] 
[INFO] [stdout] error: aborting due to 4 previous errors
[INFO] [stdout] 
[INFO] [stdout] 
[INFO] [stdout] For more information about this error, try `rustc --explain E0463`.
[INFO] [stdout] 
[INFO] [stderr] error: could not compile `betrusted-rt` (example "multi_core") due to 5 previous errors
[INFO] [stdout] error: entry symbol `main` declared multiple times
[INFO] [stdout]   |
[INFO] [stdout]   = help: did you use `#[no_mangle]` on `fn main`? Use `#[start]` instead
[INFO] [stdout] 
[INFO] [stdout] 
[INFO] [stdout] error: aborting due to previous error
[INFO] [stdout] 
[INFO] [stdout] 
[INFO] [stderr] error: could not compile `betrusted-rt` (lib test) due to 2 previous errors
[INFO] running `Command { std: "docker" "inspect" "694cfa9ed1e7f0ee3d9c3ead4cabf6b72b4df516ca5a51916347ee3365c7bbc6", kill_on_drop: false }`
[INFO] running `Command { std: "docker" "rm" "-f" "694cfa9ed1e7f0ee3d9c3ead4cabf6b72b4df516ca5a51916347ee3365c7bbc6", kill_on_drop: false }`
[INFO] [stdout] 694cfa9ed1e7f0ee3d9c3ead4cabf6b72b4df516ca5a51916347ee3365c7bbc6
