[INFO] fetching crate bee-ternary 1.0.0...
[INFO] testing bee-ternary-1.0.0 against 1.69.0 for beta-1.70-1
[INFO] extracting crate bee-ternary 1.0.0 into /workspace/builds/worker-6-tc1/source
[INFO] validating manifest of crates.io crate bee-ternary 1.0.0 on toolchain 1.69.0
[INFO] running `Command { std: CARGO_HOME="/workspace/cargo-home" RUSTUP_HOME="/workspace/rustup-home" "/workspace/cargo-home/bin/cargo" "+1.69.0" "metadata" "--manifest-path" "Cargo.toml" "--no-deps", kill_on_drop: false }`
[INFO] started tweaking crates.io crate bee-ternary 1.0.0
[INFO] finished tweaking crates.io crate bee-ternary 1.0.0
[INFO] tweaked toml for crates.io crate bee-ternary 1.0.0 written to /workspace/builds/worker-6-tc1/source/Cargo.toml
[INFO] running `Command { std: CARGO_HOME="/workspace/cargo-home" RUSTUP_HOME="/workspace/rustup-home" __CARGO_TEST_CHANNEL_OVERRIDE_DO_NOT_USE_THIS="nightly" "/workspace/cargo-home/bin/cargo" "+1.69.0" "generate-lockfile" "--manifest-path" "Cargo.toml" "-Zno-index-update", kill_on_drop: false }`
[INFO] [stderr]     Blocking waiting for file lock on package cache
[INFO] running `Command { std: CARGO_HOME="/workspace/cargo-home" RUSTUP_HOME="/workspace/rustup-home" "/workspace/cargo-home/bin/cargo" "+1.69.0" "fetch" "--manifest-path" "Cargo.toml", kill_on_drop: false }`
[INFO] [stderr]     Blocking waiting for file lock on package cache
[INFO] running `Command { std: "docker" "create" "-v" "/var/lib/crater-agent-workspace/builds/worker-6-tc1/target:/opt/rustwide/target:rw,Z" "-v" "/var/lib/crater-agent-workspace/builds/worker-6-tc1/source:/opt/rustwide/workdir:ro,Z" "-v" "/var/lib/crater-agent-workspace/cargo-home:/opt/rustwide/cargo-home:ro,Z" "-v" "/var/lib/crater-agent-workspace/rustup-home:/opt/rustwide/rustup-home:ro,Z" "-e" "SOURCE_DIR=/opt/rustwide/workdir" "-e" "CARGO_TARGET_DIR=/opt/rustwide/target" "-e" "CARGO_HOME=/opt/rustwide/cargo-home" "-e" "RUSTUP_HOME=/opt/rustwide/rustup-home" "-w" "/opt/rustwide/workdir" "-m" "1610612736" "--user" "0:0" "--network" "none" "ghcr.io/rust-lang/crates-build-env/linux@sha256:5ff2268d62e97bff2cde7d5815dd6ed5b47097566f13b8d0ca110b04b60e07ed" "/opt/rustwide/cargo-home/bin/cargo" "+1.69.0" "metadata" "--no-deps" "--format-version=1", kill_on_drop: false }`
[INFO] [stdout] 6b921409a6c5132e13365d7f753f41c877128001562538e00d93b09cca1bea55
[INFO] running `Command { std: "docker" "start" "-a" "6b921409a6c5132e13365d7f753f41c877128001562538e00d93b09cca1bea55", kill_on_drop: false }`
[INFO] running `Command { std: "docker" "inspect" "6b921409a6c5132e13365d7f753f41c877128001562538e00d93b09cca1bea55", kill_on_drop: false }`
[INFO] running `Command { std: "docker" "rm" "-f" "6b921409a6c5132e13365d7f753f41c877128001562538e00d93b09cca1bea55", kill_on_drop: false }`
[INFO] [stdout] 6b921409a6c5132e13365d7f753f41c877128001562538e00d93b09cca1bea55
[INFO] running `Command { std: "docker" "create" "-v" "/var/lib/crater-agent-workspace/builds/worker-6-tc1/target:/opt/rustwide/target:rw,Z" "-v" "/var/lib/crater-agent-workspace/builds/worker-6-tc1/source:/opt/rustwide/workdir:ro,Z" "-v" "/var/lib/crater-agent-workspace/cargo-home:/opt/rustwide/cargo-home:ro,Z" "-v" "/var/lib/crater-agent-workspace/rustup-home:/opt/rustwide/rustup-home:ro,Z" "-e" "SOURCE_DIR=/opt/rustwide/workdir" "-e" "CARGO_TARGET_DIR=/opt/rustwide/target" "-e" "CARGO_INCREMENTAL=0" "-e" "RUST_BACKTRACE=full" "-e" "RUSTFLAGS=--cap-lints=warn" "-e" "RUSTDOCFLAGS=--cap-lints=warn" "-e" "CARGO_HOME=/opt/rustwide/cargo-home" "-e" "RUSTUP_HOME=/opt/rustwide/rustup-home" "-w" "/opt/rustwide/workdir" "-m" "1610612736" "--user" "0:0" "--network" "none" "ghcr.io/rust-lang/crates-build-env/linux@sha256:5ff2268d62e97bff2cde7d5815dd6ed5b47097566f13b8d0ca110b04b60e07ed" "/opt/rustwide/cargo-home/bin/cargo" "+1.69.0" "build" "--frozen" "--message-format=json", kill_on_drop: false }`
[INFO] [stdout] 4e4cba658ae284b33dedae2d30efe4d3103001d1d6849f5d1088047d40c589b3
[INFO] running `Command { std: "docker" "start" "-a" "4e4cba658ae284b33dedae2d30efe4d3103001d1d6849f5d1088047d40c589b3", kill_on_drop: false }`
[INFO] [stderr]    Compiling bee-ternary v1.0.0 (/opt/rustwide/workdir)
[INFO] [stderr]     Finished dev [unoptimized + debuginfo] target(s) in 1.17s
[INFO] running `Command { std: "docker" "inspect" "4e4cba658ae284b33dedae2d30efe4d3103001d1d6849f5d1088047d40c589b3", kill_on_drop: false }`
[INFO] running `Command { std: "docker" "rm" "-f" "4e4cba658ae284b33dedae2d30efe4d3103001d1d6849f5d1088047d40c589b3", kill_on_drop: false }`
[INFO] [stdout] 4e4cba658ae284b33dedae2d30efe4d3103001d1d6849f5d1088047d40c589b3
[INFO] running `Command { std: "docker" "create" "-v" "/var/lib/crater-agent-workspace/builds/worker-6-tc1/target:/opt/rustwide/target:rw,Z" "-v" "/var/lib/crater-agent-workspace/builds/worker-6-tc1/source:/opt/rustwide/workdir:ro,Z" "-v" "/var/lib/crater-agent-workspace/cargo-home:/opt/rustwide/cargo-home:ro,Z" "-v" "/var/lib/crater-agent-workspace/rustup-home:/opt/rustwide/rustup-home:ro,Z" "-e" "SOURCE_DIR=/opt/rustwide/workdir" "-e" "CARGO_TARGET_DIR=/opt/rustwide/target" "-e" "CARGO_INCREMENTAL=0" "-e" "RUST_BACKTRACE=full" "-e" "RUSTFLAGS=--cap-lints=warn" "-e" "RUSTDOCFLAGS=--cap-lints=warn" "-e" "CARGO_HOME=/opt/rustwide/cargo-home" "-e" "RUSTUP_HOME=/opt/rustwide/rustup-home" "-w" "/opt/rustwide/workdir" "-m" "1610612736" "--user" "0:0" "--network" "none" "ghcr.io/rust-lang/crates-build-env/linux@sha256:5ff2268d62e97bff2cde7d5815dd6ed5b47097566f13b8d0ca110b04b60e07ed" "/opt/rustwide/cargo-home/bin/cargo" "+1.69.0" "test" "--frozen" "--no-run" "--message-format=json", kill_on_drop: false }`
[INFO] [stdout] 9471ee0fd637426d63b8a1331b7242395a82a6dd1d227510f9a09c5c455d504b
[INFO] running `Command { std: "docker" "start" "-a" "9471ee0fd637426d63b8a1331b7242395a82a6dd1d227510f9a09c5c455d504b", kill_on_drop: false }`
[INFO] [stderr]    Compiling serde v1.0.160
[INFO] [stderr]    Compiling serde_json v1.0.96
[INFO] [stderr]    Compiling hex v0.4.3
[INFO] [stderr]    Compiling getrandom v0.2.9
[INFO] [stderr]    Compiling rand_core v0.6.4
[INFO] [stderr]    Compiling rand_chacha v0.3.1
[INFO] [stderr]    Compiling rand v0.8.5
[INFO] [stderr]    Compiling bee-ternary v1.0.0 (/opt/rustwide/workdir)
[INFO] [stdout] error[E0277]: the trait bound `bee_ternary::TritBuf<T>: serde::Serialize` is not satisfied
[INFO] [stdout]     --> tests/serde.rs:16:31
[INFO] [stdout]      |
[INFO] [stdout] 16   |         serde_json::to_string(&a).unwrap(),
[INFO] [stdout]      |         --------------------- ^^ the trait `serde::Serialize` is not implemented for `bee_ternary::TritBuf<T>`
[INFO] [stdout]      |         |
[INFO] [stdout]      |         required by a bound introduced by this call
[INFO] [stdout]      |
[INFO] [stdout]      = help: the following other types implement trait `serde::Serialize`:
[INFO] [stdout]                &'a T
[INFO] [stdout]                &'a mut T
[INFO] [stdout]                ()
[INFO] [stdout]                (T0, T1)
[INFO] [stdout]                (T0, T1, T2)
[INFO] [stdout]                (T0, T1, T2, T3)
[INFO] [stdout]                (T0, T1, T2, T3, T4)
[INFO] [stdout]                (T0, T1, T2, T3, T4, T5)
[INFO] [stdout]              and 101 others
[INFO] [stdout] note: required by a bound in `serde_json::to_string`
[INFO] [stdout]     --> /opt/rustwide/cargo-home/registry/src/github.com-1ecc6299db9ec823/serde_json-1.0.96/src/ser.rs:2145:17
[INFO] [stdout]      |
[INFO] [stdout] 2145 |     T: ?Sized + Serialize,
[INFO] [stdout]      |                 ^^^^^^^^^ required by this bound in `to_string`
[INFO] [stdout] 
[INFO] [stdout] 
[INFO] [stdout] error[E0277]: the trait bound `bee_ternary::TritBuf<T>: serde::Serialize` is not satisfied
[INFO] [stdout]     --> tests/serde.rs:27:31
[INFO] [stdout]      |
[INFO] [stdout] 27   |         serde_json::to_string(&a).unwrap(),
[INFO] [stdout]      |         --------------------- ^^ the trait `serde::Serialize` is not implemented for `bee_ternary::TritBuf<T>`
[INFO] [stdout]      |         |
[INFO] [stdout]      |         required by a bound introduced by this call
[INFO] [stdout]      |
[INFO] [stdout]      = help: the following other types implement trait `serde::Serialize`:
[INFO] [stdout]                &'a T
[INFO] [stdout]                &'a mut T
[INFO] [stdout]                ()
[INFO] [stdout]                (T0, T1)
[INFO] [stdout]                (T0, T1, T2)
[INFO] [stdout]                (T0, T1, T2, T3)
[INFO] [stdout]                (T0, T1, T2, T3, T4)
[INFO] [stdout]                (T0, T1, T2, T3, T4, T5)
[INFO] [stdout]              and 101 others
[INFO] [stdout] note: required by a bound in `serde_json::to_string`
[INFO] [stdout]     --> /opt/rustwide/cargo-home/registry/src/github.com-1ecc6299db9ec823/serde_json-1.0.96/src/ser.rs:2145:17
[INFO] [stdout]      |
[INFO] [stdout] 2145 |     T: ?Sized + Serialize,
[INFO] [stdout]      |                 ^^^^^^^^^ required by this bound in `to_string`
[INFO] [stdout] 
[INFO] [stdout] 
[INFO] [stdout] error[E0277]: the trait bound `bee_ternary::TritBuf<T>: Deserialize<'_>` is not satisfied
[INFO] [stdout]     --> tests/serde.rs:38:32
[INFO] [stdout]      |
[INFO] [stdout] 38   |         serde_json::from_str::<TritBuf<T>>(&format!(
[INFO] [stdout]      |                                ^^^^^^^^^^ the trait `Deserialize<'_>` is not implemented for `bee_ternary::TritBuf<T>`
[INFO] [stdout]      |
[INFO] [stdout]      = help: the following other types implement trait `Deserialize<'de>`:
[INFO] [stdout]                &'a [u8]
[INFO] [stdout]                &'a str
[INFO] [stdout]                ()
[INFO] [stdout]                (T0, T1)
[INFO] [stdout]                (T0, T1, T2)
[INFO] [stdout]                (T0, T1, T2, T3)
[INFO] [stdout]                (T0, T1, T2, T3, T4)
[INFO] [stdout]                (T0, T1, T2, T3, T4, T5)
[INFO] [stdout]              and 101 others
[INFO] [stdout] note: required by a bound in `serde_json::from_str`
[INFO] [stdout]     --> /opt/rustwide/cargo-home/registry/src/github.com-1ecc6299db9ec823/serde_json-1.0.96/src/de.rs:2603:8
[INFO] [stdout]      |
[INFO] [stdout] 2603 |     T: de::Deserialize<'a>,
[INFO] [stdout]      |        ^^^^^^^^^^^^^^^^^^^ required by this bound in `from_str`
[INFO] [stdout] 
[INFO] [stdout] 
[INFO] [stdout] error[E0277]: the trait bound `bee_ternary::TritBuf<T>: Deserialize<'_>` is not satisfied
[INFO] [stdout]     --> tests/serde.rs:53:32
[INFO] [stdout]      |
[INFO] [stdout] 53   |         serde_json::from_str::<TritBuf<T>>(&format!(
[INFO] [stdout]      |                                ^^^^^^^^^^ the trait `Deserialize<'_>` is not implemented for `bee_ternary::TritBuf<T>`
[INFO] [stdout]      |
[INFO] [stdout]      = help: the following other types implement trait `Deserialize<'de>`:
[INFO] [stdout]                &'a [u8]
[INFO] [stdout]                &'a str
[INFO] [stdout]                ()
[INFO] [stdout]                (T0, T1)
[INFO] [stdout]                (T0, T1, T2)
[INFO] [stdout]                (T0, T1, T2, T3)
[INFO] [stdout]                (T0, T1, T2, T3, T4)
[INFO] [stdout]                (T0, T1, T2, T3, T4, T5)
[INFO] [stdout]              and 101 others
[INFO] [stdout] note: required by a bound in `serde_json::from_str`
[INFO] [stdout]     --> /opt/rustwide/cargo-home/registry/src/github.com-1ecc6299db9ec823/serde_json-1.0.96/src/de.rs:2603:8
[INFO] [stdout]      |
[INFO] [stdout] 2603 |     T: de::Deserialize<'a>,
[INFO] [stdout]      |        ^^^^^^^^^^^^^^^^^^^ required by this bound in `from_str`
[INFO] [stdout] 
[INFO] [stdout] 
[INFO] [stdout] error[E0277]: the trait bound `bee_ternary::Btrit: serde::Serialize` is not satisfied
[INFO] [stdout]   --> tests/serde.rs:64:25
[INFO] [stdout]    |
[INFO] [stdout] 64 |     serialize_generic::<T1B1Buf<Btrit>>();
[INFO] [stdout]    |                         ^^^^^^^^^^^^^^ the trait `serde::Serialize` is not implemented for `bee_ternary::Btrit`
[INFO] [stdout]    |
[INFO] [stdout]    = help: the following other types implement trait `serde::Serialize`:
[INFO] [stdout]              &'a T
[INFO] [stdout]              &'a mut T
[INFO] [stdout]              ()
[INFO] [stdout]              (T0, T1)
[INFO] [stdout]              (T0, T1, T2)
[INFO] [stdout]              (T0, T1, T2, T3)
[INFO] [stdout]              (T0, T1, T2, T3, T4)
[INFO] [stdout]              (T0, T1, T2, T3, T4, T5)
[INFO] [stdout]            and 101 others
[INFO] [stdout] note: required by a bound in `serialize_generic`
[INFO] [stdout]   --> tests/serde.rs:12:38
[INFO] [stdout]    |
[INFO] [stdout] 10 | fn serialize_generic<T: raw::RawEncodingBuf>()
[INFO] [stdout]    |    ----------------- required by a bound in this function
[INFO] [stdout] 11 | where
[INFO] [stdout] 12 |     <T::Slice as RawEncoding>::Trit: Serialize,
[INFO] [stdout]    |                                      ^^^^^^^^^ required by this bound in `serialize_generic`
[INFO] [stdout] 
[INFO] [stdout] 
[INFO] [stdout] error[E0277]: the trait bound `bee_ternary::Utrit: serde::Serialize` is not satisfied
[INFO] [stdout]   --> tests/serde.rs:65:36
[INFO] [stdout]    |
[INFO] [stdout] 65 |     serialize_generic_unbalanced::<T1B1Buf<Utrit>>();
[INFO] [stdout]    |                                    ^^^^^^^^^^^^^^ the trait `serde::Serialize` is not implemented for `bee_ternary::Utrit`
[INFO] [stdout]    |
[INFO] [stdout]    = help: the following other types implement trait `serde::Serialize`:
[INFO] [stdout]              &'a T
[INFO] [stdout]              &'a mut T
[INFO] [stdout]              ()
[INFO] [stdout]              (T0, T1)
[INFO] [stdout]              (T0, T1, T2)
[INFO] [stdout]              (T0, T1, T2, T3)
[INFO] [stdout]              (T0, T1, T2, T3, T4)
[INFO] [stdout]              (T0, T1, T2, T3, T4, T5)
[INFO] [stdout]            and 101 others
[INFO] [stdout] note: required by a bound in `serialize_generic_unbalanced`
[INFO] [stdout]   --> tests/serde.rs:23:38
[INFO] [stdout]    |
[INFO] [stdout] 21 | fn serialize_generic_unbalanced<T: raw::RawEncodingBuf>()
[INFO] [stdout]    |    ---------------------------- required by a bound in this function
[INFO] [stdout] 22 | where
[INFO] [stdout] 23 |     <T::Slice as RawEncoding>::Trit: Serialize,
[INFO] [stdout]    |                                      ^^^^^^^^^ required by this bound in `serialize_generic_unbalanced`
[INFO] [stdout] 
[INFO] [stdout] 
[INFO] [stdout] error[E0277]: the trait bound `bee_ternary::Btrit: serde::Serialize` is not satisfied
[INFO] [stdout]   --> tests/serde.rs:66:25
[INFO] [stdout]    |
[INFO] [stdout] 66 |     serialize_generic::<T2B1Buf>();
[INFO] [stdout]    |                         ^^^^^^^ the trait `serde::Serialize` is not implemented for `bee_ternary::Btrit`
[INFO] [stdout]    |
[INFO] [stdout]    = help: the following other types implement trait `serde::Serialize`:
[INFO] [stdout]              &'a T
[INFO] [stdout]              &'a mut T
[INFO] [stdout]              ()
[INFO] [stdout]              (T0, T1)
[INFO] [stdout]              (T0, T1, T2)
[INFO] [stdout]              (T0, T1, T2, T3)
[INFO] [stdout]              (T0, T1, T2, T3, T4)
[INFO] [stdout]              (T0, T1, T2, T3, T4, T5)
[INFO] [stdout]            and 101 others
[INFO] [stdout] note: required by a bound in `serialize_generic`
[INFO] [stdout]   --> tests/serde.rs:12:38
[INFO] [stdout]    |
[INFO] [stdout] 10 | fn serialize_generic<T: raw::RawEncodingBuf>()
[INFO] [stdout]    |    ----------------- required by a bound in this function
[INFO] [stdout] 11 | where
[INFO] [stdout] 12 |     <T::Slice as RawEncoding>::Trit: Serialize,
[INFO] [stdout]    |                                      ^^^^^^^^^ required by this bound in `serialize_generic`
[INFO] [stdout] 
[INFO] [stdout] 
[INFO] [stdout] error[E0277]: the trait bound `bee_ternary::Btrit: serde::Serialize` is not satisfied
[INFO] [stdout]   --> tests/serde.rs:67:25
[INFO] [stdout]    |
[INFO] [stdout] 67 |     serialize_generic::<T3B1Buf>();
[INFO] [stdout]    |                         ^^^^^^^ the trait `serde::Serialize` is not implemented for `bee_ternary::Btrit`
[INFO] [stdout]    |
[INFO] [stdout]    = help: the following other types implement trait `serde::Serialize`:
[INFO] [stdout]              &'a T
[INFO] [stdout]              &'a mut T
[INFO] [stdout]              ()
[INFO] [stdout]              (T0, T1)
[INFO] [stdout]              (T0, T1, T2)
[INFO] [stdout]              (T0, T1, T2, T3)
[INFO] [stdout]              (T0, T1, T2, T3, T4)
[INFO] [stdout]              (T0, T1, T2, T3, T4, T5)
[INFO] [stdout]            and 101 others
[INFO] [stdout] note: required by a bound in `serialize_generic`
[INFO] [stdout]   --> tests/serde.rs:12:38
[INFO] [stdout]    |
[INFO] [stdout] 10 | fn serialize_generic<T: raw::RawEncodingBuf>()
[INFO] [stdout]    |    ----------------- required by a bound in this function
[INFO] [stdout] 11 | where
[INFO] [stdout] 12 |     <T::Slice as RawEncoding>::Trit: Serialize,
[INFO] [stdout]    |                                      ^^^^^^^^^ required by this bound in `serialize_generic`
[INFO] [stdout] 
[INFO] [stdout] 
[INFO] [stdout] error[E0277]: the trait bound `bee_ternary::Btrit: serde::Serialize` is not satisfied
[INFO] [stdout]   --> tests/serde.rs:68:25
[INFO] [stdout]    |
[INFO] [stdout] 68 |     serialize_generic::<T4B1Buf>();
[INFO] [stdout]    |                         ^^^^^^^ the trait `serde::Serialize` is not implemented for `bee_ternary::Btrit`
[INFO] [stdout]    |
[INFO] [stdout]    = help: the following other types implement trait `serde::Serialize`:
[INFO] [stdout]              &'a T
[INFO] [stdout]              &'a mut T
[INFO] [stdout]              ()
[INFO] [stdout]              (T0, T1)
[INFO] [stdout]              (T0, T1, T2)
[INFO] [stdout]              (T0, T1, T2, T3)
[INFO] [stdout]              (T0, T1, T2, T3, T4)
[INFO] [stdout]              (T0, T1, T2, T3, T4, T5)
[INFO] [stdout]            and 101 others
[INFO] [stdout] note: required by a bound in `serialize_generic`
[INFO] [stdout]   --> tests/serde.rs:12:38
[INFO] [stdout]    |
[INFO] [stdout] 10 | fn serialize_generic<T: raw::RawEncodingBuf>()
[INFO] [stdout]    |    ----------------- required by a bound in this function
[INFO] [stdout] 11 | where
[INFO] [stdout] 12 |     <T::Slice as RawEncoding>::Trit: Serialize,
[INFO] [stdout]    |                                      ^^^^^^^^^ required by this bound in `serialize_generic`
[INFO] [stdout] 
[INFO] [stdout] 
[INFO] [stdout] error[E0277]: the trait bound `bee_ternary::Btrit: serde::Serialize` is not satisfied
[INFO] [stdout]   --> tests/serde.rs:69:25
[INFO] [stdout]    |
[INFO] [stdout] 69 |     serialize_generic::<T5B1Buf>();
[INFO] [stdout]    |                         ^^^^^^^ the trait `serde::Serialize` is not implemented for `bee_ternary::Btrit`
[INFO] [stdout]    |
[INFO] [stdout]    = help: the following other types implement trait `serde::Serialize`:
[INFO] [stdout]              &'a T
[INFO] [stdout]              &'a mut T
[INFO] [stdout]              ()
[INFO] [stdout]              (T0, T1)
[INFO] [stdout]              (T0, T1, T2)
[INFO] [stdout]              (T0, T1, T2, T3)
[INFO] [stdout]              (T0, T1, T2, T3, T4)
[INFO] [stdout]              (T0, T1, T2, T3, T4, T5)
[INFO] [stdout]            and 101 others
[INFO] [stdout] note: required by a bound in `serialize_generic`
[INFO] [stdout]   --> tests/serde.rs:12:38
[INFO] [stdout]    |
[INFO] [stdout] 10 | fn serialize_generic<T: raw::RawEncodingBuf>()
[INFO] [stdout]    |    ----------------- required by a bound in this function
[INFO] [stdout] 11 | where
[INFO] [stdout] 12 |     <T::Slice as RawEncoding>::Trit: Serialize,
[INFO] [stdout]    |                                      ^^^^^^^^^ required by this bound in `serialize_generic`
[INFO] [stdout] 
[INFO] [stdout] 
[INFO] [stdout] error[E0277]: the trait bound `for<'de> bee_ternary::Btrit: Deserialize<'de>` is not satisfied
[INFO] [stdout]   --> tests/serde.rs:74:27
[INFO] [stdout]    |
[INFO] [stdout] 74 |     deserialize_generic::<T1B1Buf<Btrit>>();
[INFO] [stdout]    |                           ^^^^^^^^^^^^^^ the trait `for<'de> Deserialize<'de>` is not implemented for `bee_ternary::Btrit`
[INFO] [stdout]    |
[INFO] [stdout]    = help: the following other types implement trait `Deserialize<'de>`:
[INFO] [stdout]              &'a [u8]
[INFO] [stdout]              &'a str
[INFO] [stdout]              ()
[INFO] [stdout]              (T0, T1)
[INFO] [stdout]              (T0, T1, T2)
[INFO] [stdout]              (T0, T1, T2, T3)
[INFO] [stdout]              (T0, T1, T2, T3, T4)
[INFO] [stdout]              (T0, T1, T2, T3, T4, T5)
[INFO] [stdout]            and 101 others
[INFO] [stdout]    = note: required for `bee_ternary::Btrit` to implement `DeserializeOwned`
[INFO] [stdout] note: required by a bound in `deserialize_generic`
[INFO] [stdout]   --> tests/serde.rs:34:38
[INFO] [stdout]    |
[INFO] [stdout] 32 | fn deserialize_generic<T: raw::RawEncodingBuf>()
[INFO] [stdout]    |    ------------------- required by a bound in this function
[INFO] [stdout] 33 | where
[INFO] [stdout] 34 |     <T::Slice as RawEncoding>::Trit: DeserializeOwned,
[INFO] [stdout]    |                                      ^^^^^^^^^^^^^^^^ required by this bound in `deserialize_generic`
[INFO] [stdout] 
[INFO] [stdout] 
[INFO] [stdout] error[E0277]: the trait bound `for<'de> bee_ternary::Utrit: Deserialize<'de>` is not satisfied
[INFO] [stdout]   --> tests/serde.rs:75:38
[INFO] [stdout]    |
[INFO] [stdout] 75 |     deserialize_generic_unbalanced::<T1B1Buf<Utrit>>();
[INFO] [stdout]    |                                      ^^^^^^^^^^^^^^ the trait `for<'de> Deserialize<'de>` is not implemented for `bee_ternary::Utrit`
[INFO] [stdout]    |
[INFO] [stdout]    = help: the following other types implement trait `Deserialize<'de>`:
[INFO] [stdout]              &'a [u8]
[INFO] [stdout]              &'a str
[INFO] [stdout]              ()
[INFO] [stdout]              (T0, T1)
[INFO] [stdout]              (T0, T1, T2)
[INFO] [stdout]              (T0, T1, T2, T3)
[INFO] [stdout]              (T0, T1, T2, T3, T4)
[INFO] [stdout]              (T0, T1, T2, T3, T4, T5)
[INFO] [stdout]            and 101 others
[INFO] [stdout]    = note: required for `bee_ternary::Utrit` to implement `DeserializeOwned`
[INFO] [stdout] note: required by a bound in `deserialize_generic_unbalanced`
[INFO] [stdout]   --> tests/serde.rs:49:38
[INFO] [stdout]    |
[INFO] [stdout] 47 | fn deserialize_generic_unbalanced<T: raw::RawEncodingBuf>()
[INFO] [stdout]    |    ------------------------------ required by a bound in this function
[INFO] [stdout] 48 | where
[INFO] [stdout] 49 |     <T::Slice as RawEncoding>::Trit: DeserializeOwned,
[INFO] [stdout]    |                                      ^^^^^^^^^^^^^^^^ required by this bound in `deserialize_generic_unbalanced`
[INFO] [stdout] 
[INFO] [stdout] 
[INFO] [stdout] error[E0277]: the trait bound `for<'de> bee_ternary::Btrit: Deserialize<'de>` is not satisfied
[INFO] [stdout]   --> tests/serde.rs:76:27
[INFO] [stdout]    |
[INFO] [stdout] 76 |     deserialize_generic::<T2B1Buf>();
[INFO] [stdout]    |                           ^^^^^^^ the trait `for<'de> Deserialize<'de>` is not implemented for `bee_ternary::Btrit`
[INFO] [stdout]    |
[INFO] [stdout]    = help: the following other types implement trait `Deserialize<'de>`:
[INFO] [stdout]              &'a [u8]
[INFO] [stdout]              &'a str
[INFO] [stdout]              ()
[INFO] [stdout]              (T0, T1)
[INFO] [stdout]              (T0, T1, T2)
[INFO] [stdout]              (T0, T1, T2, T3)
[INFO] [stdout]              (T0, T1, T2, T3, T4)
[INFO] [stdout]              (T0, T1, T2, T3, T4, T5)
[INFO] [stdout]            and 101 others
[INFO] [stdout]    = note: required for `bee_ternary::Btrit` to implement `DeserializeOwned`
[INFO] [stdout] note: required by a bound in `deserialize_generic`
[INFO] [stdout]   --> tests/serde.rs:34:38
[INFO] [stdout]    |
[INFO] [stdout] 32 | fn deserialize_generic<T: raw::RawEncodingBuf>()
[INFO] [stdout]    |    ------------------- required by a bound in this function
[INFO] [stdout] 33 | where
[INFO] [stdout] 34 |     <T::Slice as RawEncoding>::Trit: DeserializeOwned,
[INFO] [stdout]    |                                      ^^^^^^^^^^^^^^^^ required by this bound in `deserialize_generic`
[INFO] [stdout] 
[INFO] [stdout] 
[INFO] [stdout] error[E0277]: the trait bound `for<'de> bee_ternary::Btrit: Deserialize<'de>` is not satisfied
[INFO] [stdout]   --> tests/serde.rs:77:27
[INFO] [stdout]    |
[INFO] [stdout] 77 |     deserialize_generic::<T3B1Buf>();
[INFO] [stdout]    |                           ^^^^^^^ the trait `for<'de> Deserialize<'de>` is not implemented for `bee_ternary::Btrit`
[INFO] [stdout]    |
[INFO] [stdout]    = help: the following other types implement trait `Deserialize<'de>`:
[INFO] [stdout]              &'a [u8]
[INFO] [stdout]              &'a str
[INFO] [stdout]              ()
[INFO] [stdout]              (T0, T1)
[INFO] [stdout]              (T0, T1, T2)
[INFO] [stdout]              (T0, T1, T2, T3)
[INFO] [stdout]              (T0, T1, T2, T3, T4)
[INFO] [stdout]              (T0, T1, T2, T3, T4, T5)
[INFO] [stdout]            and 101 others
[INFO] [stdout]    = note: required for `bee_ternary::Btrit` to implement `DeserializeOwned`
[INFO] [stdout] note: required by a bound in `deserialize_generic`
[INFO] [stdout]   --> tests/serde.rs:34:38
[INFO] [stdout]    |
[INFO] [stdout] 32 | fn deserialize_generic<T: raw::RawEncodingBuf>()
[INFO] [stdout]    |    ------------------- required by a bound in this function
[INFO] [stdout] 33 | where
[INFO] [stdout] 34 |     <T::Slice as RawEncoding>::Trit: DeserializeOwned,
[INFO] [stdout]    |                                      ^^^^^^^^^^^^^^^^ required by this bound in `deserialize_generic`
[INFO] [stdout] 
[INFO] [stdout] 
[INFO] [stdout] error[E0277]: the trait bound `for<'de> bee_ternary::Btrit: Deserialize<'de>` is not satisfied
[INFO] [stdout]   --> tests/serde.rs:78:27
[INFO] [stdout]    |
[INFO] [stdout] 78 |     deserialize_generic::<T4B1Buf>();
[INFO] [stdout]    |                           ^^^^^^^ the trait `for<'de> Deserialize<'de>` is not implemented for `bee_ternary::Btrit`
[INFO] [stdout]    |
[INFO] [stdout]    = help: the following other types implement trait `Deserialize<'de>`:
[INFO] [stdout]              &'a [u8]
[INFO] [stdout]              &'a str
[INFO] [stdout]              ()
[INFO] [stdout]              (T0, T1)
[INFO] [stdout]              (T0, T1, T2)
[INFO] [stdout]              (T0, T1, T2, T3)
[INFO] [stdout]              (T0, T1, T2, T3, T4)
[INFO] [stdout]              (T0, T1, T2, T3, T4, T5)
[INFO] [stdout]            and 101 others
[INFO] [stdout]    = note: required for `bee_ternary::Btrit` to implement `DeserializeOwned`
[INFO] [stdout] note: required by a bound in `deserialize_generic`
[INFO] [stdout]   --> tests/serde.rs:34:38
[INFO] [stdout]    |
[INFO] [stdout] 32 | fn deserialize_generic<T: raw::RawEncodingBuf>()
[INFO] [stdout]    |    ------------------- required by a bound in this function
[INFO] [stdout] 33 | where
[INFO] [stdout] 34 |     <T::Slice as RawEncoding>::Trit: DeserializeOwned,
[INFO] [stdout]    |                                      ^^^^^^^^^^^^^^^^ required by this bound in `deserialize_generic`
[INFO] [stdout] 
[INFO] [stdout] 
[INFO] [stdout] error[E0277]: the trait bound `for<'de> bee_ternary::Btrit: Deserialize<'de>` is not satisfied
[INFO] [stdout]   --> tests/serde.rs:79:27
[INFO] [stdout]    |
[INFO] [stdout] 79 |     deserialize_generic::<T5B1Buf>();
[INFO] [stdout]    |                           ^^^^^^^ the trait `for<'de> Deserialize<'de>` is not implemented for `bee_ternary::Btrit`
[INFO] [stdout]    |
[INFO] [stdout]    = help: the following other types implement trait `Deserialize<'de>`:
[INFO] [stdout]              &'a [u8]
[INFO] [stdout]              &'a str
[INFO] [stdout]              ()
[INFO] [stdout]              (T0, T1)
[INFO] [stdout]              (T0, T1, T2)
[INFO] [stdout]              (T0, T1, T2, T3)
[INFO] [stdout]              (T0, T1, T2, T3, T4)
[INFO] [stdout]              (T0, T1, T2, T3, T4, T5)
[INFO] [stdout]            and 101 others
[INFO] [stdout]    = note: required for `bee_ternary::Btrit` to implement `DeserializeOwned`
[INFO] [stdout] note: required by a bound in `deserialize_generic`
[INFO] [stdout]   --> tests/serde.rs:34:38
[INFO] [stdout]    |
[INFO] [stdout] 32 | fn deserialize_generic<T: raw::RawEncodingBuf>()
[INFO] [stdout]    |    ------------------- required by a bound in this function
[INFO] [stdout] 33 | where
[INFO] [stdout] 34 |     <T::Slice as RawEncoding>::Trit: DeserializeOwned,
[INFO] [stdout]    |                                      ^^^^^^^^^^^^^^^^ required by this bound in `deserialize_generic`
[INFO] [stdout] 
[INFO] [stdout] 
[INFO] [stdout] error: aborting due to 16 previous errors
[INFO] [stdout] 
[INFO] [stdout] 
[INFO] [stdout] For more information about this error, try `rustc --explain E0277`.
[INFO] [stdout] 
[INFO] [stderr] error: could not compile `bee-ternary` due to 17 previous errors
[INFO] [stderr] warning: build failed, waiting for other jobs to finish...
[INFO] running `Command { std: "docker" "inspect" "9471ee0fd637426d63b8a1331b7242395a82a6dd1d227510f9a09c5c455d504b", kill_on_drop: false }`
[INFO] running `Command { std: "docker" "rm" "-f" "9471ee0fd637426d63b8a1331b7242395a82a6dd1d227510f9a09c5c455d504b", kill_on_drop: false }`
[INFO] [stdout] 9471ee0fd637426d63b8a1331b7242395a82a6dd1d227510f9a09c5c455d504b
