[INFO] fetching crate bee-message 0.1.7...
[INFO] testing bee-message-0.1.7 against 1.69.0 for beta-1.70-1
[INFO] extracting crate bee-message 0.1.7 into /workspace/builds/worker-1-tc1/source
[INFO] validating manifest of crates.io crate bee-message 0.1.7 on toolchain 1.69.0
[INFO] running `Command { std: CARGO_HOME="/workspace/cargo-home" RUSTUP_HOME="/workspace/rustup-home" "/workspace/cargo-home/bin/cargo" "+1.69.0" "metadata" "--manifest-path" "Cargo.toml" "--no-deps", kill_on_drop: false }`
[INFO] started tweaking crates.io crate bee-message 0.1.7
[INFO] finished tweaking crates.io crate bee-message 0.1.7
[INFO] tweaked toml for crates.io crate bee-message 0.1.7 written to /workspace/builds/worker-1-tc1/source/Cargo.toml
[INFO] crate crates.io crate bee-message 0.1.7 already has a lockfile, it will not be regenerated
[INFO] running `Command { std: CARGO_HOME="/workspace/cargo-home" RUSTUP_HOME="/workspace/rustup-home" "/workspace/cargo-home/bin/cargo" "+1.69.0" "fetch" "--manifest-path" "Cargo.toml", kill_on_drop: false }`
[INFO] [stderr]  Downloading crates ...
[INFO] [stderr]   Downloaded bech32 v0.8.1
[INFO] [stderr]   Downloaded blake2 v0.10.6
[INFO] [stderr]   Downloaded bee-pow v0.2.1
[INFO] [stderr]   Downloaded cpufeatures v0.2.6
[INFO] [stderr]   Downloaded iota-crypto v0.17.1
[INFO] [stderr]   Downloaded bee-common v0.5.0
[INFO] running `Command { std: "docker" "create" "-v" "/var/lib/crater-agent-workspace/builds/worker-1-tc1/target:/opt/rustwide/target:rw,Z" "-v" "/var/lib/crater-agent-workspace/builds/worker-1-tc1/source:/opt/rustwide/workdir:ro,Z" "-v" "/var/lib/crater-agent-workspace/cargo-home:/opt/rustwide/cargo-home:ro,Z" "-v" "/var/lib/crater-agent-workspace/rustup-home:/opt/rustwide/rustup-home:ro,Z" "-e" "SOURCE_DIR=/opt/rustwide/workdir" "-e" "CARGO_TARGET_DIR=/opt/rustwide/target" "-e" "CARGO_HOME=/opt/rustwide/cargo-home" "-e" "RUSTUP_HOME=/opt/rustwide/rustup-home" "-w" "/opt/rustwide/workdir" "-m" "1610612736" "--user" "0:0" "--network" "none" "ghcr.io/rust-lang/crates-build-env/linux@sha256:97d61d7686bf65f8ecb15491ab51835e82dc9176a96a831f143a431b191fc501" "/opt/rustwide/cargo-home/bin/cargo" "+1.69.0" "metadata" "--no-deps" "--format-version=1", kill_on_drop: false }`
[INFO] [stdout] 964f05c9081f30deb88833358b21d6191d9289d00ce857fcbb7554f52a973807
[INFO] running `Command { std: "docker" "start" "-a" "964f05c9081f30deb88833358b21d6191d9289d00ce857fcbb7554f52a973807", kill_on_drop: false }`
[INFO] running `Command { std: "docker" "inspect" "964f05c9081f30deb88833358b21d6191d9289d00ce857fcbb7554f52a973807", kill_on_drop: false }`
[INFO] running `Command { std: "docker" "rm" "-f" "964f05c9081f30deb88833358b21d6191d9289d00ce857fcbb7554f52a973807", kill_on_drop: false }`
[INFO] [stdout] 964f05c9081f30deb88833358b21d6191d9289d00ce857fcbb7554f52a973807
[INFO] running `Command { std: "docker" "create" "-v" "/var/lib/crater-agent-workspace/builds/worker-1-tc1/target:/opt/rustwide/target:rw,Z" "-v" "/var/lib/crater-agent-workspace/builds/worker-1-tc1/source:/opt/rustwide/workdir:ro,Z" "-v" "/var/lib/crater-agent-workspace/cargo-home:/opt/rustwide/cargo-home:ro,Z" "-v" "/var/lib/crater-agent-workspace/rustup-home:/opt/rustwide/rustup-home:ro,Z" "-e" "SOURCE_DIR=/opt/rustwide/workdir" "-e" "CARGO_TARGET_DIR=/opt/rustwide/target" "-e" "CARGO_INCREMENTAL=0" "-e" "RUST_BACKTRACE=full" "-e" "RUSTFLAGS=--cap-lints=warn" "-e" "RUSTDOCFLAGS=--cap-lints=warn" "-e" "CARGO_HOME=/opt/rustwide/cargo-home" "-e" "RUSTUP_HOME=/opt/rustwide/rustup-home" "-w" "/opt/rustwide/workdir" "-m" "1610612736" "--user" "0:0" "--network" "none" "ghcr.io/rust-lang/crates-build-env/linux@sha256:97d61d7686bf65f8ecb15491ab51835e82dc9176a96a831f143a431b191fc501" "/opt/rustwide/cargo-home/bin/cargo" "+1.69.0" "build" "--frozen" "--message-format=json", kill_on_drop: false }`
[INFO] [stdout] 8987b1f623adbbae1f26728df7230371ef8eee2d35cc59d5e3950ff603c8754d
[INFO] running `Command { std: "docker" "start" "-a" "8987b1f623adbbae1f26728df7230371ef8eee2d35cc59d5e3950ff603c8754d", kill_on_drop: false }`
[INFO] [stderr]    Compiling version_check v0.9.4
[INFO] [stderr]    Compiling typenum v1.16.0
[INFO] [stderr]    Compiling libc v0.2.141
[INFO] [stderr]    Compiling serde_derive v1.0.159
[INFO] [stderr]    Compiling serde v1.0.159
[INFO] [stderr]    Compiling subtle v2.4.1
[INFO] [stderr]    Compiling once_cell v1.17.1
[INFO] [stderr]    Compiling syn v2.0.13
[INFO] [stderr]    Compiling num-traits v0.2.15
[INFO] [stderr]    Compiling cpufeatures v0.2.6
[INFO] [stderr]    Compiling byteorder v1.4.3
[INFO] [stderr]    Compiling log v0.4.17
[INFO] [stderr]    Compiling generic-array v0.14.7
[INFO] [stderr]    Compiling ahash v0.7.6
[INFO] [stderr]    Compiling opaque-debug v0.3.0
[INFO] [stderr]    Compiling rand_core v0.5.1
[INFO] [stderr]    Compiling iota-crypto v0.17.1
[INFO] [stderr]    Compiling rand_core v0.6.4
[INFO] [stderr]    Compiling lazy_static v1.4.0
[INFO] [stderr]    Compiling hex v0.4.3
[INFO] [stderr]    Compiling bee-common v0.5.0
[INFO] [stderr]    Compiling bytemuck v1.13.1
[INFO] [stderr]    Compiling bech32 v0.8.1
[INFO] [stderr]    Compiling getrandom v0.2.8
[INFO] [stderr]    Compiling atty v0.2.14
[INFO] [stderr]    Compiling time v0.3.20
[INFO] [stderr]    Compiling colored v1.9.3
[INFO] [stderr]    Compiling hashbrown v0.12.3
[INFO] [stderr]    Compiling digest v0.9.0
[INFO] [stderr]    Compiling block-buffer v0.10.4
[INFO] [stderr]    Compiling block-buffer v0.9.0
[INFO] [stderr]    Compiling crypto-common v0.1.6
[INFO] [stderr]    Compiling digest v0.10.6
[INFO] [stderr]    Compiling sha2 v0.9.9
[INFO] [stderr]    Compiling blake2 v0.10.6
[INFO] [stderr]    Compiling zeroize_derive v1.4.2
[INFO] [stderr]    Compiling thiserror-impl v1.0.40
[INFO] [stderr]    Compiling zeroize v1.6.0
[INFO] [stderr]    Compiling curve25519-dalek v3.2.0
[INFO] [stderr]    Compiling thiserror v1.0.40
[INFO] [stderr]    Compiling ed25519-zebra v3.1.0
[INFO] [stderr]    Compiling fern v0.6.2
[INFO] [stderr]    Compiling bee-pow v0.2.1
[INFO] [stderr]    Compiling bee-message v0.1.7 (/opt/rustwide/workdir)
[INFO] [stderr]     Finished dev [unoptimized + debuginfo] target(s) in 38.66s
[INFO] running `Command { std: "docker" "inspect" "8987b1f623adbbae1f26728df7230371ef8eee2d35cc59d5e3950ff603c8754d", kill_on_drop: false }`
[INFO] running `Command { std: "docker" "rm" "-f" "8987b1f623adbbae1f26728df7230371ef8eee2d35cc59d5e3950ff603c8754d", kill_on_drop: false }`
[INFO] [stdout] 8987b1f623adbbae1f26728df7230371ef8eee2d35cc59d5e3950ff603c8754d
[INFO] running `Command { std: "docker" "create" "-v" "/var/lib/crater-agent-workspace/builds/worker-1-tc1/target:/opt/rustwide/target:rw,Z" "-v" "/var/lib/crater-agent-workspace/builds/worker-1-tc1/source:/opt/rustwide/workdir:ro,Z" "-v" "/var/lib/crater-agent-workspace/cargo-home:/opt/rustwide/cargo-home:ro,Z" "-v" "/var/lib/crater-agent-workspace/rustup-home:/opt/rustwide/rustup-home:ro,Z" "-e" "SOURCE_DIR=/opt/rustwide/workdir" "-e" "CARGO_TARGET_DIR=/opt/rustwide/target" "-e" "CARGO_INCREMENTAL=0" "-e" "RUST_BACKTRACE=full" "-e" "RUSTFLAGS=--cap-lints=warn" "-e" "RUSTDOCFLAGS=--cap-lints=warn" "-e" "CARGO_HOME=/opt/rustwide/cargo-home" "-e" "RUSTUP_HOME=/opt/rustwide/rustup-home" "-w" "/opt/rustwide/workdir" "-m" "1610612736" "--user" "0:0" "--network" "none" "ghcr.io/rust-lang/crates-build-env/linux@sha256:97d61d7686bf65f8ecb15491ab51835e82dc9176a96a831f143a431b191fc501" "/opt/rustwide/cargo-home/bin/cargo" "+1.69.0" "test" "--frozen" "--no-run" "--message-format=json", kill_on_drop: false }`
[INFO] [stdout] fedce7b2407ca6608f912addf23d52b6c96a057042118e006b3a96698e974b78
[INFO] running `Command { std: "docker" "start" "-a" "fedce7b2407ca6608f912addf23d52b6c96a057042118e006b3a96698e974b78", kill_on_drop: false }`
[INFO] [stderr]    Compiling num_cpus v1.15.0
[INFO] [stderr]    Compiling bee-message v0.1.7 (/opt/rustwide/workdir)
[INFO] [stdout] error[E0433]: failed to resolve: use of undeclared crate or module `bee_test`
[INFO] [stdout]   --> tests/message.rs:13:5
[INFO] [stdout]    |
[INFO] [stdout] 13 | use bee_test::rand::{
[INFO] [stdout]    |     ^^^^^^^^ use of undeclared crate or module `bee_test`
[INFO] [stdout] 
[INFO] [stdout] 
[INFO] [stdout] error: aborting due to previous error
[INFO] [stdout] 
[INFO] [stdout] 
[INFO] [stdout] For more information about this error, try `rustc --explain E0433`.
[INFO] [stdout] 
[INFO] [stderr] error: could not compile `bee-message` due to 2 previous errors
[INFO] [stderr] warning: build failed, waiting for other jobs to finish...
[INFO] [stdout] error[E0433]: failed to resolve: use of undeclared crate or module `bee_test`
[INFO] [stdout]  --> tests/milestone_payload_essence.rs:6:5
[INFO] [stdout]   |
[INFO] [stdout] 6 | use bee_test::rand::{self, bytes::rand_bytes_32, parents::rand_parents};
[INFO] [stdout]   |     ^^^^^^^^ use of undeclared crate or module `bee_test`
[INFO] [stdout] 
[INFO] [stdout] 
[INFO] [stdout] error[E0432]: unresolved import `bee_test`
[INFO] [stdout]  --> tests/milestone_payload_essence.rs:6:5
[INFO] [stdout]   |
[INFO] [stdout] 6 | use bee_test::rand::{self, bytes::rand_bytes_32, parents::rand_parents};
[INFO] [stdout]   |     ^^^^^^^^ use of undeclared crate or module `bee_test`
[INFO] [stdout] 
[INFO] [stdout] 
[INFO] [stdout] error[E0433]: failed to resolve: use of undeclared crate or module `bee_test`
[INFO] [stdout]  --> tests/milestone.rs:6:5
[INFO] [stdout]   |
[INFO] [stdout] 6 | use bee_test::rand::{milestone::rand_milestone, number::rand_number};
[INFO] [stdout]   |     ^^^^^^^^ use of undeclared crate or module `bee_test`
[INFO] [stdout] 
[INFO] [stdout] 
[INFO] [stdout] error: aborting due to 2 previous errors
[INFO] [stdout] 
[INFO] [stdout] 
[INFO] [stdout] Some errors have detailed explanations: E0432, E0433.
[INFO] [stdout] 
[INFO] [stdout] For more information about an error, try `rustc --explain E0432`.
[INFO] [stdout] 
[INFO] [stderr] error: could not compile `bee-message` due to 3 previous errors
[INFO] [stdout] error[E0433]: failed to resolve: use of undeclared crate or module `bee_test`
[INFO] [stdout]  --> tests/transaction_regular_essence.rs:5:5
[INFO] [stdout]   |
[INFO] [stdout] 5 | use bee_test::rand::{
[INFO] [stdout]   |     ^^^^^^^^ use of undeclared crate or module `bee_test`
[INFO] [stdout] 
[INFO] [stdout] 
[INFO] [stdout] error: aborting due to previous error
[INFO] [stdout] 
[INFO] [stdout] 
[INFO] [stdout] For more information about this error, try `rustc --explain E0433`.
[INFO] [stdout] 
[INFO] [stderr] error: could not compile `bee-message` due to 2 previous errors
[INFO] [stdout] error: aborting due to previous error
[INFO] [stdout] 
[INFO] [stdout] 
[INFO] [stdout] For more information about this error, try `rustc --explain E0433`.
[INFO] [stdout] 
[INFO] [stderr] error: could not compile `bee-message` due to 2 previous errors
[INFO] running `Command { std: "docker" "inspect" "fedce7b2407ca6608f912addf23d52b6c96a057042118e006b3a96698e974b78", kill_on_drop: false }`
[INFO] running `Command { std: "docker" "rm" "-f" "fedce7b2407ca6608f912addf23d52b6c96a057042118e006b3a96698e974b78", kill_on_drop: false }`
[INFO] [stdout] fedce7b2407ca6608f912addf23d52b6c96a057042118e006b3a96698e974b78
