[INFO] fetching crate backhand 0.11.0...
[INFO] testing backhand-0.11.0 against beta-2023-04-20 for beta-1.70-1
[INFO] extracting crate backhand 0.11.0 into /workspace/builds/worker-1-tc2/source
[INFO] validating manifest of crates.io crate backhand 0.11.0 on toolchain beta-2023-04-20
[INFO] running `Command { std: CARGO_HOME="/workspace/cargo-home" RUSTUP_HOME="/workspace/rustup-home" "/workspace/cargo-home/bin/cargo" "+beta-2023-04-20" "metadata" "--manifest-path" "Cargo.toml" "--no-deps", kill_on_drop: false }`
[INFO] started tweaking crates.io crate backhand 0.11.0
[INFO] finished tweaking crates.io crate backhand 0.11.0
[INFO] tweaked toml for crates.io crate backhand 0.11.0 written to /workspace/builds/worker-1-tc2/source/Cargo.toml
[INFO] crate crates.io crate backhand 0.11.0 already has a lockfile, it will not be regenerated
[INFO] running `Command { std: CARGO_HOME="/workspace/cargo-home" RUSTUP_HOME="/workspace/rustup-home" "/workspace/cargo-home/bin/cargo" "+beta-2023-04-20" "fetch" "--manifest-path" "Cargo.toml", kill_on_drop: false }`
[INFO] [stderr]     Blocking waiting for file lock on package cache
[INFO] [stderr]     Updating crates.io index
[INFO] [stderr]     Blocking waiting for file lock on package cache
[INFO] [stderr]  Downloading crates ...
[INFO] [stderr]   Downloaded predicates-tree v1.0.7
[INFO] [stderr]   Downloaded concolor v0.0.11
[INFO] [stderr]   Downloaded termtree v0.4.0
[INFO] [stderr]   Downloaded jobserver v0.1.26
[INFO] [stderr]   Downloaded zstd v0.12.3+zstd.1.5.2
[INFO] [stderr]   Downloaded difflib v0.4.0
[INFO] [stderr]   Downloaded predicates-core v1.0.5
[INFO] [stderr]   Downloaded zstd-safe v6.0.4+zstd.1.5.4
[INFO] [stderr]   Downloaded toml_edit v0.19.7
[INFO] [stderr]   Downloaded doc-comment v0.3.3
[INFO] [stderr]   Downloaded utf8-width v0.1.6
[INFO] [stderr]   Downloaded thiserror-impl v1.0.39
[INFO] [stderr]   Downloaded byte-unit v4.0.19
[INFO] [stderr]   Downloaded is-terminal v0.4.4
[INFO] [stderr]   Downloaded serde_json v1.0.94
[INFO] [stderr]   Downloaded concolor-query v0.1.0
[INFO] [stderr]   Downloaded deku_derive v0.16.0
[INFO] [stderr]   Downloaded assert_cmd v2.0.8
[INFO] [stderr]   Downloaded tempfile v3.4.0
[INFO] [stderr]   Downloaded proc-macro2 v1.0.52
[INFO] [stderr]   Downloaded serde_derive v1.0.156
[INFO] [stderr]   Downloaded winnow v0.3.6
[INFO] [stderr]   Downloaded serde v1.0.156
[INFO] [stderr]   Downloaded deku v0.16.0
[INFO] [stderr]   Downloaded io-lifetimes v1.0.6
[INFO] [stderr]   Downloaded clap v4.1.8
[INFO] [stderr]   Downloaded rustix v0.36.9
[INFO] [stderr]   Downloaded bstr v1.3.0
[INFO] [stderr]   Downloaded zstd-sys v2.0.7+zstd.1.5.4
[INFO] [stderr]   Downloaded test-log v0.2.11
[INFO] [stderr]   Downloaded predicates v2.1.5
[INFO] [stderr]   Downloaded wait-timeout v0.2.0
[INFO] [stderr]   Downloaded yansi v0.5.1
[INFO] [stderr]   Downloaded clap_derive v4.1.8
[INFO] [stderr]   Downloaded clap_lex v0.3.2
[INFO] [stderr]   Downloaded thiserror v1.0.39
[INFO] [stderr]   Downloaded rust-lzo v0.6.2
[INFO] running `Command { std: "docker" "create" "-v" "/var/lib/crater-agent-workspace/builds/worker-1-tc2/target:/opt/rustwide/target:rw,Z" "-v" "/var/lib/crater-agent-workspace/builds/worker-1-tc2/source:/opt/rustwide/workdir:ro,Z" "-v" "/var/lib/crater-agent-workspace/cargo-home:/opt/rustwide/cargo-home:ro,Z" "-v" "/var/lib/crater-agent-workspace/rustup-home:/opt/rustwide/rustup-home:ro,Z" "-e" "SOURCE_DIR=/opt/rustwide/workdir" "-e" "CARGO_TARGET_DIR=/opt/rustwide/target" "-e" "CARGO_HOME=/opt/rustwide/cargo-home" "-e" "RUSTUP_HOME=/opt/rustwide/rustup-home" "-w" "/opt/rustwide/workdir" "-m" "1610612736" "--user" "0:0" "--network" "none" "ghcr.io/rust-lang/crates-build-env/linux@sha256:5ff2268d62e97bff2cde7d5815dd6ed5b47097566f13b8d0ca110b04b60e07ed" "/opt/rustwide/cargo-home/bin/cargo" "+beta-2023-04-20" "metadata" "--no-deps" "--format-version=1", kill_on_drop: false }`
[INFO] [stdout] 6ee657690e9c95716db8fdc2260b1aee6dd828356a44d6fc4af288166229effc
[INFO] running `Command { std: "docker" "start" "-a" "6ee657690e9c95716db8fdc2260b1aee6dd828356a44d6fc4af288166229effc", kill_on_drop: false }`
[INFO] running `Command { std: "docker" "inspect" "6ee657690e9c95716db8fdc2260b1aee6dd828356a44d6fc4af288166229effc", kill_on_drop: false }`
[INFO] running `Command { std: "docker" "rm" "-f" "6ee657690e9c95716db8fdc2260b1aee6dd828356a44d6fc4af288166229effc", kill_on_drop: false }`
[INFO] [stdout] 6ee657690e9c95716db8fdc2260b1aee6dd828356a44d6fc4af288166229effc
[INFO] running `Command { std: "docker" "create" "-v" "/var/lib/crater-agent-workspace/builds/worker-1-tc2/target:/opt/rustwide/target:rw,Z" "-v" "/var/lib/crater-agent-workspace/builds/worker-1-tc2/source:/opt/rustwide/workdir:ro,Z" "-v" "/var/lib/crater-agent-workspace/cargo-home:/opt/rustwide/cargo-home:ro,Z" "-v" "/var/lib/crater-agent-workspace/rustup-home:/opt/rustwide/rustup-home:ro,Z" "-e" "SOURCE_DIR=/opt/rustwide/workdir" "-e" "CARGO_TARGET_DIR=/opt/rustwide/target" "-e" "CARGO_INCREMENTAL=0" "-e" "RUST_BACKTRACE=full" "-e" "RUSTFLAGS=--cap-lints=warn" "-e" "RUSTDOCFLAGS=--cap-lints=warn" "-e" "CARGO_HOME=/opt/rustwide/cargo-home" "-e" "RUSTUP_HOME=/opt/rustwide/rustup-home" "-w" "/opt/rustwide/workdir" "-m" "1610612736" "--user" "0:0" "--network" "none" "ghcr.io/rust-lang/crates-build-env/linux@sha256:5ff2268d62e97bff2cde7d5815dd6ed5b47097566f13b8d0ca110b04b60e07ed" "/opt/rustwide/cargo-home/bin/cargo" "+beta-2023-04-20" "build" "--frozen" "--message-format=json", kill_on_drop: false }`
[INFO] [stdout] 4f617ab47d46e2ff455422c92344eb75675439621a1024dc420471a68afcdac8
[INFO] running `Command { std: "docker" "start" "-a" "4f617ab47d46e2ff455422c92344eb75675439621a1024dc420471a68afcdac8", kill_on_drop: false }`
[INFO] [stderr]    Compiling proc-macro2 v1.0.52
[INFO] [stderr]    Compiling syn v1.0.109
[INFO] [stderr]    Compiling libc v0.2.140
[INFO] [stderr]    Compiling hashbrown v0.12.3
[INFO] [stderr]    Compiling fnv v1.0.7
[INFO] [stderr]    Compiling io-lifetimes v1.0.6
[INFO] [stderr]    Compiling indexmap v1.9.2
[INFO] [stderr]    Compiling regex-syntax v0.6.28
[INFO] [stderr]    Compiling log v0.4.17
[INFO] [stderr]    Compiling winnow v0.3.6
[INFO] [stderr]    Compiling toml_datetime v0.6.1
[INFO] [stderr]    Compiling rustix v0.36.9
[INFO] [stderr]    Compiling radium v0.7.0
[INFO] [stderr]    Compiling tracing-core v0.1.30
[INFO] [stderr]    Compiling tap v1.0.1
[INFO] [stderr]    Compiling serde v1.0.156
[INFO] [stderr]    Compiling linux-raw-sys v0.1.4
[INFO] [stderr]    Compiling zstd-safe v6.0.4+zstd.1.5.4
[INFO] [stderr]    Compiling wyz v0.5.1
[INFO] [stderr]    Compiling funty v2.0.0
[INFO] [stderr]    Compiling os_str_bytes v6.4.1
[INFO] [stderr]    Compiling heck v0.4.1
[INFO] [stderr]    Compiling pin-project-lite v0.2.9
[INFO] [stderr]    Compiling overload v0.1.1
[INFO] [stderr]    Compiling thiserror v1.0.39
[INFO] [stderr]    Compiling nu-ansi-term v0.46.0
[INFO] [stderr]    Compiling tracing-log v0.1.3
[INFO] [stderr]    Compiling static_assertions v1.1.0
[INFO] [stderr]    Compiling quote v1.0.26
[INFO] [stderr]    Compiling clap_lex v0.3.2
[INFO] [stderr]    Compiling utf8-width v0.1.6
[INFO] [stderr]    Compiling termcolor v1.2.0
[INFO] [stderr]    Compiling smallvec v1.10.0
[INFO] [stderr]    Compiling flate2 v1.0.25
[INFO] [stderr]    Compiling rustc-hash v1.1.0
[INFO] [stderr]    Compiling bitvec v1.0.1
[INFO] [stderr]    Compiling proc-macro-error-attr v1.0.4
[INFO] [stderr]    Compiling jobserver v0.1.26
[INFO] [stderr]    Compiling cc v1.0.79
[INFO] [stderr]    Compiling rust-lzo v0.6.2
[INFO] [stderr]    Compiling nix v0.26.2
[INFO] [stderr]    Compiling regex-automata v0.1.10
[INFO] [stderr]    Compiling regex v1.7.1
[INFO] [stderr]    Compiling zstd-sys v2.0.7+zstd.1.5.4
[INFO] [stderr]    Compiling lzma-sys v0.1.20
[INFO] [stderr]    Compiling matchers v0.1.0
[INFO] [stderr]    Compiling is-terminal v0.4.4
[INFO] [stderr]    Compiling toml_edit v0.19.7
[INFO] [stderr]    Compiling xz2 v0.1.7
[INFO] [stderr]    Compiling byte-unit v4.0.19
[INFO] [stderr]    Compiling proc-macro-crate v1.3.1
[INFO] [stderr]    Compiling darling_core v0.14.4
[INFO] [stderr]    Compiling proc-macro-error v1.0.4
[INFO] [stderr]    Compiling tracing-attributes v0.1.23
[INFO] [stderr]    Compiling thiserror-impl v1.0.39
[INFO] [stderr]    Compiling clap_derive v4.1.8
[INFO] [stderr]    Compiling darling_macro v0.14.4
[INFO] [stderr]    Compiling zstd v0.12.3+zstd.1.5.2
[INFO] [stderr]    Compiling tracing v0.1.37
[INFO] [stderr]    Compiling tracing-subscriber v0.3.16
[INFO] [stderr]    Compiling darling v0.14.4
[INFO] [stderr]    Compiling clap v4.1.8
[INFO] [stderr]    Compiling deku_derive v0.16.0
[INFO] [stderr]    Compiling deku v0.16.0
[INFO] [stderr]    Compiling backhand v0.11.0 (/opt/rustwide/workdir)
[INFO] [stderr]     Finished dev [unoptimized + debuginfo] target(s) in 22.32s
[INFO] running `Command { std: "docker" "inspect" "4f617ab47d46e2ff455422c92344eb75675439621a1024dc420471a68afcdac8", kill_on_drop: false }`
[INFO] running `Command { std: "docker" "rm" "-f" "4f617ab47d46e2ff455422c92344eb75675439621a1024dc420471a68afcdac8", kill_on_drop: false }`
[INFO] [stdout] 4f617ab47d46e2ff455422c92344eb75675439621a1024dc420471a68afcdac8
[INFO] running `Command { std: "docker" "create" "-v" "/var/lib/crater-agent-workspace/builds/worker-1-tc2/target:/opt/rustwide/target:rw,Z" "-v" "/var/lib/crater-agent-workspace/builds/worker-1-tc2/source:/opt/rustwide/workdir:ro,Z" "-v" "/var/lib/crater-agent-workspace/cargo-home:/opt/rustwide/cargo-home:ro,Z" "-v" "/var/lib/crater-agent-workspace/rustup-home:/opt/rustwide/rustup-home:ro,Z" "-e" "SOURCE_DIR=/opt/rustwide/workdir" "-e" "CARGO_TARGET_DIR=/opt/rustwide/target" "-e" "CARGO_INCREMENTAL=0" "-e" "RUST_BACKTRACE=full" "-e" "RUSTFLAGS=--cap-lints=warn" "-e" "RUSTDOCFLAGS=--cap-lints=warn" "-e" "CARGO_HOME=/opt/rustwide/cargo-home" "-e" "RUSTUP_HOME=/opt/rustwide/rustup-home" "-w" "/opt/rustwide/workdir" "-m" "1610612736" "--user" "0:0" "--network" "none" "ghcr.io/rust-lang/crates-build-env/linux@sha256:5ff2268d62e97bff2cde7d5815dd6ed5b47097566f13b8d0ca110b04b60e07ed" "/opt/rustwide/cargo-home/bin/cargo" "+beta-2023-04-20" "test" "--frozen" "--no-run" "--message-format=json", kill_on_drop: false }`
[INFO] [stdout] 0416285b962c8dd5fc8b46f18c01f2768df9243830724be3a9697d7eee2c13f6
[INFO] running `Command { std: "docker" "start" "-a" "0416285b962c8dd5fc8b46f18c01f2768df9243830724be3a9697d7eee2c13f6", kill_on_drop: false }`
[INFO] [stderr]     Blocking waiting for file lock on package cache
[INFO] [stderr]    Compiling memchr v2.5.0
[INFO] [stderr]    Compiling serde v1.0.156
[INFO] [stderr]    Compiling rustix v0.36.9
[INFO] [stderr]    Compiling crossbeam-utils v0.8.15
[INFO] [stderr]    Compiling memoffset v0.8.0
[INFO] [stderr]    Compiling crossbeam-epoch v0.9.14
[INFO] [stderr]    Compiling either v1.8.1
[INFO] [stderr]    Compiling num-traits v0.2.15
[INFO] [stderr]    Compiling rayon-core v1.11.0
[INFO] [stderr]    Compiling serde_json v1.0.94
[INFO] [stderr]    Compiling num_cpus v1.15.0
[INFO] [stderr]    Compiling serde_derive v1.0.156
[INFO] [stderr]    Compiling predicates-core v1.0.5
[INFO] [stderr]    Compiling doc-comment v0.3.3
[INFO] [stderr]    Compiling unicode-width v0.1.10
[INFO] [stderr]    Compiling plotters-backend v0.3.4
[INFO] [stderr]    Compiling itertools v0.10.5
[INFO] [stderr]    Compiling concolor-query v0.1.0
[INFO] [stderr]    Compiling plotters-svg v0.3.3
[INFO] [stderr]    Compiling textwrap v0.11.0
[INFO] [stderr]    Compiling atty v0.2.14
[INFO] [stderr]    Compiling same-file v1.0.6
[INFO] [stderr]    Compiling difflib v0.4.0
[INFO] [stderr]    Compiling termtree v0.4.0
[INFO] [stderr]    Compiling cast v0.3.0
[INFO] [stderr]    Compiling yansi v0.5.1
[INFO] [stderr]    Compiling half v1.8.2
[INFO] [stderr]    Compiling predicates-tree v1.0.7
[INFO] [stderr]    Compiling walkdir v2.3.2
[INFO] [stderr]    Compiling clap v2.34.0
[INFO] [stderr]    Compiling aho-corasick v0.7.20
[INFO] [stderr]    Compiling crossbeam-channel v0.5.7
[INFO] [stderr]    Compiling csv-core v0.1.10
[INFO] [stderr]    Compiling bstr v1.3.0
[INFO] [stderr]    Compiling crossbeam-deque v0.8.3
[INFO] [stderr]    Compiling wait-timeout v0.2.0
[INFO] [stderr]    Compiling oorandom v11.1.3
[INFO] [stderr]    Compiling fastrand v1.9.0
[INFO] [stderr]    Compiling humantime v2.1.0
[INFO] [stderr]    Compiling test-log v0.2.11
[INFO] [stderr]    Compiling regex v1.7.1
[INFO] [stderr]    Compiling criterion-plot v0.4.5
[INFO] [stderr]    Compiling plotters v0.3.4
[INFO] [stderr]    Compiling rayon v1.7.0
[INFO] [stderr]    Compiling is-terminal v0.4.4
[INFO] [stderr]    Compiling tempfile v3.4.0
[INFO] [stderr]    Compiling clap v4.1.8
[INFO] [stderr]    Compiling concolor v0.0.11
[INFO] [stderr]    Compiling predicates v2.1.5
[INFO] [stderr]    Compiling tracing-subscriber v0.3.16
[INFO] [stderr]    Compiling env_logger v0.9.3
[INFO] [stderr]    Compiling assert_cmd v2.0.8
[INFO] [stderr]    Compiling byte-unit v4.0.19
[INFO] [stderr]    Compiling csv v1.2.1
[INFO] [stderr]    Compiling serde_cbor v0.11.2
[INFO] [stderr]    Compiling backhand v0.11.0 (/opt/rustwide/workdir)
[INFO] [stderr]    Compiling tinytemplate v1.2.1
[INFO] [stderr]    Compiling criterion v0.3.6
[INFO] [stdout] error[E0432]: unresolved import `test_assets`
[INFO] [stdout]  --> tests/mutate.rs:7:5
[INFO] [stdout]   |
[INFO] [stdout] 7 | use test_assets::TestAssetDef;
[INFO] [stdout]   |     ^^^^^^^^^^^ use of undeclared crate or module `test_assets`
[INFO] [stdout] 
[INFO] [stdout] 
[INFO] [stdout] error[E0432]: unresolved import `test_assets`
[INFO] [stdout]  --> tests/non_standard.rs:6:5
[INFO] [stdout]   |
[INFO] [stdout] 6 | use test_assets::TestAssetDef;
[INFO] [stdout]   |     ^^^^^^^^^^^ use of undeclared crate or module `test_assets`
[INFO] [stdout] 
[INFO] [stdout] 
[INFO] [stdout] error[E0432]: unresolved import `test_assets`
[INFO] [stdout]  --> tests/raw.rs:9:5
[INFO] [stdout]   |
[INFO] [stdout] 9 | use test_assets::TestAssetDef;
[INFO] [stdout]   |     ^^^^^^^^^^^ use of undeclared crate or module `test_assets`
[INFO] [stdout] 
[INFO] [stdout] 
[INFO] [stdout] error[E0432]: unresolved import `test_assets`
[INFO] [stdout]  --> tests/test.rs:6:5
[INFO] [stdout]   |
[INFO] [stdout] 6 | use test_assets::TestAssetDef;
[INFO] [stdout]   |     ^^^^^^^^^^^ use of undeclared crate or module `test_assets`
[INFO] [stdout] 
[INFO] [stdout] 
[INFO] [stdout] error[E0433]: failed to resolve: use of undeclared crate or module `dir_diff`
[INFO] [stdout]   --> tests/common/mod.rs:37:13
[INFO] [stdout]    |
[INFO] [stdout] 37 |     let d = dir_diff::is_different(control_dir.path(), new_dir.path());
[INFO] [stdout]    |             ^^^^^^^^ use of undeclared crate or module `dir_diff`
[INFO] [stdout] 
[INFO] [stdout] 
[INFO] [stdout] error[E0433]: failed to resolve: use of undeclared crate or module `test_assets`
[INFO] [stdout]   --> tests/non_standard.rs:24:5
[INFO] [stdout]    |
[INFO] [stdout] 24 |     test_assets::download_test_files(assets_defs, test_path, true).unwrap();
[INFO] [stdout]    |     ^^^^^^^^^^^ use of undeclared crate or module `test_assets`
[INFO] [stdout] 
[INFO] [stdout] 
[INFO] [stdout] error[E0433]: failed to resolve: use of undeclared crate or module `dir_diff`
[INFO] [stdout]   --> tests/common/mod.rs:37:13
[INFO] [stdout]    |
[INFO] [stdout] 37 |     let d = dir_diff::is_different(control_dir.path(), new_dir.path());
[INFO] [stdout]    |             ^^^^^^^^ use of undeclared crate or module `dir_diff`
[INFO] [stdout] 
[INFO] [stdout] 
[INFO] [stdout] error[E0433]: failed to resolve: use of undeclared crate or module `dir_diff`
[INFO] [stdout]   --> tests/common/mod.rs:37:13
[INFO] [stdout]    |
[INFO] [stdout] 37 |     let d = dir_diff::is_different(control_dir.path(), new_dir.path());
[INFO] [stdout]    |             ^^^^^^^^ use of undeclared crate or module `dir_diff`
[INFO] [stdout] 
[INFO] [stdout] 
[INFO] [stdout] error[E0433]: failed to resolve: use of undeclared crate or module `test_assets`
[INFO] [stdout]   --> tests/raw.rs:21:5
[INFO] [stdout]    |
[INFO] [stdout] 21 |     test_assets::download_test_files(&asset_defs, TEST_PATH, true).unwrap();
[INFO] [stdout]    |     ^^^^^^^^^^^ use of undeclared crate or module `test_assets`
[INFO] [stdout] 
[INFO] [stdout] 
[INFO] [stdout] error[E0433]: failed to resolve: use of undeclared crate or module `test_assets`
[INFO] [stdout]   --> tests/mutate.rs:56:5
[INFO] [stdout]    |
[INFO] [stdout] 56 |     test_assets::download_test_files(&asset_defs, TEST_PATH, true).unwrap();
[INFO] [stdout]    |     ^^^^^^^^^^^ use of undeclared crate or module `test_assets`
[INFO] [stdout] 
[INFO] [stdout] 
[INFO] [stdout] error: aborting due to 3 previous errors
[INFO] [stdout] 
[INFO] [stdout] 
[INFO] [stdout] Some errors have detailed explanations: E0432, E0433.
[INFO] [stdout] 
[INFO] [stdout] For more information about an error, try `rustc --explain E0432`.
[INFO] [stdout] 
[INFO] [stdout] error: aborting due to 3 previous errors
[INFO] [stdout] 
[INFO] [stdout] 
[INFO] [stdout] Some errors have detailed explanations: E0432, E0433.
[INFO] [stdout] 
[INFO] [stdout] For more information about an error, try `rustc --explain E0432`.
[INFO] [stdout] 
[INFO] [stdout] error: aborting due to 3 previous errors
[INFO] [stdout] 
[INFO] [stdout] 
[INFO] [stdout] Some errors have detailed explanations: E0432, E0433.
[INFO] [stdout] 
[INFO] [stdout] For more information about an error, try `rustc --explain E0432`.
[INFO] [stdout] 
[INFO] [stderr] error: could not compile `backhand` (test "non_standard") due to 4 previous errors
[INFO] [stderr] warning: build failed, waiting for other jobs to finish...
[INFO] [stdout] error[E0433]: failed to resolve: use of undeclared crate or module `dir_diff`
[INFO] [stdout]   --> tests/common/mod.rs:37:13
[INFO] [stdout]    |
[INFO] [stdout] 37 |     let d = dir_diff::is_different(control_dir.path(), new_dir.path());
[INFO] [stdout]    |             ^^^^^^^^ use of undeclared crate or module `dir_diff`
[INFO] [stdout] 
[INFO] [stdout] 
[INFO] [stderr] error: could not compile `backhand` (test "mutate") due to 4 previous errors
[INFO] [stderr] error: could not compile `backhand` (test "raw") due to 4 previous errors
[INFO] [stdout] error[E0433]: failed to resolve: use of undeclared crate or module `test_assets`
[INFO] [stdout]   --> tests/test.rs:29:5
[INFO] [stdout]    |
[INFO] [stdout] 29 |     test_assets::download_test_files(assets_defs, test_path, true).unwrap();
[INFO] [stdout]    |     ^^^^^^^^^^^ use of undeclared crate or module `test_assets`
[INFO] [stdout] 
[INFO] [stdout] 
[INFO] [stdout] error: aborting due to 3 previous errors
[INFO] [stdout] 
[INFO] [stdout] 
[INFO] [stdout] Some errors have detailed explanations: E0432, E0433.
[INFO] [stdout] 
[INFO] [stdout] For more information about an error, try `rustc --explain E0432`.
[INFO] [stdout] 
[INFO] [stderr] error: could not compile `backhand` (test "test") due to 4 previous errors
[INFO] running `Command { std: "docker" "inspect" "0416285b962c8dd5fc8b46f18c01f2768df9243830724be3a9697d7eee2c13f6", kill_on_drop: false }`
[INFO] running `Command { std: "docker" "rm" "-f" "0416285b962c8dd5fc8b46f18c01f2768df9243830724be3a9697d7eee2c13f6", kill_on_drop: false }`
[INFO] [stdout] 0416285b962c8dd5fc8b46f18c01f2768df9243830724be3a9697d7eee2c13f6
