[INFO] fetching crate azure_storage_blobs_mirror 0.1.0...
[INFO] testing azure_storage_blobs_mirror-0.1.0 against 1.69.0 for beta-1.70-1
[INFO] extracting crate azure_storage_blobs_mirror 0.1.0 into /workspace/builds/worker-2-tc1/source
[INFO] validating manifest of crates.io crate azure_storage_blobs_mirror 0.1.0 on toolchain 1.69.0
[INFO] running `Command { std: CARGO_HOME="/workspace/cargo-home" RUSTUP_HOME="/workspace/rustup-home" "/workspace/cargo-home/bin/cargo" "+1.69.0" "metadata" "--manifest-path" "Cargo.toml" "--no-deps", kill_on_drop: false }`
[INFO] started tweaking crates.io crate azure_storage_blobs_mirror 0.1.0
[INFO] finished tweaking crates.io crate azure_storage_blobs_mirror 0.1.0
[INFO] tweaked toml for crates.io crate azure_storage_blobs_mirror 0.1.0 written to /workspace/builds/worker-2-tc1/source/Cargo.toml
[INFO] crate crates.io crate azure_storage_blobs_mirror 0.1.0 already has a lockfile, it will not be regenerated
[INFO] running `Command { std: CARGO_HOME="/workspace/cargo-home" RUSTUP_HOME="/workspace/rustup-home" "/workspace/cargo-home/bin/cargo" "+1.69.0" "fetch" "--manifest-path" "Cargo.toml", kill_on_drop: false }`
[INFO] [stderr]  Downloading crates ...
[INFO] [stderr]   Downloaded wasm-bindgen-macro-support v0.2.82
[INFO] [stderr]   Downloaded wasm-bindgen-shared v0.2.82
[INFO] [stderr]   Downloaded wasm-bindgen-macro v0.2.82
[INFO] [stderr]   Downloaded wasm-bindgen v0.2.82
[INFO] [stderr]   Downloaded uuid v1.1.2
[INFO] [stderr]   Downloaded dyn-clone v1.0.9
[INFO] [stderr]   Downloaded getrandom v0.2.7
[INFO] [stderr]   Downloaded parking v2.0.0
[INFO] [stderr]   Downloaded md5 v0.7.0
[INFO] [stderr]   Downloaded wasm-bindgen-futures v0.4.32
[INFO] [stderr]   Downloaded paste v1.0.8
[INFO] [stderr]   Downloaded time-macros v0.2.4
[INFO] [stderr]   Downloaded digest v0.10.3
[INFO] [stderr]   Downloaded concurrent-queue v1.2.4
[INFO] [stderr]   Downloaded block-buffer v0.10.2
[INFO] [stderr]   Downloaded semver v1.0.13
[INFO] [stderr]   Downloaded rustls-pemfile v1.0.1
[INFO] [stderr]   Downloaded async-channel v1.7.1
[INFO] [stderr]   Downloaded RustyXML v0.3.0
[INFO] [stderr]   Downloaded futures-macro v0.3.23
[INFO] [stderr]   Downloaded cpufeatures v0.2.4
[INFO] [stderr]   Downloaded sha2 v0.10.2
[INFO] [stderr]   Downloaded azure_storage_mirror v0.2.0
[INFO] [stderr]   Downloaded openssl-sys v0.9.75
[INFO] [stderr]   Downloaded anyhow v1.0.62
[INFO] [stderr]   Downloaded hyper-rustls v0.23.0
[INFO] [stderr]   Downloaded once_cell v1.13.1
[INFO] [stderr]   Downloaded futures-lite v1.12.0
[INFO] [stderr]   Downloaded cache-padded v1.2.0
[INFO] [stderr]   Downloaded futures-executor v0.3.23
[INFO] [stderr]   Downloaded schannel v0.1.20
[INFO] [stderr]   Downloaded unicode-bidi v0.3.8
[INFO] [stderr]   Downloaded azure_core_mirror v0.3.0
[INFO] [stderr]   Downloaded native-tls v0.2.10
[INFO] [stderr]   Downloaded ipnet v2.5.0
[INFO] [stderr]   Downloaded js-sys v0.3.59
[INFO] [stderr]   Downloaded wasm-bindgen-backend v0.2.82
[INFO] [stderr]   Downloaded time v0.3.14
[INFO] [stderr]   Downloaded tokio-util v0.7.3
[INFO] [stderr]   Downloaded bumpalo v3.11.0
[INFO] [stderr]   Downloaded webpki-roots v0.22.4
[INFO] [stderr]   Downloaded reqwest v0.11.11
[INFO] [stderr]   Downloaded unicode-normalization v0.1.21
[INFO] [stderr]   Downloaded serde_json v1.0.85
[INFO] [stderr]   Downloaded h2 v0.3.14
[INFO] [stderr]   Downloaded rustls v0.20.6
[INFO] [stderr]   Downloaded openssl v0.10.41
[INFO] [stderr]   Downloaded regex v1.6.0
[INFO] [stderr]   Downloaded regex-syntax v0.6.27
[INFO] [stderr]   Downloaded tokio v1.20.1
[INFO] [stderr]   Downloaded web-sys v0.3.59
[INFO] [stderr]   Downloaded libc v0.2.132
[INFO] running `Command { std: "docker" "create" "-v" "/var/lib/crater-agent-workspace/builds/worker-2-tc1/target:/opt/rustwide/target:rw,Z" "-v" "/var/lib/crater-agent-workspace/builds/worker-2-tc1/source:/opt/rustwide/workdir:ro,Z" "-v" "/var/lib/crater-agent-workspace/cargo-home:/opt/rustwide/cargo-home:ro,Z" "-v" "/var/lib/crater-agent-workspace/rustup-home:/opt/rustwide/rustup-home:ro,Z" "-e" "SOURCE_DIR=/opt/rustwide/workdir" "-e" "CARGO_TARGET_DIR=/opt/rustwide/target" "-e" "CARGO_HOME=/opt/rustwide/cargo-home" "-e" "RUSTUP_HOME=/opt/rustwide/rustup-home" "-w" "/opt/rustwide/workdir" "-m" "1610612736" "--user" "0:0" "--network" "none" "ghcr.io/rust-lang/crates-build-env/linux@sha256:5ff2268d62e97bff2cde7d5815dd6ed5b47097566f13b8d0ca110b04b60e07ed" "/opt/rustwide/cargo-home/bin/cargo" "+1.69.0" "metadata" "--no-deps" "--format-version=1", kill_on_drop: false }`
[INFO] [stdout] 68128b8f136e74c0b880bd384ade157559e3a32a0a58462eb89cedd10bcdcabc
[INFO] running `Command { std: "docker" "start" "-a" "68128b8f136e74c0b880bd384ade157559e3a32a0a58462eb89cedd10bcdcabc", kill_on_drop: false }`
[INFO] running `Command { std: "docker" "inspect" "68128b8f136e74c0b880bd384ade157559e3a32a0a58462eb89cedd10bcdcabc", kill_on_drop: false }`
[INFO] running `Command { std: "docker" "rm" "-f" "68128b8f136e74c0b880bd384ade157559e3a32a0a58462eb89cedd10bcdcabc", kill_on_drop: false }`
[INFO] [stdout] 68128b8f136e74c0b880bd384ade157559e3a32a0a58462eb89cedd10bcdcabc
[INFO] running `Command { std: "docker" "create" "-v" "/var/lib/crater-agent-workspace/builds/worker-2-tc1/target:/opt/rustwide/target:rw,Z" "-v" "/var/lib/crater-agent-workspace/builds/worker-2-tc1/source:/opt/rustwide/workdir:ro,Z" "-v" "/var/lib/crater-agent-workspace/cargo-home:/opt/rustwide/cargo-home:ro,Z" "-v" "/var/lib/crater-agent-workspace/rustup-home:/opt/rustwide/rustup-home:ro,Z" "-e" "SOURCE_DIR=/opt/rustwide/workdir" "-e" "CARGO_TARGET_DIR=/opt/rustwide/target" "-e" "CARGO_INCREMENTAL=0" "-e" "RUST_BACKTRACE=full" "-e" "RUSTFLAGS=--cap-lints=warn" "-e" "RUSTDOCFLAGS=--cap-lints=warn" "-e" "CARGO_HOME=/opt/rustwide/cargo-home" "-e" "RUSTUP_HOME=/opt/rustwide/rustup-home" "-w" "/opt/rustwide/workdir" "-m" "1610612736" "--user" "0:0" "--network" "none" "ghcr.io/rust-lang/crates-build-env/linux@sha256:5ff2268d62e97bff2cde7d5815dd6ed5b47097566f13b8d0ca110b04b60e07ed" "/opt/rustwide/cargo-home/bin/cargo" "+1.69.0" "build" "--frozen" "--message-format=json", kill_on_drop: false }`
[INFO] [stdout] 759094e46056bcc9022f50a4ee1ddd48b461f3385c41a491ec6a30203a78a9c7
[INFO] running `Command { std: "docker" "start" "-a" "759094e46056bcc9022f50a4ee1ddd48b461f3385c41a491ec6a30203a78a9c7", kill_on_drop: false }`
[INFO] [stderr]     Blocking waiting for file lock on package cache
[INFO] [stderr]    Compiling proc-macro2 v1.0.43
[INFO] [stderr]    Compiling quote v1.0.21
[INFO] [stderr]    Compiling unicode-ident v1.0.3
[INFO] [stderr]    Compiling syn v1.0.99
[INFO] [stderr]    Compiling libc v0.2.132
[INFO] [stderr]    Compiling futures-core v0.3.23
[INFO] [stderr]    Compiling once_cell v1.13.1
[INFO] [stderr]    Compiling serde_derive v1.0.144
[INFO] [stderr]    Compiling itoa v1.0.3
[INFO] [stderr]    Compiling serde v1.0.144
[INFO] [stderr]    Compiling cc v1.0.73
[INFO] [stderr]    Compiling slab v0.4.7
[INFO] [stderr]    Compiling futures-sink v0.3.23
[INFO] [stderr]    Compiling futures-task v0.3.23
[INFO] [stderr]    Compiling futures-io v0.3.23
[INFO] [stderr]    Compiling bytes v1.2.1
[INFO] [stderr]    Compiling futures-channel v0.3.23
[INFO] [stderr]    Compiling tokio v1.20.1
[INFO] [stderr]    Compiling futures-util v0.3.23
[INFO] [stderr]    Compiling typenum v1.15.0
[INFO] [stderr]    Compiling generic-array v0.14.6
[INFO] [stderr]    Compiling tracing-core v0.1.29
[INFO] [stderr]    Compiling indexmap v1.9.1
[INFO] [stderr]    Compiling openssl v0.10.41
[INFO] [stderr]    Compiling http v0.2.8
[INFO] [stderr]    Compiling tinyvec v1.6.0
[INFO] [stderr]    Compiling httparse v1.7.1
[INFO] [stderr]    Compiling native-tls v0.2.10
[INFO] [stderr]    Compiling semver v1.0.13
[INFO] [stderr]    Compiling ppv-lite86 v0.2.16
[INFO] [stderr]    Compiling unicode-bidi v0.3.8
[INFO] [stderr]    Compiling ryu v1.0.11
[INFO] [stderr]    Compiling tracing v0.1.36
[INFO] [stderr]    Compiling try-lock v0.2.3
[INFO] [stderr]    Compiling socket2 v0.4.4
[INFO] [stderr]    Compiling mio v0.8.4
[INFO] [stderr]    Compiling getrandom v0.1.16
[INFO] [stderr]    Compiling getrandom v0.2.7
[INFO] [stderr]    Compiling want v0.3.0
[INFO] [stderr]    Compiling openssl-sys v0.9.75
[INFO] [stderr]    Compiling rand_core v0.5.1
[INFO] [stderr]    Compiling http-body v0.4.5
[INFO] [stderr]    Compiling cache-padded v1.2.0
[INFO] [stderr]    Compiling serde_json v1.0.85
[INFO] [stderr]    Compiling anyhow v1.0.62
[INFO] [stderr]    Compiling concurrent-queue v1.2.4
[INFO] [stderr]    Compiling rand_chacha v0.2.2
[INFO] [stderr]    Compiling rustc_version v0.4.0
[INFO] [stderr]    Compiling unicode-normalization v0.1.21
[INFO] [stderr]    Compiling rand_core v0.6.3
[INFO] [stderr]    Compiling async-trait v0.1.57
[INFO] [stderr]    Compiling parking v2.0.0
[INFO] [stderr]    Compiling base64 v0.13.0
[INFO] [stderr]    Compiling fastrand v1.8.0
[INFO] [stderr]    Compiling rand_chacha v0.3.1
[INFO] [stderr]    Compiling async-channel v1.7.1
[INFO] [stderr]    Compiling rand v0.7.3
[INFO] [stderr]    Compiling time-macros v0.2.4
[INFO] [stderr]    Compiling azure_core_mirror v0.3.0
[INFO] [stderr]    Compiling futures-lite v1.12.0
[INFO] [stderr]    Compiling idna v0.2.3
[INFO] [stderr]    Compiling mime v0.3.16
[INFO] [stderr]    Compiling ipnet v2.5.0
[INFO] [stderr]    Compiling rand v0.8.5
[INFO] [stderr]    Compiling uuid v1.1.2
[INFO] [stderr]    Compiling dyn-clone v1.0.9
[INFO] [stderr]    Compiling paste v1.0.8
[INFO] [stderr]    Compiling cpufeatures v0.2.4
[INFO] [stderr]    Compiling RustyXML v0.3.0
[INFO] [stderr]    Compiling md5 v0.7.0
[INFO] [stderr]    Compiling crypto-common v0.1.6
[INFO] [stderr]    Compiling block-buffer v0.10.2
[INFO] [stderr]    Compiling digest v0.10.3
[INFO] [stderr]    Compiling hmac v0.12.1
[INFO] [stderr]    Compiling sha2 v0.10.2
[INFO] [stderr]    Compiling futures-macro v0.3.23
[INFO] [stderr]    Compiling openssl-macros v0.1.0
[INFO] [stderr]    Compiling thiserror-impl v1.0.32
[INFO] [stderr]    Compiling pin-project-internal v1.0.12
[INFO] [stderr]    Compiling tokio-util v0.7.3
[INFO] [stderr]    Compiling pin-project v1.0.12
[INFO] [stderr]    Compiling thiserror v1.0.32
[INFO] [stderr]    Compiling tokio-native-tls v0.3.0
[INFO] [stderr]    Compiling h2 v0.3.14
[INFO] [stderr]    Compiling futures-executor v0.3.23
[INFO] [stderr]    Compiling futures v0.3.23
[INFO] [stderr]    Compiling url v2.2.2
[INFO] [stderr]    Compiling serde_urlencoded v0.7.1
[INFO] [stderr]    Compiling serde_qs v0.8.5
[INFO] [stderr]    Compiling time v0.3.14
[INFO] [stderr]    Compiling serde-xml-rs v0.5.1
[INFO] [stderr]    Compiling hyper v0.14.20
[INFO] [stderr]    Compiling http-types v2.12.0
[INFO] [stderr]    Compiling hyper-tls v0.5.0
[INFO] [stderr]    Compiling reqwest v0.11.11
[INFO] [stderr]    Compiling azure_storage_mirror v0.2.0
[INFO] [stderr]    Compiling azure_storage_blobs_mirror v0.1.0 (/opt/rustwide/workdir)
[INFO] [stderr]     Finished dev [unoptimized + debuginfo] target(s) in 28.44s
[INFO] running `Command { std: "docker" "inspect" "759094e46056bcc9022f50a4ee1ddd48b461f3385c41a491ec6a30203a78a9c7", kill_on_drop: false }`
[INFO] running `Command { std: "docker" "rm" "-f" "759094e46056bcc9022f50a4ee1ddd48b461f3385c41a491ec6a30203a78a9c7", kill_on_drop: false }`
[INFO] [stdout] 759094e46056bcc9022f50a4ee1ddd48b461f3385c41a491ec6a30203a78a9c7
[INFO] running `Command { std: "docker" "create" "-v" "/var/lib/crater-agent-workspace/builds/worker-2-tc1/target:/opt/rustwide/target:rw,Z" "-v" "/var/lib/crater-agent-workspace/builds/worker-2-tc1/source:/opt/rustwide/workdir:ro,Z" "-v" "/var/lib/crater-agent-workspace/cargo-home:/opt/rustwide/cargo-home:ro,Z" "-v" "/var/lib/crater-agent-workspace/rustup-home:/opt/rustwide/rustup-home:ro,Z" "-e" "SOURCE_DIR=/opt/rustwide/workdir" "-e" "CARGO_TARGET_DIR=/opt/rustwide/target" "-e" "CARGO_INCREMENTAL=0" "-e" "RUST_BACKTRACE=full" "-e" "RUSTFLAGS=--cap-lints=warn" "-e" "RUSTDOCFLAGS=--cap-lints=warn" "-e" "CARGO_HOME=/opt/rustwide/cargo-home" "-e" "RUSTUP_HOME=/opt/rustwide/rustup-home" "-w" "/opt/rustwide/workdir" "-m" "1610612736" "--user" "0:0" "--network" "none" "ghcr.io/rust-lang/crates-build-env/linux@sha256:5ff2268d62e97bff2cde7d5815dd6ed5b47097566f13b8d0ca110b04b60e07ed" "/opt/rustwide/cargo-home/bin/cargo" "+1.69.0" "test" "--frozen" "--no-run" "--message-format=json", kill_on_drop: false }`
[INFO] [stdout] e83bf1d1b0e0c09a42b0fc8d1a5d14a036478776ddfff5e4e10e3e8bda73818d
[INFO] running `Command { std: "docker" "start" "-a" "e83bf1d1b0e0c09a42b0fc8d1a5d14a036478776ddfff5e4e10e3e8bda73818d", kill_on_drop: false }`
[INFO] [stderr]     Blocking waiting for file lock on package cache
[INFO] [stderr]    Compiling tokio v1.20.1
[INFO] [stderr]    Compiling num_cpus v1.13.1
[INFO] [stderr]    Compiling mio v0.8.4
[INFO] [stderr]    Compiling tokio-macros v1.8.0
[INFO] [stderr]    Compiling native-tls v0.2.10
[INFO] [stderr]    Compiling want v0.3.0
[INFO] [stderr]    Compiling serde-xml-rs v0.5.1
[INFO] [stderr]    Compiling aho-corasick v0.7.18
[INFO] [stderr]    Compiling regex-syntax v0.6.27
[INFO] [stderr]    Compiling atty v0.2.14
[INFO] [stderr]    Compiling termcolor v1.1.3
[INFO] [stderr]    Compiling regex v1.6.0
[INFO] [stderr]    Compiling env_logger v0.9.0
[INFO] [stderr]    Compiling tokio-util v0.7.3
[INFO] [stderr]    Compiling tokio-native-tls v0.3.0
[INFO] [stderr]    Compiling h2 v0.3.14
[INFO] [stderr]    Compiling hyper v0.14.20
[INFO] [stderr]    Compiling hyper-tls v0.5.0
[INFO] [stderr]    Compiling reqwest v0.11.11
[INFO] [stderr]    Compiling azure_core_mirror v0.3.0
[INFO] [stderr]    Compiling azure_storage_mirror v0.2.0
[INFO] [stderr]    Compiling azure_storage_blobs_mirror v0.1.0 (/opt/rustwide/workdir)
[INFO] [stdout] error[E0433]: failed to resolve: use of undeclared crate or module `azure_storage_blobs`
[INFO] [stdout]  --> examples/list_blobs_01.rs:2:5
[INFO] [stdout]   |
[INFO] [stdout] 2 | use azure_storage_blobs::prelude::*;
[INFO] [stdout]   |     ^^^^^^^^^^^^^^^^^^^ use of undeclared crate or module `azure_storage_blobs`
[INFO] [stdout]   |
[INFO] [stdout] help: there is a crate or module with a similar name
[INFO] [stdout]   |
[INFO] [stdout] 2 | use azure_storage::prelude::*;
[INFO] [stdout]   |     ~~~~~~~~~~~~~
[INFO] [stdout] 
[INFO] [stdout] 
[INFO] [stdout] error[E0433]: failed to resolve: use of undeclared type `PublicAccess`
[INFO] [stdout]   --> examples/list_blobs_01.rs:40:24
[INFO] [stdout]    |
[INFO] [stdout] 40 |         .public_access(PublicAccess::None)
[INFO] [stdout]    |                        ^^^^^^^^^^^^ use of undeclared type `PublicAccess`
[INFO] [stdout] 
[INFO] [stdout] 
[INFO] [stdout] error[E0433]: failed to resolve: use of undeclared crate or module `azure_storage_blobs`
[INFO] [stdout]  --> examples/stream_blob_01.rs:2:5
[INFO] [stdout]   |
[INFO] [stdout] 2 | use azure_storage_blobs::prelude::*;
[INFO] [stdout]   |     ^^^^^^^^^^^^^^^^^^^ use of undeclared crate or module `azure_storage_blobs`
[INFO] [stdout]   |
[INFO] [stdout] help: there is a crate or module with a similar name
[INFO] [stdout]   |
[INFO] [stdout] 2 | use azure_storage::prelude::*;
[INFO] [stdout]   |     ~~~~~~~~~~~~~
[INFO] [stdout] 
[INFO] [stdout] 
[INFO] [stdout] error[E0433]: failed to resolve: use of undeclared crate or module `azure_storage_blobs`
[INFO] [stdout]  --> examples/container_01.rs:3:5
[INFO] [stdout]   |
[INFO] [stdout] 3 | use azure_storage_blobs::prelude::*;
[INFO] [stdout]   |     ^^^^^^^^^^^^^^^^^^^ use of undeclared crate or module `azure_storage_blobs`
[INFO] [stdout]   |
[INFO] [stdout] help: there is a crate or module with a similar name
[INFO] [stdout]   |
[INFO] [stdout] 3 | use azure_storage::prelude::*;
[INFO] [stdout]   |     ~~~~~~~~~~~~~
[INFO] [stdout] 
[INFO] [stdout] 
[INFO] [stdout] error[E0433]: failed to resolve: use of undeclared crate or module `azure_storage_blobs`
[INFO] [stdout]  --> tests/blob_operations.rs:1:5
[INFO] [stdout]   |
[INFO] [stdout] 1 | use azure_storage_blobs::container::PublicAccess;
[INFO] [stdout]   |     ^^^^^^^^^^^^^^^^^^^ use of undeclared crate or module `azure_storage_blobs`
[INFO] [stdout]   |
[INFO] [stdout] help: there is a crate or module with a similar name
[INFO] [stdout]   |
[INFO] [stdout] 1 | use azure_storage::container::PublicAccess;
[INFO] [stdout]   |     ~~~~~~~~~~~~~
[INFO] [stdout] 
[INFO] [stdout] 
[INFO] [stdout] error[E0433]: failed to resolve: use of undeclared type `PublicAccess`
[INFO] [stdout]   --> examples/container_01.rs:32:24
[INFO] [stdout]    |
[INFO] [stdout] 32 |         .public_access(PublicAccess::Container)
[INFO] [stdout]    |                        ^^^^^^^^^^^^ use of undeclared type `PublicAccess`
[INFO] [stdout] 
[INFO] [stdout] 
[INFO] [stdout] error[E0433]: failed to resolve: use of undeclared crate or module `azure_storage_blobs`
[INFO] [stdout]  --> tests/blob_operations.rs:2:5
[INFO] [stdout]   |
[INFO] [stdout] 2 | use azure_storage_blobs::prelude::{AsBlobServiceClient, AsContainerClient};
[INFO] [stdout]   |     ^^^^^^^^^^^^^^^^^^^ use of undeclared crate or module `azure_storage_blobs`
[INFO] [stdout]   |
[INFO] [stdout] help: there is a crate or module with a similar name
[INFO] [stdout]   |
[INFO] [stdout] 2 | use azure_storage::prelude::{AsBlobServiceClient, AsContainerClient};
[INFO] [stdout]   |     ~~~~~~~~~~~~~
[INFO] [stdout] 
[INFO] [stdout] 
[INFO] [stdout] error[E0433]: failed to resolve: use of undeclared crate or module `azure_storage_blobs`
[INFO] [stdout]  --> examples/set_blob_properties_00.rs:4:5
[INFO] [stdout]   |
[INFO] [stdout] 4 | use azure_storage_blobs::prelude::*;
[INFO] [stdout]   |     ^^^^^^^^^^^^^^^^^^^ use of undeclared crate or module `azure_storage_blobs`
[INFO] [stdout]   |
[INFO] [stdout] help: there is a crate or module with a similar name
[INFO] [stdout]   |
[INFO] [stdout] 4 | use azure_storage::prelude::*;
[INFO] [stdout]   |     ~~~~~~~~~~~~~
[INFO] [stdout] 
[INFO] [stdout] 
[INFO] [stdout] error[E0432]: unresolved import `azure_identity`
[INFO] [stdout]  --> tests/setup.rs:1:5
[INFO] [stdout]   |
[INFO] [stdout] 1 | use azure_identity::DefaultAzureCredential;
[INFO] [stdout]   |     ^^^^^^^^^^^^^^ use of undeclared crate or module `azure_identity`
[INFO] [stdout] 
[INFO] [stdout] 
[INFO] [stdout] error[E0433]: failed to resolve: use of undeclared crate or module `mock_transport`
[INFO] [stdout]  --> tests/setup.rs:6:39
[INFO] [stdout]   |
[INFO] [stdout] 6 |     let account_name = (std::env::var(mock_transport::TESTING_MODE_KEY).as_deref()
[INFO] [stdout]   |                                       ^^^^^^^^^^^^^^ use of undeclared crate or module `mock_transport`
[INFO] [stdout] 
[INFO] [stdout] 
[INFO] [stdout] error[E0433]: failed to resolve: use of undeclared crate or module `mock_transport`
[INFO] [stdout]  --> tests/setup.rs:7:15
[INFO] [stdout]   |
[INFO] [stdout] 7 |         == Ok(mock_transport::TESTING_MODE_RECORD))
[INFO] [stdout]   |               ^^^^^^^^^^^^^^ use of undeclared crate or module `mock_transport`
[INFO] [stdout] 
[INFO] [stdout] 
[INFO] [stdout] error[E0433]: failed to resolve: use of undeclared crate or module `mock_transport`
[INFO] [stdout]   --> tests/setup.rs:10:46
[INFO] [stdout]    |
[INFO] [stdout] 10 |     let storage_credentials = (std::env::var(mock_transport::TESTING_MODE_KEY).as_deref()
[INFO] [stdout]    |                                              ^^^^^^^^^^^^^^ use of undeclared crate or module `mock_transport`
[INFO] [stdout] 
[INFO] [stdout] 
[INFO] [stdout] error[E0433]: failed to resolve: use of undeclared crate or module `mock_transport`
[INFO] [stdout]   --> tests/setup.rs:11:15
[INFO] [stdout]    |
[INFO] [stdout] 11 |         == Ok(mock_transport::TESTING_MODE_RECORD))
[INFO] [stdout]    |               ^^^^^^^^^^^^^^ use of undeclared crate or module `mock_transport`
[INFO] [stdout] 
[INFO] [stdout] 
[INFO] [stdout] error[E0433]: failed to resolve: use of undeclared crate or module `azure_storage_blobs`
[INFO] [stdout]  --> examples/connection_string.rs:2:5
[INFO] [stdout]   |
[INFO] [stdout] 2 | use azure_storage_blobs::prelude::*;
[INFO] [stdout]   |     ^^^^^^^^^^^^^^^^^^^ use of undeclared crate or module `azure_storage_blobs`
[INFO] [stdout]   |
[INFO] [stdout] help: there is a crate or module with a similar name
[INFO] [stdout]   |
[INFO] [stdout] 2 | use azure_storage::prelude::*;
[INFO] [stdout]   |     ~~~~~~~~~~~~~
[INFO] [stdout] 
[INFO] [stdout] 
[INFO] [stdout] error[E0433]: failed to resolve: use of undeclared type `PublicAccess`
[INFO] [stdout]   --> examples/connection_string.rs:33:24
[INFO] [stdout]    |
[INFO] [stdout] 33 |         .public_access(PublicAccess::None)
[INFO] [stdout]    |                        ^^^^^^^^^^^^ use of undeclared type `PublicAccess`
[INFO] [stdout] 
[INFO] [stdout] 
[INFO] [stdout] error[E0433]: failed to resolve: use of undeclared crate or module `azure_storage_blobs`
[INFO] [stdout]  --> examples/put_block_blob_00.rs:5:5
[INFO] [stdout]   |
[INFO] [stdout] 5 | use azure_storage_blobs::prelude::*;
[INFO] [stdout]   |     ^^^^^^^^^^^^^^^^^^^ use of undeclared crate or module `azure_storage_blobs`
[INFO] [stdout]   |
[INFO] [stdout] help: there is a crate or module with a similar name
[INFO] [stdout]   |
[INFO] [stdout] 5 | use azure_storage::prelude::*;
[INFO] [stdout]   |     ~~~~~~~~~~~~~
[INFO] [stdout] 
[INFO] [stdout] 
[INFO] [stdout] error[E0433]: failed to resolve: use of undeclared crate or module `azure_storage_blobs`
[INFO] [stdout]  --> examples/snapshot_blob.rs:5:5
[INFO] [stdout]   |
[INFO] [stdout] 5 | use azure_storage_blobs::prelude::*;
[INFO] [stdout]   |     ^^^^^^^^^^^^^^^^^^^ use of undeclared crate or module `azure_storage_blobs`
[INFO] [stdout]   |
[INFO] [stdout] help: there is a crate or module with a similar name
[INFO] [stdout]   |
[INFO] [stdout] 5 | use azure_storage::prelude::*;
[INFO] [stdout]   |     ~~~~~~~~~~~~~
[INFO] [stdout] 
[INFO] [stdout] 
[INFO] [stdout] error[E0433]: failed to resolve: use of undeclared crate or module `azure_storage_blobs`
[INFO] [stdout]  --> examples/put_page_blob_00.rs:5:5
[INFO] [stdout]   |
[INFO] [stdout] 5 | use azure_storage_blobs::prelude::*;
[INFO] [stdout]   |     ^^^^^^^^^^^^^^^^^^^ use of undeclared crate or module `azure_storage_blobs`
[INFO] [stdout]   |
[INFO] [stdout] help: there is a crate or module with a similar name
[INFO] [stdout]   |
[INFO] [stdout] 5 | use azure_storage::prelude::*;
[INFO] [stdout]   |     ~~~~~~~~~~~~~
[INFO] [stdout] 
[INFO] [stdout] 
[INFO] [stdout] error[E0433]: failed to resolve: use of undeclared type `DeleteSnapshotsMethod`
[INFO] [stdout]   --> examples/snapshot_blob.rs:52:34
[INFO] [stdout]    |
[INFO] [stdout] 52 |         .delete_snapshots_method(DeleteSnapshotsMethod::Include)
[INFO] [stdout]    |                                  ^^^^^^^^^^^^^^^^^^^^^ use of undeclared type `DeleteSnapshotsMethod`
[INFO] [stdout] 
[INFO] [stdout] 
[INFO] [stdout] error[E0433]: failed to resolve: use of undeclared type `PublicAccess`
[INFO] [stdout]   --> examples/container_01.rs:50:18
[INFO] [stdout]    |
[INFO] [stdout] 50 |         .set_acl(PublicAccess::Blob)
[INFO] [stdout]    |                  ^^^^^^^^^^^^ use of undeclared type `PublicAccess`
[INFO] [stdout] 
[INFO] [stdout] 
[INFO] [stdout] error[E0433]: failed to resolve: use of undeclared type `PublicAccess`
[INFO] [stdout]   --> examples/container_01.rs:66:37
[INFO] [stdout]    |
[INFO] [stdout] 66 |     assert!(result.public_access == PublicAccess::Blob);
[INFO] [stdout]    |                                     ^^^^^^^^^^^^ use of undeclared type `PublicAccess`
[INFO] [stdout] 
[INFO] [stdout] 
[INFO] [stdout] error[E0433]: failed to resolve: use of undeclared type `StoredAccessPolicyList`
[INFO] [stdout]   --> examples/container_01.rs:45:20
[INFO] [stdout]    |
[INFO] [stdout] 45 |     let mut sapl = StoredAccessPolicyList::default();
[INFO] [stdout]    |                    ^^^^^^^^^^^^^^^^^^^^^^ use of undeclared type `StoredAccessPolicyList`
[INFO] [stdout]    |
[INFO] [stdout] help: consider importing one of these items
[INFO] [stdout]    |
[INFO] [stdout] 1  | use azure_storage::StoredAccessPolicyList;
[INFO] [stdout]    |
[INFO] [stdout] 1  | use azure_storage_blobs_mirror::prelude::StoredAccessPolicyList;
[INFO] [stdout]    |
[INFO] [stdout] 
[INFO] [stdout] 
[INFO] [stdout] error[E0433]: failed to resolve: use of undeclared type `StoredAccessPolicy`
[INFO] [stdout]   --> examples/container_01.rs:47:15
[INFO] [stdout]    |
[INFO] [stdout] 47 |         .push(StoredAccessPolicy::new("pollo", dt_start, dt_end, "rwd"));
[INFO] [stdout]    |               ^^^^^^^^^^^^^^^^^^ use of undeclared type `StoredAccessPolicy`
[INFO] [stdout]    |
[INFO] [stdout] help: consider importing one of these items
[INFO] [stdout]    |
[INFO] [stdout] 1  | use azure_storage::StoredAccessPolicy;
[INFO] [stdout]    |
[INFO] [stdout] 1  | use azure_storage_blobs_mirror::prelude::StoredAccessPolicy;
[INFO] [stdout]    |
[INFO] [stdout] 
[INFO] [stdout] 
[INFO] [stdout] error[E0433]: failed to resolve: use of undeclared type `BlockListType`
[INFO] [stdout]   --> examples/put_block_blob_00.rs:70:26
[INFO] [stdout]    |
[INFO] [stdout] 70 |         .block_list_type(BlockListType::All)
[INFO] [stdout]    |                          ^^^^^^^^^^^^^ use of undeclared type `BlockListType`
[INFO] [stdout] 
[INFO] [stdout] 
[INFO] [stdout] error[E0433]: failed to resolve: use of undeclared type `DeleteSnapshotsMethod`
[INFO] [stdout]    --> examples/put_block_blob_00.rs:105:34
[INFO] [stdout]     |
[INFO] [stdout] 105 |         .delete_snapshots_method(DeleteSnapshotsMethod::Include)
[INFO] [stdout]     |                                  ^^^^^^^^^^^^^^^^^^^^^ use of undeclared type `DeleteSnapshotsMethod`
[INFO] [stdout] 
[INFO] [stdout] 
[INFO] [stdout] error[E0433]: failed to resolve: use of undeclared type `BlockList`
[INFO] [stdout]   --> examples/put_block_blob_00.rs:48:26
[INFO] [stdout]    |
[INFO] [stdout] 48 |     let mut block_list = BlockList::default();
[INFO] [stdout]    |                          ^^^^^^^^^ use of undeclared type `BlockList`
[INFO] [stdout]    |
[INFO] [stdout] help: consider importing this struct
[INFO] [stdout]    |
[INFO] [stdout] 4  | use azure_storage_blobs_mirror::prelude::BlockList;
[INFO] [stdout]    |
[INFO] [stdout] 
[INFO] [stdout] 
[INFO] [stdout] error[E0433]: failed to resolve: use of undeclared type `BlobBlockType`
[INFO] [stdout]   --> examples/put_block_blob_00.rs:51:15
[INFO] [stdout]    |
[INFO] [stdout] 51 |         .push(BlobBlockType::new_uncommitted("satanasso"));
[INFO] [stdout]    |               ^^^^^^^^^^^^^ use of undeclared type `BlobBlockType`
[INFO] [stdout]    |
[INFO] [stdout] help: consider importing this enum
[INFO] [stdout]    |
[INFO] [stdout] 4  | use azure_storage_blobs_mirror::prelude::BlobBlockType;
[INFO] [stdout]    |
[INFO] [stdout] 
[INFO] [stdout] 
[INFO] [stdout] error[E0433]: failed to resolve: use of undeclared type `BA512Range`
[INFO] [stdout]   --> examples/put_page_blob_00.rs:59:19
[INFO] [stdout]    |
[INFO] [stdout] 59 |         .put_page(BA512Range::new(0, 511)?, slice.clone())
[INFO] [stdout]    |                   ^^^^^^^^^^ use of undeclared type `BA512Range`
[INFO] [stdout]    |
[INFO] [stdout] help: consider importing this struct
[INFO] [stdout]    |
[INFO] [stdout] 3  | use azure_storage_blobs_mirror::prelude::BA512Range;
[INFO] [stdout]    |
[INFO] [stdout] 
[INFO] [stdout] 
[INFO] [stdout] error[E0433]: failed to resolve: use of undeclared type `BlobBlockType`
[INFO] [stdout]   --> examples/put_block_blob_00.rs:54:15
[INFO] [stdout]    |
[INFO] [stdout] 54 |         .push(BlobBlockType::new_uncommitted("pollastro"));
[INFO] [stdout]    |               ^^^^^^^^^^^^^ use of undeclared type `BlobBlockType`
[INFO] [stdout]    |
[INFO] [stdout] help: consider importing this enum
[INFO] [stdout]    |
[INFO] [stdout] 4  | use azure_storage_blobs_mirror::prelude::BlobBlockType;
[INFO] [stdout]    |
[INFO] [stdout] 
[INFO] [stdout] 
[INFO] [stdout] error[E0433]: failed to resolve: use of undeclared type `BA512Range`
[INFO] [stdout]   --> examples/put_page_blob_00.rs:67:19
[INFO] [stdout]    |
[INFO] [stdout] 67 |         .put_page(BA512Range::new(512, 1023)?, slice.clone())
[INFO] [stdout]    |                   ^^^^^^^^^^ use of undeclared type `BA512Range`
[INFO] [stdout]    |
[INFO] [stdout] help: consider importing this struct
[INFO] [stdout]    |
[INFO] [stdout] 3  | use azure_storage_blobs_mirror::prelude::BA512Range;
[INFO] [stdout]    |
[INFO] [stdout] 
[INFO] [stdout] 
[INFO] [stdout] error[E0433]: failed to resolve: use of undeclared type `BA512Range`
[INFO] [stdout]   --> examples/put_page_blob_00.rs:75:19
[INFO] [stdout]    |
[INFO] [stdout] 75 |         .put_page(BA512Range::new(512, 1023)?, slice)
[INFO] [stdout]    |                   ^^^^^^^^^^ use of undeclared type `BA512Range`
[INFO] [stdout]    |
[INFO] [stdout] help: consider importing this struct
[INFO] [stdout]    |
[INFO] [stdout] 3  | use azure_storage_blobs_mirror::prelude::BA512Range;
[INFO] [stdout]    |
[INFO] [stdout] 
[INFO] [stdout] 
[INFO] [stdout] error[E0433]: failed to resolve: use of undeclared type `BA512Range`
[INFO] [stdout]   --> examples/put_page_blob_00.rs:88:21
[INFO] [stdout]    |
[INFO] [stdout] 88 |         .clear_page(BA512Range::new(0, 511)?)
[INFO] [stdout]    |                     ^^^^^^^^^^ use of undeclared type `BA512Range`
[INFO] [stdout]    |
[INFO] [stdout] help: consider importing this struct
[INFO] [stdout]    |
[INFO] [stdout] 3  | use azure_storage_blobs_mirror::prelude::BA512Range;
[INFO] [stdout]    |
[INFO] [stdout] 
[INFO] [stdout] 
[INFO] [stdout] error[E0599]: no method named `container_client` found for struct `azure_storage_mirror::clients::StorageClient` in the current scope
[INFO] [stdout]   --> examples/container_01.rs:20:43
[INFO] [stdout]    |
[INFO] [stdout] 20 |     let container_client = storage_client.container_client(container_name);
[INFO] [stdout]    |                                           ^^^^^^^^^^^^^^^^ method not found in `StorageClient`
[INFO] [stdout]    |
[INFO] [stdout]   ::: /opt/rustwide/workdir/src/clients/container_client.rs:19:8
[INFO] [stdout]    |
[INFO] [stdout] 19 |     fn container_client(&self, container_name: impl Into<String>) -> ContainerClient;
[INFO] [stdout]    |        ---------------- the method is available for `azure_storage_mirror::clients::StorageClient` here
[INFO] [stdout]    |
[INFO] [stdout]    = help: items from traits can only be used if the trait is in scope
[INFO] [stdout] help: the following trait is implemented but not in scope; perhaps add a `use` for it:
[INFO] [stdout]    |
[INFO] [stdout] 1  | use azure_storage_blobs_mirror::prelude::AsContainerClient;
[INFO] [stdout]    |
[INFO] [stdout] 
[INFO] [stdout] 
[INFO] [stdout] error[E0433]: failed to resolve: use of undeclared crate or module `azure_storage_blobs`
[INFO] [stdout]  --> examples/copy_blob.rs:3:5
[INFO] [stdout]   |
[INFO] [stdout] 3 | use azure_storage_blobs::prelude::*;
[INFO] [stdout]   |     ^^^^^^^^^^^^^^^^^^^ use of undeclared crate or module `azure_storage_blobs`
[INFO] [stdout]   |
[INFO] [stdout] help: there is a crate or module with a similar name
[INFO] [stdout]   |
[INFO] [stdout] 3 | use azure_storage::prelude::*;
[INFO] [stdout]   |     ~~~~~~~~~~~~~
[INFO] [stdout] 
[INFO] [stdout] 
[INFO] [stdout] error[E0433]: failed to resolve: use of undeclared crate or module `mock_transport`
[INFO] [stdout]   --> tests/setup.rs:15:28
[INFO] [stdout]    |
[INFO] [stdout] 15 |     let transport_policy = mock_transport::new_mock_transport(transaction_name.into());
[INFO] [stdout]    |                            ^^^^^^^^^^^^^^ use of undeclared crate or module `mock_transport`
[INFO] [stdout] 
[INFO] [stdout] 
[INFO] [stdout] error[E0599]: no method named `blob_service_client` found for struct `azure_storage_mirror::clients::StorageClient` in the current scope
[INFO] [stdout]   --> examples/list_blobs_01.rs:19:46
[INFO] [stdout]    |
[INFO] [stdout] 19 |     let blob_service_client = storage_client.blob_service_client();
[INFO] [stdout]    |                                              ^^^^^^^^^^^^^^^^^^^ method not found in `StorageClient`
[INFO] [stdout] 
[INFO] [stdout] 
[INFO] [stdout] error[E0599]: no method named `container_client` found for struct `azure_storage_mirror::clients::StorageClient` in the current scope
[INFO] [stdout]   --> examples/set_blob_properties_00.rs:28:10
[INFO] [stdout]    |
[INFO] [stdout] 27 |       let blob_client = storage_client
[INFO] [stdout]    |  _______________________-
[INFO] [stdout] 28 | |         .container_client(&container)
[INFO] [stdout]    | |         -^^^^^^^^^^^^^^^^ method not found in `StorageClient`
[INFO] [stdout]    | |_________|
[INFO] [stdout]    | 
[INFO] [stdout] 
[INFO] [stdout] 
[INFO] [stdout] error[E0433]: failed to resolve: use of undeclared crate or module `azure_storage_blobs`
[INFO] [stdout]  --> examples/device_code_flow.rs:3:5
[INFO] [stdout]   |
[INFO] [stdout] 3 | use azure_storage_blobs::prelude::*;
[INFO] [stdout]   |     ^^^^^^^^^^^^^^^^^^^ use of undeclared crate or module `azure_storage_blobs`
[INFO] [stdout]   |
[INFO] [stdout] help: there is a crate or module with a similar name
[INFO] [stdout]   |
[INFO] [stdout] 3 | use azure_storage::prelude::*;
[INFO] [stdout]   |     ~~~~~~~~~~~~~
[INFO] [stdout] 
[INFO] [stdout] 
[INFO] [stdout] error[E0432]: unresolved import `azure_identity`
[INFO] [stdout]  --> examples/device_code_flow.rs:1:5
[INFO] [stdout]   |
[INFO] [stdout] 1 | use azure_identity::{device_code_flow, refresh_token};
[INFO] [stdout]   |     ^^^^^^^^^^^^^^ use of undeclared crate or module `azure_identity`
[INFO] [stdout] 
[INFO] [stdout] 
[INFO] [stdout] error[E0599]: no method named `container_client` found for struct `azure_storage_mirror::clients::StorageClient` in the current scope
[INFO] [stdout]   --> examples/snapshot_blob.rs:26:10
[INFO] [stdout]    |
[INFO] [stdout] 25 |       let blob_client = StorageClient::new_access_key(&account, &access_key)
[INFO] [stdout]    |  _______________________-
[INFO] [stdout] 26 | |         .container_client(&container)
[INFO] [stdout]    | |         -^^^^^^^^^^^^^^^^ method not found in `StorageClient`
[INFO] [stdout]    | |_________|
[INFO] [stdout]    | 
[INFO] [stdout] 
[INFO] [stdout] 
[INFO] [stdout] error[E0599]: no method named `blob_service_client` found for struct `StorageClient` in the current scope
[INFO] [stdout]   --> tests/blob_operations.rs:16:32
[INFO] [stdout]    |
[INFO] [stdout] 16 |     let blob_service = storage.blob_service_client();
[INFO] [stdout]    |                                ^^^^^^^^^^^^^^^^^^^ method not found in `StorageClient`
[INFO] [stdout]    |
[INFO] [stdout]   ::: /opt/rustwide/workdir/src/clients/blob_service_client.rs:6:8
[INFO] [stdout]    |
[INFO] [stdout] 6  |     fn blob_service_client(&self) -> BlobServiceClient;
[INFO] [stdout]    |        ------------------- the method is available for `StorageClient` here
[INFO] [stdout]    |
[INFO] [stdout]    = help: items from traits can only be used if the trait is in scope
[INFO] [stdout] help: the following trait is implemented but not in scope; perhaps add a `use` for it:
[INFO] [stdout]    |
[INFO] [stdout] 1  | use azure_storage_blobs_mirror::prelude::AsBlobServiceClient;
[INFO] [stdout]    |
[INFO] [stdout] 
[INFO] [stdout] 
[INFO] [stdout] error: aborting due to 2 previous errors
[INFO] [stdout] 
[INFO] [stdout] 
[INFO] [stdout] Some errors have detailed explanations: E0433, E0599.
[INFO] [stdout] 
[INFO] [stdout] For more information about an error, try `rustc --explain E0433`.
[INFO] [stdout] 
[INFO] [stdout] error[E0599]: no method named `container_client` found for struct `StorageClient` in the current scope
[INFO] [stdout]   --> tests/blob_operations.rs:17:29
[INFO] [stdout]    |
[INFO] [stdout] 17 |     let container = storage.container_client(CONTAINER_NAME);
[INFO] [stdout]    |                             ^^^^^^^^^^^^^^^^ method not found in `StorageClient`
[INFO] [stdout]    |
[INFO] [stdout]   ::: /opt/rustwide/workdir/src/clients/container_client.rs:19:8
[INFO] [stdout]    |
[INFO] [stdout] 19 |     fn container_client(&self, container_name: impl Into<String>) -> ContainerClient;
[INFO] [stdout]    |        ---------------- the method is available for `StorageClient` here
[INFO] [stdout]    |
[INFO] [stdout]    = help: items from traits can only be used if the trait is in scope
[INFO] [stdout] help: the following trait is implemented but not in scope; perhaps add a `use` for it:
[INFO] [stdout]    |
[INFO] [stdout] 1  | use azure_storage_blobs_mirror::prelude::AsContainerClient;
[INFO] [stdout]    |
[INFO] [stdout] 
[INFO] [stdout] 
[INFO] [stdout] error: aborting due to 7 previous errors
[INFO] [stdout] 
[INFO] [stdout] 
[INFO] [stdout] Some errors have detailed explanations: E0433, E0599.
[INFO] [stdout] 
[INFO] [stdout] For more information about an error, try `rustc --explain E0433`.
[INFO] [stdout] 
[INFO] [stdout] error[E0599]: no method named `container_client` found for struct `azure_storage_mirror::clients::StorageClient` in the current scope
[INFO] [stdout]   --> examples/list_blobs_01.rs:20:43
[INFO] [stdout]    |
[INFO] [stdout] 20 |     let container_client = storage_client.container_client(&container_name);
[INFO] [stdout]    |                                           ^^^^^^^^^^^^^^^^ method not found in `StorageClient`
[INFO] [stdout] 
[INFO] [stdout] 
[INFO] [stderr] error: could not compile `azure_storage_blobs_mirror` due to 3 previous errors
[INFO] [stderr] warning: build failed, waiting for other jobs to finish...
[INFO] [stdout] error[E0599]: no method named `container_client` found for struct `azure_storage_mirror::clients::StorageClient` in the current scope
[INFO] [stdout]   --> examples/connection_string.rs:17:43
[INFO] [stdout]    |
[INFO] [stdout] 17 |     let container_client = storage_client.container_client(&container_name);
[INFO] [stdout]    |                                           ^^^^^^^^^^^^^^^^ method not found in `StorageClient`
[INFO] [stdout] 
[INFO] [stdout] 
[INFO] [stderr] error: could not compile `azure_storage_blobs_mirror` due to 8 previous errors
[INFO] [stdout] error[E0599]: no method named `container_client` found for struct `azure_storage_mirror::clients::StorageClient` in the current scope
[INFO] [stdout]   --> examples/put_block_blob_00.rs:27:10
[INFO] [stdout]    |
[INFO] [stdout] 26 |       let blob_client = StorageClient::new_access_key(&account, &access_key)
[INFO] [stdout]    |  _______________________-
[INFO] [stdout] 27 | |         .container_client(&container)
[INFO] [stdout]    | |         -^^^^^^^^^^^^^^^^ method not found in `StorageClient`
[INFO] [stdout]    | |_________|
[INFO] [stdout]    | 
[INFO] [stdout]    |
[INFO] [stdout]   ::: /opt/rustwide/workdir/src/clients/container_client.rs:19:8
[INFO] [stdout]    |
[INFO] [stdout] 19 |       fn container_client(&self, container_name: impl Into<String>) -> ContainerClient;
[INFO] [stdout]    |          ---------------- the method is available for `azure_storage_mirror::clients::StorageClient` here
[INFO] [stdout]    |
[INFO] [stdout]    = help: items from traits can only be used if the trait is in scope
[INFO] [stdout] help: the following trait is implemented but not in scope; perhaps add a `use` for it:
[INFO] [stdout]    |
[INFO] [stdout] 1  | use azure_storage_blobs_mirror::prelude::AsContainerClient;
[INFO] [stdout]    |
[INFO] [stdout] 
[INFO] [stdout] 
[INFO] [stdout] error: aborting due to 3 previous errors
[INFO] [stdout] 
[INFO] [stdout] 
[INFO] [stdout] Some errors have detailed explanations: E0433, E0599.
[INFO] [stdout] 
[INFO] [stdout] For more information about an error, try `rustc --explain E0433`.
[INFO] [stdout] 
[INFO] [stdout] error[E0599]: no method named `container_client` found for struct `azure_storage_mirror::clients::StorageClient` in the current scope
[INFO] [stdout]   --> examples/put_page_blob_00.rs:27:10
[INFO] [stdout]    |
[INFO] [stdout] 26 |       let blob_client = StorageClient::new_access_key(&account, &access_key)
[INFO] [stdout]    |  _______________________-
[INFO] [stdout] 27 | |         .container_client(&container_name)
[INFO] [stdout]    | |         -^^^^^^^^^^^^^^^^ method not found in `StorageClient`
[INFO] [stdout]    | |_________|
[INFO] [stdout]    | 
[INFO] [stdout]    |
[INFO] [stdout]   ::: /opt/rustwide/workdir/src/clients/container_client.rs:19:8
[INFO] [stdout]    |
[INFO] [stdout] 19 |       fn container_client(&self, container_name: impl Into<String>) -> ContainerClient;
[INFO] [stdout]    |          ---------------- the method is available for `azure_storage_mirror::clients::StorageClient` here
[INFO] [stdout]    |
[INFO] [stdout]    = help: items from traits can only be used if the trait is in scope
[INFO] [stdout] help: the following trait is implemented but not in scope; perhaps add a `use` for it:
[INFO] [stdout]    |
[INFO] [stdout] 1  | use azure_storage_blobs_mirror::prelude::AsContainerClient;
[INFO] [stdout]    |
[INFO] [stdout] 
[INFO] [stdout] 
[INFO] [stdout] warning: unused import: `futures::StreamExt`
[INFO] [stdout]  --> tests/blob_operations.rs:4:5
[INFO] [stdout]   |
[INFO] [stdout] 4 | use futures::StreamExt;
[INFO] [stdout]   |     ^^^^^^^^^^^^^^^^^^
[INFO] [stdout]   |
[INFO] [stdout]   = note: `#[warn(unused_imports)]` on by default
[INFO] [stdout] 
[INFO] [stdout] 
[INFO] [stdout] error[E0599]: no method named `container_client` found for struct `azure_storage_mirror::clients::StorageClient` in the current scope
[INFO] [stdout]   --> examples/stream_blob_01.rs:26:10
[INFO] [stdout]    |
[INFO] [stdout] 25 |       let blob_client = StorageClient::new_access_key(&account, &access_key)
[INFO] [stdout]    |  _______________________-
[INFO] [stdout] 26 | |         .container_client(&container_name)
[INFO] [stdout]    | |         -^^^^^^^^^^^^^^^^ method not found in `StorageClient`
[INFO] [stdout]    | |_________|
[INFO] [stdout]    | 
[INFO] [stdout] 
[INFO] [stdout] 
[INFO] [stderr] error: could not compile `azure_storage_blobs_mirror` due to 4 previous errors
[INFO] [stdout] error: aborting due to 10 previous errors; 1 warning emitted
[INFO] [stdout] 
[INFO] [stdout] 
[INFO] [stdout] Some errors have detailed explanations: E0432, E0433, E0599.
[INFO] [stdout] 
[INFO] [stdout] For more information about an error, try `rustc --explain E0432`.
[INFO] [stdout] 
[INFO] [stdout] warning: unused import: `futures::stream::StreamExt`
[INFO] [stdout]  --> examples/stream_blob_01.rs:3:5
[INFO] [stdout]   |
[INFO] [stdout] 3 | use futures::stream::StreamExt;
[INFO] [stdout]   |     ^^^^^^^^^^^^^^^^^^^^^^^^^^
[INFO] [stdout]   |
[INFO] [stdout]   = note: `#[warn(unused_imports)]` on by default
[INFO] [stdout] 
[INFO] [stdout] 
[INFO] [stdout] error: aborting due to 2 previous errors; 1 warning emitted
[INFO] [stdout] 
[INFO] [stdout] 
[INFO] [stdout] Some errors have detailed explanations: E0433, E0599.
[INFO] [stdout] 
[INFO] [stdout] For more information about an error, try `rustc --explain E0433`.
[INFO] [stdout] 
[INFO] [stderr] error: could not compile `azure_storage_blobs_mirror` due to 11 previous errors; 1 warning emitted
[INFO] [stdout] error[E0599]: no method named `blob_service_client` found for struct `azure_storage_mirror::clients::StorageClient` in the current scope
[INFO] [stdout]   --> examples/connection_string.rs:18:39
[INFO] [stdout]    |
[INFO] [stdout] 18 |     let blob_service = storage_client.blob_service_client();
[INFO] [stdout]    |                                       ^^^^^^^^^^^^^^^^^^^ method not found in `StorageClient`
[INFO] [stdout] 
[INFO] [stdout] 
[INFO] [stderr] error: could not compile `azure_storage_blobs_mirror` due to 3 previous errors; 1 warning emitted
[INFO] [stdout] error[E0599]: no method named `blob_service_client` found for struct `azure_storage_mirror::clients::StorageClient` in the current scope
[INFO] [stdout]   --> examples/device_code_flow.rs:76:46
[INFO] [stdout]    |
[INFO] [stdout] 76 |     let blob_service_client = storage_client.blob_service_client();
[INFO] [stdout]    |                                              ^^^^^^^^^^^^^^^^^^^ method not found in `StorageClient`
[INFO] [stdout]    |
[INFO] [stdout]   ::: /opt/rustwide/workdir/src/clients/blob_service_client.rs:6:8
[INFO] [stdout]    |
[INFO] [stdout] 6  |     fn blob_service_client(&self) -> BlobServiceClient;
[INFO] [stdout]    |        ------------------- the method is available for `azure_storage_mirror::clients::StorageClient` here
[INFO] [stdout]    |
[INFO] [stdout]    = help: items from traits can only be used if the trait is in scope
[INFO] [stdout] help: the following trait is implemented but not in scope; perhaps add a `use` for it:
[INFO] [stdout]    |
[INFO] [stdout] 1  | use azure_storage_blobs_mirror::prelude::AsBlobServiceClient;
[INFO] [stdout]    |
[INFO] [stdout] 
[INFO] [stdout] 
[INFO] [stdout] warning: unused import: `futures::StreamExt`
[INFO] [stdout]  --> examples/connection_string.rs:3:5
[INFO] [stdout]   |
[INFO] [stdout] 3 | use futures::StreamExt;
[INFO] [stdout]   |     ^^^^^^^^^^^^^^^^^^
[INFO] [stdout]   |
[INFO] [stdout]   = note: `#[warn(unused_imports)]` on by default
[INFO] [stdout] 
[INFO] [stdout] 
[INFO] [stdout] warning: unused import: `futures::StreamExt`
[INFO] [stdout]  --> examples/list_blobs_01.rs:3:5
[INFO] [stdout]   |
[INFO] [stdout] 3 | use futures::StreamExt;
[INFO] [stdout]   |     ^^^^^^^^^^^^^^^^^^
[INFO] [stdout]   |
[INFO] [stdout]   = note: `#[warn(unused_imports)]` on by default
[INFO] [stdout] 
[INFO] [stdout] 
[INFO] [stdout] warning: unused import: `futures::stream::StreamExt`
[INFO] [stdout]  --> examples/device_code_flow.rs:4:5
[INFO] [stdout]   |
[INFO] [stdout] 4 | use futures::stream::StreamExt;
[INFO] [stdout]   |     ^^^^^^^^^^^^^^^^^^^^^^^^^^
[INFO] [stdout]   |
[INFO] [stdout]   = note: `#[warn(unused_imports)]` on by default
[INFO] [stdout] 
[INFO] [stdout] 
[INFO] [stdout] error: aborting due to 4 previous errors; 1 warning emitted
[INFO] [stdout] 
[INFO] [stdout] 
[INFO] [stdout] Some errors have detailed explanations: E0433, E0599.
[INFO] [stdout] 
[INFO] [stdout] For more information about an error, try `rustc --explain E0433`.
[INFO] [stdout] 
[INFO] [stdout] error: aborting due to 4 previous errors; 1 warning emitted
[INFO] [stdout] 
[INFO] [stdout] 
[INFO] [stdout] Some errors have detailed explanations: E0433, E0599.
[INFO] [stdout] 
[INFO] [stdout] For more information about an error, try `rustc --explain E0433`.
[INFO] [stdout] 
[INFO] [stdout] error: aborting due to 3 previous errors; 1 warning emitted
[INFO] [stdout] 
[INFO] [stdout] 
[INFO] [stdout] error: aborting due to 7 previous errors
[INFO] [stdout] 
[INFO] [stdout] 
[INFO] [stdout] Some errors have detailed explanations: E0433, E0599.
[INFO] [stdout] 
[INFO] [stdout] For more information about an error, try `rustc --explain E0433`.
[INFO] [stdout] 
[INFO] [stdout] Some errors have detailed explanations: E0432, E0433, E0599.
[INFO] [stdout] 
[INFO] [stdout] For more information about an error, try `rustc --explain E0432`.
[INFO] [stdout] 
[INFO] [stdout] error: aborting due to 6 previous errors
[INFO] [stdout] 
[INFO] [stdout] 
[INFO] [stdout] Some errors have detailed explanations: E0433, E0599.
[INFO] [stdout] 
[INFO] [stdout] For more information about an error, try `rustc --explain E0433`.
[INFO] [stdout] 
[INFO] [stderr] error: could not compile `azure_storage_blobs_mirror` due to 5 previous errors; 1 warning emitted
[INFO] [stderr] error: could not compile `azure_storage_blobs_mirror` due to 4 previous errors; 1 warning emitted
[INFO] [stderr] error: could not compile `azure_storage_blobs_mirror` due to 5 previous errors; 1 warning emitted
[INFO] [stderr] error: could not compile `azure_storage_blobs_mirror` due to 8 previous errors
[INFO] [stdout] error[E0599]: no method named `container_client` found for struct `azure_storage_mirror::clients::StorageClient` in the current scope
[INFO] [stdout]   --> examples/copy_blob.rs:34:10
[INFO] [stdout]    |
[INFO] [stdout] 33 |       let source_blob = source_storage_client
[INFO] [stdout]    |  _______________________-
[INFO] [stdout] 34 | |         .container_client(&source_container_name)
[INFO] [stdout]    | |         -^^^^^^^^^^^^^^^^ method not found in `StorageClient`
[INFO] [stdout]    | |_________|
[INFO] [stdout]    | 
[INFO] [stdout] 
[INFO] [stdout] 
[INFO] [stderr] error: could not compile `azure_storage_blobs_mirror` due to 7 previous errors
[INFO] [stdout] error[E0599]: no method named `container_client` found for struct `azure_storage_mirror::clients::StorageClient` in the current scope
[INFO] [stdout]   --> examples/copy_blob.rs:39:14
[INFO] [stdout]    |
[INFO] [stdout] 38 | /         StorageClient::new_access_key(&destination_account, &destination_access_key)
[INFO] [stdout] 39 | |             .container_client(&destination_container_name)
[INFO] [stdout]    | |             -^^^^^^^^^^^^^^^^ method not found in `StorageClient`
[INFO] [stdout]    | |_____________|
[INFO] [stdout]    | 
[INFO] [stdout] 
[INFO] [stdout] 
[INFO] [stdout] error: aborting due to 3 previous errors
[INFO] [stdout] 
[INFO] [stdout] 
[INFO] [stdout] Some errors have detailed explanations: E0433, E0599.
[INFO] [stdout] 
[INFO] [stdout] For more information about an error, try `rustc --explain E0433`.
[INFO] [stdout] 
[INFO] [stderr] error: could not compile `azure_storage_blobs_mirror` due to 4 previous errors
[INFO] running `Command { std: "docker" "inspect" "e83bf1d1b0e0c09a42b0fc8d1a5d14a036478776ddfff5e4e10e3e8bda73818d", kill_on_drop: false }`
[INFO] running `Command { std: "docker" "rm" "-f" "e83bf1d1b0e0c09a42b0fc8d1a5d14a036478776ddfff5e4e10e3e8bda73818d", kill_on_drop: false }`
[INFO] [stdout] e83bf1d1b0e0c09a42b0fc8d1a5d14a036478776ddfff5e4e10e3e8bda73818d
