[INFO] fetching crate azul-winit 0.24.0...
[INFO] testing azul-winit-0.24.0 against beta-2023-04-20 for beta-1.70-1
[INFO] extracting crate azul-winit 0.24.0 into /workspace/builds/worker-6-tc2/source
[INFO] validating manifest of crates.io crate azul-winit 0.24.0 on toolchain beta-2023-04-20
[INFO] running `Command { std: CARGO_HOME="/workspace/cargo-home" RUSTUP_HOME="/workspace/rustup-home" "/workspace/cargo-home/bin/cargo" "+beta-2023-04-20" "metadata" "--manifest-path" "Cargo.toml" "--no-deps", kill_on_drop: false }`
[INFO] started tweaking crates.io crate azul-winit 0.24.0
[INFO] finished tweaking crates.io crate azul-winit 0.24.0
[INFO] tweaked toml for crates.io crate azul-winit 0.24.0 written to /workspace/builds/worker-6-tc2/source/Cargo.toml
[INFO] crate crates.io crate azul-winit 0.24.0 already has a lockfile, it will not be regenerated
[INFO] running `Command { std: CARGO_HOME="/workspace/cargo-home" RUSTUP_HOME="/workspace/rustup-home" "/workspace/cargo-home/bin/cargo" "+beta-2023-04-20" "fetch" "--manifest-path" "Cargo.toml", kill_on_drop: false }`
[INFO] [stderr]     Updating crates.io index
[INFO] [stderr]  Downloading crates ...
[INFO] [stderr]   Downloaded wasm-bindgen-backend v0.2.74
[INFO] [stderr]   Downloaded wasm-bindgen-macro v0.2.74
[INFO] [stderr]   Downloaded bumpalo v3.6.1
[INFO] [stderr]   Downloaded wayland-commons v0.28.5
[INFO] [stderr]   Downloaded serde_derive v1.0.126
[INFO] [stderr]   Downloaded simple_logger v1.11.0
[INFO] [stderr]   Downloaded wayland-client v0.28.5
[INFO] [stderr]   Downloaded mio-misc v1.0.0
[INFO] [stderr]   Downloaded xcursor v0.3.3
[INFO] [stderr]   Downloaded pkg-config v0.3.19
[INFO] [stderr]   Downloaded memoffset v0.6.3
[INFO] [stderr]   Downloaded lock_api v0.4.4
[INFO] [stderr]   Downloaded futures-channel-preview v0.3.0-alpha.19
[INFO] [stderr]   Downloaded thiserror-impl v1.0.24
[INFO] [stderr]   Downloaded console_log v0.2.0
[INFO] [stderr]   Downloaded num-iter v0.1.42
[INFO] [stderr]   Downloaded ab_glyph_rasterizer v0.1.4
[INFO] [stderr]   Downloaded memchr v2.4.0
[INFO] [stderr]   Downloaded core-foundation-sys v0.8.2
[INFO] [stderr]   Downloaded crossbeam-utils v0.8.4
[INFO] [stderr]   Downloaded gif v0.11.2
[INFO] [stderr]   Downloaded crossbeam-epoch v0.9.4
[INFO] [stderr]   Downloaded mio v0.7.11
[INFO] [stderr]   Downloaded crossbeam-channel v0.5.1
[INFO] [stderr]   Downloaded serde_json v1.0.64
[INFO] [stderr]   Downloaded futures-util-preview v0.3.0-alpha.19
[INFO] [stderr]   Downloaded ntapi v0.3.6
[INFO] [stderr]   Downloaded rayon v1.5.0
[INFO] [stderr]   Downloaded ndk-sys v0.2.1
[INFO] [stderr]   Downloaded syn v1.0.72
[INFO] [stderr]   Downloaded nom v6.1.2
[INFO] [stderr]   Downloaded wayland-protocols v0.28.5
[INFO] [stderr]   Downloaded js-sys v0.3.51
[INFO] [stderr]   Downloaded crossbeam-channel v0.4.4
[INFO] [stderr]   Downloaded web-sys v0.3.51
[INFO] [stderr]   Downloaded libc v0.2.94
[INFO] [stderr]   Downloaded xml-rs v0.8.3
[INFO] [stderr]   Downloaded proc-macro2 v1.0.26
[INFO] [stderr]   Downloaded rayon-core v1.9.0
[INFO] [stderr]   Downloaded parking_lot_core v0.8.3
[INFO] [stderr]   Downloaded parking_lot v0.11.1
[INFO] [stderr]   Downloaded futures-executor-preview v0.3.0-alpha.19
[INFO] [stderr]   Downloaded smallvec v1.6.1
[INFO] [stderr]   Downloaded libloading v0.7.0
[INFO] [stderr]   Downloaded weezl v0.1.5
[INFO] [stderr]   Downloaded thiserror v1.0.24
[INFO] [stderr]   Downloaded redox_syscall v0.2.8
[INFO] [stderr]   Downloaded xdg v2.2.0
[INFO] [stderr]   Downloaded wasm-bindgen-macro-support v0.2.74
[INFO] [stderr]   Downloaded core-foundation v0.9.1
[INFO] [stderr]   Downloaded core-graphics v0.22.2
[INFO] [stderr]   Downloaded bytemuck v1.5.1
[INFO] [stderr]   Downloaded crc32fast v1.2.1
[INFO] [stderr]   Downloaded crossbeam-deque v0.8.0
[INFO] [stderr]   Downloaded mint v0.5.6
[INFO] [stderr]   Downloaded crossbeam v0.7.3
[INFO] [stderr]   Downloaded slab v0.4.3
[INFO] [stderr]   Downloaded once_cell v1.7.2
[INFO] [stderr]   Downloaded wasm-bindgen-shared v0.2.74
[INFO] [stderr]   Downloaded wasm-bindgen v0.2.74
[INFO] [stderr]   Downloaded hermit-abi v0.1.18
[INFO] [stderr]   Downloaded wayland-scanner v0.28.5
[INFO] [stderr]   Downloaded wayland-sys v0.28.5
[INFO] [stderr]   Downloaded futures-core-preview v0.3.0-alpha.19
[INFO] [stderr]   Downloaded raw-window-handle v0.3.3
[INFO] [stderr]   Downloaded wayland-cursor v0.28.5
[INFO] [stderr]   Downloaded itoa v0.4.7
[INFO] [stderr]   Downloaded x11-dl v2.18.5
[INFO] running `Command { std: "docker" "create" "-v" "/var/lib/crater-agent-workspace/builds/worker-6-tc2/target:/opt/rustwide/target:rw,Z" "-v" "/var/lib/crater-agent-workspace/builds/worker-6-tc2/source:/opt/rustwide/workdir:ro,Z" "-v" "/var/lib/crater-agent-workspace/cargo-home:/opt/rustwide/cargo-home:ro,Z" "-v" "/var/lib/crater-agent-workspace/rustup-home:/opt/rustwide/rustup-home:ro,Z" "-e" "SOURCE_DIR=/opt/rustwide/workdir" "-e" "CARGO_TARGET_DIR=/opt/rustwide/target" "-e" "CARGO_HOME=/opt/rustwide/cargo-home" "-e" "RUSTUP_HOME=/opt/rustwide/rustup-home" "-w" "/opt/rustwide/workdir" "-m" "1610612736" "--user" "0:0" "--network" "none" "ghcr.io/rust-lang/crates-build-env/linux@sha256:5ff2268d62e97bff2cde7d5815dd6ed5b47097566f13b8d0ca110b04b60e07ed" "/opt/rustwide/cargo-home/bin/cargo" "+beta-2023-04-20" "metadata" "--no-deps" "--format-version=1", kill_on_drop: false }`
[INFO] [stdout] 25bc224ba2b05ad3e7595da83a638e427dcc5669bdab98988bdd49826c7e83ec
[INFO] running `Command { std: "docker" "start" "-a" "25bc224ba2b05ad3e7595da83a638e427dcc5669bdab98988bdd49826c7e83ec", kill_on_drop: false }`
[INFO] running `Command { std: "docker" "inspect" "25bc224ba2b05ad3e7595da83a638e427dcc5669bdab98988bdd49826c7e83ec", kill_on_drop: false }`
[INFO] running `Command { std: "docker" "rm" "-f" "25bc224ba2b05ad3e7595da83a638e427dcc5669bdab98988bdd49826c7e83ec", kill_on_drop: false }`
[INFO] [stdout] 25bc224ba2b05ad3e7595da83a638e427dcc5669bdab98988bdd49826c7e83ec
[INFO] running `Command { std: "docker" "create" "-v" "/var/lib/crater-agent-workspace/builds/worker-6-tc2/target:/opt/rustwide/target:rw,Z" "-v" "/var/lib/crater-agent-workspace/builds/worker-6-tc2/source:/opt/rustwide/workdir:ro,Z" "-v" "/var/lib/crater-agent-workspace/cargo-home:/opt/rustwide/cargo-home:ro,Z" "-v" "/var/lib/crater-agent-workspace/rustup-home:/opt/rustwide/rustup-home:ro,Z" "-e" "SOURCE_DIR=/opt/rustwide/workdir" "-e" "CARGO_TARGET_DIR=/opt/rustwide/target" "-e" "CARGO_INCREMENTAL=0" "-e" "RUST_BACKTRACE=full" "-e" "RUSTFLAGS=--cap-lints=warn" "-e" "RUSTDOCFLAGS=--cap-lints=warn" "-e" "CARGO_HOME=/opt/rustwide/cargo-home" "-e" "RUSTUP_HOME=/opt/rustwide/rustup-home" "-w" "/opt/rustwide/workdir" "-m" "1610612736" "--user" "0:0" "--network" "none" "ghcr.io/rust-lang/crates-build-env/linux@sha256:5ff2268d62e97bff2cde7d5815dd6ed5b47097566f13b8d0ca110b04b60e07ed" "/opt/rustwide/cargo-home/bin/cargo" "+beta-2023-04-20" "build" "--frozen" "--message-format=json", kill_on_drop: false }`
[INFO] [stdout] 2e5c020e3a6ec545b1aa51d8201bb39489853805de1e48d13141d1838688d449
[INFO] running `Command { std: "docker" "start" "-a" "2e5c020e3a6ec545b1aa51d8201bb39489853805de1e48d13141d1838688d449", kill_on_drop: false }`
[INFO] [stderr]    Compiling libc v0.2.94
[INFO] [stderr]    Compiling autocfg v1.0.1
[INFO] [stderr]    Compiling proc-macro2 v1.0.26
[INFO] [stderr]    Compiling bitflags v1.2.1
[INFO] [stderr]    Compiling pkg-config v0.3.19
[INFO] [stderr]    Compiling xml-rs v0.8.3
[INFO] [stderr]    Compiling cfg-if v0.1.10
[INFO] [stderr]    Compiling maybe-uninit v2.0.0
[INFO] [stderr]    Compiling libloading v0.7.0
[INFO] [stderr]    Compiling smallvec v1.6.1
[INFO] [stderr]    Compiling scopeguard v1.1.0
[INFO] [stderr]    Compiling memchr v2.4.0
[INFO] [stderr]    Compiling version_check v0.9.3
[INFO] [stderr]    Compiling getrandom v0.1.16
[INFO] [stderr]    Compiling log v0.4.14
[INFO] [stderr]    Compiling once_cell v1.7.2
[INFO] [stderr]    Compiling scoped-tls v1.0.0
[INFO] [stderr]    Compiling dlib v0.5.0
[INFO] [stderr]    Compiling nix v0.18.0
[INFO] [stderr]    Compiling downcast-rs v1.2.0
[INFO] [stderr]    Compiling ttf-parser v0.6.2
[INFO] [stderr]    Compiling ppv-lite86 v0.2.10
[INFO] [stderr]    Compiling same-file v1.0.6
[INFO] [stderr]    Compiling ab_glyph_rasterizer v0.1.4
[INFO] [stderr]    Compiling libloading v0.6.7
[INFO] [stderr]    Compiling nom v6.1.2
[INFO] [stderr]    Compiling walkdir v2.3.2
[INFO] [stderr]    Compiling crossbeam-utils v0.7.2
[INFO] [stderr]    Compiling memoffset v0.5.6
[INFO] [stderr]    Compiling crossbeam-epoch v0.8.2
[INFO] [stderr]    Compiling wayland-sys v0.28.5
[INFO] [stderr]    Compiling x11-dl v2.18.5
[INFO] [stderr]    Compiling instant v0.1.9
[INFO] [stderr]    Compiling xdg v2.2.0
[INFO] [stderr]    Compiling dlib v0.4.2
[INFO] [stderr]    Compiling lock_api v0.4.4
[INFO] [stderr]    Compiling azul-winit v0.24.0 (/opt/rustwide/workdir)
[INFO] [stderr]    Compiling percent-encoding v2.1.0
[INFO] [stderr]    Compiling quote v1.0.9
[INFO] [stderr]    Compiling wayland-scanner v0.28.5
[INFO] [stderr]    Compiling nix v0.20.0
[INFO] [stderr]    Compiling mio v0.7.11
[INFO] [stderr]    Compiling memmap2 v0.1.0
[INFO] [stderr]    Compiling parking_lot_core v0.8.3
[INFO] [stderr]    Compiling raw-window-handle v0.3.3
[INFO] [stderr]    Compiling crossbeam-channel v0.4.4
[INFO] [stderr]    Compiling crossbeam-queue v0.2.3
[INFO] [stderr]    Compiling owned_ttf_parser v0.6.0
[INFO] [stderr]    Compiling rand_core v0.5.1
[INFO] [stderr]    Compiling rusttype v0.9.2
[INFO] [stderr]    Compiling crossbeam-deque v0.7.3
[INFO] [stderr]    Compiling parking_lot v0.11.1
[INFO] [stderr]    Compiling rand_chacha v0.2.2
[INFO] [stderr]    Compiling crossbeam v0.7.3
[INFO] [stderr]    Compiling wayland-client v0.28.5
[INFO] [stderr]    Compiling wayland-protocols v0.28.5
[INFO] [stderr]    Compiling andrew v0.3.1
[INFO] [stderr]    Compiling xcursor v0.3.3
[INFO] [stderr]    Compiling rand v0.7.3
[INFO] [stderr]    Compiling mio-misc v1.0.0
[INFO] [stderr]    Compiling calloop v0.6.5
[INFO] [stderr]    Compiling wayland-commons v0.28.5
[INFO] [stderr]    Compiling wayland-cursor v0.28.5
[INFO] [stderr]    Compiling smithay-client-toolkit v0.12.3
[INFO] [stdout] warning: field `name` is never read
[INFO] [stdout]    --> src/platform_impl/linux/x11/mod.rs:591:5
[INFO] [stdout]     |
[INFO] [stdout] 590 | struct Device {
[INFO] [stdout]     |        ------ field in this struct
[INFO] [stdout] 591 |     name: String,
[INFO] [stdout]     |     ^^^^
[INFO] [stdout]     |
[INFO] [stdout]     = note: `Device` has a derived impl for the trait `Debug`, but this is intentionally ignored during dead code analysis
[INFO] [stdout]     = note: `#[warn(dead_code)]` on by default
[INFO] [stdout] 
[INFO] [stdout] 
[INFO] [stdout] warning: field `name` is never read
[INFO] [stdout]   --> src/platform_impl/linux/x11/ime/input_method.rs:45:5
[INFO] [stdout]    |
[INFO] [stdout] 43 | pub struct InputMethod {
[INFO] [stdout]    |            ----------- field in this struct
[INFO] [stdout] 44 |     pub im: ffi::XIM,
[INFO] [stdout] 45 |     name: String,
[INFO] [stdout]    |     ^^^^
[INFO] [stdout]    |
[INFO] [stdout]    = note: `InputMethod` has a derived impl for the trait `Debug`, but this is intentionally ignored during dead code analysis
[INFO] [stdout] 
[INFO] [stdout] 
[INFO] [stdout] warning: 2 warnings emitted
[INFO] [stdout] 
[INFO] [stdout] 
[INFO] [stderr]     Finished dev [unoptimized + debuginfo] target(s) in 47.43s
[INFO] [stderr] warning: the following packages contain code that will be rejected by a future version of Rust: nom v6.1.2
[INFO] [stderr] note: to see what the problems were, use the option `--future-incompat-report`, or run `cargo report future-incompatibilities --id 1`
[INFO] running `Command { std: "docker" "inspect" "2e5c020e3a6ec545b1aa51d8201bb39489853805de1e48d13141d1838688d449", kill_on_drop: false }`
[INFO] running `Command { std: "docker" "rm" "-f" "2e5c020e3a6ec545b1aa51d8201bb39489853805de1e48d13141d1838688d449", kill_on_drop: false }`
[INFO] [stdout] 2e5c020e3a6ec545b1aa51d8201bb39489853805de1e48d13141d1838688d449
[INFO] running `Command { std: "docker" "create" "-v" "/var/lib/crater-agent-workspace/builds/worker-6-tc2/target:/opt/rustwide/target:rw,Z" "-v" "/var/lib/crater-agent-workspace/builds/worker-6-tc2/source:/opt/rustwide/workdir:ro,Z" "-v" "/var/lib/crater-agent-workspace/cargo-home:/opt/rustwide/cargo-home:ro,Z" "-v" "/var/lib/crater-agent-workspace/rustup-home:/opt/rustwide/rustup-home:ro,Z" "-e" "SOURCE_DIR=/opt/rustwide/workdir" "-e" "CARGO_TARGET_DIR=/opt/rustwide/target" "-e" "CARGO_INCREMENTAL=0" "-e" "RUST_BACKTRACE=full" "-e" "RUSTFLAGS=--cap-lints=warn" "-e" "RUSTDOCFLAGS=--cap-lints=warn" "-e" "CARGO_HOME=/opt/rustwide/cargo-home" "-e" "RUSTUP_HOME=/opt/rustwide/rustup-home" "-w" "/opt/rustwide/workdir" "-m" "1610612736" "--user" "0:0" "--network" "none" "ghcr.io/rust-lang/crates-build-env/linux@sha256:5ff2268d62e97bff2cde7d5815dd6ed5b47097566f13b8d0ca110b04b60e07ed" "/opt/rustwide/cargo-home/bin/cargo" "+beta-2023-04-20" "test" "--frozen" "--no-run" "--message-format=json", kill_on_drop: false }`
[INFO] [stdout] 0dbc19ad1e85dabb76f43504f0237583a870c435e893ec67fbe70f5cd6bdb1ad
[INFO] running `Command { std: "docker" "start" "-a" "0dbc19ad1e85dabb76f43504f0237583a870c435e893ec67fbe70f5cd6bdb1ad", kill_on_drop: false }`
[INFO] [stderr]    Compiling crossbeam-utils v0.8.4
[INFO] [stderr]    Compiling memoffset v0.6.3
[INFO] [stderr]    Compiling num-traits v0.2.14
[INFO] [stderr]    Compiling num-integer v0.1.44
[INFO] [stderr]    Compiling rayon-core v1.9.0
[INFO] [stderr]    Compiling num_cpus v1.13.0
[INFO] [stderr]    Compiling rayon v1.5.0
[INFO] [stderr]    Compiling miniz_oxide v0.4.4
[INFO] [stderr]    Compiling either v1.6.1
[INFO] [stderr]    Compiling adler32 v1.2.0
[INFO] [stderr]    Compiling crc32fast v1.2.1
[INFO] [stderr]    Compiling num-iter v0.1.42
[INFO] [stderr]    Compiling num-rational v0.3.2
[INFO] [stderr]    Compiling weezl v0.1.5
[INFO] [stderr]    Compiling adler v1.0.2
[INFO] [stderr]    Compiling byteorder v1.4.3
[INFO] [stderr]    Compiling miniz_oxide v0.3.7
[INFO] [stderr]    Compiling atty v0.2.14
[INFO] [stderr]    Compiling time v0.1.44
[INFO] [stderr]    Compiling color_quant v1.1.0
[INFO] [stderr]    Compiling bytemuck v1.5.1
[INFO] [stderr]    Compiling deflate v0.8.6
[INFO] [stderr]    Compiling colored v1.9.3
[INFO] [stderr]    Compiling scoped_threadpool v0.1.9
[INFO] [stderr]    Compiling gif v0.11.2
[INFO] [stdout] warning: field `name` is never read
[INFO] [stdout]    --> src/platform_impl/linux/x11/mod.rs:591:5
[INFO] [stdout]     |
[INFO] [stdout] 590 | struct Device {
[INFO] [stdout]     |        ------ field in this struct
[INFO] [stdout] 591 |     name: String,
[INFO] [stdout]     |     ^^^^
[INFO] [stdout]     |
[INFO] [stdout]     = note: `Device` has a derived impl for the trait `Debug`, but this is intentionally ignored during dead code analysis
[INFO] [stdout]     = note: `#[warn(dead_code)]` on by default
[INFO] [stdout] 
[INFO] [stdout] 
[INFO] [stdout] warning: field `name` is never read
[INFO] [stdout]   --> src/platform_impl/linux/x11/ime/input_method.rs:45:5
[INFO] [stdout]    |
[INFO] [stdout] 43 | pub struct InputMethod {
[INFO] [stdout]    |            ----------- field in this struct
[INFO] [stdout] 44 |     pub im: ffi::XIM,
[INFO] [stdout] 45 |     name: String,
[INFO] [stdout]    |     ^^^^
[INFO] [stdout]    |
[INFO] [stdout]    = note: `InputMethod` has a derived impl for the trait `Debug`, but this is intentionally ignored during dead code analysis
[INFO] [stdout] 
[INFO] [stdout] 
[INFO] [stdout] warning: 2 warnings emitted
[INFO] [stdout] 
[INFO] [stdout] 
[INFO] [stderr]    Compiling png v0.16.8
[INFO] [stderr]    Compiling crossbeam-epoch v0.9.4
[INFO] [stderr]    Compiling crossbeam-channel v0.5.1
[INFO] [stderr]    Compiling crossbeam-deque v0.8.0
[INFO] [stderr]    Compiling chrono v0.4.19
[INFO] [stderr]    Compiling simple_logger v1.11.0
[INFO] [stderr]    Compiling jpeg-decoder v0.1.22
[INFO] [stderr]    Compiling tiff v0.6.1
[INFO] [stderr]    Compiling image v0.23.14
[INFO] [stderr]    Compiling azul-winit v0.24.0 (/opt/rustwide/workdir)
[INFO] [stdout] error[E0463]: can't find crate for `winit`
[INFO] [stdout]  --> examples/minimize.rs:1:1
[INFO] [stdout]   |
[INFO] [stdout] 1 | extern crate winit;
[INFO] [stdout]   | ^^^^^^^^^^^^^^^^^^^ can't find crate
[INFO] [stdout] 
[INFO] [stdout] 
[INFO] [stdout] error: aborting due to previous error
[INFO] [stdout] 
[INFO] [stdout] 
[INFO] [stdout] For more information about this error, try `rustc --explain E0463`.
[INFO] [stdout] 
[INFO] [stdout] error[E0433]: failed to resolve: use of undeclared crate or module `winit`
[INFO] [stdout]  --> examples/request_redraw_threaded.rs:4:5
[INFO] [stdout]   |
[INFO] [stdout] 4 | use winit::{
[INFO] [stdout]   |     ^^^^^ use of undeclared crate or module `winit`
[INFO] [stdout] 
[INFO] [stdout] 
[INFO] [stderr] error: could not compile `azul-winit` (example "minimize") due to 2 previous errors
[INFO] [stderr] warning: build failed, waiting for other jobs to finish...
[INFO] [stdout] error: aborting due to previous error
[INFO] [stdout] 
[INFO] [stdout] 
[INFO] [stdout] error[E0433]: failed to resolve: use of undeclared crate or module `winit`
[INFO] [stdout]   --> examples/window_run_return.rs:15:9
[INFO] [stdout]    |
[INFO] [stdout] 15 |     use winit::{
[INFO] [stdout]    |         ^^^^^ use of undeclared crate or module `winit`
[INFO] [stdout] 
[INFO] [stdout] 
[INFO] [stdout] For more information about this error, try `rustc --explain E0433`.
[INFO] [stdout] 
[INFO] [stderr] error: could not compile `azul-winit` (example "request_redraw_threaded") due to 2 previous errors
[INFO] [stdout] error: aborting due to previous error
[INFO] [stdout] 
[INFO] [stdout] 
[INFO] [stdout] For more information about this error, try `rustc --explain E0433`.
[INFO] [stdout] 
[INFO] [stdout] error[E0433]: failed to resolve: use of undeclared crate or module `winit`
[INFO] [stdout]  --> examples/handling_close.rs:2:5
[INFO] [stdout]   |
[INFO] [stdout] 2 | use winit::{
[INFO] [stdout]   |     ^^^^^ use of undeclared crate or module `winit`
[INFO] [stdout] 
[INFO] [stdout] 
[INFO] [stdout] error[E0433]: failed to resolve: use of undeclared crate or module `winit`
[INFO] [stdout]   --> examples/handling_close.rs:20:13
[INFO] [stdout]    |
[INFO] [stdout] 20 |         use winit::event::{
[INFO] [stdout]    |             ^^^^^ use of undeclared crate or module `winit`
[INFO] [stdout] 
[INFO] [stdout] 
[INFO] [stderr] error: could not compile `azul-winit` (example "window_run_return") due to 2 previous errors
[INFO] [stdout] error: aborting due to 2 previous errors
[INFO] [stdout] 
[INFO] [stdout] 
[INFO] [stdout] For more information about this error, try `rustc --explain E0433`.
[INFO] [stdout] 
[INFO] [stdout] error[E0433]: failed to resolve: use of undeclared crate or module `winit`
[INFO] [stdout]  --> tests/sync_object.rs:8:18
[INFO] [stdout]   |
[INFO] [stdout] 8 |     needs_sync::<winit::window::Window>();
[INFO] [stdout]   |                  ^^^^^ use of undeclared crate or module `winit`
[INFO] [stdout] 
[INFO] [stdout] 
[INFO] [stderr] error: could not compile `azul-winit` (example "handling_close") due to 3 previous errors
[INFO] [stdout] error[E0433]: failed to resolve: use of undeclared crate or module `winit`
[INFO] [stdout]  --> examples/multithreaded.rs:6:9
[INFO] [stdout]   |
[INFO] [stdout] 6 |     use winit::{
[INFO] [stdout]   |         ^^^^^ use of undeclared crate or module `winit`
[INFO] [stdout] 
[INFO] [stdout] 
[INFO] [stderr] error: could not compile `azul-winit` (test "sync_object") due to 2 previous errors
[INFO] [stdout] error: aborting due to previous error
[INFO] [stdout] 
[INFO] [stdout] 
[INFO] [stdout] For more information about this error, try `rustc --explain E0433`.
[INFO] [stdout] 
[INFO] [stdout] error[E0432]: unresolved import `VirtualKeyCode::*`
[INFO] [stdout]   --> examples/multithreaded.rs:65:29
[INFO] [stdout]    |
[INFO] [stdout] 65 |                         use VirtualKeyCode::*;
[INFO] [stdout]    |                             ^^^^^^^^^^^^^^^^^
[INFO] [stdout] 
[INFO] [stdout] 
[INFO] [stdout] error[E0433]: failed to resolve: use of undeclared crate or module `winit`
[INFO] [stdout]  --> examples/set_ime_position.rs:2:5
[INFO] [stdout]   |
[INFO] [stdout] 2 | use winit::{
[INFO] [stdout]   |     ^^^^^ use of undeclared crate or module `winit`
[INFO] [stdout] 
[INFO] [stdout] 
[INFO] [stdout] error[E0408]: variable `Left` is not bound in all patterns
[INFO] [stdout]   --> examples/multithreaded.rs:74:29
[INFO] [stdout]    |
[INFO] [stdout] 74 | ...                   Right | Left => {
[INFO] [stdout]    |                       ^^^^^   ---- variable not in all patterns
[INFO] [stdout]    |                       |
[INFO] [stdout]    |                       pattern doesn't bind `Left`
[INFO] [stdout]    |
[INFO] [stdout] help: if you meant to match on items, use the full path in the pattern
[INFO] [stdout]    |
[INFO] [stdout] 74 |                             Right | azul_winit::event::MouseButton::Left => {
[INFO] [stdout]    |                                     ~~~~~~~~~~~~~~~~~~~~~~~~~~~~~~~~~~~~
[INFO] [stdout] 74 |                             Right | azul_winit::event::VirtualKeyCode::Left => {
[INFO] [stdout]    |                                     ~~~~~~~~~~~~~~~~~~~~~~~~~~~~~~~~~~~~~~~
[INFO] [stdout] 74 |                             Right | core::fmt::Alignment::Left => {
[INFO] [stdout]    |                                     ~~~~~~~~~~~~~~~~~~~~~~~~~~
[INFO] [stdout] 74 |                             Right | core::fmt::rt::v1::Alignment::Left => {
[INFO] [stdout]    |                                     ~~~~~~~~~~~~~~~~~~~~~~~~~~~~~~~~~~
[INFO] [stdout]      and 2 other candidates
[INFO] [stdout] 
[INFO] [stdout] 
[INFO] [stdout] error[E0408]: variable `Right` is not bound in all patterns
[INFO] [stdout]   --> examples/multithreaded.rs:74:37
[INFO] [stdout]    |
[INFO] [stdout] 74 | ...                   Right | Left => {
[INFO] [stdout]    |                       -----   ^^^^ pattern doesn't bind `Right`
[INFO] [stdout]    |                       |
[INFO] [stdout]    |                       variable not in all patterns
[INFO] [stdout]    |
[INFO] [stdout] help: if you meant to match on items, use the full path in the pattern
[INFO] [stdout]    |
[INFO] [stdout] 74 |                             azul_winit::event::MouseButton::Right | Left => {
[INFO] [stdout]    |                             ~~~~~~~~~~~~~~~~~~~~~~~~~~~~~~~~~~~~~
[INFO] [stdout] 74 |                             azul_winit::event::VirtualKeyCode::Right | Left => {
[INFO] [stdout]    |                             ~~~~~~~~~~~~~~~~~~~~~~~~~~~~~~~~~~~~~~~~
[INFO] [stdout] 74 |                             core::fmt::Alignment::Right | Left => {
[INFO] [stdout]    |                             ~~~~~~~~~~~~~~~~~~~~~~~~~~~
[INFO] [stdout] 74 |                             core::fmt::rt::v1::Alignment::Right | Left => {
[INFO] [stdout]    |                             ~~~~~~~~~~~~~~~~~~~~~~~~~~~~~~~~~~~
[INFO] [stdout]      and 2 other candidates
[INFO] [stdout] 
[INFO] [stdout] 
[INFO] [stdout] error[E0433]: failed to resolve: use of undeclared crate or module `winit`
[INFO] [stdout]  --> examples/menu.rs:2:5
[INFO] [stdout]   |
[INFO] [stdout] 2 | use winit::{
[INFO] [stdout]   |     ^^^^^ use of undeclared crate or module `winit`
[INFO] [stdout] 
[INFO] [stdout] 
[INFO] [stdout] error[E0433]: failed to resolve: use of undeclared crate or module `winit`
[INFO] [stdout]  --> examples/menu.rs:8:5
[INFO] [stdout]   |
[INFO] [stdout] 8 | use winit::platform::windows::WindowBuilderExtWindows;
[INFO] [stdout]   |     ^^^^^ use of undeclared crate or module `winit`
[INFO] [stdout] 
[INFO] [stdout] 
[INFO] [stdout] error[E0433]: failed to resolve: use of undeclared crate or module `winapi`
[INFO] [stdout]  --> examples/menu.rs:9:5
[INFO] [stdout]   |
[INFO] [stdout] 9 | use winapi::um::winuser::{CreateMenu, AppendMenuW};
[INFO] [stdout]   |     ^^^^^^ use of undeclared crate or module `winapi`
[INFO] [stdout] 
[INFO] [stdout] 
[INFO] [stdout] error[E0433]: failed to resolve: use of undeclared crate or module `winapi`
[INFO] [stdout]   --> examples/menu.rs:10:5
[INFO] [stdout]    |
[INFO] [stdout] 10 | use winapi::um::winuser::{MF_STRING, MF_SEPARATOR, MF_POPUP};
[INFO] [stdout]    |     ^^^^^^ use of undeclared crate or module `winapi`
[INFO] [stdout] 
[INFO] [stdout] 
[INFO] [stdout] error[E0433]: failed to resolve: use of undeclared crate or module `winapi`
[INFO] [stdout]   --> examples/menu.rs:11:5
[INFO] [stdout]    |
[INFO] [stdout] 11 | use winapi::shared::basetsd::UINT_PTR;
[INFO] [stdout]    |     ^^^^^^ use of undeclared crate or module `winapi`
[INFO] [stdout] 
[INFO] [stdout] 
[INFO] [stdout] error: aborting due to previous error
[INFO] [stdout] 
[INFO] [stdout] 
[INFO] [stdout] For more information about this error, try `rustc --explain E0433`.
[INFO] [stdout] 
[INFO] [stderr] error: could not compile `azul-winit` (example "set_ime_position") due to 2 previous errors
[INFO] [stdout] error[E0433]: failed to resolve: use of undeclared crate or module `winit`
[INFO] [stdout]  --> examples/multiwindow.rs:4:5
[INFO] [stdout]   |
[INFO] [stdout] 4 | use winit::{
[INFO] [stdout]   |     ^^^^^ use of undeclared crate or module `winit`
[INFO] [stdout] 
[INFO] [stdout] 
[INFO] [stdout] error[E0433]: failed to resolve: use of undeclared crate or module `winit`
[INFO] [stdout]   --> examples/menu.rs:46:26
[INFO] [stdout]    |
[INFO] [stdout] 46 |         .with_inner_size(winit::dpi::LogicalSize::new(128.0, 128.0))
[INFO] [stdout]    |                          ^^^^^ use of undeclared crate or module `winit`
[INFO] [stdout]    |
[INFO] [stdout] help: consider importing this struct
[INFO] [stdout]    |
[INFO] [stdout] 1  + use azul_winit::dpi::LogicalSize;
[INFO] [stdout]    |
[INFO] [stdout] help: if you import `LogicalSize`, refer to it directly
[INFO] [stdout]    |
[INFO] [stdout] 46 -         .with_inner_size(winit::dpi::LogicalSize::new(128.0, 128.0))
[INFO] [stdout] 46 +         .with_inner_size(LogicalSize::new(128.0, 128.0))
[INFO] [stdout]    |
[INFO] [stdout] 
[INFO] [stdout] 
[INFO] [stdout] error[E0433]: failed to resolve: use of undeclared crate or module `winit`
[INFO] [stdout]  --> examples/resizable.rs:2:5
[INFO] [stdout]   |
[INFO] [stdout] 2 | use winit::{
[INFO] [stdout]   |     ^^^^^ use of undeclared crate or module `winit`
[INFO] [stdout] 
[INFO] [stdout] 
[INFO] [stdout] error: aborting due to previous error
[INFO] [stdout] 
[INFO] [stdout] 
[INFO] [stdout] For more information about this error, try `rustc --explain E0433`.
[INFO] [stdout] 
[INFO] [stdout] error: aborting due to 6 previous errors
[INFO] [stdout] 
[INFO] [stdout] 
[INFO] [stderr] error: could not compile `azul-winit` (example "resizable") due to 2 previous errors
[INFO] [stdout] For more information about this error, try `rustc --explain E0433`.
[INFO] [stdout] 
[INFO] [stderr] error: could not compile `azul-winit` (example "menu") due to 7 previous errors
[INFO] [stdout] error[E0433]: failed to resolve: use of undeclared crate or module `winit`
[INFO] [stdout]  --> examples/video_modes.rs:2:5
[INFO] [stdout]   |
[INFO] [stdout] 2 | use winit::event_loop::EventLoop;
[INFO] [stdout]   |     ^^^^^ use of undeclared crate or module `winit`
[INFO] [stdout] 
[INFO] [stdout] 
[INFO] [stderr] error: could not compile `azul-winit` (example "video_modes") due to 2 previous errors
[INFO] [stdout] error: aborting due to previous error
[INFO] [stdout] 
[INFO] [stdout] 
[INFO] [stdout] For more information about this error, try `rustc --explain E0433`.
[INFO] [stdout] 
[INFO] [stdout] error: aborting due to previous error
[INFO] [stdout] 
[INFO] [stdout] 
[INFO] [stdout] For more information about this error, try `rustc --explain E0433`.
[INFO] [stdout] 
[INFO] [stderr] error: could not compile `azul-winit` (example "multiwindow") due to 2 previous errors
[INFO] [stdout] error: aborting due to 4 previous errors
[INFO] [stdout] 
[INFO] [stdout] 
[INFO] [stdout] Some errors have detailed explanations: E0408, E0432, E0433.
[INFO] [stdout] 
[INFO] [stdout] For more information about an error, try `rustc --explain E0408`.
[INFO] [stdout] 
[INFO] [stdout] error[E0433]: failed to resolve: use of undeclared crate or module `winit`
[INFO] [stdout]  --> examples/cursor_grab.rs:2:5
[INFO] [stdout]   |
[INFO] [stdout] 2 | use winit::{
[INFO] [stdout]   |     ^^^^^ use of undeclared crate or module `winit`
[INFO] [stdout] 
[INFO] [stdout] 
[INFO] [stdout] error[E0433]: failed to resolve: use of undeclared crate or module `winit`
[INFO] [stdout]   --> examples/cursor_grab.rs:34:25
[INFO] [stdout]    |
[INFO] [stdout] 34 |                     use winit::event::VirtualKeyCode::*;
[INFO] [stdout]    |                         ^^^^^ use of undeclared crate or module `winit`
[INFO] [stdout] 
[INFO] [stdout] 
[INFO] [stderr] error: could not compile `azul-winit` (example "multithreaded") due to 5 previous errors
[INFO] [stdout] error[E0433]: failed to resolve: use of undeclared crate or module `winit`
[INFO] [stdout]  --> examples/timer.rs:5:5
[INFO] [stdout]   |
[INFO] [stdout] 5 | use winit::{
[INFO] [stdout]   |     ^^^^^ use of undeclared crate or module `winit`
[INFO] [stdout] 
[INFO] [stdout] 
[INFO] [stdout] error: aborting due to 2 previous errors
[INFO] [stdout] 
[INFO] [stdout] 
[INFO] [stdout] For more information about this error, try `rustc --explain E0433`.
[INFO] [stdout] 
[INFO] [stdout] error: aborting due to previous error
[INFO] [stdout] 
[INFO] [stdout] 
[INFO] [stderr] error: could not compile `azul-winit` (example "cursor_grab") due to 3 previous errors
[INFO] [stdout] For more information about this error, try `rustc --explain E0433`.
[INFO] [stdout] 
[INFO] [stderr] error: could not compile `azul-winit` (example "timer") due to 2 previous errors
[INFO] [stdout] error[E0433]: failed to resolve: use of undeclared crate or module `winit`
[INFO] [stdout]  --> examples/monitor_list.rs:2:5
[INFO] [stdout]   |
[INFO] [stdout] 2 | use winit::{event_loop::EventLoop, window::WindowBuilder};
[INFO] [stdout]   |     ^^^^^ use of undeclared crate or module `winit`
[INFO] [stdout] 
[INFO] [stdout] 
[INFO] [stderr] error: could not compile `azul-winit` (example "monitor_list") due to 2 previous errors
[INFO] [stdout] error[E0433]: failed to resolve: use of undeclared crate or module `winit`
[INFO] [stdout]  --> examples/window_debug.rs:4:5
[INFO] [stdout]   |
[INFO] [stdout] 4 | use winit::{
[INFO] [stdout]   |     ^^^^^ use of undeclared crate or module `winit`
[INFO] [stdout] 
[INFO] [stdout] 
[INFO] [stdout] error: aborting due to previous error
[INFO] [stdout] 
[INFO] [stdout] 
[INFO] [stdout] For more information about this error, try `rustc --explain E0433`.
[INFO] [stdout] 
[INFO] [stdout] error: aborting due to previous error
[INFO] [stdout] 
[INFO] [stdout] 
[INFO] [stderr] error: could not compile `azul-winit` (example "window_debug") due to 2 previous errors
[INFO] [stdout] For more information about this error, try `rustc --explain E0433`.
[INFO] [stdout] 
[INFO] [stdout] error[E0433]: failed to resolve: use of undeclared crate or module `winit`
[INFO] [stdout]  --> examples/web.rs:1:5
[INFO] [stdout]   |
[INFO] [stdout] 1 | use winit::{
[INFO] [stdout]   |     ^^^^^ use of undeclared crate or module `winit`
[INFO] [stdout] 
[INFO] [stdout] 
[INFO] [stdout] error: aborting due to previous error
[INFO] [stdout] 
[INFO] [stdout] 
[INFO] [stdout] For more information about this error, try `rustc --explain E0433`.
[INFO] [stdout] 
[INFO] [stderr] error: could not compile `azul-winit` (example "web") due to 2 previous errors
[INFO] running `Command { std: "docker" "inspect" "0dbc19ad1e85dabb76f43504f0237583a870c435e893ec67fbe70f5cd6bdb1ad", kill_on_drop: false }`
[INFO] running `Command { std: "docker" "rm" "-f" "0dbc19ad1e85dabb76f43504f0237583a870c435e893ec67fbe70f5cd6bdb1ad", kill_on_drop: false }`
[INFO] [stdout] 0dbc19ad1e85dabb76f43504f0237583a870c435e893ec67fbe70f5cd6bdb1ad
