[INFO] fetching crate azeventhubs 0.1.0...
[INFO] testing azeventhubs-0.1.0 against 1.69.0 for beta-1.70-1
[INFO] extracting crate azeventhubs 0.1.0 into /workspace/builds/worker-2-tc1/source
[INFO] validating manifest of crates.io crate azeventhubs 0.1.0 on toolchain 1.69.0
[INFO] running `Command { std: CARGO_HOME="/workspace/cargo-home" RUSTUP_HOME="/workspace/rustup-home" "/workspace/cargo-home/bin/cargo" "+1.69.0" "metadata" "--manifest-path" "Cargo.toml" "--no-deps", kill_on_drop: false }`
[INFO] started tweaking crates.io crate azeventhubs 0.1.0
[INFO] finished tweaking crates.io crate azeventhubs 0.1.0
[INFO] tweaked toml for crates.io crate azeventhubs 0.1.0 written to /workspace/builds/worker-2-tc1/source/Cargo.toml
[INFO] crate crates.io crate azeventhubs 0.1.0 already has a lockfile, it will not be regenerated
[INFO] running `Command { std: CARGO_HOME="/workspace/cargo-home" RUSTUP_HOME="/workspace/rustup-home" "/workspace/cargo-home/bin/cargo" "+1.69.0" "fetch" "--manifest-path" "Cargo.toml", kill_on_drop: false }`
[INFO] [stderr]  Downloading crates ...
[INFO] [stderr]   Downloaded predicates-core v1.0.6
[INFO] [stderr]   Downloaded termtree v0.4.1
[INFO] [stderr]   Downloaded predicates-tree v1.0.9
[INFO] [stderr]   Downloaded convert_case v0.6.0
[INFO] [stderr]   Downloaded mockall v0.11.4
[INFO] [stderr]   Downloaded float-cmp v0.9.0
[INFO] [stderr]   Downloaded uuid v1.3.1
[INFO] [stderr]   Downloaded rustls-webpki v0.100.1
[INFO] [stderr]   Downloaded mockall_derive v0.11.4
[INFO] [stderr]   Downloaded dotenv v0.15.0
[INFO] [stderr]   Downloaded fragile v2.0.0
[INFO] [stderr]   Downloaded dyn-clone v1.0.11
[INFO] [stderr]   Downloaded fe2o3-amqp-ws v0.3.1
[INFO] [stderr]   Downloaded difflib v0.4.0
[INFO] [stderr]   Downloaded downcast v0.11.0
[INFO] [stderr]   Downloaded serde_amqp_derive v0.2.1
[INFO] [stderr]   Downloaded timer-kit v0.1.1
[INFO] [stderr]   Downloaded tokio-rustls v0.24.0
[INFO] [stderr]   Downloaded tokio-tungstenite v0.18.0
[INFO] [stderr]   Downloaded fluvio-wasm-timer v0.2.5
[INFO] [stderr]   Downloaded azure_core v0.11.0
[INFO] [stderr]   Downloaded tungstenite v0.18.0
[INFO] [stderr]   Downloaded openssl-sys v0.9.86
[INFO] [stderr]   Downloaded predicates v2.1.5
[INFO] [stderr]   Downloaded fe2o3-amqp v0.8.24
[INFO] [stderr]   Downloaded rustls v0.21.0
[INFO] [stderr]   Downloaded webpki-roots v0.23.0
[INFO] [stderr]   Downloaded openssl v0.10.51
[INFO] [stderr]   Downloaded linux-raw-sys v0.3.4
[INFO] [stderr]   Downloaded rustix v0.37.14
[INFO] [stderr]   Downloaded fe2o3-amqp-management v0.2.2
[INFO] [stderr]   Downloaded fe2o3-amqp-types v0.7.1
[INFO] [stderr]   Downloaded fe2o3-amqp-cbs v0.2.0
[INFO] [stderr]   Downloaded serde_amqp v0.5.9
[INFO] running `Command { std: "docker" "create" "-v" "/var/lib/crater-agent-workspace/builds/worker-2-tc1/target:/opt/rustwide/target:rw,Z" "-v" "/var/lib/crater-agent-workspace/builds/worker-2-tc1/source:/opt/rustwide/workdir:ro,Z" "-v" "/var/lib/crater-agent-workspace/cargo-home:/opt/rustwide/cargo-home:ro,Z" "-v" "/var/lib/crater-agent-workspace/rustup-home:/opt/rustwide/rustup-home:ro,Z" "-e" "SOURCE_DIR=/opt/rustwide/workdir" "-e" "CARGO_TARGET_DIR=/opt/rustwide/target" "-e" "CARGO_HOME=/opt/rustwide/cargo-home" "-e" "RUSTUP_HOME=/opt/rustwide/rustup-home" "-w" "/opt/rustwide/workdir" "-m" "1610612736" "--user" "0:0" "--network" "none" "ghcr.io/rust-lang/crates-build-env/linux@sha256:5ff2268d62e97bff2cde7d5815dd6ed5b47097566f13b8d0ca110b04b60e07ed" "/opt/rustwide/cargo-home/bin/cargo" "+1.69.0" "metadata" "--no-deps" "--format-version=1", kill_on_drop: false }`
[INFO] [stdout] 2952be240af6b606e601c57e842acf0b3bd4ae1d06dd8a8e1d970c4f124d3b9f
[INFO] running `Command { std: "docker" "start" "-a" "2952be240af6b606e601c57e842acf0b3bd4ae1d06dd8a8e1d970c4f124d3b9f", kill_on_drop: false }`
[INFO] running `Command { std: "docker" "inspect" "2952be240af6b606e601c57e842acf0b3bd4ae1d06dd8a8e1d970c4f124d3b9f", kill_on_drop: false }`
[INFO] running `Command { std: "docker" "rm" "-f" "2952be240af6b606e601c57e842acf0b3bd4ae1d06dd8a8e1d970c4f124d3b9f", kill_on_drop: false }`
[INFO] [stdout] 2952be240af6b606e601c57e842acf0b3bd4ae1d06dd8a8e1d970c4f124d3b9f
[INFO] running `Command { std: "docker" "create" "-v" "/var/lib/crater-agent-workspace/builds/worker-2-tc1/target:/opt/rustwide/target:rw,Z" "-v" "/var/lib/crater-agent-workspace/builds/worker-2-tc1/source:/opt/rustwide/workdir:ro,Z" "-v" "/var/lib/crater-agent-workspace/cargo-home:/opt/rustwide/cargo-home:ro,Z" "-v" "/var/lib/crater-agent-workspace/rustup-home:/opt/rustwide/rustup-home:ro,Z" "-e" "SOURCE_DIR=/opt/rustwide/workdir" "-e" "CARGO_TARGET_DIR=/opt/rustwide/target" "-e" "CARGO_INCREMENTAL=0" "-e" "RUST_BACKTRACE=full" "-e" "RUSTFLAGS=--cap-lints=warn" "-e" "RUSTDOCFLAGS=--cap-lints=warn" "-e" "CARGO_HOME=/opt/rustwide/cargo-home" "-e" "RUSTUP_HOME=/opt/rustwide/rustup-home" "-w" "/opt/rustwide/workdir" "-m" "1610612736" "--user" "0:0" "--network" "none" "ghcr.io/rust-lang/crates-build-env/linux@sha256:5ff2268d62e97bff2cde7d5815dd6ed5b47097566f13b8d0ca110b04b60e07ed" "/opt/rustwide/cargo-home/bin/cargo" "+1.69.0" "build" "--frozen" "--message-format=json", kill_on_drop: false }`
[INFO] [stdout] 3ea5245ce1a69430551d57c1ebb3315c44cd6bedab7906321672bddf5fe0c2d8
[INFO] running `Command { std: "docker" "start" "-a" "3ea5245ce1a69430551d57c1ebb3315c44cd6bedab7906321672bddf5fe0c2d8", kill_on_drop: false }`
[INFO] [stderr]    Compiling serde v1.0.160
[INFO] [stderr]    Compiling syn v1.0.109
[INFO] [stderr]    Compiling syn v2.0.15
[INFO] [stderr]    Compiling getrandom v0.2.9
[INFO] [stderr]    Compiling thiserror v1.0.40
[INFO] [stderr]    Compiling openssl-sys v0.9.86
[INFO] [stderr]    Compiling futures-channel v0.3.28
[INFO] [stderr]    Compiling futures-io v0.3.28
[INFO] [stderr]    Compiling tokio v1.27.0
[INFO] [stderr]    Compiling openssl v0.10.51
[INFO] [stderr]    Compiling foreign-types-shared v0.1.1
[INFO] [stderr]    Compiling strsim v0.10.0
[INFO] [stderr]    Compiling foreign-types v0.3.2
[INFO] [stderr]    Compiling native-tls v0.2.11
[INFO] [stderr]    Compiling time-macros v0.2.8
[INFO] [stderr]    Compiling indexmap v1.9.3
[INFO] [stderr]    Compiling unicode-segmentation v1.10.1
[INFO] [stderr]    Compiling num_threads v0.1.6
[INFO] [stderr]    Compiling crossbeam-utils v0.8.15
[INFO] [stderr]    Compiling getrandom v0.1.16
[INFO] [stderr]    Compiling base64 v0.13.1
[INFO] [stderr]    Compiling convert_case v0.6.0
[INFO] [stderr]    Compiling parking_lot_core v0.9.7
[INFO] [stderr]    Compiling rand_core v0.5.1
[INFO] [stderr]    Compiling tracing v0.1.37
[INFO] [stderr]    Compiling anyhow v1.0.70
[INFO] [stderr]    Compiling parking_lot v0.12.1
[INFO] [stderr]    Compiling rand_chacha v0.2.2
[INFO] [stderr]    Compiling concurrent-queue v2.2.0
[INFO] [stderr]    Compiling sha1 v0.10.5
[INFO] [stderr]    Compiling predicates-core v1.0.6
[INFO] [stderr]    Compiling waker-fn v1.1.0
[INFO] [stderr]    Compiling either v1.8.1
[INFO] [stderr]    Compiling http-types v2.12.0
[INFO] [stderr]    Compiling parking v2.1.0
[INFO] [stderr]    Compiling async-channel v1.8.0
[INFO] [stderr]    Compiling itertools v0.10.5
[INFO] [stderr]    Compiling futures-lite v1.13.0
[INFO] [stderr]    Compiling rand v0.7.3
[INFO] [stderr]    Compiling azure_core v0.11.0
[INFO] [stderr]    Compiling float-cmp v0.9.0
[INFO] [stderr]    Compiling infer v0.2.3
[INFO] [stderr]    Compiling termtree v0.4.1
[INFO] [stderr]    Compiling normalize-line-endings v0.3.0
[INFO] [stderr]    Compiling difflib v0.4.0
[INFO] [stderr]    Compiling predicates-tree v1.0.9
[INFO] [stderr]    Compiling const_format_proc_macros v0.2.29
[INFO] [stderr]    Compiling uuid v1.3.1
[INFO] [stderr]    Compiling dyn-clone v1.0.11
[INFO] [stderr]    Compiling fragile v2.0.0
[INFO] [stderr]    Compiling downcast v0.11.0
[INFO] [stderr]    Compiling predicates v2.1.5
[INFO] [stderr]    Compiling darling_core v0.14.4
[INFO] [stderr]    Compiling const_format v0.2.30
[INFO] [stderr]    Compiling serde_derive v1.0.160
[INFO] [stderr]    Compiling thiserror-impl v1.0.40
[INFO] [stderr]    Compiling futures-macro v0.3.28
[INFO] [stderr]    Compiling tokio-macros v2.0.0
[INFO] [stderr]    Compiling openssl-macros v0.1.1
[INFO] [stderr]    Compiling async-trait v0.1.68
[INFO] [stderr]    Compiling futures-util v0.3.28
[INFO] [stderr]    Compiling serde_repr v0.1.12
[INFO] [stderr]    Compiling pin-project-internal v1.0.12
[INFO] [stderr]    Compiling mockall_derive v0.11.4
[INFO] [stderr]    Compiling darling_macro v0.14.4
[INFO] [stderr]    Compiling pin-project v1.0.12
[INFO] [stderr]    Compiling darling v0.14.4
[INFO] [stderr]    Compiling serde_amqp_derive v0.2.1
[INFO] [stderr]    Compiling futures-executor v0.3.28
[INFO] [stderr]    Compiling futures v0.3.28
[INFO] [stderr]    Compiling tokio-native-tls v0.3.1
[INFO] [stderr]    Compiling tokio-util v0.7.7
[INFO] [stderr]    Compiling tokio-stream v0.1.12
[INFO] [stderr]    Compiling timer-kit v0.1.1
[INFO] [stderr]    Compiling mockall v0.11.4
[INFO] [stderr]    Compiling rand_core v0.6.4
[INFO] [stderr]    Compiling url v2.3.1
[INFO] [stderr]    Compiling time v0.3.20
[INFO] [stderr]    Compiling serde_bytes v0.11.9
[INFO] [stderr]    Compiling serde_qs v0.8.5
[INFO] [stderr]    Compiling serde_json v1.0.96
[INFO] [stderr]    Compiling serde_urlencoded v0.7.1
[INFO] [stderr]    Compiling rand_chacha v0.3.1
[INFO] [stderr]    Compiling rand v0.8.5
[INFO] [stderr]    Compiling ordered-float v3.7.0
[INFO] [stderr]    Compiling tungstenite v0.18.0
[INFO] [stderr]    Compiling serde_amqp v0.5.9
[INFO] [stderr]    Compiling tokio-tungstenite v0.18.0
[INFO] [stderr]    Compiling fe2o3-amqp-ws v0.3.1
[INFO] [stderr]    Compiling fe2o3-amqp-types v0.7.1
[INFO] [stderr]    Compiling fe2o3-amqp v0.8.24
[INFO] [stderr]    Compiling fe2o3-amqp-management v0.2.2
[INFO] [stderr]    Compiling fe2o3-amqp-cbs v0.2.0
[INFO] [stderr]    Compiling azeventhubs v0.1.0 (/opt/rustwide/workdir)
[INFO] [stderr]     Finished dev [unoptimized + debuginfo] target(s) in 1m 46s
[INFO] running `Command { std: "docker" "inspect" "3ea5245ce1a69430551d57c1ebb3315c44cd6bedab7906321672bddf5fe0c2d8", kill_on_drop: false }`
[INFO] running `Command { std: "docker" "rm" "-f" "3ea5245ce1a69430551d57c1ebb3315c44cd6bedab7906321672bddf5fe0c2d8", kill_on_drop: false }`
[INFO] [stdout] 3ea5245ce1a69430551d57c1ebb3315c44cd6bedab7906321672bddf5fe0c2d8
[INFO] running `Command { std: "docker" "create" "-v" "/var/lib/crater-agent-workspace/builds/worker-2-tc1/target:/opt/rustwide/target:rw,Z" "-v" "/var/lib/crater-agent-workspace/builds/worker-2-tc1/source:/opt/rustwide/workdir:ro,Z" "-v" "/var/lib/crater-agent-workspace/cargo-home:/opt/rustwide/cargo-home:ro,Z" "-v" "/var/lib/crater-agent-workspace/rustup-home:/opt/rustwide/rustup-home:ro,Z" "-e" "SOURCE_DIR=/opt/rustwide/workdir" "-e" "CARGO_TARGET_DIR=/opt/rustwide/target" "-e" "CARGO_INCREMENTAL=0" "-e" "RUST_BACKTRACE=full" "-e" "RUSTFLAGS=--cap-lints=warn" "-e" "RUSTDOCFLAGS=--cap-lints=warn" "-e" "CARGO_HOME=/opt/rustwide/cargo-home" "-e" "RUSTUP_HOME=/opt/rustwide/rustup-home" "-w" "/opt/rustwide/workdir" "-m" "1610612736" "--user" "0:0" "--network" "none" "ghcr.io/rust-lang/crates-build-env/linux@sha256:5ff2268d62e97bff2cde7d5815dd6ed5b47097566f13b8d0ca110b04b60e07ed" "/opt/rustwide/cargo-home/bin/cargo" "+1.69.0" "test" "--frozen" "--no-run" "--message-format=json", kill_on_drop: false }`
[INFO] [stdout] 0fd633daa4d3b947e7f33be5de7b65b8492734ed38bcdfffc4bbbc4426ecee4a
[INFO] running `Command { std: "docker" "start" "-a" "0fd633daa4d3b947e7f33be5de7b65b8492734ed38bcdfffc4bbbc4426ecee4a", kill_on_drop: false }`
[INFO] [stderr]    Compiling libc v0.2.142
[INFO] [stderr]    Compiling tokio v1.27.0
[INFO] [stderr]    Compiling io-lifetimes v1.0.10
[INFO] [stderr]    Compiling rustix v0.37.14
[INFO] [stderr]    Compiling linux-raw-sys v0.3.4
[INFO] [stderr]    Compiling dotenv v0.15.0
[INFO] [stderr]    Compiling getrandom v0.2.9
[INFO] [stderr]    Compiling mio v0.8.6
[INFO] [stderr]    Compiling num_cpus v1.15.0
[INFO] [stderr]    Compiling socket2 v0.4.9
[INFO] [stderr]    Compiling openssl-sys v0.9.86
[INFO] [stderr]    Compiling time v0.3.20
[INFO] [stderr]    Compiling getrandom v0.1.16
[INFO] [stderr]    Compiling rand_core v0.6.4
[INFO] [stderr]    Compiling rand_core v0.5.1
[INFO] [stderr]    Compiling parking_lot_core v0.9.7
[INFO] [stderr]    Compiling rand_chacha v0.3.1
[INFO] [stderr]    Compiling parking_lot v0.12.1
[INFO] [stderr]    Compiling rand_chacha v0.2.2
[INFO] [stderr]    Compiling uuid v1.3.1
[INFO] [stderr]    Compiling rand v0.8.5
[INFO] [stderr]    Compiling openssl v0.10.51
[INFO] [stderr]    Compiling rand v0.7.3
[INFO] [stderr]    Compiling ordered-float v3.7.0
[INFO] [stderr]    Compiling is-terminal v0.4.7
[INFO] [stderr]    Compiling serde_amqp v0.5.9
[INFO] [stderr]    Compiling env_logger v0.10.0
[INFO] [stderr]    Compiling http-types v2.12.0
[INFO] [stderr]    Compiling fe2o3-amqp-types v0.7.1
[INFO] [stderr]    Compiling azure_core v0.11.0
[INFO] [stderr]    Compiling native-tls v0.2.11
[INFO] [stderr]    Compiling tokio-native-tls v0.3.1
[INFO] [stderr]    Compiling tokio-util v0.7.7
[INFO] [stderr]    Compiling tokio-stream v0.1.12
[INFO] [stderr]    Compiling tungstenite v0.18.0
[INFO] [stderr]    Compiling timer-kit v0.1.1
[INFO] [stderr]    Compiling tokio-tungstenite v0.18.0
[INFO] [stderr]    Compiling fe2o3-amqp-ws v0.3.1
[INFO] [stderr]    Compiling fe2o3-amqp v0.8.24
[INFO] [stderr]    Compiling fe2o3-amqp-management v0.2.2
[INFO] [stderr]    Compiling fe2o3-amqp-cbs v0.2.0
[INFO] [stderr]    Compiling azeventhubs v0.1.0 (/opt/rustwide/workdir)
[INFO] [stdout] error[E0433]: failed to resolve: use of undeclared crate or module `messaging_eventhubs`
[INFO] [stdout]  --> examples/event_hub_producer_example.rs:1:5
[INFO] [stdout]   |
[INFO] [stdout] 1 | use messaging_eventhubs::producer::{
[INFO] [stdout]   |     ^^^^^^^^^^^^^^^^^^^ use of undeclared crate or module `messaging_eventhubs`
[INFO] [stdout] 
[INFO] [stdout] 
[INFO] [stdout] error: aborting due to previous error
[INFO] [stdout] 
[INFO] [stdout] 
[INFO] [stdout] For more information about this error, try `rustc --explain E0433`.
[INFO] [stdout] 
[INFO] [stderr] error: could not compile `azeventhubs` due to 2 previous errors
[INFO] [stderr] warning: build failed, waiting for other jobs to finish...
[INFO] [stdout] error[E0433]: failed to resolve: use of undeclared crate or module `messaging_eventhubs`
[INFO] [stdout]  --> examples/event_hub_consumer_example.rs:2:5
[INFO] [stdout]   |
[INFO] [stdout] 2 | use messaging_eventhubs::consumer::{
[INFO] [stdout]   |     ^^^^^^^^^^^^^^^^^^^ use of undeclared crate or module `messaging_eventhubs`
[INFO] [stdout] 
[INFO] [stdout] 
[INFO] [stdout] error[E0432]: unresolved import `messaging_eventhubs`
[INFO] [stdout]  --> examples/event_hub_connection_example.rs:1:5
[INFO] [stdout]   |
[INFO] [stdout] 1 | use messaging_eventhubs::{EventHubConnection, EventHubConnectionOptions};
[INFO] [stdout]   |     ^^^^^^^^^^^^^^^^^^^ use of undeclared crate or module `messaging_eventhubs`
[INFO] [stdout] 
[INFO] [stdout] 
[INFO] [stdout] error: aborting due to previous error
[INFO] [stdout] 
[INFO] [stdout] 
[INFO] [stdout] For more information about this error, try `rustc --explain E0432`.
[INFO] [stdout] 
[INFO] [stdout] warning: unused import: `futures_util::StreamExt`
[INFO] [stdout]  --> examples/event_hub_consumer_example.rs:1:5
[INFO] [stdout]   |
[INFO] [stdout] 1 | use futures_util::StreamExt;
[INFO] [stdout]   |     ^^^^^^^^^^^^^^^^^^^^^^^
[INFO] [stdout]   |
[INFO] [stdout]   = note: `#[warn(unused_imports)]` on by default
[INFO] [stdout] 
[INFO] [stdout] 
[INFO] [stdout] error: aborting due to previous error; 1 warning emitted
[INFO] [stdout] 
[INFO] [stdout] 
[INFO] [stdout] For more information about this error, try `rustc --explain E0433`.
[INFO] [stdout] 
[INFO] [stderr] error: could not compile `azeventhubs` due to 2 previous errors; 1 warning emitted
[INFO] [stderr] error: could not compile `azeventhubs` due to 2 previous errors
[INFO] running `Command { std: "docker" "inspect" "0fd633daa4d3b947e7f33be5de7b65b8492734ed38bcdfffc4bbbc4426ecee4a", kill_on_drop: false }`
[INFO] running `Command { std: "docker" "rm" "-f" "0fd633daa4d3b947e7f33be5de7b65b8492734ed38bcdfffc4bbbc4426ecee4a", kill_on_drop: false }`
[INFO] [stdout] 0fd633daa4d3b947e7f33be5de7b65b8492734ed38bcdfffc4bbbc4426ecee4a
