[INFO] fetching crate at-cryptoauth 0.4.0...
[INFO] testing at-cryptoauth-0.4.0 against beta-2023-04-20 for beta-1.70-1
[INFO] extracting crate at-cryptoauth 0.4.0 into /workspace/builds/worker-4-tc2/source
[INFO] validating manifest of crates.io crate at-cryptoauth 0.4.0 on toolchain beta-2023-04-20
[INFO] running `Command { std: CARGO_HOME="/workspace/cargo-home" RUSTUP_HOME="/workspace/rustup-home" "/workspace/cargo-home/bin/cargo" "+beta-2023-04-20" "metadata" "--manifest-path" "Cargo.toml" "--no-deps", kill_on_drop: false }`
[INFO] started tweaking crates.io crate at-cryptoauth 0.4.0
[INFO] removed 0 missing examples
[INFO] finished tweaking crates.io crate at-cryptoauth 0.4.0
[INFO] tweaked toml for crates.io crate at-cryptoauth 0.4.0 written to /workspace/builds/worker-4-tc2/source/Cargo.toml
[INFO] crate crates.io crate at-cryptoauth 0.4.0 already has a lockfile, it will not be regenerated
[INFO] running `Command { std: CARGO_HOME="/workspace/cargo-home" RUSTUP_HOME="/workspace/rustup-home" "/workspace/cargo-home/bin/cargo" "+beta-2023-04-20" "fetch" "--manifest-path" "Cargo.toml", kill_on_drop: false }`
[INFO] [stderr]     Updating crates.io index
[INFO] [stderr]  Downloading crates ...
[INFO] [stderr]   Downloaded vcell v0.1.3
[INFO] [stderr]   Downloaded bare-metal v0.2.5
[INFO] [stderr]   Downloaded openssl-sys v0.9.60
[INFO] [stderr]   Downloaded libc v0.2.82
[INFO] [stderr]   Downloaded termios v0.2.2
[INFO] [stderr]   Downloaded byteorder v1.4.2
[INFO] [stderr]   Downloaded log v0.4.13
[INFO] [stderr]   Downloaded panic-halt v0.2.0
[INFO] [stderr]   Downloaded cortex-m-semihosting v0.3.7
[INFO] [stderr]   Downloaded panic-semihosting v0.5.6
[INFO] [stderr]   Downloaded env_logger v0.8.2
[INFO] [stderr]   Downloaded regex v1.4.3
[INFO] [stderr]   Downloaded stm32l4xx-hal v0.6.0
[INFO] [stderr]   Downloaded thread_local v1.1.0
[INFO] [stderr]   Downloaded crc v2.1.0
[INFO] [stderr]   Downloaded nix v0.14.1
[INFO] [stderr]   Downloaded linux-embedded-hal v0.4.0-alpha.0
[INFO] [stderr]   Downloaded atomic-polyfill v0.1.2
[INFO] [stderr]   Downloaded crc-catalog v1.1.1
[INFO] [stderr]   Downloaded regex-syntax v0.6.22
[INFO] [stderr]   Downloaded termcolor v1.1.2
[INFO] [stderr]   Downloaded heapless v0.7.0
[INFO] [stderr]   Downloaded embedded-hal v1.0.0-alpha.4
[INFO] [stderr]   Downloaded gpio-cdev v0.3.0
[INFO] [stderr]   Downloaded stm32l4 v0.12.1
[INFO] [stderr]   Downloaded typenum v1.12.0
[INFO] [stderr]   Downloaded generic-array v0.13.2
[INFO] [stderr]   Downloaded openssl-src v111.13.0+1.1.1i
[INFO] [stderr]   Downloaded cast v0.2.3
[INFO] [stderr]   Downloaded version_check v0.9.2
[INFO] [stderr]   Downloaded i2cdev v0.4.4
[INFO] [stderr]   Downloaded sysfs_gpio v0.5.4
[INFO] [stderr]   Downloaded generic-array v0.12.3
[INFO] [stderr]   Downloaded cortex-m v0.7.2
[INFO] [stderr]   Downloaded serial-unix v0.4.0
[INFO] [stderr]   Downloaded cc v1.0.66
[INFO] [stderr]   Downloaded signature v1.3.0
[INFO] [stderr]   Downloaded nb v0.1.3
[INFO] [stderr]   Downloaded hash32 v0.2.1
[INFO] [stderr]   Downloaded ioctl-rs v0.1.6
[INFO] [stderr]   Downloaded serial-core v0.4.0
[INFO] [stderr]   Downloaded spidev v0.4.0
[INFO] [stderr]   Downloaded openssl v0.10.32
[INFO] [stderr]   Downloaded as-slice v0.1.4
[INFO] [stderr]   Downloaded aligned v0.3.4
[INFO] [stderr]   Downloaded bitfield v0.13.2
[INFO] [stderr]   Downloaded nb v1.0.0
[INFO] [stderr]   Downloaded embedded-hal v0.2.4
[INFO] [stderr]   Downloaded volatile-register v0.2.0
[INFO] [stderr]   Downloaded cortex-m v0.6.7
[INFO] [stderr]   Downloaded syn v1.0.58
[INFO] [stderr]   Downloaded cortex-m-rt-macros v0.1.8
[INFO] [stderr]   Downloaded r0 v0.2.2
[INFO] [stderr]   Downloaded cortex-m-rt v0.6.13
[INFO] running `Command { std: "docker" "create" "-v" "/var/lib/crater-agent-workspace/builds/worker-4-tc2/target:/opt/rustwide/target:rw,Z" "-v" "/var/lib/crater-agent-workspace/builds/worker-4-tc2/source:/opt/rustwide/workdir:ro,Z" "-v" "/var/lib/crater-agent-workspace/cargo-home:/opt/rustwide/cargo-home:ro,Z" "-v" "/var/lib/crater-agent-workspace/rustup-home:/opt/rustwide/rustup-home:ro,Z" "-e" "SOURCE_DIR=/opt/rustwide/workdir" "-e" "CARGO_TARGET_DIR=/opt/rustwide/target" "-e" "CARGO_HOME=/opt/rustwide/cargo-home" "-e" "RUSTUP_HOME=/opt/rustwide/rustup-home" "-w" "/opt/rustwide/workdir" "-m" "1610612736" "--user" "0:0" "--network" "none" "ghcr.io/rust-lang/crates-build-env/linux@sha256:5ff2268d62e97bff2cde7d5815dd6ed5b47097566f13b8d0ca110b04b60e07ed" "/opt/rustwide/cargo-home/bin/cargo" "+beta-2023-04-20" "metadata" "--no-deps" "--format-version=1", kill_on_drop: false }`
[INFO] [stdout] 8122e0a4926e9f4ad12596caf6403832fba83cf74ff063e3aec6468ddde470a6
[INFO] running `Command { std: "docker" "start" "-a" "8122e0a4926e9f4ad12596caf6403832fba83cf74ff063e3aec6468ddde470a6", kill_on_drop: false }`
[INFO] running `Command { std: "docker" "inspect" "8122e0a4926e9f4ad12596caf6403832fba83cf74ff063e3aec6468ddde470a6", kill_on_drop: false }`
[INFO] running `Command { std: "docker" "rm" "-f" "8122e0a4926e9f4ad12596caf6403832fba83cf74ff063e3aec6468ddde470a6", kill_on_drop: false }`
[INFO] [stdout] 8122e0a4926e9f4ad12596caf6403832fba83cf74ff063e3aec6468ddde470a6
[INFO] running `Command { std: "docker" "create" "-v" "/var/lib/crater-agent-workspace/builds/worker-4-tc2/target:/opt/rustwide/target:rw,Z" "-v" "/var/lib/crater-agent-workspace/builds/worker-4-tc2/source:/opt/rustwide/workdir:ro,Z" "-v" "/var/lib/crater-agent-workspace/cargo-home:/opt/rustwide/cargo-home:ro,Z" "-v" "/var/lib/crater-agent-workspace/rustup-home:/opt/rustwide/rustup-home:ro,Z" "-e" "SOURCE_DIR=/opt/rustwide/workdir" "-e" "CARGO_TARGET_DIR=/opt/rustwide/target" "-e" "CARGO_INCREMENTAL=0" "-e" "RUST_BACKTRACE=full" "-e" "RUSTFLAGS=--cap-lints=warn" "-e" "RUSTDOCFLAGS=--cap-lints=warn" "-e" "CARGO_HOME=/opt/rustwide/cargo-home" "-e" "RUSTUP_HOME=/opt/rustwide/rustup-home" "-w" "/opt/rustwide/workdir" "-m" "1610612736" "--user" "0:0" "--network" "none" "ghcr.io/rust-lang/crates-build-env/linux@sha256:5ff2268d62e97bff2cde7d5815dd6ed5b47097566f13b8d0ca110b04b60e07ed" "/opt/rustwide/cargo-home/bin/cargo" "+beta-2023-04-20" "build" "--frozen" "--message-format=json", kill_on_drop: false }`
[INFO] [stdout] 94385764b7ed2ce8e28fc8f0ea65af4eb4fa8d5b11f180ef0c2fb85bc2d55071
[INFO] running `Command { std: "docker" "start" "-a" "94385764b7ed2ce8e28fc8f0ea65af4eb4fa8d5b11f180ef0c2fb85bc2d55071", kill_on_drop: false }`
[INFO] [stderr]    Compiling typenum v1.12.0
[INFO] [stderr]    Compiling version_check v0.9.2
[INFO] [stderr]    Compiling heapless v0.7.0
[INFO] [stderr]    Compiling byteorder v1.4.2
[INFO] [stderr]    Compiling nb v1.0.0
[INFO] [stderr]    Compiling crc-catalog v1.1.1
[INFO] [stderr]    Compiling stable_deref_trait v1.2.0
[INFO] [stderr]    Compiling signature v1.3.0
[INFO] [stderr]    Compiling crc v2.1.0
[INFO] [stderr]    Compiling embedded-hal v1.0.0-alpha.4
[INFO] [stderr]    Compiling hash32 v0.2.1
[INFO] [stderr]    Compiling generic-array v0.14.4
[INFO] [stderr]    Compiling digest v0.9.0
[INFO] [stderr]    Compiling at-cryptoauth v0.4.0 (/opt/rustwide/workdir)
[INFO] [stderr]     Finished dev [unoptimized + debuginfo] target(s) in 2.18s
[INFO] running `Command { std: "docker" "inspect" "94385764b7ed2ce8e28fc8f0ea65af4eb4fa8d5b11f180ef0c2fb85bc2d55071", kill_on_drop: false }`
[INFO] running `Command { std: "docker" "rm" "-f" "94385764b7ed2ce8e28fc8f0ea65af4eb4fa8d5b11f180ef0c2fb85bc2d55071", kill_on_drop: false }`
[INFO] [stdout] 94385764b7ed2ce8e28fc8f0ea65af4eb4fa8d5b11f180ef0c2fb85bc2d55071
[INFO] running `Command { std: "docker" "create" "-v" "/var/lib/crater-agent-workspace/builds/worker-4-tc2/target:/opt/rustwide/target:rw,Z" "-v" "/var/lib/crater-agent-workspace/builds/worker-4-tc2/source:/opt/rustwide/workdir:ro,Z" "-v" "/var/lib/crater-agent-workspace/cargo-home:/opt/rustwide/cargo-home:ro,Z" "-v" "/var/lib/crater-agent-workspace/rustup-home:/opt/rustwide/rustup-home:ro,Z" "-e" "SOURCE_DIR=/opt/rustwide/workdir" "-e" "CARGO_TARGET_DIR=/opt/rustwide/target" "-e" "CARGO_INCREMENTAL=0" "-e" "RUST_BACKTRACE=full" "-e" "RUSTFLAGS=--cap-lints=warn" "-e" "RUSTDOCFLAGS=--cap-lints=warn" "-e" "CARGO_HOME=/opt/rustwide/cargo-home" "-e" "RUSTUP_HOME=/opt/rustwide/rustup-home" "-w" "/opt/rustwide/workdir" "-m" "1610612736" "--user" "0:0" "--network" "none" "ghcr.io/rust-lang/crates-build-env/linux@sha256:5ff2268d62e97bff2cde7d5815dd6ed5b47097566f13b8d0ca110b04b60e07ed" "/opt/rustwide/cargo-home/bin/cargo" "+beta-2023-04-20" "test" "--frozen" "--no-run" "--message-format=json", kill_on_drop: false }`
[INFO] [stdout] 5d1b476ce0640233c92a94ebfcd1de17e7caef46e7bb7d6f71b07de460bf38dc
[INFO] running `Command { std: "docker" "start" "-a" "5d1b476ce0640233c92a94ebfcd1de17e7caef46e7bb7d6f71b07de460bf38dc", kill_on_drop: false }`
[INFO] [stderr]    Compiling at-cryptoauth v0.4.0 (/opt/rustwide/workdir)
[INFO] [stdout] error[E0463]: can't find crate for `panic_semihosting`
[INFO] [stdout]   --> examples/stm32l4xx_atecc608.rs:32:1
[INFO] [stdout]    |
[INFO] [stdout] 32 | extern crate panic_semihosting;
[INFO] [stdout]    | ^^^^^^^^^^^^^^^^^^^^^^^^^^^^^^^ can't find crate
[INFO] [stdout] 
[INFO] [stdout] 
[INFO] [stdout] error[E0433]: failed to resolve: use of undeclared crate or module `hal`
[INFO] [stdout]   --> examples/stm32l4xx_atecc608.rs:41:5
[INFO] [stdout]    |
[INFO] [stdout] 41 | use hal::prelude::*;
[INFO] [stdout]    |     ^^^ use of undeclared crate or module `hal`
[INFO] [stdout] 
[INFO] [stdout] 
[INFO] [stdout] error[E0432]: unresolved import `cortex_m_rt`
[INFO] [stdout]   --> examples/stm32l4xx_atecc608.rs:35:5
[INFO] [stdout]    |
[INFO] [stdout] 35 | use cortex_m_rt::entry;
[INFO] [stdout]    |     ^^^^^^^^^^^ use of undeclared crate or module `cortex_m_rt`
[INFO] [stdout] 
[INFO] [stdout] 
[INFO] [stdout] error[E0432]: unresolved import `cortex_m_rt`
[INFO] [stdout]   --> examples/stm32l4xx_atecc608.rs:36:5
[INFO] [stdout]    |
[INFO] [stdout] 36 | use cortex_m_rt::exception;
[INFO] [stdout]    |     ^^^^^^^^^^^ use of undeclared crate or module `cortex_m_rt`
[INFO] [stdout] 
[INFO] [stdout] 
[INFO] [stdout] error[E0432]: unresolved import `cortex_m_rt`
[INFO] [stdout]   --> examples/stm32l4xx_atecc608.rs:37:5
[INFO] [stdout]    |
[INFO] [stdout] 37 | use cortex_m_rt::ExceptionFrame;
[INFO] [stdout]    |     ^^^^^^^^^^^ use of undeclared crate or module `cortex_m_rt`
[INFO] [stdout] 
[INFO] [stdout] 
[INFO] [stdout] error[E0433]: failed to resolve: use of undeclared crate or module `hal`
[INFO] [stdout]   --> examples/stm32l4xx_atecc608.rs:39:5
[INFO] [stdout]    |
[INFO] [stdout] 39 | use hal::delay::Delay;
[INFO] [stdout]    |     ^^^ use of undeclared crate or module `hal`
[INFO] [stdout] 
[INFO] [stdout] 
[INFO] [stdout] error[E0433]: failed to resolve: use of undeclared crate or module `hal`
[INFO] [stdout]   --> examples/stm32l4xx_atecc608.rs:40:5
[INFO] [stdout]    |
[INFO] [stdout] 40 | use hal::i2c::I2c;
[INFO] [stdout]    |     ^^^ use of undeclared crate or module `hal`
[INFO] [stdout] 
[INFO] [stdout] 
[INFO] [stdout] error[E0433]: failed to resolve: use of undeclared crate or module `hal`
[INFO] [stdout]   --> examples/stm32l4xx_atecc608.rs:42:5
[INFO] [stdout]    |
[INFO] [stdout] 42 | use hal::rcc::{MsiFreq, PllConfig, PllDivider, PllSource};
[INFO] [stdout]    |     ^^^ use of undeclared crate or module `hal`
[INFO] [stdout] 
[INFO] [stdout] 
[INFO] [stdout] error[E0432]: unresolved imports `cortex_m_semihosting`, `hal::delay::Delay`, `hal::i2c::I2c`, `hal::rcc::MsiFreq`, `hal::rcc::PllConfig`, `hal::rcc::PllDivider`, `hal::rcc::PllSource`
[INFO] [stdout]   --> examples/stm32l4xx_atecc608.rs:38:5
[INFO] [stdout]    |
[INFO] [stdout] 38 | use cortex_m_semihosting::hio;
[INFO] [stdout]    |     ^^^^^^^^^^^^^^^^^^^^ use of undeclared crate or module `cortex_m_semihosting`
[INFO] [stdout] 39 | use hal::delay::Delay;
[INFO] [stdout]    |     ^^^^^^^^^^^^^^^^^
[INFO] [stdout] 40 | use hal::i2c::I2c;
[INFO] [stdout]    |     ^^^^^^^^^^^^^
[INFO] [stdout] 41 | use hal::prelude::*;
[INFO] [stdout] 42 | use hal::rcc::{MsiFreq, PllConfig, PllDivider, PllSource};
[INFO] [stdout]    |                ^^^^^^^  ^^^^^^^^^  ^^^^^^^^^^  ^^^^^^^^^
[INFO] [stdout] 
[INFO] [stdout] 
[INFO] [stdout] error[E0432]: unresolved import `stm32l4xx_hal`
[INFO] [stdout]   --> examples/stm32l4xx_atecc608.rs:43:5
[INFO] [stdout]    |
[INFO] [stdout] 43 | use stm32l4xx_hal as hal;
[INFO] [stdout]    |     ^^^^^^^^^^^^^^^^^^^^ no external crate `stm32l4xx_hal`
[INFO] [stdout] 
[INFO] [stdout] 
[INFO] [stdout] error: cannot determine resolution for the attribute macro `exception`
[INFO] [stdout]    --> examples/stm32l4xx_atecc608.rs:120:3
[INFO] [stdout]     |
[INFO] [stdout] 120 | #[exception]
[INFO] [stdout]     |   ^^^^^^^^^
[INFO] [stdout]     |
[INFO] [stdout]     = note: import resolution is stuck, try simplifying macro imports
[INFO] [stdout] 
[INFO] [stdout] 
[INFO] [stdout] error: cannot determine resolution for the attribute macro `entry`
[INFO] [stdout]   --> examples/stm32l4xx_atecc608.rs:45:3
[INFO] [stdout]    |
[INFO] [stdout] 45 | #[entry]
[INFO] [stdout]    |   ^^^^^
[INFO] [stdout]    |
[INFO] [stdout]    = note: import resolution is stuck, try simplifying macro imports
[INFO] [stdout] 
[INFO] [stdout] 
[INFO] [stdout] error[E0433]: failed to resolve: use of undeclared crate or module `cortex_m`
[INFO] [stdout]   --> examples/stm32l4xx_atecc608.rs:51:14
[INFO] [stdout]    |
[INFO] [stdout] 51 |     let cp = cortex_m::Peripherals::take().unwrap();
[INFO] [stdout]    |              ^^^^^^^^ use of undeclared crate or module `cortex_m`
[INFO] [stdout] 
[INFO] [stdout] 
[INFO] [stdout] error: `#[panic_handler]` function required, but not found
[INFO] [stdout] 
[INFO] [stdout] 
[INFO] [stdout] error: language item required, but not found: `eh_personality`
[INFO] [stdout]   |
[INFO] [stdout]   = note: this can occur when a binary crate with `#![no_std]` is compiled for a target where `eh_personality` is defined in the standard library
[INFO] [stdout]   = help: you may be able to compile for a target that doesn't need `eh_personality`, specify a target with `--target` or in `.cargo/config`
[INFO] [stdout] 
[INFO] [stdout] 
[INFO] [stdout] error: aborting due to 15 previous errors
[INFO] [stdout] 
[INFO] [stdout] 
[INFO] [stdout] Some errors have detailed explanations: E0432, E0433, E0463.
[INFO] [stdout] 
[INFO] [stdout] For more information about an error, try `rustc --explain E0432`.
[INFO] [stdout] 
[INFO] [stderr] error: could not compile `at-cryptoauth` (example "stm32l4xx_atecc608") due to 16 previous errors
[INFO] [stderr] warning: build failed, waiting for other jobs to finish...
[INFO] running `Command { std: "docker" "inspect" "5d1b476ce0640233c92a94ebfcd1de17e7caef46e7bb7d6f71b07de460bf38dc", kill_on_drop: false }`
[INFO] running `Command { std: "docker" "rm" "-f" "5d1b476ce0640233c92a94ebfcd1de17e7caef46e7bb7d6f71b07de460bf38dc", kill_on_drop: false }`
[INFO] [stdout] 5d1b476ce0640233c92a94ebfcd1de17e7caef46e7bb7d6f71b07de460bf38dc
