[INFO] fetching crate async-timers 0.1.4...
[INFO] testing async-timers-0.1.4 against beta-2023-04-20 for beta-1.70-1
[INFO] extracting crate async-timers 0.1.4 into /workspace/builds/worker-3-tc2/source
[INFO] validating manifest of crates.io crate async-timers 0.1.4 on toolchain beta-2023-04-20
[INFO] running `Command { std: CARGO_HOME="/workspace/cargo-home" RUSTUP_HOME="/workspace/rustup-home" "/workspace/cargo-home/bin/cargo" "+beta-2023-04-20" "metadata" "--manifest-path" "Cargo.toml" "--no-deps", kill_on_drop: false }`
[INFO] started tweaking crates.io crate async-timers 0.1.4
[INFO] finished tweaking crates.io crate async-timers 0.1.4
[INFO] tweaked toml for crates.io crate async-timers 0.1.4 written to /workspace/builds/worker-3-tc2/source/Cargo.toml
[INFO] crate crates.io crate async-timers 0.1.4 already has a lockfile, it will not be regenerated
[INFO] running `Command { std: CARGO_HOME="/workspace/cargo-home" RUSTUP_HOME="/workspace/rustup-home" "/workspace/cargo-home/bin/cargo" "+beta-2023-04-20" "fetch" "--manifest-path" "Cargo.toml", kill_on_drop: false }`
[INFO] [stderr]  Downloading crates ...
[INFO] [stderr]   Downloaded futures-macro v0.3.23
[INFO] [stderr]   Downloaded futures-sink v0.3.23
[INFO] [stderr]   Downloaded futures-core v0.3.23
[INFO] [stderr]   Downloaded futures-channel v0.3.23
[INFO] [stderr]   Downloaded futures-io v0.3.23
[INFO] [stderr]   Downloaded futures v0.3.23
[INFO] [stderr]   Downloaded futures-task v0.3.23
[INFO] [stderr]   Downloaded slab v0.4.7
[INFO] [stderr]   Downloaded futures-executor v0.3.23
[INFO] [stderr]   Downloaded futures-util v0.3.23
[INFO] [stderr]   Downloaded tokio v1.20.1
[INFO] running `Command { std: "docker" "create" "-v" "/var/lib/crater-agent-workspace/builds/worker-3-tc2/target:/opt/rustwide/target:rw,Z" "-v" "/var/lib/crater-agent-workspace/builds/worker-3-tc2/source:/opt/rustwide/workdir:ro,Z" "-v" "/var/lib/crater-agent-workspace/cargo-home:/opt/rustwide/cargo-home:ro,Z" "-v" "/var/lib/crater-agent-workspace/rustup-home:/opt/rustwide/rustup-home:ro,Z" "-e" "SOURCE_DIR=/opt/rustwide/workdir" "-e" "CARGO_TARGET_DIR=/opt/rustwide/target" "-e" "CARGO_HOME=/opt/rustwide/cargo-home" "-e" "RUSTUP_HOME=/opt/rustwide/rustup-home" "-w" "/opt/rustwide/workdir" "-m" "1610612736" "--user" "0:0" "--network" "none" "ghcr.io/rust-lang/crates-build-env/linux@sha256:5ff2268d62e97bff2cde7d5815dd6ed5b47097566f13b8d0ca110b04b60e07ed" "/opt/rustwide/cargo-home/bin/cargo" "+beta-2023-04-20" "metadata" "--no-deps" "--format-version=1", kill_on_drop: false }`
[INFO] [stdout] 32fd68b0699c8229312c11be94b42c955cf6d02669de0e5d6870924582901451
[INFO] running `Command { std: "docker" "start" "-a" "32fd68b0699c8229312c11be94b42c955cf6d02669de0e5d6870924582901451", kill_on_drop: false }`
[INFO] running `Command { std: "docker" "inspect" "32fd68b0699c8229312c11be94b42c955cf6d02669de0e5d6870924582901451", kill_on_drop: false }`
[INFO] running `Command { std: "docker" "rm" "-f" "32fd68b0699c8229312c11be94b42c955cf6d02669de0e5d6870924582901451", kill_on_drop: false }`
[INFO] [stdout] 32fd68b0699c8229312c11be94b42c955cf6d02669de0e5d6870924582901451
[INFO] running `Command { std: "docker" "create" "-v" "/var/lib/crater-agent-workspace/builds/worker-3-tc2/target:/opt/rustwide/target:rw,Z" "-v" "/var/lib/crater-agent-workspace/builds/worker-3-tc2/source:/opt/rustwide/workdir:ro,Z" "-v" "/var/lib/crater-agent-workspace/cargo-home:/opt/rustwide/cargo-home:ro,Z" "-v" "/var/lib/crater-agent-workspace/rustup-home:/opt/rustwide/rustup-home:ro,Z" "-e" "SOURCE_DIR=/opt/rustwide/workdir" "-e" "CARGO_TARGET_DIR=/opt/rustwide/target" "-e" "CARGO_INCREMENTAL=0" "-e" "RUST_BACKTRACE=full" "-e" "RUSTFLAGS=--cap-lints=warn" "-e" "RUSTDOCFLAGS=--cap-lints=warn" "-e" "CARGO_HOME=/opt/rustwide/cargo-home" "-e" "RUSTUP_HOME=/opt/rustwide/rustup-home" "-w" "/opt/rustwide/workdir" "-m" "1610612736" "--user" "0:0" "--network" "none" "ghcr.io/rust-lang/crates-build-env/linux@sha256:5ff2268d62e97bff2cde7d5815dd6ed5b47097566f13b8d0ca110b04b60e07ed" "/opt/rustwide/cargo-home/bin/cargo" "+beta-2023-04-20" "build" "--frozen" "--message-format=json", kill_on_drop: false }`
[INFO] [stdout] fa274de8541dd62c1c1cec22e4bf4471f7ed0bb769426f01996aa3e238b4d734
[INFO] running `Command { std: "docker" "start" "-a" "fa274de8541dd62c1c1cec22e4bf4471f7ed0bb769426f01996aa3e238b4d734", kill_on_drop: false }`
[INFO] [stderr]     Blocking waiting for file lock on package cache
[INFO] [stderr]    Compiling proc-macro2 v1.0.43
[INFO] [stderr]    Compiling quote v1.0.21
[INFO] [stderr]    Compiling unicode-ident v1.0.3
[INFO] [stderr]    Compiling futures-core v0.3.23
[INFO] [stderr]    Compiling syn v1.0.99
[INFO] [stderr]    Compiling slab v0.4.7
[INFO] [stderr]    Compiling futures-channel v0.3.23
[INFO] [stderr]    Compiling memchr v2.5.0
[INFO] [stderr]    Compiling futures-task v0.3.23
[INFO] [stderr]    Compiling futures-sink v0.3.23
[INFO] [stderr]    Compiling futures-util v0.3.23
[INFO] [stderr]    Compiling futures-io v0.3.23
[INFO] [stderr]    Compiling pin-utils v0.1.0
[INFO] [stderr]    Compiling tokio v1.20.1
[INFO] [stderr]    Compiling futures-macro v0.3.23
[INFO] [stderr]    Compiling futures-executor v0.3.23
[INFO] [stderr]    Compiling futures v0.3.23
[INFO] [stderr]    Compiling async-timers v0.1.4 (/opt/rustwide/workdir)
[INFO] [stderr]     Finished dev [unoptimized + debuginfo] target(s) in 7.56s
[INFO] running `Command { std: "docker" "inspect" "fa274de8541dd62c1c1cec22e4bf4471f7ed0bb769426f01996aa3e238b4d734", kill_on_drop: false }`
[INFO] running `Command { std: "docker" "rm" "-f" "fa274de8541dd62c1c1cec22e4bf4471f7ed0bb769426f01996aa3e238b4d734", kill_on_drop: false }`
[INFO] [stdout] fa274de8541dd62c1c1cec22e4bf4471f7ed0bb769426f01996aa3e238b4d734
[INFO] running `Command { std: "docker" "create" "-v" "/var/lib/crater-agent-workspace/builds/worker-3-tc2/target:/opt/rustwide/target:rw,Z" "-v" "/var/lib/crater-agent-workspace/builds/worker-3-tc2/source:/opt/rustwide/workdir:ro,Z" "-v" "/var/lib/crater-agent-workspace/cargo-home:/opt/rustwide/cargo-home:ro,Z" "-v" "/var/lib/crater-agent-workspace/rustup-home:/opt/rustwide/rustup-home:ro,Z" "-e" "SOURCE_DIR=/opt/rustwide/workdir" "-e" "CARGO_TARGET_DIR=/opt/rustwide/target" "-e" "CARGO_INCREMENTAL=0" "-e" "RUST_BACKTRACE=full" "-e" "RUSTFLAGS=--cap-lints=warn" "-e" "RUSTDOCFLAGS=--cap-lints=warn" "-e" "CARGO_HOME=/opt/rustwide/cargo-home" "-e" "RUSTUP_HOME=/opt/rustwide/rustup-home" "-w" "/opt/rustwide/workdir" "-m" "1610612736" "--user" "0:0" "--network" "none" "ghcr.io/rust-lang/crates-build-env/linux@sha256:5ff2268d62e97bff2cde7d5815dd6ed5b47097566f13b8d0ca110b04b60e07ed" "/opt/rustwide/cargo-home/bin/cargo" "+beta-2023-04-20" "test" "--frozen" "--no-run" "--message-format=json", kill_on_drop: false }`
[INFO] [stdout] 9cbb678e013a37f487729e376888e5fc63c9086759dfd41b4f04e1090a262a8f
[INFO] running `Command { std: "docker" "start" "-a" "9cbb678e013a37f487729e376888e5fc63c9086759dfd41b4f04e1090a262a8f", kill_on_drop: false }`
[INFO] [stderr]    Compiling async-timers v0.1.4 (/opt/rustwide/workdir)
[INFO] [stdout] error[E0433]: failed to resolve: could not find `main` in `tokio`
[INFO] [stdout]  --> examples/timers/main.rs:4:10
[INFO] [stdout]   |
[INFO] [stdout] 4 | #[tokio::main]
[INFO] [stdout]   |          ^^^^ could not find `main` in `tokio`
[INFO] [stdout] 
[INFO] [stdout] 
[INFO] [stdout] error[E0433]: failed to resolve: could not find `select` in `tokio`
[INFO] [stdout]   --> examples/timers/main.rs:21:16
[INFO] [stdout]    |
[INFO] [stdout] 21 |         tokio::select! {
[INFO] [stdout]    |                ^^^^^^ could not find `select` in `tokio`
[INFO] [stdout] 
[INFO] [stdout] 
[INFO] [stdout] error[E0433]: failed to resolve: could not find `test` in `tokio`
[INFO] [stdout]    --> src/lib.rs:221:14
[INFO] [stdout]     |
[INFO] [stdout] 221 |     #[tokio::test]
[INFO] [stdout]     |              ^^^^ could not find `test` in `tokio`
[INFO] [stdout] 
[INFO] [stdout] 
[INFO] [stdout] error[E0433]: failed to resolve: could not find `select` in `tokio`
[INFO] [stdout]    --> src/lib.rs:229:16
[INFO] [stdout]     |
[INFO] [stdout] 229 |         tokio::select! {
[INFO] [stdout]     |                ^^^^^^ could not find `select` in `tokio`
[INFO] [stdout] 
[INFO] [stdout] 
[INFO] [stdout] error[E0433]: failed to resolve: could not find `select` in `tokio`
[INFO] [stdout]    --> src/lib.rs:247:16
[INFO] [stdout]     |
[INFO] [stdout] 247 |         tokio::select! {
[INFO] [stdout]     |                ^^^^^^ could not find `select` in `tokio`
[INFO] [stdout] 
[INFO] [stdout] 
[INFO] [stdout] error[E0433]: failed to resolve: could not find `test` in `tokio`
[INFO] [stdout]    --> src/lib.rs:260:14
[INFO] [stdout]     |
[INFO] [stdout] 260 |     #[tokio::test]
[INFO] [stdout]     |              ^^^^ could not find `test` in `tokio`
[INFO] [stdout] 
[INFO] [stdout] 
[INFO] [stdout] error[E0433]: failed to resolve: could not find `select` in `tokio`
[INFO] [stdout]    --> src/lib.rs:268:16
[INFO] [stdout]     |
[INFO] [stdout] 268 |         tokio::select! {
[INFO] [stdout]     |                ^^^^^^ could not find `select` in `tokio`
[INFO] [stdout] 
[INFO] [stdout] 
[INFO] [stdout] error[E0433]: failed to resolve: could not find `select` in `tokio`
[INFO] [stdout]    --> src/lib.rs:285:16
[INFO] [stdout]     |
[INFO] [stdout] 285 |         tokio::select! {
[INFO] [stdout]     |                ^^^^^^ could not find `select` in `tokio`
[INFO] [stdout] 
[INFO] [stdout] 
[INFO] [stdout] error[E0433]: failed to resolve: could not find `select` in `tokio`
[INFO] [stdout]    --> src/lib.rs:305:16
[INFO] [stdout]     |
[INFO] [stdout] 305 |         tokio::select! {
[INFO] [stdout]     |                ^^^^^^ could not find `select` in `tokio`
[INFO] [stdout] 
[INFO] [stdout] 
[INFO] [stdout] error[E0433]: failed to resolve: could not find `test` in `tokio`
[INFO] [stdout]    --> src/lib.rs:318:14
[INFO] [stdout]     |
[INFO] [stdout] 318 |     #[tokio::test]
[INFO] [stdout]     |              ^^^^ could not find `test` in `tokio`
[INFO] [stdout] 
[INFO] [stdout] 
[INFO] [stdout] error[E0433]: failed to resolve: could not find `select` in `tokio`
[INFO] [stdout]    --> src/lib.rs:327:16
[INFO] [stdout]     |
[INFO] [stdout] 327 |         tokio::select! {
[INFO] [stdout]     |                ^^^^^^ could not find `select` in `tokio`
[INFO] [stdout] 
[INFO] [stdout] 
[INFO] [stdout] error[E0433]: failed to resolve: could not find `test` in `tokio`
[INFO] [stdout]    --> src/lib.rs:346:14
[INFO] [stdout]     |
[INFO] [stdout] 346 |     #[tokio::test]
[INFO] [stdout]     |              ^^^^ could not find `test` in `tokio`
[INFO] [stdout] 
[INFO] [stdout] 
[INFO] [stdout] error[E0433]: failed to resolve: could not find `select` in `tokio`
[INFO] [stdout]    --> src/lib.rs:367:24
[INFO] [stdout]     |
[INFO] [stdout] 367 |                 tokio::select! {
[INFO] [stdout]     |                        ^^^^^^ could not find `select` in `tokio`
[INFO] [stdout] 
[INFO] [stdout] 
[INFO] [stdout] error[E0752]: `main` function is not allowed to be `async`
[INFO] [stdout]  --> examples/timers/main.rs:5:1
[INFO] [stdout]   |
[INFO] [stdout] 5 | async fn main() {
[INFO] [stdout]   | ^^^^^^^^^^^^^^^ `main` function is not allowed to be `async`
[INFO] [stdout] 
[INFO] [stdout] 
[INFO] [stdout] error: aborting due to 3 previous errors
[INFO] [stdout] 
[INFO] [stdout] 
[INFO] [stdout] Some errors have detailed explanations: E0433, E0752.
[INFO] [stdout] 
[INFO] [stdout] For more information about an error, try `rustc --explain E0433`.
[INFO] [stdout] 
[INFO] [stderr] error: could not compile `async-timers` (example "timers") due to 4 previous errors
[INFO] [stderr] warning: build failed, waiting for other jobs to finish...
[INFO] [stdout] error: aborting due to 11 previous errors
[INFO] [stdout] 
[INFO] [stdout] 
[INFO] [stdout] For more information about this error, try `rustc --explain E0433`.
[INFO] [stdout] 
[INFO] [stderr] error: could not compile `async-timers` (lib test) due to 12 previous errors
[INFO] running `Command { std: "docker" "inspect" "9cbb678e013a37f487729e376888e5fc63c9086759dfd41b4f04e1090a262a8f", kill_on_drop: false }`
[INFO] running `Command { std: "docker" "rm" "-f" "9cbb678e013a37f487729e376888e5fc63c9086759dfd41b4f04e1090a262a8f", kill_on_drop: false }`
[INFO] [stdout] 9cbb678e013a37f487729e376888e5fc63c9086759dfd41b4f04e1090a262a8f
