[INFO] fetching crate async-tar-wasm 0.4.2-wasm.1...
[INFO] testing async-tar-wasm-0.4.2-wasm.1 against beta-2023-04-20 for beta-1.70-1
[INFO] extracting crate async-tar-wasm 0.4.2-wasm.1 into /workspace/builds/worker-5-tc2/source
[INFO] validating manifest of crates.io crate async-tar-wasm 0.4.2-wasm.1 on toolchain beta-2023-04-20
[INFO] running `Command { std: CARGO_HOME="/workspace/cargo-home" RUSTUP_HOME="/workspace/rustup-home" "/workspace/cargo-home/bin/cargo" "+beta-2023-04-20" "metadata" "--manifest-path" "Cargo.toml" "--no-deps", kill_on_drop: false }`
[INFO] started tweaking crates.io crate async-tar-wasm 0.4.2-wasm.1
[INFO] finished tweaking crates.io crate async-tar-wasm 0.4.2-wasm.1
[INFO] tweaked toml for crates.io crate async-tar-wasm 0.4.2-wasm.1 written to /workspace/builds/worker-5-tc2/source/Cargo.toml
[INFO] crate crates.io crate async-tar-wasm 0.4.2-wasm.1 already has a lockfile, it will not be regenerated
[INFO] running `Command { std: CARGO_HOME="/workspace/cargo-home" RUSTUP_HOME="/workspace/rustup-home" "/workspace/cargo-home/bin/cargo" "+beta-2023-04-20" "fetch" "--manifest-path" "Cargo.toml", kill_on_drop: false }`
[INFO] [stderr]     Updating crates.io index
[INFO] [stderr]  Downloading crates ...
[INFO] [stderr]   Downloaded crossbeam-utils v0.8.14
[INFO] [stderr]   Downloaded async-io v1.12.0
[INFO] [stderr]   Downloaded windows-targets v0.42.1
[INFO] [stderr]   Downloaded wepoll-ffi v0.1.2
[INFO] [stderr]   Downloaded polling v2.5.2
[INFO] [stderr]   Downloaded async-attributes v1.1.2
[INFO] [stderr]   Downloaded proc-macro2 v1.0.51
[INFO] [stderr]   Downloaded socket2 v0.4.7
[INFO] [stderr]   Downloaded async-lock v2.6.0
[INFO] [stderr]   Downloaded futures-io v0.3.26
[INFO] [stderr]   Downloaded futures-channel v0.3.26
[INFO] [stderr]   Downloaded filetime v0.2.20
[INFO] [stderr]   Downloaded async-task v4.3.0
[INFO] [stderr]   Downloaded futures-core v0.3.26
[INFO] [stderr]   Downloaded xattr v0.2.3
[INFO] running `Command { std: "docker" "create" "-v" "/var/lib/crater-agent-workspace/builds/worker-5-tc2/target:/opt/rustwide/target:rw,Z" "-v" "/var/lib/crater-agent-workspace/builds/worker-5-tc2/source:/opt/rustwide/workdir:ro,Z" "-v" "/var/lib/crater-agent-workspace/cargo-home:/opt/rustwide/cargo-home:ro,Z" "-v" "/var/lib/crater-agent-workspace/rustup-home:/opt/rustwide/rustup-home:ro,Z" "-e" "SOURCE_DIR=/opt/rustwide/workdir" "-e" "CARGO_TARGET_DIR=/opt/rustwide/target" "-e" "CARGO_HOME=/opt/rustwide/cargo-home" "-e" "RUSTUP_HOME=/opt/rustwide/rustup-home" "-w" "/opt/rustwide/workdir" "-m" "1610612736" "--user" "0:0" "--network" "none" "ghcr.io/rust-lang/crates-build-env/linux@sha256:5ff2268d62e97bff2cde7d5815dd6ed5b47097566f13b8d0ca110b04b60e07ed" "/opt/rustwide/cargo-home/bin/cargo" "+beta-2023-04-20" "metadata" "--no-deps" "--format-version=1", kill_on_drop: false }`
[INFO] [stdout] adba38fec4eafd1c5470c136803e65ee7ace2b7ff83ad243d4e0b8d063c2e06f
[INFO] running `Command { std: "docker" "start" "-a" "adba38fec4eafd1c5470c136803e65ee7ace2b7ff83ad243d4e0b8d063c2e06f", kill_on_drop: false }`
[INFO] running `Command { std: "docker" "inspect" "adba38fec4eafd1c5470c136803e65ee7ace2b7ff83ad243d4e0b8d063c2e06f", kill_on_drop: false }`
[INFO] running `Command { std: "docker" "rm" "-f" "adba38fec4eafd1c5470c136803e65ee7ace2b7ff83ad243d4e0b8d063c2e06f", kill_on_drop: false }`
[INFO] [stdout] adba38fec4eafd1c5470c136803e65ee7ace2b7ff83ad243d4e0b8d063c2e06f
[INFO] running `Command { std: "docker" "create" "-v" "/var/lib/crater-agent-workspace/builds/worker-5-tc2/target:/opt/rustwide/target:rw,Z" "-v" "/var/lib/crater-agent-workspace/builds/worker-5-tc2/source:/opt/rustwide/workdir:ro,Z" "-v" "/var/lib/crater-agent-workspace/cargo-home:/opt/rustwide/cargo-home:ro,Z" "-v" "/var/lib/crater-agent-workspace/rustup-home:/opt/rustwide/rustup-home:ro,Z" "-e" "SOURCE_DIR=/opt/rustwide/workdir" "-e" "CARGO_TARGET_DIR=/opt/rustwide/target" "-e" "CARGO_INCREMENTAL=0" "-e" "RUST_BACKTRACE=full" "-e" "RUSTFLAGS=--cap-lints=warn" "-e" "RUSTDOCFLAGS=--cap-lints=warn" "-e" "CARGO_HOME=/opt/rustwide/cargo-home" "-e" "RUSTUP_HOME=/opt/rustwide/rustup-home" "-w" "/opt/rustwide/workdir" "-m" "1610612736" "--user" "0:0" "--network" "none" "ghcr.io/rust-lang/crates-build-env/linux@sha256:5ff2268d62e97bff2cde7d5815dd6ed5b47097566f13b8d0ca110b04b60e07ed" "/opt/rustwide/cargo-home/bin/cargo" "+beta-2023-04-20" "build" "--frozen" "--message-format=json", kill_on_drop: false }`
[INFO] [stdout] ad619816ff719246ae3607476dea3d82fe071979fe4a50d414103380e96e110f
[INFO] running `Command { std: "docker" "start" "-a" "ad619816ff719246ae3607476dea3d82fe071979fe4a50d414103380e96e110f", kill_on_drop: false }`
[INFO] [stderr]     Blocking waiting for file lock on package cache
[INFO] [stderr]    Compiling autocfg v1.1.0
[INFO] [stderr]    Compiling proc-macro2 v1.0.51
[INFO] [stderr]    Compiling unicode-ident v1.0.6
[INFO] [stderr]    Compiling quote v1.0.23
[INFO] [stderr]    Compiling syn v1.0.109
[INFO] [stderr]    Compiling cfg-if v1.0.0
[INFO] [stderr]    Compiling libc v0.2.139
[INFO] [stderr]    Compiling futures-core v0.3.26
[INFO] [stderr]    Compiling version_check v0.9.4
[INFO] [stderr]    Compiling crossbeam-utils v0.8.14
[INFO] [stderr]    Compiling memchr v2.5.0
[INFO] [stderr]    Compiling pin-project-lite v0.2.9
[INFO] [stderr]    Compiling value-bag v1.0.0-alpha.9
[INFO] [stderr]    Compiling event-listener v2.5.3
[INFO] [stderr]    Compiling fastrand v1.9.0
[INFO] [stderr]    Compiling log v0.4.17
[INFO] [stderr]    Compiling futures-io v0.3.26
[INFO] [stderr]    Compiling waker-fn v1.1.0
[INFO] [stderr]    Compiling parking v2.0.0
[INFO] [stderr]    Compiling concurrent-queue v2.1.0
[INFO] [stderr]    Compiling slab v0.4.8
[INFO] [stderr]    Compiling futures-lite v1.12.0
[INFO] [stderr]    Compiling polling v2.5.2
[INFO] [stderr]    Compiling async-io v1.12.0
[INFO] [stderr]    Compiling socket2 v0.4.7
[INFO] [stderr]    Compiling signal-hook v0.3.15
[INFO] [stderr]    Compiling async-task v4.3.0
[INFO] [stderr]    Compiling async-channel v1.8.0
[INFO] [stderr]    Compiling signal-hook-registry v1.4.1
[INFO] [stderr]    Compiling async-process v1.6.0
[INFO] [stderr]    Compiling atomic-waker v1.1.0
[INFO] [stderr]    Compiling async-lock v2.6.0
[INFO] [stderr]    Compiling async-executor v1.5.0
[INFO] [stderr]    Compiling blocking v1.3.0
[INFO] [stderr]    Compiling once_cell v1.17.1
[INFO] [stderr]    Compiling pin-utils v0.1.0
[INFO] [stderr]    Compiling filetime v0.2.20
[INFO] [stderr]    Compiling xattr v0.2.3
[INFO] [stderr]    Compiling ctor v0.1.26
[INFO] [stderr]    Compiling pin-project-internal v1.0.12
[INFO] [stderr]    Compiling pin-project v1.0.12
[INFO] [stderr]    Compiling kv-log-macro v1.0.7
[INFO] [stderr]    Compiling async-global-executor v2.3.1
[INFO] [stderr]    Compiling async-std v1.12.0
[INFO] [stderr]    Compiling async-tar-wasm v0.4.2-wasm.1 (/opt/rustwide/workdir)
[INFO] [stderr]     Finished dev [unoptimized + debuginfo] target(s) in 19.34s
[INFO] running `Command { std: "docker" "inspect" "ad619816ff719246ae3607476dea3d82fe071979fe4a50d414103380e96e110f", kill_on_drop: false }`
[INFO] running `Command { std: "docker" "rm" "-f" "ad619816ff719246ae3607476dea3d82fe071979fe4a50d414103380e96e110f", kill_on_drop: false }`
[INFO] [stdout] ad619816ff719246ae3607476dea3d82fe071979fe4a50d414103380e96e110f
[INFO] running `Command { std: "docker" "create" "-v" "/var/lib/crater-agent-workspace/builds/worker-5-tc2/target:/opt/rustwide/target:rw,Z" "-v" "/var/lib/crater-agent-workspace/builds/worker-5-tc2/source:/opt/rustwide/workdir:ro,Z" "-v" "/var/lib/crater-agent-workspace/cargo-home:/opt/rustwide/cargo-home:ro,Z" "-v" "/var/lib/crater-agent-workspace/rustup-home:/opt/rustwide/rustup-home:ro,Z" "-e" "SOURCE_DIR=/opt/rustwide/workdir" "-e" "CARGO_TARGET_DIR=/opt/rustwide/target" "-e" "CARGO_INCREMENTAL=0" "-e" "RUST_BACKTRACE=full" "-e" "RUSTFLAGS=--cap-lints=warn" "-e" "RUSTDOCFLAGS=--cap-lints=warn" "-e" "CARGO_HOME=/opt/rustwide/cargo-home" "-e" "RUSTUP_HOME=/opt/rustwide/rustup-home" "-w" "/opt/rustwide/workdir" "-m" "1610612736" "--user" "0:0" "--network" "none" "ghcr.io/rust-lang/crates-build-env/linux@sha256:5ff2268d62e97bff2cde7d5815dd6ed5b47097566f13b8d0ca110b04b60e07ed" "/opt/rustwide/cargo-home/bin/cargo" "+beta-2023-04-20" "test" "--frozen" "--no-run" "--message-format=json", kill_on_drop: false }`
[INFO] [stdout] 59aac3dc6f4b8f567b1fe05ae5fa928db7aeb52427d7cf9f6a5f373d50ed0835
[INFO] running `Command { std: "docker" "start" "-a" "59aac3dc6f4b8f567b1fe05ae5fa928db7aeb52427d7cf9f6a5f373d50ed0835", kill_on_drop: false }`
[INFO] [stderr]    Compiling async-attributes v1.1.2
[INFO] [stderr]    Compiling remove_dir_all v0.5.3
[INFO] [stderr]    Compiling static_assertions v1.1.0
[INFO] [stderr]    Compiling tempfile v3.3.0
[INFO] [stderr]    Compiling async-std v1.12.0
[INFO] [stderr]    Compiling async-tar-wasm v0.4.2-wasm.1 (/opt/rustwide/workdir)
[INFO] [stdout] error[E0463]: can't find crate for `async_tar`
[INFO] [stdout]  --> tests/entry.rs:1:1
[INFO] [stdout]   |
[INFO] [stdout] 1 | extern crate async_tar;
[INFO] [stdout]   | ^^^^^^^^^^^^^^^^^^^^^^^ can't find crate
[INFO] [stdout] 
[INFO] [stdout] 
[INFO] [stdout] error[E0463]: can't find crate for `async_tar`
[INFO] [stdout]  --> examples/list.rs:5:1
[INFO] [stdout]   |
[INFO] [stdout] 5 | extern crate async_tar;
[INFO] [stdout]   | ^^^^^^^^^^^^^^^^^^^^^^^ can't find crate
[INFO] [stdout] 
[INFO] [stdout] 
[INFO] [stdout] warning: unused import: `prelude`
[INFO] [stdout]  --> examples/list.rs:7:28
[INFO] [stdout]   |
[INFO] [stdout] 7 | use async_std::{io::stdin, prelude::*};
[INFO] [stdout]   |                            ^^^^^^^
[INFO] [stdout]   |
[INFO] [stdout]   = note: `#[warn(unused_imports)]` on by default
[INFO] [stdout] 
[INFO] [stdout] 
[INFO] [stdout] error: aborting due to previous error; 1 warning emitted
[INFO] [stdout] 
[INFO] [stdout] 
[INFO] [stdout] For more information about this error, try `rustc --explain E0463`.
[INFO] [stdout] 
[INFO] [stderr] error: could not compile `async-tar-wasm` (example "list") due to 2 previous errors; 1 warning emitted
[INFO] [stderr] warning: build failed, waiting for other jobs to finish...
[INFO] [stdout] error[E0463]: can't find crate for `async_tar`
[INFO] [stdout]  --> examples/raw_list.rs:5:1
[INFO] [stdout]   |
[INFO] [stdout] 5 | extern crate async_tar;
[INFO] [stdout]   | ^^^^^^^^^^^^^^^^^^^^^^^ can't find crate
[INFO] [stdout] 
[INFO] [stdout] 
[INFO] [stdout] error[E0463]: can't find crate for `async_tar`
[INFO] [stdout]  --> tests/all.rs:1:1
[INFO] [stdout]   |
[INFO] [stdout] 1 | extern crate async_tar;
[INFO] [stdout]   | ^^^^^^^^^^^^^^^^^^^^^^^ can't find crate
[INFO] [stdout] 
[INFO] [stdout] 
[INFO] [stdout] error: couldn't read tests/archives/simple.tar: No such file or directory (os error 2)
[INFO] [stdout]   --> tests/all.rs:30:10
[INFO] [stdout]    |
[INFO] [stdout] 30 |         &include_bytes!(concat!("archives/", $e))[..]
[INFO] [stdout]    |          ^^^^^^^^^^^^^^^^^^^^^^^^^^^^^^^^^^^^^^^^
[INFO] [stdout] ...
[INFO] [stdout] 40 |     let bytes = tar!("simple.tar");
[INFO] [stdout]    |                 ------------------ in this macro invocation
[INFO] [stdout]    |
[INFO] [stdout]    = note: this error originates in the macro `include_bytes` which comes from the expansion of the macro `tar` (in Nightly builds, run with -Z macro-backtrace for more info)
[INFO] [stdout] 
[INFO] [stdout] 
[INFO] [stdout] error: couldn't read tests/archives/simple.tar: No such file or directory (os error 2)
[INFO] [stdout]   --> tests/all.rs:30:10
[INFO] [stdout]    |
[INFO] [stdout] 30 |         &include_bytes!(concat!("archives/", $e))[..]
[INFO] [stdout]    |          ^^^^^^^^^^^^^^^^^^^^^^^^^^^^^^^^^^^^^^^^
[INFO] [stdout] ...
[INFO] [stdout] 86 |     let ar = Archive::new(Cursor::new(tar!("simple.tar")));
[INFO] [stdout]    |                                       ------------------ in this macro invocation
[INFO] [stdout]    |
[INFO] [stdout]    = note: this error originates in the macro `include_bytes` which comes from the expansion of the macro `tar` (in Nightly builds, run with -Z macro-backtrace for more info)
[INFO] [stdout] 
[INFO] [stdout] 
[INFO] [stdout] error: couldn't read tests/archives/simple_missing_last_header.tar: No such file or directory (os error 2)
[INFO] [stdout]    --> tests/all.rs:30:10
[INFO] [stdout]     |
[INFO] [stdout] 30  |         &include_bytes!(concat!("archives/", $e))[..]
[INFO] [stdout]     |          ^^^^^^^^^^^^^^^^^^^^^^^^^^^^^^^^^^^^^^^^
[INFO] [stdout] ...
[INFO] [stdout] 102 |     let ar = Archive::new(Cursor::new(tar!("simple_missing_last_header.tar")));
[INFO] [stdout]     |                                       -------------------------------------- in this macro invocation
[INFO] [stdout]     |
[INFO] [stdout]     = note: this error originates in the macro `include_bytes` which comes from the expansion of the macro `tar` (in Nightly builds, run with -Z macro-backtrace for more info)
[INFO] [stdout] 
[INFO] [stdout] 
[INFO] [stdout] error: couldn't read tests/archives/reading_files.tar: No such file or directory (os error 2)
[INFO] [stdout]    --> tests/all.rs:30:10
[INFO] [stdout]     |
[INFO] [stdout] 30  |         &include_bytes!(concat!("archives/", $e))[..]
[INFO] [stdout]     |          ^^^^^^^^^^^^^^^^^^^^^^^^^^^^^^^^^^^^^^^^
[INFO] [stdout] ...
[INFO] [stdout] 119 |     let rdr = Cursor::new(tar!("reading_files.tar"));
[INFO] [stdout]     |                           ------------------------- in this macro invocation
[INFO] [stdout]     |
[INFO] [stdout]     = note: this error originates in the macro `include_bytes` which comes from the expansion of the macro `tar` (in Nightly builds, run with -Z macro-backtrace for more info)
[INFO] [stdout] 
[INFO] [stdout] 
[INFO] [stdout] error: couldn't read tests/archives/reading_files.tar: No such file or directory (os error 2)
[INFO] [stdout]    --> tests/all.rs:30:10
[INFO] [stdout]     |
[INFO] [stdout] 30  |         &include_bytes!(concat!("archives/", $e))[..]
[INFO] [stdout]     |          ^^^^^^^^^^^^^^^^^^^^^^^^^^^^^^^^^^^^^^^^
[INFO] [stdout] ...
[INFO] [stdout] 218 |     let rdr = Cursor::new(tar!("reading_files.tar"));
[INFO] [stdout]     |                           ------------------------- in this macro invocation
[INFO] [stdout]     |
[INFO] [stdout]     = note: this error originates in the macro `include_bytes` which comes from the expansion of the macro `tar` (in Nightly builds, run with -Z macro-backtrace for more info)
[INFO] [stdout] 
[INFO] [stdout] 
[INFO] [stdout] error: couldn't read tests/archives/directory.tar: No such file or directory (os error 2)
[INFO] [stdout]    --> tests/all.rs:30:10
[INFO] [stdout]     |
[INFO] [stdout] 30  |         &include_bytes!(concat!("archives/", $e))[..]
[INFO] [stdout]     |          ^^^^^^^^^^^^^^^^^^^^^^^^^^^^^^^^^^^^^^^^
[INFO] [stdout] ...
[INFO] [stdout] 259 |     let rdr = Cursor::new(tar!("directory.tar"));
[INFO] [stdout]     |                           --------------------- in this macro invocation
[INFO] [stdout]     |
[INFO] [stdout]     = note: this error originates in the macro `include_bytes` which comes from the expansion of the macro `tar` (in Nightly builds, run with -Z macro-backtrace for more info)
[INFO] [stdout] 
[INFO] [stdout] 
[INFO] [stdout] error: couldn't read tests/archives/xattrs.tar: No such file or directory (os error 2)
[INFO] [stdout]    --> tests/all.rs:30:10
[INFO] [stdout]     |
[INFO] [stdout] 30  |         &include_bytes!(concat!("archives/", $e))[..]
[INFO] [stdout]     |          ^^^^^^^^^^^^^^^^^^^^^^^^^^^^^^^^^^^^^^^^
[INFO] [stdout] ...
[INFO] [stdout] 273 |     let rdr = Cursor::new(tar!("xattrs.tar"));
[INFO] [stdout]     |                           ------------------ in this macro invocation
[INFO] [stdout]     |
[INFO] [stdout]     = note: this error originates in the macro `include_bytes` which comes from the expansion of the macro `tar` (in Nightly builds, run with -Z macro-backtrace for more info)
[INFO] [stdout] 
[INFO] [stdout] 
[INFO] [stdout] error: couldn't read tests/archives/xattrs.tar: No such file or directory (os error 2)
[INFO] [stdout]    --> tests/all.rs:30:10
[INFO] [stdout]     |
[INFO] [stdout] 30  |         &include_bytes!(concat!("archives/", $e))[..]
[INFO] [stdout]     |          ^^^^^^^^^^^^^^^^^^^^^^^^^^^^^^^^^^^^^^^^
[INFO] [stdout] ...
[INFO] [stdout] 290 |     let rdr = Cursor::new(tar!("xattrs.tar"));
[INFO] [stdout]     |                           ------------------ in this macro invocation
[INFO] [stdout]     |
[INFO] [stdout]     = note: this error originates in the macro `include_bytes` which comes from the expansion of the macro `tar` (in Nightly builds, run with -Z macro-backtrace for more info)
[INFO] [stdout] 
[INFO] [stdout] 
[INFO] [stdout] error[E0463]: can't find crate for `async_tar`
[INFO] [stdout]  --> examples/write.rs:1:1
[INFO] [stdout]   |
[INFO] [stdout] 1 | extern crate async_tar;
[INFO] [stdout]   | ^^^^^^^^^^^^^^^^^^^^^^^ can't find crate
[INFO] [stdout] 
[INFO] [stdout] 
[INFO] [stdout] error: couldn't read tests/archives/duplicate_dirs.tar: No such file or directory (os error 2)
[INFO] [stdout]    --> tests/all.rs:30:10
[INFO] [stdout]     |
[INFO] [stdout] 30  |         &include_bytes!(concat!("archives/", $e))[..]
[INFO] [stdout]     |          ^^^^^^^^^^^^^^^^^^^^^^^^^^^^^^^^^^^^^^^^
[INFO] [stdout] ...
[INFO] [stdout] 421 |     let rdr = Cursor::new(tar!("duplicate_dirs.tar"));
[INFO] [stdout]     |                           -------------------------- in this macro invocation
[INFO] [stdout]     |
[INFO] [stdout]     = note: this error originates in the macro `include_bytes` which comes from the expansion of the macro `tar` (in Nightly builds, run with -Z macro-backtrace for more info)
[INFO] [stdout] 
[INFO] [stdout] 
[INFO] [stdout] warning: unused import: `prelude`
[INFO] [stdout]  --> examples/raw_list.rs:7:28
[INFO] [stdout]   |
[INFO] [stdout] 7 | use async_std::{io::stdin, prelude::*};
[INFO] [stdout]   |                            ^^^^^^^
[INFO] [stdout]   |
[INFO] [stdout]   = note: `#[warn(unused_imports)]` on by default
[INFO] [stdout] 
[INFO] [stdout] 
[INFO] [stdout] error: aborting due to previous error; 1 warning emitted
[INFO] [stdout] 
[INFO] [stdout] 
[INFO] [stdout] For more information about this error, try `rustc --explain E0463`.
[INFO] [stdout] 
[INFO] [stdout] error: couldn't read tests/archives/spaces.tar: No such file or directory (os error 2)
[INFO] [stdout]    --> tests/all.rs:30:10
[INFO] [stdout]     |
[INFO] [stdout] 30  |         &include_bytes!(concat!("archives/", $e))[..]
[INFO] [stdout]     |          ^^^^^^^^^^^^^^^^^^^^^^^^^^^^^^^^^^^^^^^^
[INFO] [stdout] ...
[INFO] [stdout] 587 |     let rdr = Cursor::new(tar!("spaces.tar"));
[INFO] [stdout]     |                           ------------------ in this macro invocation
[INFO] [stdout]     |
[INFO] [stdout]     = note: this error originates in the macro `include_bytes` which comes from the expansion of the macro `tar` (in Nightly builds, run with -Z macro-backtrace for more info)
[INFO] [stdout] 
[INFO] [stdout] 
[INFO] [stdout] error: couldn't read tests/archives/empty_filename.tar: No such file or directory (os error 2)
[INFO] [stdout]    --> tests/all.rs:30:10
[INFO] [stdout]     |
[INFO] [stdout] 30  |         &include_bytes!(concat!("archives/", $e))[..]
[INFO] [stdout]     |          ^^^^^^^^^^^^^^^^^^^^^^^^^^^^^^^^^^^^^^^^
[INFO] [stdout] ...
[INFO] [stdout] 629 |     let rdr = Cursor::new(tar!("empty_filename.tar"));
[INFO] [stdout]     |                           -------------------------- in this macro invocation
[INFO] [stdout]     |
[INFO] [stdout]     = note: this error originates in the macro `include_bytes` which comes from the expansion of the macro `tar` (in Nightly builds, run with -Z macro-backtrace for more info)
[INFO] [stdout] 
[INFO] [stdout] 
[INFO] [stdout] error: couldn't read tests/archives/file_times.tar: No such file or directory (os error 2)
[INFO] [stdout]    --> tests/all.rs:30:10
[INFO] [stdout]     |
[INFO] [stdout] 30  |         &include_bytes!(concat!("archives/", $e))[..]
[INFO] [stdout]     |          ^^^^^^^^^^^^^^^^^^^^^^^^^^^^^^^^^^^^^^^^
[INFO] [stdout] ...
[INFO] [stdout] 637 |     let rdr = Cursor::new(tar!("file_times.tar"));
[INFO] [stdout]     |                           ---------------------- in this macro invocation
[INFO] [stdout]     |
[INFO] [stdout]     = note: this error originates in the macro `include_bytes` which comes from the expansion of the macro `tar` (in Nightly builds, run with -Z macro-backtrace for more info)
[INFO] [stdout] 
[INFO] [stdout] 
[INFO] [stdout] error: couldn't read tests/archives/link.tar: No such file or directory (os error 2)
[INFO] [stdout]    --> tests/all.rs:30:10
[INFO] [stdout]     |
[INFO] [stdout] 30  |         &include_bytes!(concat!("archives/", $e))[..]
[INFO] [stdout]     |          ^^^^^^^^^^^^^^^^^^^^^^^^^^^^^^^^^^^^^^^^
[INFO] [stdout] ...
[INFO] [stdout] 698 |     let ar = Archive::new(Cursor::new(tar!("link.tar")));
[INFO] [stdout]     |                                       ---------------- in this macro invocation
[INFO] [stdout]     |
[INFO] [stdout]     = note: this error originates in the macro `include_bytes` which comes from the expansion of the macro `tar` (in Nightly builds, run with -Z macro-backtrace for more info)
[INFO] [stdout] 
[INFO] [stdout] 
[INFO] [stderr] error: could not compile `async-tar-wasm` (example "raw_list") due to 2 previous errors; 1 warning emitted
[INFO] [stdout] error: couldn't read tests/archives/link.tar: No such file or directory (os error 2)
[INFO] [stdout]    --> tests/all.rs:30:10
[INFO] [stdout]     |
[INFO] [stdout] 30  |         &include_bytes!(concat!("archives/", $e))[..]
[INFO] [stdout]     |          ^^^^^^^^^^^^^^^^^^^^^^^^^^^^^^^^^^^^^^^^
[INFO] [stdout] ...
[INFO] [stdout] 713 |     let ar = Archive::new(Cursor::new(tar!("link.tar")));
[INFO] [stdout]     |                                       ---------------- in this macro invocation
[INFO] [stdout]     |
[INFO] [stdout]     = note: this error originates in the macro `include_bytes` which comes from the expansion of the macro `tar` (in Nightly builds, run with -Z macro-backtrace for more info)
[INFO] [stdout] 
[INFO] [stdout] 
[INFO] [stdout] error: couldn't read tests/archives/pax.tar: No such file or directory (os error 2)
[INFO] [stdout]    --> tests/all.rs:30:10
[INFO] [stdout]     |
[INFO] [stdout] 30  |         &include_bytes!(concat!("archives/", $e))[..]
[INFO] [stdout]     |          ^^^^^^^^^^^^^^^^^^^^^^^^^^^^^^^^^^^^^^^^
[INFO] [stdout] ...
[INFO] [stdout] 727 |     let ar = Archive::new(tar!("pax.tar"));
[INFO] [stdout]     |                           --------------- in this macro invocation
[INFO] [stdout]     |
[INFO] [stdout]     = note: this error originates in the macro `include_bytes` which comes from the expansion of the macro `tar` (in Nightly builds, run with -Z macro-backtrace for more info)
[INFO] [stdout] 
[INFO] [stdout] 
[INFO] [stdout] error: couldn't read tests/archives/pax2.tar: No such file or directory (os error 2)
[INFO] [stdout]    --> tests/all.rs:30:10
[INFO] [stdout]     |
[INFO] [stdout] 30  |         &include_bytes!(concat!("archives/", $e))[..]
[INFO] [stdout]     |          ^^^^^^^^^^^^^^^^^^^^^^^^^^^^^^^^^^^^^^^^
[INFO] [stdout] ...
[INFO] [stdout] 747 |     let ar = Archive::new(tar!("pax2.tar"));
[INFO] [stdout]     |                           ---------------- in this macro invocation
[INFO] [stdout]     |
[INFO] [stdout]     = note: this error originates in the macro `include_bytes` which comes from the expansion of the macro `tar` (in Nightly builds, run with -Z macro-backtrace for more info)
[INFO] [stdout] 
[INFO] [stdout] 
[INFO] [stdout] error: aborting due to previous error
[INFO] [stdout] 
[INFO] [stdout] 
[INFO] [stdout] For more information about this error, try `rustc --explain E0463`.
[INFO] [stdout] 
[INFO] [stdout] error: couldn't read tests/archives/sparse.tar: No such file or directory (os error 2)
[INFO] [stdout]    --> tests/all.rs:30:10
[INFO] [stdout]     |
[INFO] [stdout] 30  |         &include_bytes!(concat!("archives/", $e))[..]
[INFO] [stdout]     |          ^^^^^^^^^^^^^^^^^^^^^^^^^^^^^^^^^^^^^^^^
[INFO] [stdout] ...
[INFO] [stdout] 829 |     let rdr = Cursor::new(tar!("sparse.tar"));
[INFO] [stdout]     |                           ------------------ in this macro invocation
[INFO] [stdout]     |
[INFO] [stdout]     = note: this error originates in the macro `include_bytes` which comes from the expansion of the macro `tar` (in Nightly builds, run with -Z macro-backtrace for more info)
[INFO] [stdout] 
[INFO] [stdout] 
[INFO] [stdout] error: couldn't read tests/archives/sparse.tar: No such file or directory (os error 2)
[INFO] [stdout]    --> tests/all.rs:30:10
[INFO] [stdout]     |
[INFO] [stdout] 30  |         &include_bytes!(concat!("archives/", $e))[..]
[INFO] [stdout]     |          ^^^^^^^^^^^^^^^^^^^^^^^^^^^^^^^^^^^^^^^^
[INFO] [stdout] ...
[INFO] [stdout] 879 |     let rdr = Cursor::new(tar!("sparse.tar"));
[INFO] [stdout]     |                           ------------------ in this macro invocation
[INFO] [stdout]     |
[INFO] [stdout]     = note: this error originates in the macro `include_bytes` which comes from the expansion of the macro `tar` (in Nightly builds, run with -Z macro-backtrace for more info)
[INFO] [stdout] 
[INFO] [stdout] 
[INFO] [stdout] error[E0463]: can't find crate for `async_tar`
[INFO] [stdout]  --> examples/extract_file.rs:7:1
[INFO] [stdout]   |
[INFO] [stdout] 7 | extern crate async_tar;
[INFO] [stdout]   | ^^^^^^^^^^^^^^^^^^^^^^^ can't find crate
[INFO] [stdout] 
[INFO] [stdout] 
[INFO] [stderr] error: could not compile `async-tar-wasm` (example "write") due to 2 previous errors
[INFO] [stdout] warning: unused import: `prelude`
[INFO] [stdout]   --> examples/extract_file.rs:12:5
[INFO] [stdout]    |
[INFO] [stdout] 12 |     prelude::*,
[INFO] [stdout]    |     ^^^^^^^
[INFO] [stdout]    |
[INFO] [stdout]    = note: `#[warn(unused_imports)]` on by default
[INFO] [stdout] 
[INFO] [stdout] 
[INFO] [stdout] error: aborting due to previous error; 1 warning emitted
[INFO] [stdout] 
[INFO] [stdout] 
[INFO] [stdout] error: couldn't read tests/archives/7z_long_path.tar: No such file or directory (os error 2)
[INFO] [stdout]     --> tests/all.rs:30:10
[INFO] [stdout]      |
[INFO] [stdout] 30   |         &include_bytes!(concat!("archives/", $e))[..]
[INFO] [stdout]      |          ^^^^^^^^^^^^^^^^^^^^^^^^^^^^^^^^^^^^^^^^
[INFO] [stdout] ...
[INFO] [stdout] 1103 |     let rdr = Cursor::new(tar!("7z_long_path.tar"));
[INFO] [stdout]      |                           ------------------------ in this macro invocation
[INFO] [stdout]      |
[INFO] [stdout]      = note: this error originates in the macro `include_bytes` which comes from the expansion of the macro `tar` (in Nightly builds, run with -Z macro-backtrace for more info)
[INFO] [stdout] 
[INFO] [stdout] 
[INFO] [stdout] For more information about this error, try `rustc --explain E0463`.
[INFO] [stdout] 
[INFO] [stderr] error: could not compile `async-tar-wasm` (example "extract_file") due to 2 previous errors; 1 warning emitted
[INFO] [stdout] error: aborting due to previous error
[INFO] [stdout] 
[INFO] [stdout] 
[INFO] [stdout] For more information about this error, try `rustc --explain E0463`.
[INFO] [stdout] 
[INFO] [stderr] error: could not compile `async-tar-wasm` (test "entry") due to 2 previous errors
[INFO] [stdout] error: aborting due to 20 previous errors
[INFO] [stdout] 
[INFO] [stdout] 
[INFO] [stdout] For more information about this error, try `rustc --explain E0463`.
[INFO] [stdout] 
[INFO] [stderr] error: could not compile `async-tar-wasm` (test "all") due to 21 previous errors
[INFO] running `Command { std: "docker" "inspect" "59aac3dc6f4b8f567b1fe05ae5fa928db7aeb52427d7cf9f6a5f373d50ed0835", kill_on_drop: false }`
[INFO] running `Command { std: "docker" "rm" "-f" "59aac3dc6f4b8f567b1fe05ae5fa928db7aeb52427d7cf9f6a5f373d50ed0835", kill_on_drop: false }`
[INFO] [stdout] 59aac3dc6f4b8f567b1fe05ae5fa928db7aeb52427d7cf9f6a5f373d50ed0835
