[INFO] fetching crate async-nats 0.29.0...
[INFO] testing async-nats-0.29.0 against beta-2023-04-20 for beta-1.70-1
[INFO] extracting crate async-nats 0.29.0 into /workspace/builds/worker-7-tc2/source
[INFO] validating manifest of crates.io crate async-nats 0.29.0 on toolchain beta-2023-04-20
[INFO] running `Command { std: CARGO_HOME="/workspace/cargo-home" RUSTUP_HOME="/workspace/rustup-home" "/workspace/cargo-home/bin/cargo" "+beta-2023-04-20" "metadata" "--manifest-path" "Cargo.toml" "--no-deps", kill_on_drop: false }`
[INFO] started tweaking crates.io crate async-nats 0.29.0
[INFO] finished tweaking crates.io crate async-nats 0.29.0
[INFO] tweaked toml for crates.io crate async-nats 0.29.0 written to /workspace/builds/worker-7-tc2/source/Cargo.toml
[INFO] crate crates.io crate async-nats 0.29.0 already has a lockfile, it will not be regenerated
[INFO] running `Command { std: CARGO_HOME="/workspace/cargo-home" RUSTUP_HOME="/workspace/rustup-home" "/workspace/cargo-home/bin/cargo" "+beta-2023-04-20" "fetch" "--manifest-path" "Cargo.toml", kill_on_drop: false }`
[INFO] [stderr]     Updating crates.io index
[INFO] [stderr]  Downloading crates ...
[INFO] [stderr]   Downloaded regex v1.7.2
[INFO] [stderr]   Downloaded zeroize_derive v1.3.3
[INFO] [stderr]   Downloaded thread_local v1.1.7
[INFO] [stderr]   Downloaded signatory v0.23.2
[INFO] [stderr]   Downloaded unicode-xid v0.2.4
[INFO] [stderr]   Downloaded serde_cbor v0.11.2
[INFO] [stderr]   Downloaded signature v1.6.4
[INFO] [stderr]   Downloaded rustls-native-certs v0.6.2
[INFO] [stderr]   Downloaded base64-url v1.4.13
[INFO] [stderr]   Downloaded rustls-webpki v0.100.0
[INFO] [stderr]   Downloaded async-nats-tokio-rustls-deps v0.24.0-ALPHA.1
[INFO] [stderr]   Downloaded nkeys v0.2.0
[INFO] [stderr]   Downloaded generic-array v0.14.6
[INFO] [stderr]   Downloaded walkdir v2.3.3
[INFO] [stderr]   Downloaded futures-task v0.3.27
[INFO] [stderr]   Downloaded futures-core v0.3.27
[INFO] [stderr]   Downloaded criterion-plot v0.4.5
[INFO] [stderr]   Downloaded futures-io v0.3.27
[INFO] [stderr]   Downloaded criterion v0.3.6
[INFO] [stderr]   Downloaded serde_json v1.0.94
[INFO] [stderr]   Downloaded serde v1.0.158
[INFO] [stderr]   Downloaded csv-core v0.1.10
[INFO] [stderr]   Downloaded aho-corasick v0.7.20
[INFO] [stderr]   Downloaded base64 v0.13.1
[INFO] [stderr]   Downloaded rayon v1.7.0
[INFO] [stderr]   Downloaded time v0.3.20
[INFO] [stderr]   Downloaded curve25519-dalek v3.2.0
[INFO] [stderr]   Downloaded syn v2.0.8
[INFO] [stderr]   Downloaded rustls v0.21.0-alpha.1
[INFO] [stderr]   Downloaded libc v0.2.140
[INFO] [stderr]   Downloaded csv v1.2.1
[INFO] [stderr]   Downloaded tokio v1.26.0
[INFO] [stderr]   Downloaded time-macros v0.2.8
[INFO] [stderr]   Downloaded tracing v0.1.37
[INFO] [stderr]   Downloaded tracing-subscriber v0.3.16
[INFO] [stderr]   Downloaded futures-sink v0.3.27
[INFO] [stderr]   Downloaded rustls-pemfile v1.0.2
[INFO] [stderr]   Downloaded futures-channel v0.3.27
[INFO] [stderr]   Downloaded futures-util v0.3.27
[INFO] [stderr]   Downloaded serde_derive v1.0.158
[INFO] [stderr]   Downloaded futures-macro v0.3.27
[INFO] [stderr]   Downloaded futures v0.3.27
[INFO] [stderr]   Downloaded tracing-attributes v0.1.23
[INFO] [stderr]   Downloaded data-encoding v2.3.3
[INFO] [stderr]   Downloaded subtle v2.5.0
[INFO] [stderr]   Downloaded time-core v0.1.0
[INFO] [stderr]   Downloaded ppv-lite86 v0.2.17
[INFO] [stderr]   Downloaded getrandom v0.2.8
[INFO] [stderr]   Downloaded rand_core v0.6.4
[INFO] [stderr]   Downloaded nu-ansi-term v0.46.0
[INFO] [stderr]   Downloaded overload v0.1.1
[INFO] [stderr]   Downloaded ed25519 v1.5.3
[INFO] [stderr]   Downloaded crossbeam-channel v0.5.7
[INFO] [stderr]   Downloaded serde_nanos v0.1.3
[INFO] [stderr]   Downloaded serde_repr v0.1.12
[INFO] [stderr]   Downloaded tokio-retry v0.3.0
[INFO] [stderr]   Downloaded proc-macro2 v1.0.53
[INFO] [stderr]   Downloaded tokio-macros v1.8.2
[INFO] [stderr]   Downloaded regex-syntax v0.6.29
[INFO] [stderr]   Downloaded zeroize v1.5.7
[INFO] [stderr]   Downloaded nuid v0.3.2
[INFO] running `Command { std: "docker" "create" "-v" "/var/lib/crater-agent-workspace/builds/worker-7-tc2/target:/opt/rustwide/target:rw,Z" "-v" "/var/lib/crater-agent-workspace/builds/worker-7-tc2/source:/opt/rustwide/workdir:ro,Z" "-v" "/var/lib/crater-agent-workspace/cargo-home:/opt/rustwide/cargo-home:ro,Z" "-v" "/var/lib/crater-agent-workspace/rustup-home:/opt/rustwide/rustup-home:ro,Z" "-e" "SOURCE_DIR=/opt/rustwide/workdir" "-e" "CARGO_TARGET_DIR=/opt/rustwide/target" "-e" "CARGO_HOME=/opt/rustwide/cargo-home" "-e" "RUSTUP_HOME=/opt/rustwide/rustup-home" "-w" "/opt/rustwide/workdir" "-m" "1610612736" "--user" "0:0" "--network" "none" "ghcr.io/rust-lang/crates-build-env/linux@sha256:5ff2268d62e97bff2cde7d5815dd6ed5b47097566f13b8d0ca110b04b60e07ed" "/opt/rustwide/cargo-home/bin/cargo" "+beta-2023-04-20" "metadata" "--no-deps" "--format-version=1", kill_on_drop: false }`
[INFO] [stdout] 9d4e1cdac95e8b4485d0ee6ad11d2ac100db6c49aab72fcd9da235c219c86955
[INFO] running `Command { std: "docker" "start" "-a" "9d4e1cdac95e8b4485d0ee6ad11d2ac100db6c49aab72fcd9da235c219c86955", kill_on_drop: false }`
[INFO] running `Command { std: "docker" "inspect" "9d4e1cdac95e8b4485d0ee6ad11d2ac100db6c49aab72fcd9da235c219c86955", kill_on_drop: false }`
[INFO] running `Command { std: "docker" "rm" "-f" "9d4e1cdac95e8b4485d0ee6ad11d2ac100db6c49aab72fcd9da235c219c86955", kill_on_drop: false }`
[INFO] [stdout] 9d4e1cdac95e8b4485d0ee6ad11d2ac100db6c49aab72fcd9da235c219c86955
[INFO] running `Command { std: "docker" "create" "-v" "/var/lib/crater-agent-workspace/builds/worker-7-tc2/target:/opt/rustwide/target:rw,Z" "-v" "/var/lib/crater-agent-workspace/builds/worker-7-tc2/source:/opt/rustwide/workdir:ro,Z" "-v" "/var/lib/crater-agent-workspace/cargo-home:/opt/rustwide/cargo-home:ro,Z" "-v" "/var/lib/crater-agent-workspace/rustup-home:/opt/rustwide/rustup-home:ro,Z" "-e" "SOURCE_DIR=/opt/rustwide/workdir" "-e" "CARGO_TARGET_DIR=/opt/rustwide/target" "-e" "CARGO_INCREMENTAL=0" "-e" "RUST_BACKTRACE=full" "-e" "RUSTFLAGS=--cap-lints=warn" "-e" "RUSTDOCFLAGS=--cap-lints=warn" "-e" "CARGO_HOME=/opt/rustwide/cargo-home" "-e" "RUSTUP_HOME=/opt/rustwide/rustup-home" "-w" "/opt/rustwide/workdir" "-m" "1610612736" "--user" "0:0" "--network" "none" "ghcr.io/rust-lang/crates-build-env/linux@sha256:5ff2268d62e97bff2cde7d5815dd6ed5b47097566f13b8d0ca110b04b60e07ed" "/opt/rustwide/cargo-home/bin/cargo" "+beta-2023-04-20" "build" "--frozen" "--message-format=json", kill_on_drop: false }`
[INFO] [stdout] 8a765374c29404105329781d0d4d320b13f92915abb72837fcf30c501c9a1ebf
[INFO] running `Command { std: "docker" "start" "-a" "8a765374c29404105329781d0d4d320b13f92915abb72837fcf30c501c9a1ebf", kill_on_drop: false }`
[INFO] [stderr]     Blocking waiting for file lock on package cache
[INFO] [stderr]    Compiling proc-macro2 v1.0.53
[INFO] [stderr]    Compiling syn v1.0.109
[INFO] [stderr]    Compiling libc v0.2.140
[INFO] [stderr]    Compiling typenum v1.16.0
[INFO] [stderr]    Compiling cc v1.0.79
[INFO] [stderr]    Compiling generic-array v0.14.6
[INFO] [stderr]    Compiling once_cell v1.17.1
[INFO] [stderr]    Compiling log v0.4.17
[INFO] [stderr]    Compiling unicode-xid v0.2.4
[INFO] [stderr]    Compiling serde_derive v1.0.158
[INFO] [stderr]    Compiling futures-core v0.3.27
[INFO] [stderr]    Compiling const-oid v0.6.2
[INFO] [stderr]    Compiling ppv-lite86 v0.2.17
[INFO] [stderr]    Compiling serde v1.0.158
[INFO] [stderr]    Compiling der v0.4.5
[INFO] [stderr]    Compiling tokio v1.26.0
[INFO] [stderr]    Compiling quote v1.0.26
[INFO] [stderr]    Compiling syn v2.0.8
[INFO] [stderr]    Compiling getrandom v0.2.8
[INFO] [stderr]    Compiling slab v0.4.8
[INFO] [stderr]    Compiling tinyvec_macros v0.1.1
[INFO] [stderr]    Compiling futures-task v0.3.27
[INFO] [stderr]    Compiling ring v0.16.20
[INFO] [stderr]    Compiling rand_core v0.6.4
[INFO] [stderr]    Compiling base64ct v1.1.1
[INFO] [stderr]    Compiling rand_chacha v0.3.1
[INFO] [stderr]    Compiling futures-channel v0.3.27
[INFO] [stderr]    Compiling bytes v1.4.0
[INFO] [stderr]    Compiling signature v1.6.4
[INFO] [stderr]    Compiling rand v0.8.5
[INFO] [stderr]    Compiling pem-rfc7468 v0.2.4
[INFO] [stderr]    Compiling digest v0.9.0
[INFO] [stderr]    Compiling block-buffer v0.9.0
[INFO] [stderr]    Compiling tinyvec v1.6.0
[INFO] [stderr]    Compiling spki v0.4.1
[INFO] [stderr]    Compiling socket2 v0.4.9
[INFO] [stderr]    Compiling mio v0.8.6
[INFO] [stderr]    Compiling num_cpus v1.15.0
[INFO] [stderr]    Compiling futures-util v0.3.27
[INFO] [stderr]    Compiling rand_core v0.5.1
[INFO] [stderr]    Compiling rustls v0.21.0-alpha.1
[INFO] [stderr]    Compiling subtle v2.5.0
[INFO] [stderr]    Compiling futures-sink v0.3.27
[INFO] [stderr]    Compiling cpufeatures v0.2.5
[INFO] [stderr]    Compiling unicode-normalization v0.1.22
[INFO] [stderr]    Compiling sha2 v0.9.9
[INFO] [stderr]    Compiling ed25519 v1.5.3
[INFO] [stderr]    Compiling base64 v0.21.0
[INFO] [stderr]    Compiling serde_json v1.0.94
[INFO] [stderr]    Compiling futures-io v0.3.27
[INFO] [stderr]    Compiling unicode-bidi v0.3.13
[INFO] [stderr]    Compiling thiserror v1.0.40
[INFO] [stderr]    Compiling rustls-pemfile v1.0.2
[INFO] [stderr]    Compiling thiserror-impl v1.0.40
[INFO] [stderr]    Compiling idna v0.3.0
[INFO] [stderr]    Compiling aho-corasick v0.7.20
[INFO] [stderr]    Compiling synstructure v0.12.6
[INFO] [stderr]    Compiling sct v0.7.0
[INFO] [stderr]    Compiling rustls-webpki v0.100.0
[INFO] [stderr]    Compiling webpki v0.22.0
[INFO] [stderr]    Compiling tracing-core v0.1.30
[INFO] [stderr]    Compiling base64 v0.13.1
[INFO] [stderr]    Compiling regex-syntax v0.6.29
[INFO] [stderr]    Compiling openssl-probe v0.1.5
[INFO] [stderr]    Compiling time-core v0.1.0
[INFO] [stderr]    Compiling data-encoding v2.3.3
[INFO] [stderr]    Compiling nuid v0.3.2
[INFO] [stderr]    Compiling http v0.2.9
[INFO] [stderr]    Compiling rustls-native-certs v0.6.2
[INFO] [stderr]    Compiling base64-url v1.4.13
[INFO] [stderr]    Compiling url v2.3.1
[INFO] [stderr]    Compiling serde_repr v0.1.12
[INFO] [stderr]    Compiling zeroize_derive v1.3.3
[INFO] [stderr]    Compiling tokio-macros v1.8.2
[INFO] [stderr]    Compiling pin-project-internal v1.0.12
[INFO] [stderr]    Compiling futures-macro v0.3.27
[INFO] [stderr]    Compiling tracing-attributes v0.1.23
[INFO] [stderr]    Compiling zeroize v1.5.7
[INFO] [stderr]    Compiling pkcs8 v0.7.6
[INFO] [stderr]    Compiling curve25519-dalek v3.2.0
[INFO] [stderr]    Compiling pin-project v1.0.12
[INFO] [stderr]    Compiling signatory v0.23.2
[INFO] [stderr]    Compiling regex v1.7.2
[INFO] [stderr]    Compiling ed25519-dalek v1.0.1
[INFO] [stderr]    Compiling tracing v0.1.37
[INFO] [stderr]    Compiling nkeys v0.2.0
[INFO] [stderr]    Compiling serde_nanos v0.1.3
[INFO] [stderr]    Compiling time v0.3.20
[INFO] [stderr]    Compiling futures v0.3.27
[INFO] [stderr]    Compiling async-nats-tokio-rustls-deps v0.24.0-ALPHA.1
[INFO] [stderr]    Compiling tokio-retry v0.3.0
[INFO] [stderr]    Compiling async-nats v0.29.0 (/opt/rustwide/workdir)
[INFO] [stderr]     Finished dev [unoptimized + debuginfo] target(s) in 44.39s
[INFO] running `Command { std: "docker" "inspect" "8a765374c29404105329781d0d4d320b13f92915abb72837fcf30c501c9a1ebf", kill_on_drop: false }`
[INFO] running `Command { std: "docker" "rm" "-f" "8a765374c29404105329781d0d4d320b13f92915abb72837fcf30c501c9a1ebf", kill_on_drop: false }`
[INFO] [stdout] 8a765374c29404105329781d0d4d320b13f92915abb72837fcf30c501c9a1ebf
[INFO] running `Command { std: "docker" "create" "-v" "/var/lib/crater-agent-workspace/builds/worker-7-tc2/target:/opt/rustwide/target:rw,Z" "-v" "/var/lib/crater-agent-workspace/builds/worker-7-tc2/source:/opt/rustwide/workdir:ro,Z" "-v" "/var/lib/crater-agent-workspace/cargo-home:/opt/rustwide/cargo-home:ro,Z" "-v" "/var/lib/crater-agent-workspace/rustup-home:/opt/rustwide/rustup-home:ro,Z" "-e" "SOURCE_DIR=/opt/rustwide/workdir" "-e" "CARGO_TARGET_DIR=/opt/rustwide/target" "-e" "CARGO_INCREMENTAL=0" "-e" "RUST_BACKTRACE=full" "-e" "RUSTFLAGS=--cap-lints=warn" "-e" "RUSTDOCFLAGS=--cap-lints=warn" "-e" "CARGO_HOME=/opt/rustwide/cargo-home" "-e" "RUSTUP_HOME=/opt/rustwide/rustup-home" "-w" "/opt/rustwide/workdir" "-m" "1610612736" "--user" "0:0" "--network" "none" "ghcr.io/rust-lang/crates-build-env/linux@sha256:5ff2268d62e97bff2cde7d5815dd6ed5b47097566f13b8d0ca110b04b60e07ed" "/opt/rustwide/cargo-home/bin/cargo" "+beta-2023-04-20" "test" "--frozen" "--no-run" "--message-format=json", kill_on_drop: false }`
[INFO] [stdout] 8d4f8e5673db65850547424ade9e9faf3564199294a6bc9fd8cd19b3b7611d0e
[INFO] running `Command { std: "docker" "start" "-a" "8d4f8e5673db65850547424ade9e9faf3564199294a6bc9fd8cd19b3b7611d0e", kill_on_drop: false }`
[INFO] [stderr]    Compiling crossbeam-utils v0.8.15
[INFO] [stderr]    Compiling memoffset v0.8.0
[INFO] [stderr]    Compiling crossbeam-epoch v0.9.14
[INFO] [stderr]    Compiling num-traits v0.2.15
[INFO] [stderr]    Compiling rayon-core v1.11.0
[INFO] [stderr]    Compiling either v1.8.1
[INFO] [stderr]    Compiling unicode-width v0.1.10
[INFO] [stderr]    Compiling plotters-backend v0.3.4
[INFO] [stderr]    Compiling textwrap v0.11.0
[INFO] [stderr]    Compiling itertools v0.10.5
[INFO] [stderr]    Compiling csv-core v0.1.10
[INFO] [stderr]    Compiling plotters-svg v0.3.3
[INFO] [stderr]    Compiling cast v0.3.0
[INFO] [stderr]    Compiling half v1.8.2
[INFO] [stderr]    Compiling overload v0.1.1
[INFO] [stderr]    Compiling walkdir v2.3.3
[INFO] [stderr]    Compiling crossbeam-channel v0.5.7
[INFO] [stderr]    Compiling nu-ansi-term v0.46.0
[INFO] [stderr]    Compiling serde_cbor v0.11.2
[INFO] [stderr]    Compiling crossbeam-deque v0.8.3
[INFO] [stderr]    Compiling clap v2.34.0
[INFO] [stderr]    Compiling csv v1.2.1
[INFO] [stderr]    Compiling tinytemplate v1.2.1
[INFO] [stderr]    Compiling tracing-log v0.1.3
[INFO] [stderr]    Compiling rayon v1.7.0
[INFO] [stderr]    Compiling criterion-plot v0.4.5
[INFO] [stderr]    Compiling plotters v0.3.4
[INFO] [stderr]    Compiling sharded-slab v0.1.4
[INFO] [stderr]    Compiling atty v0.2.14
[INFO] [stderr]    Compiling thread_local v1.1.7
[INFO] [stderr]    Compiling smallvec v1.10.0
[INFO] [stderr]    Compiling oorandom v11.1.3
[INFO] [stderr]    Compiling tracing-subscriber v0.3.16
[INFO] [stderr]    Compiling criterion v0.3.6
[INFO] [stderr]    Compiling async-nats v0.29.0 (/opt/rustwide/workdir)
[INFO] [stdout] error[E0433]: failed to resolve: use of undeclared crate or module `nats_server`
[INFO] [stdout]   --> tests/nkey_tests.rs:21:17
[INFO] [stdout]    |
[INFO] [stdout] 21 |         let s = nats_server::run_server("tests/configs/nkey.conf");
[INFO] [stdout]    |                 ^^^^^^^^^^^ use of undeclared crate or module `nats_server`
[INFO] [stdout] 
[INFO] [stdout] 
[INFO] [stdout] error[E0433]: failed to resolve: use of undeclared crate or module `nats_server`
[INFO] [stdout]   --> tests/nkey_tests.rs:39:13
[INFO] [stdout]    |
[INFO] [stdout] 39 |             nats_server::run_server("tests/configs/nkey.conf"),
[INFO] [stdout]    |             ^^^^^^^^^^^ use of undeclared crate or module `nats_server`
[INFO] [stdout] 
[INFO] [stdout] 
[INFO] [stdout] error[E0433]: failed to resolve: use of undeclared crate or module `nats_server`
[INFO] [stdout]   --> tests/nkey_tests.rs:40:13
[INFO] [stdout]    |
[INFO] [stdout] 40 |             nats_server::run_server("tests/configs/nkey.conf"),
[INFO] [stdout]    |             ^^^^^^^^^^^ use of undeclared crate or module `nats_server`
[INFO] [stdout] 
[INFO] [stdout] 
[INFO] [stdout] error[E0433]: failed to resolve: use of undeclared crate or module `nats_server`
[INFO] [stdout]   --> tests/nkey_tests.rs:41:13
[INFO] [stdout]    |
[INFO] [stdout] 41 |             nats_server::run_server("tests/configs/nkey.conf"),
[INFO] [stdout]    |             ^^^^^^^^^^^ use of undeclared crate or module `nats_server`
[INFO] [stdout] 
[INFO] [stdout] 
[INFO] [stdout] warning: unused import: `futures::stream::StreamExt`
[INFO] [stdout]   --> tests/nkey_tests.rs:15:9
[INFO] [stdout]    |
[INFO] [stdout] 15 |     use futures::stream::StreamExt;
[INFO] [stdout]    |         ^^^^^^^^^^^^^^^^^^^^^^^^^^
[INFO] [stdout]    |
[INFO] [stdout]    = note: `#[warn(unused_imports)]` on by default
[INFO] [stdout] 
[INFO] [stdout] 
[INFO] [stdout] error: aborting due to 4 previous errors; 1 warning emitted
[INFO] [stdout] 
[INFO] [stdout] 
[INFO] [stdout] For more information about this error, try `rustc --explain E0433`.
[INFO] [stdout] 
[INFO] [stderr] error: could not compile `async-nats` (test "nkey_tests") due to 5 previous errors; 1 warning emitted
[INFO] [stderr] warning: build failed, waiting for other jobs to finish...
[INFO] [stdout] error[E0433]: failed to resolve: use of undeclared crate or module `nats_server`
[INFO] [stdout]   --> tests/kv_tests.rs:29:22
[INFO] [stdout]    |
[INFO] [stdout] 29 |         let server = nats_server::run_server("tests/configs/jetstream.conf");
[INFO] [stdout]    |                      ^^^^^^^^^^^ use of undeclared crate or module `nats_server`
[INFO] [stdout] 
[INFO] [stdout] 
[INFO] [stdout] error[E0433]: failed to resolve: use of undeclared crate or module `nats_server`
[INFO] [stdout]   --> tests/kv_tests.rs:57:22
[INFO] [stdout]    |
[INFO] [stdout] 57 |         let server = nats_server::run_server("tests/configs/jetstream.conf");
[INFO] [stdout]    |                      ^^^^^^^^^^^ use of undeclared crate or module `nats_server`
[INFO] [stdout] 
[INFO] [stdout] 
[INFO] [stdout] error[E0433]: failed to resolve: use of undeclared crate or module `nats_server`
[INFO] [stdout]   --> tests/kv_tests.rs:89:22
[INFO] [stdout]    |
[INFO] [stdout] 89 |         let server = nats_server::run_server("tests/configs/jetstream.conf");
[INFO] [stdout]    |                      ^^^^^^^^^^^ use of undeclared crate or module `nats_server`
[INFO] [stdout] 
[INFO] [stdout] 
[INFO] [stdout] error[E0433]: failed to resolve: use of undeclared crate or module `nats_server`
[INFO] [stdout]    --> tests/kv_tests.rs:123:22
[INFO] [stdout]     |
[INFO] [stdout] 123 |         let server = nats_server::run_server("tests/configs/jetstream.conf");
[INFO] [stdout]     |                      ^^^^^^^^^^^ use of undeclared crate or module `nats_server`
[INFO] [stdout] 
[INFO] [stdout] 
[INFO] [stdout] error[E0433]: failed to resolve: use of undeclared crate or module `nats_server`
[INFO] [stdout]    --> tests/kv_tests.rs:176:22
[INFO] [stdout]     |
[INFO] [stdout] 176 |         let server = nats_server::run_server("tests/configs/jetstream.conf");
[INFO] [stdout]     |                      ^^^^^^^^^^^ use of undeclared crate or module `nats_server`
[INFO] [stdout] 
[INFO] [stdout] 
[INFO] [stdout] error[E0433]: failed to resolve: use of undeclared crate or module `nats_server`
[INFO] [stdout]    --> tests/kv_tests.rs:212:22
[INFO] [stdout]     |
[INFO] [stdout] 212 |         let server = nats_server::run_server("tests/configs/jetstream.conf");
[INFO] [stdout]     |                      ^^^^^^^^^^^ use of undeclared crate or module `nats_server`
[INFO] [stdout] 
[INFO] [stdout] 
[INFO] [stdout] error[E0433]: failed to resolve: use of undeclared crate or module `nats_server`
[INFO] [stdout]    --> tests/kv_tests.rs:252:22
[INFO] [stdout]     |
[INFO] [stdout] 252 |         let server = nats_server::run_server("tests/configs/jetstream.conf");
[INFO] [stdout]     |                      ^^^^^^^^^^^ use of undeclared crate or module `nats_server`
[INFO] [stdout] 
[INFO] [stdout] 
[INFO] [stdout] error[E0433]: failed to resolve: use of undeclared crate or module `nats_server`
[INFO] [stdout]    --> tests/kv_tests.rs:293:22
[INFO] [stdout]     |
[INFO] [stdout] 293 |         let server = nats_server::run_server("tests/configs/jetstream.conf");
[INFO] [stdout]     |                      ^^^^^^^^^^^ use of undeclared crate or module `nats_server`
[INFO] [stdout] 
[INFO] [stdout] 
[INFO] [stdout] error[E0433]: failed to resolve: use of undeclared crate or module `nats_server`
[INFO] [stdout]    --> tests/kv_tests.rs:331:22
[INFO] [stdout]     |
[INFO] [stdout] 331 |         let server = nats_server::run_server("tests/configs/jetstream.conf");
[INFO] [stdout]     |                      ^^^^^^^^^^^ use of undeclared crate or module `nats_server`
[INFO] [stdout] 
[INFO] [stdout] 
[INFO] [stdout] error[E0433]: failed to resolve: use of undeclared crate or module `nats_server`
[INFO] [stdout]    --> tests/kv_tests.rs:390:22
[INFO] [stdout]     |
[INFO] [stdout] 390 |         let server = nats_server::run_server("tests/configs/jetstream.conf");
[INFO] [stdout]     |                      ^^^^^^^^^^^ use of undeclared crate or module `nats_server`
[INFO] [stdout] 
[INFO] [stdout] 
[INFO] [stdout] error[E0433]: failed to resolve: use of undeclared crate or module `nats_server`
[INFO] [stdout]    --> tests/kv_tests.rs:443:22
[INFO] [stdout]     |
[INFO] [stdout] 443 |         let server = nats_server::run_server("tests/configs/jetstream.conf");
[INFO] [stdout]     |                      ^^^^^^^^^^^ use of undeclared crate or module `nats_server`
[INFO] [stdout] 
[INFO] [stdout] 
[INFO] [stdout] error[E0433]: failed to resolve: use of undeclared crate or module `nats_server`
[INFO] [stdout]    --> tests/kv_tests.rs:535:22
[INFO] [stdout]     |
[INFO] [stdout] 535 |         let server = nats_server::run_server("tests/configs/jetstream.conf");
[INFO] [stdout]     |                      ^^^^^^^^^^^ use of undeclared crate or module `nats_server`
[INFO] [stdout] 
[INFO] [stdout] 
[INFO] [stdout] error[E0433]: failed to resolve: use of undeclared crate or module `nats_server`
[INFO] [stdout]    --> tests/kv_tests.rs:571:26
[INFO] [stdout]     |
[INFO] [stdout] 571 |         let hub_server = nats_server::run_server("tests/configs/jetstream_hub.conf");
[INFO] [stdout]     |                          ^^^^^^^^^^^ use of undeclared crate or module `nats_server`
[INFO] [stdout] 
[INFO] [stdout] 
[INFO] [stdout] error[E0433]: failed to resolve: use of undeclared crate or module `nats_server`
[INFO] [stdout]    --> tests/kv_tests.rs:572:27
[INFO] [stdout]     |
[INFO] [stdout] 572 |         let leaf_server = nats_server::run_server("tests/configs/jetstream_leaf.conf");
[INFO] [stdout]     |                           ^^^^^^^^^^^ use of undeclared crate or module `nats_server`
[INFO] [stdout] 
[INFO] [stdout] 
[INFO] [stdout] error: aborting due to 14 previous errors
[INFO] [stdout] 
[INFO] [stdout] 
[INFO] [stdout] For more information about this error, try `rustc --explain E0433`.
[INFO] [stdout] 
[INFO] [stderr] error: could not compile `async-nats` (test "kv_tests") due to 15 previous errors
[INFO] [stderr] error: could not compile `async-nats` (lib test)
[INFO] [stderr] 
[INFO] [stderr] Caused by:
[INFO] [stderr]   process didn't exit successfully: `rustc --crate-name async_nats --edition=2021 src/lib.rs --error-format=json --json=diagnostic-rendered-ansi,artifacts,future-incompat --emit=dep-info,link -C embed-bitcode=no -C debuginfo=2 --test -C metadata=16dffadca39cb6b0 -C extra-filename=-16dffadca39cb6b0 --out-dir /opt/rustwide/target/debug/deps -L dependency=/opt/rustwide/target/debug/deps --extern tokio_rustls=/opt/rustwide/target/debug/deps/libasync_nats_tokio_rustls_deps-8026ef67d43c0201.rlib --extern base64=/opt/rustwide/target/debug/deps/libbase64-0c872e3f7d1ba17a.rlib --extern base64_url=/opt/rustwide/target/debug/deps/libbase64_url-cb39e848f9b0de32.rlib --extern bytes=/opt/rustwide/target/debug/deps/libbytes-ae855e71327d1b48.rlib --extern criterion=/opt/rustwide/target/debug/deps/libcriterion-7b2185f8f2f60567.rlib --extern futures=/opt/rustwide/target/debug/deps/libfutures-6c3b25899604482e.rlib --extern http=/opt/rustwide/target/debug/deps/libhttp-df05c4d3a64fcb1b.rlib --extern itoa=/opt/rustwide/target/debug/deps/libitoa-ef51536650fd4ae2.rlib --extern memchr=/opt/rustwide/target/debug/deps/libmemchr-f4ebff342237ab92.rlib --extern nkeys=/opt/rustwide/target/debug/deps/libnkeys-dc593b1ee95c6768.rlib --extern nuid=/opt/rustwide/target/debug/deps/libnuid-4615d65e587d112e.rlib --extern once_cell=/opt/rustwide/target/debug/deps/libonce_cell-4515fa40a5ce4b0c.rlib --extern rand=/opt/rustwide/target/debug/deps/librand-06c18629a46fa60f.rlib --extern regex=/opt/rustwide/target/debug/deps/libregex-20852e3a29b87b6b.rlib --extern ring=/opt/rustwide/target/debug/deps/libring-a7d20c03727375a7.rlib --extern rustls_native_certs=/opt/rustwide/target/debug/deps/librustls_native_certs-b97ce778bd67abe5.rlib --extern rustls_pemfile=/opt/rustwide/target/debug/deps/librustls_pemfile-2cdb1105fda109ec.rlib --extern serde=/opt/rustwide/target/debug/deps/libserde-dbd867b1efc3dabb.rlib --extern serde_json=/opt/rustwide/target/debug/deps/libserde_json-70a4281da442f5a3.rlib --extern serde_nanos=/opt/rustwide/target/debug/deps/libserde_nanos-274b0215f633e460.rlib --extern serde_repr=/opt/rustwide/target/debug/deps/libserde_repr-4391a7a5e60a6080.so --extern thiserror=/opt/rustwide/target/debug/deps/libthiserror-2901e98cc56786b8.rlib --extern time=/opt/rustwide/target/debug/deps/libtime-9fe8bf9185102826.rlib --extern tokio=/opt/rustwide/target/debug/deps/libtokio-3f2af71c591fd324.rlib --extern tokio_retry=/opt/rustwide/target/debug/deps/libtokio_retry-04f352727fd4345b.rlib --extern tracing=/opt/rustwide/target/debug/deps/libtracing-93fa43d1b5ec7c84.rlib --extern tracing_subscriber=/opt/rustwide/target/debug/deps/libtracing_subscriber-8745987ae02ea0cc.rlib --extern url=/opt/rustwide/target/debug/deps/liburl-d94be37c9a9a891b.rlib --cap-lints=warn -L native=/opt/rustwide/target/debug/build/ring-c693d58b3ba93099/out` (signal: 9, SIGKILL: kill)
[INFO] running `Command { std: "docker" "inspect" "8d4f8e5673db65850547424ade9e9faf3564199294a6bc9fd8cd19b3b7611d0e", kill_on_drop: false }`
[INFO] running `Command { std: "docker" "rm" "-f" "8d4f8e5673db65850547424ade9e9faf3564199294a6bc9fd8cd19b3b7611d0e", kill_on_drop: false }`
[INFO] [stdout] 8d4f8e5673db65850547424ade9e9faf3564199294a6bc9fd8cd19b3b7611d0e
