[INFO] fetching crate astarte-device-sdk 0.5.1...
[INFO] testing astarte-device-sdk-0.5.1 against beta-2023-04-20 for beta-1.70-1
[INFO] extracting crate astarte-device-sdk 0.5.1 into /workspace/builds/worker-3-tc2/source
[INFO] validating manifest of crates.io crate astarte-device-sdk 0.5.1 on toolchain beta-2023-04-20
[INFO] running `Command { std: CARGO_HOME="/workspace/cargo-home" RUSTUP_HOME="/workspace/rustup-home" "/workspace/cargo-home/bin/cargo" "+beta-2023-04-20" "metadata" "--manifest-path" "Cargo.toml" "--no-deps", kill_on_drop: false }`
[INFO] started tweaking crates.io crate astarte-device-sdk 0.5.1
[INFO] finished tweaking crates.io crate astarte-device-sdk 0.5.1
[INFO] tweaked toml for crates.io crate astarte-device-sdk 0.5.1 written to /workspace/builds/worker-3-tc2/source/Cargo.toml
[INFO] crate crates.io crate astarte-device-sdk 0.5.1 already has a lockfile, it will not be regenerated
[INFO] running `Command { std: CARGO_HOME="/workspace/cargo-home" RUSTUP_HOME="/workspace/rustup-home" "/workspace/cargo-home/bin/cargo" "+beta-2023-04-20" "fetch" "--manifest-path" "Cargo.toml", kill_on_drop: false }`
[INFO] [stderr]     Updating crates.io index
[INFO] [stderr]  Downloading crates ...
[INFO] [stderr]   Downloaded serde v1.0.152
[INFO] [stderr]   Downloaded futures-io v0.3.26
[INFO] [stderr]   Downloaded futures-macro v0.3.26
[INFO] [stderr]   Downloaded futures-executor v0.3.26
[INFO] [stderr]   Downloaded sha1_smol v1.0.0
[INFO] [stderr]   Downloaded bytes v1.4.0
[INFO] [stderr]   Downloaded colored v2.0.0
[INFO] [stderr]   Downloaded uuid v1.3.0
[INFO] [stderr]   Downloaded flate2 v1.0.24
[INFO] [stderr]   Downloaded serde_bytes v0.11.8
[INFO] [stderr]   Downloaded rumqttc v0.19.0
[INFO] [stderr]   Downloaded astarte-device-sdk-derive v0.5.1
[INFO] [stderr]   Downloaded cargo-husky v1.5.0
[INFO] [stderr]   Downloaded wasm-bindgen-futures v0.4.34
[INFO] [stderr]   Downloaded env_logger v0.9.3
[INFO] [stderr]   Downloaded rustls-native-certs v0.6.2
[INFO] [stderr]   Downloaded async-trait v0.1.64
[INFO] [stderr]   Downloaded chrono v0.4.23
[INFO] [stderr]   Downloaded hyper v0.14.24
[INFO] [stderr]   Downloaded nom v7.1.3
[INFO] [stderr]   Downloaded nanorand v0.7.0
[INFO] [stderr]   Downloaded cxx v1.0.89
[INFO] [stderr]   Downloaded parking_lot_core v0.9.7
[INFO] [stderr]   Downloaded quote v1.0.23
[INFO] [stderr]   Downloaded miniz_oxide v0.5.4
[INFO] [stderr]   Downloaded rustls-pemfile v0.3.0
[INFO] [stderr]   Downloaded security-framework-sys v2.8.0
[INFO] [stderr]   Downloaded either v1.8.1
[INFO] [stderr]   Downloaded reqwest v0.11.14
[INFO] [stderr]   Downloaded pollster v0.2.5
[INFO] [stderr]   Downloaded time v0.3.15
[INFO] [stderr]   Downloaded tokio v1.25.0
[INFO] [stderr]   Downloaded openssl-src v111.24.0+1.1.1s
[INFO] [stderr]   Downloaded bson v2.5.0
[INFO] [stderr]   Downloaded cxxbridge-macro v1.0.89
[INFO] [stderr]   Downloaded futures v0.3.26
[INFO] [stderr]   Downloaded security-framework v2.8.1
[INFO] [stderr]   Downloaded futures-channel v0.3.26
[INFO] [stderr]   Downloaded futures-sink v0.3.26
[INFO] [stderr]   Downloaded futures-task v0.3.26
[INFO] [stderr]   Downloaded futures-util v0.3.26
[INFO] [stderr]   Downloaded sqlformat v0.2.1
[INFO] [stderr]   Downloaded futures-core v0.3.26
[INFO] [stderr]   Downloaded tokio-macros v1.8.2
[INFO] [stderr]   Downloaded serde_derive v1.0.152
[INFO] [stderr]   Downloaded proc-macro2 v1.0.50
[INFO] [stderr]   Downloaded cxxbridge-flags v1.0.89
[INFO] [stderr]   Downloaded cxx-build v1.0.89
[INFO] running `Command { std: "docker" "create" "-v" "/var/lib/crater-agent-workspace/builds/worker-3-tc2/target:/opt/rustwide/target:rw,Z" "-v" "/var/lib/crater-agent-workspace/builds/worker-3-tc2/source:/opt/rustwide/workdir:ro,Z" "-v" "/var/lib/crater-agent-workspace/cargo-home:/opt/rustwide/cargo-home:ro,Z" "-v" "/var/lib/crater-agent-workspace/rustup-home:/opt/rustwide/rustup-home:ro,Z" "-e" "SOURCE_DIR=/opt/rustwide/workdir" "-e" "CARGO_TARGET_DIR=/opt/rustwide/target" "-e" "CARGO_HOME=/opt/rustwide/cargo-home" "-e" "RUSTUP_HOME=/opt/rustwide/rustup-home" "-w" "/opt/rustwide/workdir" "-m" "1610612736" "--user" "0:0" "--network" "none" "ghcr.io/rust-lang/crates-build-env/linux@sha256:5ff2268d62e97bff2cde7d5815dd6ed5b47097566f13b8d0ca110b04b60e07ed" "/opt/rustwide/cargo-home/bin/cargo" "+beta-2023-04-20" "metadata" "--no-deps" "--format-version=1", kill_on_drop: false }`
[INFO] [stdout] 84702402c157539c7c1791bd71223de141c8da11c37483f3848964178f0861ea
[INFO] running `Command { std: "docker" "start" "-a" "84702402c157539c7c1791bd71223de141c8da11c37483f3848964178f0861ea", kill_on_drop: false }`
[INFO] running `Command { std: "docker" "inspect" "84702402c157539c7c1791bd71223de141c8da11c37483f3848964178f0861ea", kill_on_drop: false }`
[INFO] running `Command { std: "docker" "rm" "-f" "84702402c157539c7c1791bd71223de141c8da11c37483f3848964178f0861ea", kill_on_drop: false }`
[INFO] [stdout] 84702402c157539c7c1791bd71223de141c8da11c37483f3848964178f0861ea
[INFO] running `Command { std: "docker" "create" "-v" "/var/lib/crater-agent-workspace/builds/worker-3-tc2/target:/opt/rustwide/target:rw,Z" "-v" "/var/lib/crater-agent-workspace/builds/worker-3-tc2/source:/opt/rustwide/workdir:ro,Z" "-v" "/var/lib/crater-agent-workspace/cargo-home:/opt/rustwide/cargo-home:ro,Z" "-v" "/var/lib/crater-agent-workspace/rustup-home:/opt/rustwide/rustup-home:ro,Z" "-e" "SOURCE_DIR=/opt/rustwide/workdir" "-e" "CARGO_TARGET_DIR=/opt/rustwide/target" "-e" "CARGO_INCREMENTAL=0" "-e" "RUST_BACKTRACE=full" "-e" "RUSTFLAGS=--cap-lints=warn" "-e" "RUSTDOCFLAGS=--cap-lints=warn" "-e" "CARGO_HOME=/opt/rustwide/cargo-home" "-e" "RUSTUP_HOME=/opt/rustwide/rustup-home" "-w" "/opt/rustwide/workdir" "-m" "1610612736" "--user" "0:0" "--network" "none" "ghcr.io/rust-lang/crates-build-env/linux@sha256:5ff2268d62e97bff2cde7d5815dd6ed5b47097566f13b8d0ca110b04b60e07ed" "/opt/rustwide/cargo-home/bin/cargo" "+beta-2023-04-20" "build" "--frozen" "--message-format=json", kill_on_drop: false }`
[INFO] [stdout] 88c472b07c964dacffd85f89026cf4679e79f902a16bd1baf0b6b23cae337fa9
[INFO] running `Command { std: "docker" "start" "-a" "88c472b07c964dacffd85f89026cf4679e79f902a16bd1baf0b6b23cae337fa9", kill_on_drop: false }`
[INFO] [stderr]    Compiling autocfg v1.1.0
[INFO] [stderr]    Compiling libc v0.2.139
[INFO] [stderr]    Compiling proc-macro2 v1.0.50
[INFO] [stderr]    Compiling unicode-ident v1.0.6
[INFO] [stderr]    Compiling quote v1.0.23
[INFO] [stderr]    Compiling syn v1.0.107
[INFO] [stderr]    Compiling once_cell v1.17.0
[INFO] [stderr]    Compiling cc v1.0.79
[INFO] [stderr]    Compiling pin-project-lite v0.2.9
[INFO] [stderr]    Compiling memchr v2.5.0
[INFO] [stderr]    Compiling log v0.4.17
[INFO] [stderr]    Compiling futures-core v0.3.26
[INFO] [stderr]    Compiling scopeguard v1.1.0
[INFO] [stderr]    Compiling bytes v1.4.0
[INFO] [stderr]    Compiling smallvec v1.10.0
[INFO] [stderr]    Compiling ahash v0.7.6
[INFO] [stderr]    Compiling pkg-config v0.3.26
[INFO] [stderr]    Compiling parking_lot_core v0.9.7
[INFO] [stderr]    Compiling futures-task v0.3.26
[INFO] [stderr]    Compiling untrusted v0.7.1
[INFO] [stderr]    Compiling typenum v1.16.0
[INFO] [stderr]    Compiling itoa v1.0.5
[INFO] [stderr]    Compiling lock_api v0.4.9
[INFO] [stderr]    Compiling slab v0.4.7
[INFO] [stderr]    Compiling tokio v1.25.0
[INFO] [stderr]    Compiling spin v0.5.2
[INFO] [stderr]    Compiling generic-array v0.14.6
[INFO] [stderr]    Compiling futures-sink v0.3.26
[INFO] [stderr]    Compiling futures-channel v0.3.26
[INFO] [stderr]    Compiling futures-util v0.3.26
[INFO] [stderr]    Compiling rustls v0.20.8
[INFO] [stderr]    Compiling tinyvec v1.6.0
[INFO] [stderr]    Compiling openssl-src v111.24.0+1.1.1s
[INFO] [stderr]    Compiling num-traits v0.2.15
[INFO] [stderr]    Compiling indexmap v1.9.2
[INFO] [stderr]    Compiling futures-io v0.3.26
[INFO] [stderr]    Compiling serde_derive v1.0.152
[INFO] [stderr]    Compiling unicode-bidi v0.3.10
[INFO] [stderr]    Compiling percent-encoding v2.2.0
[INFO] [stderr]    Compiling form_urlencoded v1.1.0
[INFO] [stderr]    Compiling parking_lot_core v0.8.6
[INFO] [stderr]    Compiling mio v0.8.5
[INFO] [stderr]    Compiling getrandom v0.2.8
[INFO] [stderr]    Compiling num_cpus v1.15.0
[INFO] [stderr]    Compiling socket2 v0.4.7
[INFO] [stderr]    Compiling signal-hook-registry v1.4.0
[INFO] [stderr]    Compiling ring v0.16.20
[INFO] [stderr]    Compiling openssl-sys v0.9.80
[INFO] [stderr]    Compiling serde v1.0.152
[INFO] [stderr]    Compiling parking_lot v0.12.1
[INFO] [stderr]    Compiling unicode-normalization v0.1.22
[INFO] [stderr]    Compiling base64 v0.21.0
[INFO] [stderr]    Compiling hashbrown v0.12.3
[INFO] [stderr]    Compiling spin v0.9.4
[INFO] [stderr]    Compiling crossbeam-utils v0.8.14
[INFO] [stderr]    Compiling idna v0.3.0
[INFO] [stderr]    Compiling thiserror v1.0.38
[INFO] [stderr]    Compiling vcpkg v0.2.15
[INFO] [stderr]    Compiling rustls-pemfile v1.0.2
[INFO] [stderr]    Compiling tracing-core v0.1.30
[INFO] [stderr]    Compiling crossbeam-queue v0.3.8
[INFO] [stderr]    Compiling foreign-types-shared v0.1.1
[INFO] [stderr]    Compiling cpufeatures v0.2.5
[INFO] [stderr]    Compiling block-buffer v0.10.3
[INFO] [stderr]    Compiling openssl v0.10.45
[INFO] [stderr]    Compiling openssl-probe v0.1.5
[INFO] [stderr]    Compiling minimal-lexical v0.2.1
[INFO] [stderr]    Compiling either v1.8.1
[INFO] [stderr]    Compiling paste v1.0.11
[INFO] [stderr]    Compiling tracing v0.1.37
[INFO] [stderr]    Compiling itertools v0.10.5
[INFO] [stderr]    Compiling nom v7.1.3
[INFO] [stderr]    Compiling http v0.2.8
[INFO] [stderr]    Compiling crypto-common v0.1.6
[INFO] [stderr]    Compiling foreign-types v0.3.2
[INFO] [stderr]    Compiling parking_lot v0.11.2
[INFO] [stderr]    Compiling hex v0.4.3
[INFO] [stderr]    Compiling crc-catalog v2.2.0
[INFO] [stderr]    Compiling native-tls v0.2.11
[INFO] [stderr]    Compiling libsqlite3-sys v0.24.2
[INFO] [stderr]    Compiling httparse v1.8.0
[INFO] [stderr]    Compiling unicode_categories v0.1.1
[INFO] [stderr]    Compiling crc v3.0.1
[INFO] [stderr]    Compiling futures-intrusive v0.4.2
[INFO] [stderr]    Compiling digest v0.10.6
[INFO] [stderr]    Compiling atoi v1.0.0
[INFO] [stderr]    Compiling stringprep v0.1.2
[INFO] [stderr]    Compiling nanorand v0.7.0
[INFO] [stderr]    Compiling num-integer v0.1.45
[INFO] [stderr]    Compiling serde_json v1.0.91
[INFO] [stderr]    Compiling ryu v1.0.12
[INFO] [stderr]    Compiling event-listener v2.5.3
[INFO] [stderr]    Compiling dotenvy v0.15.6
[INFO] [stderr]    Compiling byteorder v1.4.3
[INFO] [stderr]    Compiling try-lock v0.2.4
[INFO] [stderr]    Compiling want v0.3.0
[INFO] [stderr]    Compiling http-body v0.4.5
[INFO] [stderr]    Compiling sha2 v0.10.6
[INFO] [stderr]    Compiling hashlink v0.8.1
[INFO] [stderr]    Compiling sqlformat v0.2.1
[INFO] [stderr]    Compiling url v2.3.1
[INFO] [stderr]    Compiling rand_core v0.6.4
[INFO] [stderr]    Compiling base64 v0.13.1
[INFO] [stderr]    Compiling tower-service v0.3.2
[INFO] [stderr]    Compiling bitflags v1.3.2
[INFO] [stderr]    Compiling crc32fast v1.3.2
[INFO] [stderr]    Compiling httpdate v1.0.2
[INFO] [stderr]    Compiling ppv-lite86 v0.2.17
[INFO] [stderr]    Compiling unicode-segmentation v1.10.1
[INFO] [stderr]    Compiling webpki v0.22.0
[INFO] [stderr]    Compiling sct v0.7.0
[INFO] [stderr]    Compiling rand_chacha v0.3.1
[INFO] [stderr]    Compiling heck v0.4.1
[INFO] [stderr]    Compiling time v0.1.45
[INFO] [stderr]    Compiling webpki-roots v0.22.6
[INFO] [stderr]    Compiling tokio-stream v0.1.11
[INFO] [stderr]    Compiling time-macros v0.2.4
[INFO] [stderr]    Compiling sha1_smol v1.0.0
[INFO] [stderr]    Compiling iana-time-zone v0.1.53
[INFO] [stderr]    Compiling num_threads v0.1.6
[INFO] [stderr]    Compiling adler v1.0.2
[INFO] [stderr]    Compiling futures-executor v0.3.26
[INFO] [stderr]    Compiling async-trait v0.1.64
[INFO] [stderr]    Compiling miniz_oxide v0.5.4
[INFO] [stderr]    Compiling chrono v0.4.23
[INFO] [stderr]    Compiling rand v0.8.5
[INFO] [stderr]    Compiling rustls-pemfile v0.3.0
[INFO] [stderr]    Compiling rustls-native-certs v0.6.2
[INFO] [stderr]    Compiling encoding_rs v0.8.32
[INFO] [stderr]    Compiling mime v0.3.16
[INFO] [stderr]    Compiling ipnet v2.7.1
[INFO] [stderr]    Compiling pollster v0.2.5
[INFO] [stderr]    Compiling flate2 v1.0.24
[INFO] [stderr]    Compiling tokio-macros v1.8.2
[INFO] [stderr]    Compiling futures-macro v0.3.26
[INFO] [stderr]    Compiling pin-project-internal v1.0.12
[INFO] [stderr]    Compiling thiserror-impl v1.0.38
[INFO] [stderr]    Compiling openssl-macros v0.1.0
[INFO] [stderr]    Compiling time v0.3.15
[INFO] [stderr]    Compiling tokio-rustls v0.23.4
[INFO] [stderr]    Compiling pin-project v1.0.12
[INFO] [stderr]    Compiling flume v0.10.14
[INFO] [stderr]    Compiling sqlx-rt v0.6.2
[INFO] [stderr]    Compiling sqlx-core v0.6.2
[INFO] [stderr]    Compiling futures v0.3.26
[INFO] [stderr]    Compiling tokio-util v0.7.4
[INFO] [stderr]    Compiling rumqttc v0.19.0
[INFO] [stderr]    Compiling h2 v0.3.15
[INFO] [stderr]    Compiling serde_bytes v0.11.8
[INFO] [stderr]    Compiling uuid v1.3.0
[INFO] [stderr]    Compiling serde_urlencoded v0.7.1
[INFO] [stderr]    Compiling bson v2.5.0
[INFO] [stderr]    Compiling sqlx-macros v0.6.2
[INFO] [stderr]    Compiling hyper v0.14.24
[INFO] [stderr]    Compiling sqlx v0.6.2
[INFO] [stderr]    Compiling tokio-native-tls v0.3.0
[INFO] [stderr]    Compiling hyper-tls v0.5.0
[INFO] [stderr]    Compiling reqwest v0.11.14
[INFO] [stderr]    Compiling astarte-device-sdk v0.5.1 (/opt/rustwide/workdir)
[INFO] [stderr]     Finished dev [unoptimized + debuginfo] target(s) in 40.61s
[INFO] running `Command { std: "docker" "inspect" "88c472b07c964dacffd85f89026cf4679e79f902a16bd1baf0b6b23cae337fa9", kill_on_drop: false }`
[INFO] running `Command { std: "docker" "rm" "-f" "88c472b07c964dacffd85f89026cf4679e79f902a16bd1baf0b6b23cae337fa9", kill_on_drop: false }`
[INFO] [stdout] 88c472b07c964dacffd85f89026cf4679e79f902a16bd1baf0b6b23cae337fa9
[INFO] running `Command { std: "docker" "create" "-v" "/var/lib/crater-agent-workspace/builds/worker-3-tc2/target:/opt/rustwide/target:rw,Z" "-v" "/var/lib/crater-agent-workspace/builds/worker-3-tc2/source:/opt/rustwide/workdir:ro,Z" "-v" "/var/lib/crater-agent-workspace/cargo-home:/opt/rustwide/cargo-home:ro,Z" "-v" "/var/lib/crater-agent-workspace/rustup-home:/opt/rustwide/rustup-home:ro,Z" "-e" "SOURCE_DIR=/opt/rustwide/workdir" "-e" "CARGO_TARGET_DIR=/opt/rustwide/target" "-e" "CARGO_INCREMENTAL=0" "-e" "RUST_BACKTRACE=full" "-e" "RUSTFLAGS=--cap-lints=warn" "-e" "RUSTDOCFLAGS=--cap-lints=warn" "-e" "CARGO_HOME=/opt/rustwide/cargo-home" "-e" "RUSTUP_HOME=/opt/rustwide/rustup-home" "-w" "/opt/rustwide/workdir" "-m" "1610612736" "--user" "0:0" "--network" "none" "ghcr.io/rust-lang/crates-build-env/linux@sha256:5ff2268d62e97bff2cde7d5815dd6ed5b47097566f13b8d0ca110b04b60e07ed" "/opt/rustwide/cargo-home/bin/cargo" "+beta-2023-04-20" "test" "--frozen" "--no-run" "--message-format=json", kill_on_drop: false }`
[INFO] [stdout] f34ef4d91aee29a9f1ad9a029da1fd3209c528ea201d030de847b7154a067a57
[INFO] running `Command { std: "docker" "start" "-a" "f34ef4d91aee29a9f1ad9a029da1fd3209c528ea201d030de847b7154a067a57", kill_on_drop: false }`
[INFO] [stderr]    Compiling log v0.4.17
[INFO] [stderr]    Compiling atty v0.2.14
[INFO] [stderr]    Compiling proc-macro-error-attr v1.0.4
[INFO] [stderr]    Compiling unicode-width v0.1.10
[INFO] [stderr]    Compiling heck v0.3.3
[INFO] [stderr]    Compiling aho-corasick v0.7.20
[INFO] [stderr]    Compiling regex-syntax v0.6.28
[INFO] [stderr]    Compiling vec_map v0.8.2
[INFO] [stderr]    Compiling cargo-husky v1.5.0
[INFO] [stderr]    Compiling strsim v0.8.0
[INFO] [stderr]    Compiling ansi_term v0.12.1
[INFO] [stderr]    Compiling termcolor v1.2.0
[INFO] [stderr]    Compiling humantime v2.1.0
[INFO] [stderr]    Compiling colored v2.0.0
[INFO] [stderr]    Compiling textwrap v0.11.0
[INFO] [stderr]    Compiling mio v0.8.5
[INFO] [stderr]    Compiling rustls v0.20.8
[INFO] [stderr]    Compiling clap v2.34.0
[INFO] [stderr]    Compiling want v0.3.0
[INFO] [stderr]    Compiling native-tls v0.2.11
[INFO] [stderr]    Compiling proc-macro-error v1.0.4
[INFO] [stderr]    Compiling tokio v1.25.0
[INFO] [stderr]    Compiling structopt-derive v0.4.18
[INFO] [stderr]    Compiling regex v1.7.1
[INFO] [stderr]    Compiling env_logger v0.9.3
[INFO] [stderr]    Compiling structopt v0.3.26
[INFO] [stderr]    Compiling tokio-rustls v0.23.4
[INFO] [stderr]    Compiling tokio-stream v0.1.11
[INFO] [stderr]    Compiling sqlx-rt v0.6.2
[INFO] [stderr]    Compiling sqlx-core v0.6.2
[INFO] [stderr]    Compiling tokio-util v0.7.4
[INFO] [stderr]    Compiling tokio-native-tls v0.3.0
[INFO] [stderr]    Compiling rumqttc v0.19.0
[INFO] [stderr]    Compiling h2 v0.3.15
[INFO] [stderr]    Compiling hyper v0.14.24
[INFO] [stderr]    Compiling sqlx-macros v0.6.2
[INFO] [stderr]    Compiling hyper-tls v0.5.0
[INFO] [stderr]    Compiling reqwest v0.11.14
[INFO] [stderr]    Compiling sqlx v0.6.2
[INFO] [stderr]    Compiling astarte-device-sdk v0.5.1 (/opt/rustwide/workdir)
[INFO] [stdout] error[E0432]: unresolved import `astarte_device_sdk_derive`
[INFO] [stdout]     --> src/lib.rs:1104:9
[INFO] [stdout]      |
[INFO] [stdout] 1104 |     use astarte_device_sdk_derive::AstarteAggregate;
[INFO] [stdout]      |         ^^^^^^^^^^^^^^^^^^^^^^^^^ use of undeclared crate or module `astarte_device_sdk_derive`
[INFO] [stdout] 
[INFO] [stdout] 
[INFO] [stdout] error: cannot determine resolution for the derive macro `AstarteAggregate`
[INFO] [stdout]     --> src/lib.rs:1106:14
[INFO] [stdout]      |
[INFO] [stdout] 1106 |     #[derive(AstarteAggregate)]
[INFO] [stdout]      |              ^^^^^^^^^^^^^^^^
[INFO] [stdout]      |
[INFO] [stdout]      = note: import resolution is stuck, try simplifying macro imports
[INFO] [stdout] 
[INFO] [stdout] 
[INFO] [stdout] error[E0432]: unresolved import `astarte_device_sdk_derive`
[INFO] [stdout]   --> examples/object.rs:25:5
[INFO] [stdout]    |
[INFO] [stdout] 25 | use astarte_device_sdk_derive::AstarteAggregate;
[INFO] [stdout]    |     ^^^^^^^^^^^^^^^^^^^^^^^^^ use of undeclared crate or module `astarte_device_sdk_derive`
[INFO] [stdout]    |
[INFO] [stdout] help: there is a crate or module with a similar name
[INFO] [stdout]    |
[INFO] [stdout] 25 | use astarte_device_sdk::AstarteAggregate;
[INFO] [stdout]    |     ~~~~~~~~~~~~~~~~~~
[INFO] [stdout] 
[INFO] [stdout] 
[INFO] [stdout] error: cannot determine resolution for the derive macro `AstarteAggregate`
[INFO] [stdout]   --> examples/object.rs:63:22
[INFO] [stdout]    |
[INFO] [stdout] 63 |             #[derive(AstarteAggregate)]
[INFO] [stdout]    |                      ^^^^^^^^^^^^^^^^
[INFO] [stdout]    |
[INFO] [stdout]    = note: import resolution is stuck, try simplifying macro imports
[INFO] [stdout] 
[INFO] [stdout] 
[INFO] [stdout] warning: unused import: `astarte_device_sdk::AstarteAggregate`
[INFO] [stdout]   --> examples/object.rs:24:5
[INFO] [stdout]    |
[INFO] [stdout] 24 | use astarte_device_sdk::AstarteAggregate;
[INFO] [stdout]    |     ^^^^^^^^^^^^^^^^^^^^^^^^^^^^^^^^^^^^
[INFO] [stdout]    |
[INFO] [stdout]    = note: `#[warn(unused_imports)]` on by default
[INFO] [stdout] 
[INFO] [stdout] 
[INFO] [stdout] error[E0432]: unresolved import `astarte_device_sdk_derive`
[INFO] [stdout]   --> tests/e2etest/mock_data_aggregate.rs:28:5
[INFO] [stdout]    |
[INFO] [stdout] 28 | use astarte_device_sdk_derive::AstarteAggregate;
[INFO] [stdout]    |     ^^^^^^^^^^^^^^^^^^^^^^^^^ use of undeclared crate or module `astarte_device_sdk_derive`
[INFO] [stdout]    |
[INFO] [stdout] help: there is a crate or module with a similar name
[INFO] [stdout]    |
[INFO] [stdout] 28 | use astarte_device_sdk::AstarteAggregate;
[INFO] [stdout]    |     ~~~~~~~~~~~~~~~~~~
[INFO] [stdout] 
[INFO] [stdout] 
[INFO] [stdout] error: cannot determine resolution for the derive macro `AstarteAggregate`
[INFO] [stdout]   --> tests/e2etest/mock_data_aggregate.rs:32:35
[INFO] [stdout]    |
[INFO] [stdout] 32 | #[derive(Debug, Clone, PartialEq, AstarteAggregate)]
[INFO] [stdout]    |                                   ^^^^^^^^^^^^^^^^
[INFO] [stdout]    |
[INFO] [stdout]    = note: import resolution is stuck, try simplifying macro imports
[INFO] [stdout] 
[INFO] [stdout] 
[INFO] [stdout] warning: unused import: `astarte_device_sdk::AstarteAggregate`
[INFO] [stdout]   --> tests/e2etest/mock_data_aggregate.rs:27:5
[INFO] [stdout]    |
[INFO] [stdout] 27 | use astarte_device_sdk::AstarteAggregate;
[INFO] [stdout]    |     ^^^^^^^^^^^^^^^^^^^^^^^^^^^^^^^^^^^^
[INFO] [stdout]    |
[INFO] [stdout]    = note: `#[warn(unused_imports)]` on by default
[INFO] [stdout] 
[INFO] [stdout] 
[INFO] [stdout] error[E0277]: the trait bound `Geolocation: AstarteAggregate` is not satisfied
[INFO] [stdout]     --> examples/object.rs:88:17
[INFO] [stdout]      |
[INFO] [stdout] 85   |             w.send_object(
[INFO] [stdout]      |               ----------- required by a bound introduced by this call
[INFO] [stdout] ...
[INFO] [stdout] 88   |                 data,
[INFO] [stdout]      |                 ^^^^ the trait `AstarteAggregate` is not implemented for `Geolocation`
[INFO] [stdout]      |
[INFO] [stdout]      = help: the trait `AstarteAggregate` is implemented for `HashMap<std::string::String, AstarteType>`
[INFO] [stdout] note: required by a bound in `AstarteDeviceSdk::send_object`
[INFO] [stdout]     --> /opt/rustwide/workdir/src/lib.rs:1064:12
[INFO] [stdout]      |
[INFO] [stdout] 1064 |         T: AstarteAggregate,
[INFO] [stdout]      |            ^^^^^^^^^^^^^^^^ required by this bound in `AstarteDeviceSdk::send_object`
[INFO] [stdout] 
[INFO] [stdout] 
[INFO] [stdout] error: aborting due to 3 previous errors; 1 warning emitted
[INFO] [stdout] 
[INFO] [stdout] 
[INFO] [stdout] Some errors have detailed explanations: E0277, E0432.
[INFO] [stdout] 
[INFO] [stdout] For more information about an error, try `rustc --explain E0277`.
[INFO] [stdout] 
[INFO] [stderr] error: could not compile `astarte-device-sdk` (example "object") due to 4 previous errors; 1 warning emitted
[INFO] [stderr] warning: build failed, waiting for other jobs to finish...
[INFO] [stdout] error[E0277]: the trait bound `TestAggregateData: AstarteAggregate` is not satisfied
[INFO] [stdout]     --> tests/e2etest/main.rs:327:13
[INFO] [stdout]      |
[INFO] [stdout] 324  |         .send_object(
[INFO] [stdout]      |          ----------- required by a bound introduced by this call
[INFO] [stdout] ...
[INFO] [stdout] 327  |             tx_data.clone(),
[INFO] [stdout]      |             ^^^^^^^^^^^^^^^ the trait `AstarteAggregate` is not implemented for `TestAggregateData`
[INFO] [stdout]      |
[INFO] [stdout]      = help: the trait `AstarteAggregate` is implemented for `HashMap<std::string::String, AstarteType>`
[INFO] [stdout] note: required by a bound in `AstarteDeviceSdk::send_object`
[INFO] [stdout]     --> /opt/rustwide/workdir/src/lib.rs:1064:12
[INFO] [stdout]      |
[INFO] [stdout] 1064 |         T: AstarteAggregate,
[INFO] [stdout]      |            ^^^^^^^^^^^^^^^^ required by this bound in `AstarteDeviceSdk::send_object`
[INFO] [stdout] 
[INFO] [stdout] 
[INFO] [stdout] error: aborting due to 3 previous errors; 1 warning emitted
[INFO] [stdout] 
[INFO] [stdout] 
[INFO] [stdout] Some errors have detailed explanations: E0277, E0432.
[INFO] [stdout] 
[INFO] [stdout] For more information about an error, try `rustc --explain E0277`.
[INFO] [stdout] 
[INFO] [stderr] error: could not compile `astarte-device-sdk` (test "e2etest") due to 4 previous errors; 1 warning emitted
[INFO] [stdout] error[E0599]: no method named `astarte_aggregate` found for struct `MyAggregate` in the current scope
[INFO] [stdout]     --> src/lib.rs:1209:47
[INFO] [stdout]      |
[INFO] [stdout] 1107 |     struct MyAggregate {
[INFO] [stdout]      |     ------------------ method `astarte_aggregate` not found for this struct
[INFO] [stdout] ...
[INFO] [stdout] 1209 |         assert_eq!(expected_res, my_aggregate.astarte_aggregate().unwrap());
[INFO] [stdout]      |                                               ^^^^^^^^^^^^^^^^^ method not found in `MyAggregate`
[INFO] [stdout]      |
[INFO] [stdout]      = help: items from traits can only be used if the trait is implemented and in scope
[INFO] [stdout] note: `AstarteAggregate` defines an item `astarte_aggregate`, perhaps you need to implement it
[INFO] [stdout]     --> src/lib.rs:63:1
[INFO] [stdout]      |
[INFO] [stdout] 63   | pub trait AstarteAggregate {
[INFO] [stdout]      | ^^^^^^^^^^^^^^^^^^^^^^^^^^
[INFO] [stdout] 
[INFO] [stdout] 
[INFO] [stdout] warning: unused import: `astarte_device_sdk::AstarteAggregate`
[INFO] [stdout]     --> src/lib.rs:1102:9
[INFO] [stdout]      |
[INFO] [stdout] 1102 |     use astarte_device_sdk::AstarteAggregate;
[INFO] [stdout]      |         ^^^^^^^^^^^^^^^^^^^^^^^^^^^^^^^^^^^^
[INFO] [stdout]      |
[INFO] [stdout]      = note: `#[warn(unused_imports)]` on by default
[INFO] [stdout] 
[INFO] [stdout] 
[INFO] [stdout] error: aborting due to 3 previous errors; 1 warning emitted
[INFO] [stdout] 
[INFO] [stdout] 
[INFO] [stdout] Some errors have detailed explanations: E0432, E0599.
[INFO] [stdout] 
[INFO] [stdout] For more information about an error, try `rustc --explain E0432`.
[INFO] [stdout] 
[INFO] [stderr] error: could not compile `astarte-device-sdk` (lib test) due to 4 previous errors; 1 warning emitted
[INFO] [stdout] error: linking with `cc` failed: exit status: 1
[INFO] [stdout]   |
[INFO] [stdout]   = note: LC_ALL="C" PATH="/opt/rustwide/rustup-home/toolchains/beta-2023-04-20-x86_64-unknown-linux-gnu/lib/rustlib/x86_64-unknown-linux-gnu/bin:/opt/rustwide/cargo-home/bin:/usr/local/sbin:/usr/local/bin:/usr/sbin:/usr/bin:/sbin:/bin" VSLANG="1033" "cc" "-m64" "/tmp/rustcyRIl94/symbols.o" "/opt/rustwide/target/debug/examples/deviceproperties-5a6484b6300aed29.deviceproperties.7d9c2058-cgu.0.rcgu.o" "/opt/rustwide/target/debug/examples/deviceproperties-5a6484b6300aed29.deviceproperties.7d9c2058-cgu.1.rcgu.o" "/opt/rustwide/target/debug/examples/deviceproperties-5a6484b6300aed29.deviceproperties.7d9c2058-cgu.10.rcgu.o" "/opt/rustwide/target/debug/examples/deviceproperties-5a6484b6300aed29.deviceproperties.7d9c2058-cgu.11.rcgu.o" "/opt/rustwide/target/debug/examples/deviceproperties-5a6484b6300aed29.deviceproperties.7d9c2058-cgu.12.rcgu.o" "/opt/rustwide/target/debug/examples/deviceproperties-5a6484b6300aed29.deviceproperties.7d9c2058-cgu.13.rcgu.o" "/opt/rustwide/target/debug/examples/deviceproperties-5a6484b6300aed29.deviceproperties.7d9c2058-cgu.14.rcgu.o" "/opt/rustwide/target/debug/examples/deviceproperties-5a6484b6300aed29.deviceproperties.7d9c2058-cgu.15.rcgu.o" "/opt/rustwide/target/debug/examples/deviceproperties-5a6484b6300aed29.deviceproperties.7d9c2058-cgu.2.rcgu.o" "/opt/rustwide/target/debug/examples/deviceproperties-5a6484b6300aed29.deviceproperties.7d9c2058-cgu.3.rcgu.o" "/opt/rustwide/target/debug/examples/deviceproperties-5a6484b6300aed29.deviceproperties.7d9c2058-cgu.4.rcgu.o" "/opt/rustwide/target/debug/examples/deviceproperties-5a6484b6300aed29.deviceproperties.7d9c2058-cgu.5.rcgu.o" "/opt/rustwide/target/debug/examples/deviceproperties-5a6484b6300aed29.deviceproperties.7d9c2058-cgu.6.rcgu.o" "/opt/rustwide/target/debug/examples/deviceproperties-5a6484b6300aed29.deviceproperties.7d9c2058-cgu.7.rcgu.o" "/opt/rustwide/target/debug/examples/deviceproperties-5a6484b6300aed29.deviceproperties.7d9c2058-cgu.8.rcgu.o" "/opt/rustwide/target/debug/examples/deviceproperties-5a6484b6300aed29.deviceproperties.7d9c2058-cgu.9.rcgu.o" "/opt/rustwide/target/debug/examples/deviceproperties-5a6484b6300aed29.6iknawghk4j5jz2.rcgu.o" "-Wl,--as-needed" "-L" "/opt/rustwide/target/debug/deps" "-L" "/opt/rustwide/target/debug/build/openssl-sys-ddb33f52b623e3f9/out/openssl-build/install/lib" "-L" "/opt/rustwide/target/debug/build/ring-c693d58b3ba93099/out" "-L" "/opt/rustwide/target/debug/build/libsqlite3-sys-9dd47faa0558ab42/out" "-L" "/opt/rustwide/rustup-home/toolchains/beta-2023-04-20-x86_64-unknown-linux-gnu/lib/rustlib/x86_64-unknown-linux-gnu/lib" "-Wl,-Bstatic" "/opt/rustwide/target/debug/deps/libenv_logger-3767860e02188ed1.rlib" "/opt/rustwide/target/debug/deps/libtermcolor-115d13e8512c3a7e.rlib" "/opt/rustwide/target/debug/deps/libhumantime-e9a3658f54825403.rlib" "/opt/rustwide/target/debug/deps/libregex-571ee8baadf927b7.rlib" "/opt/rustwide/target/debug/deps/libaho_corasick-b661dc89bb765c3e.rlib" "/opt/rustwide/target/debug/deps/libregex_syntax-bdb53bf4a9d4034b.rlib" "/opt/rustwide/target/debug/deps/libstructopt-e4f8dc8a1214991f.rlib" "/opt/rustwide/target/debug/deps/libclap-3ce9da5796f3b3a5.rlib" "/opt/rustwide/target/debug/deps/libvec_map-18b27ee44a5c9049.rlib" "/opt/rustwide/target/debug/deps/libtextwrap-bde0ce5a4090d2af.rlib" "/opt/rustwide/target/debug/deps/libunicode_width-6b812fea5297095e.rlib" "/opt/rustwide/target/debug/deps/libstrsim-c9e2592dde3c5431.rlib" "/opt/rustwide/target/debug/deps/libatty-e496e3929b3892d4.rlib" "/opt/rustwide/target/debug/deps/libansi_term-cf230369650aa732.rlib" "/opt/rustwide/target/debug/deps/libastarte_device_sdk-ce426e3de23846e5.rlib" "/opt/rustwide/target/debug/deps/libflate2-5a74138cd28de51c.rlib" "/opt/rustwide/target/debug/deps/libminiz_oxide-2bc0bcabb4c772fc.rlib" "/opt/rustwide/target/debug/deps/libadler-92f8db84032ff960.rlib" "/opt/rustwide/target/debug/deps/libcrc32fast-fc15e7c737c5fb18.rlib" "/opt/rustwide/target/debug/deps/libbson-f9e3aa724932225b.rlib" "/opt/rustwide/target/debug/deps/liblazy_static-86422d76b8bd90ed.rlib" "/opt/rustwide/target/debug/deps/librand-520d6454ec77b455.rlib" "/opt/rustwide/target/debug/deps/librand_chacha-9e44ce0e1a545390.rlib" "/opt/rustwide/target/debug/deps/libppv_lite86-79b67cdd215cb07c.rlib" "/opt/rustwide/target/debug/deps/librand_core-e6f51038f30337ff.rlib" "/opt/rustwide/target/debug/deps/libhex-edafc8b2917f78c9.rlib" "/opt/rustwide/target/debug/deps/libserde_bytes-31860a8e5487f183.rlib" "/opt/rustwide/target/debug/deps/libchrono-517182807cc2bec9.rlib" "/opt/rustwide/target/debug/deps/libiana_time_zone-b49c1de53d2717aa.rlib" "/opt/rustwide/target/debug/deps/libnum_integer-beff72c2de6c84f9.rlib" "/opt/rustwide/target/debug/deps/libtime-cd5bd3a4457d77b7.rlib" "/opt/rustwide/target/debug/deps/libtime-c3bad6d9a0b5de51.rlib" "/opt/rustwide/target/debug/deps/libuuid-889a58f524701eb0.rlib" "/opt/rustwide/target/debug/deps/libsha1_smol-efc265f4a6d806ac.rlib" "/opt/rustwide/target/debug/deps/libreqwest-473a0f63d6293710.rlib" "/opt/rustwide/target/debug/deps/libhyper_tls-62dd32ad1c36380d.rlib" "/opt/rustwide/target/debug/deps/libserde_urlencoded-f174f13dff21453a.rlib" "/opt/rustwide/target/debug/deps/libipnet-d453c6045f112e9c.rlib" "/opt/rustwide/target/debug/deps/libtokio_native_tls-3c1e55f429b2aa3c.rlib" "/opt/rustwide/target/debug/deps/libmime-6adaefd5c465bdcc.rlib" "/opt/rustwide/target/debug/deps/libencoding_rs-b0d41797c1da8834.rlib" "/opt/rustwide/target/debug/deps/libserde_json-453972965913b711.rlib" "/opt/rustwide/target/debug/deps/libryu-c78937d74caa9f3f.rlib" "/opt/rustwide/target/debug/deps/libnative_tls-72a1ae47b429f999.rlib" "/opt/rustwide/target/debug/deps/libhyper-7fd10ce436fefa0c.rlib" "/opt/rustwide/target/debug/deps/libwant-35a84032a29cb9d4.rlib" "/opt/rustwide/target/debug/deps/libtry_lock-bcd858d644546236.rlib" "/opt/rustwide/target/debug/deps/libhttparse-463bd4a7f2c72ba2.rlib" "/opt/rustwide/target/debug/deps/libh2-f162a3997a91a6c3.rlib" "/opt/rustwide/target/debug/deps/libtokio_util-d2177f83090841e3.rlib" "/opt/rustwide/target/debug/deps/libtower_service-6e0b9a8ac2b0d4d0.rlib" "/opt/rustwide/target/debug/deps/libtracing-a10c2da8e1a1bbbd.rlib" "/opt/rustwide/target/debug/deps/libtracing_core-f36930e35577b519.rlib" "/opt/rustwide/target/debug/deps/libhttp_body-9ff14fef5f3860a8.rlib" "/opt/rustwide/target/debug/deps/libhttp-b1738a3ebdf2227d.rlib" "/opt/rustwide/target/debug/deps/libitoa-eb68ddfe016730e8.rlib" "/opt/rustwide/target/debug/deps/libfnv-bb690c336855f248.rlib" "/opt/rustwide/target/debug/deps/librumqttc-5fb43b28d29b7d8b.rlib" "/opt/rustwide/target/debug/deps/librustls_pemfile-4a404a1caa573b39.rlib" "/opt/rustwide/target/debug/deps/libbase64-0c872e3f7d1ba17a.rlib" "/opt/rustwide/target/debug/deps/libpollster-c240486fb9d1eb1a.rlib" "/opt/rustwide/target/debug/deps/librustls_native_certs-b97ce778bd67abe5.rlib" "/opt/rustwide/target/debug/deps/libopenssl_probe-361016bdcb077fee.rlib" "/opt/rustwide/target/debug/deps/libfutures-f1cc9a785e2430f6.rlib" "/opt/rustwide/target/debug/deps/libserde-58f2bfc24e92fd08.rlib" "/opt/rustwide/target/debug/deps/libsqlx-1c32199b26c9e1be.rlib" "/opt/rustwide/target/debug/deps/libsqlx_core-df9dd2d58b14e19f.rlib" "/opt/rustwide/target/debug/deps/liburl-3bffa736fa522e67.rlib" "/opt/rustwide/target/debug/deps/libidna-c5248e5ac871221c.rlib" "/opt/rustwide/target/debug/deps/libunicode_normalization-6c3f1f506de52d5b.rlib" "/opt/rustwide/target/debug/deps/libtinyvec-4ebd66a73cc74e35.rlib" "/opt/rustwide/target/debug/deps/libtinyvec_macros-c8728763a1cfbcab.rlib" "/opt/rustwide/target/debug/deps/libunicode_bidi-b6711b09b1de9719.rlib" "/opt/rustwide/target/debug/deps/libform_urlencoded-c6dce5f233f9dc81.rlib" "/opt/rustwide/target/debug/deps/libfutures_executor-07e21f9e173ea982.rlib" "/opt/rustwide/target/debug/deps/libflume-2da710a5adfb90b4.rlib" "/opt/rustwide/target/debug/deps/libspin-3c5f3e5535327499.rlib" "/opt/rustwide/target/debug/deps/libpin_project-8e636960985dd4b3.rlib" "/opt/rustwide/target/debug/deps/libnanorand-095a99af4ffa7f27.rlib" "/opt/rustwide/target/debug/deps/libtokio_stream-cbdacd93f4c61634.rlib" "/opt/rustwide/target/debug/deps/librustls_pemfile-2cdb1105fda109ec.rlib" "/opt/rustwide/target/debug/deps/libbase64-1d8778d69d34a396.rlib" "/opt/rustwide/target/debug/deps/libwebpki_roots-2667743ae6d7c51f.rlib" "/opt/rustwide/target/debug/deps/libsqlformat-6a7e3a60115c3de2.rlib" "/opt/rustwide/target/debug/deps/libunicode_categories-4308e7bb4d6c97b4.rlib" "/opt/rustwide/target/debug/deps/libnom-f349c4f51bc0ac36.rlib" "/opt/rustwide/target/debug/deps/libitertools-14dfc30c964580d2.rlib" "/opt/rustwide/target/debug/deps/libthiserror-20bb771e034d55e8.rlib" "/opt/rustwide/target/debug/deps/libpercent_encoding-4a77b5e8a25d80c2.rlib" "/opt/rustwide/target/debug/deps/libindexmap-560bb563d34a22ff.rlib" "/opt/rustwide/target/debug/deps/liblibsqlite3_sys-65051e749de563b7.rlib" "/opt/rustwide/target/debug/deps/libatoi-84d528421c71252d.rlib" "/opt/rustwide/target/debug/deps/libnum_traits-20b15c62e5e0e397.rlib" "/opt/rustwide/target/debug/deps/libsha2-1bd62e61a58fbeb3.rlib" "/opt/rustwide/target/debug/deps/libcpufeatures-a834a1d164d66bf9.rlib" "/opt/rustwide/target/debug/deps/libdigest-f25490c70e0fe847.rlib" "/opt/rustwide/target/debug/deps/libblock_buffer-c41a58c81d79df11.rlib" "/opt/rustwide/target/debug/deps/libcrypto_common-16114decb49ef57d.rlib" "/opt/rustwide/target/debug/deps/libgeneric_array-7f439398e68508f6.rlib" "/opt/rustwide/target/debug/deps/libtypenum-ca960b6272e61653.rlib" "/opt/rustwide/target/debug/deps/libsqlx_rt-3b3dadf1f0d6e890.rlib" "/opt/rustwide/target/debug/deps/libtokio_rustls-f0fd256994c0b40b.rlib" "/opt/rustwide/target/debug/deps/librustls-48a46f8a9492344d.rlib" "/opt/rustwide/target/debug/deps/libsct-687fb6aa8f224bcf.rlib" "/opt/rustwide/target/debug/deps/libwebpki-1089b854611c958a.rlib" "/opt/rustwide/target/debug/deps/libring-c663e325db7be24a.rlib" "/opt/rustwide/target/debug/deps/libspin-0ce7eed86e654be1.rlib" "/opt/rustwide/target/debug/deps/libuntrusted-299fbcd347deffe0.rlib" "/opt/rustwide/target/debug/deps/libtokio-11f4ce46f94c8c2a.rlib" "/opt/rustwide/target/debug/deps/libsignal_hook_registry-a64531479370ab78.rlib" "/opt/rustwide/target/debug/deps/libnum_cpus-bb3fbdd611a62e1b.rlib" "/opt/rustwide/target/debug/deps/libsocket2-4eda4aa0e5d3308d.rlib" "/opt/rustwide/target/debug/deps/libmio-6edc56496c9c0f52.rlib" "/opt/rustwide/target/debug/deps/libparking_lot-2d68b305aafaeb6e.rlib" "/opt/rustwide/target/debug/deps/libparking_lot_core-ea9926f9544fc806.rlib" "/opt/rustwide/target/debug/deps/libbytes-ae855e71327d1b48.rlib" "/opt/rustwide/target/debug/deps/libhashlink-0f1f789bc288169f.rlib" "/opt/rustwide/target/debug/deps/libhashbrown-5a0f8666756996b1.rlib" "/opt/rustwide/target/debug/deps/libahash-441234a5d1eb8323.rlib" "/opt/rustwide/target/debug/deps/libgetrandom-79c7b066a04ca9fc.rlib" "/opt/rustwide/target/debug/deps/libcrossbeam_queue-208b03d4f1312e82.rlib" "/opt/rustwide/target/debug/deps/libcrossbeam_utils-023d68ba4c06ac5f.rlib" "/opt/rustwide/target/debug/deps/libfutures_intrusive-670890cb4dc891f5.rlib" "/opt/rustwide/target/debug/deps/libparking_lot-7d316ee2e410555e.rlib" "/opt/rustwide/target/debug/deps/libparking_lot_core-8828a14e23064656.rlib" "/opt/rustwide/target/debug/deps/libsmallvec-a078f506e4f080f1.rlib" "/opt/rustwide/target/debug/deps/libinstant-939f0c301cdc968a.rlib" "/opt/rustwide/target/debug/deps/liblock_api-83dbbbc23913e320.rlib" "/opt/rustwide/target/debug/deps/libscopeguard-54ff2283d814f48f.rlib" "/opt/rustwide/target/debug/deps/libeither-da39dd89d85755f6.rlib" "/opt/rustwide/target/debug/deps/libevent_listener-0579293c10c4b8db.rlib" "/opt/rustwide/target/debug/deps/libfutures_util-e13d3275f1240789.rlib" "/opt/rustwide/target/debug/deps/libmemchr-f4ebff342237ab92.rlib" "/opt/rustwide/target/debug/deps/libfutures_io-7c0a035fec108efa.rlib" "/opt/rustwide/target/debug/deps/libslab-f707bf0c16d9b9e8.rlib" "/opt/rustwide/target/debug/deps/libpin_project_lite-3a747526c5b5aadd.rlib" "/opt/rustwide/target/debug/deps/libfutures_task-84130a6d8e28865b.rlib" "/opt/rustwide/target/debug/deps/libpin_utils-501725f4e360d46d.rlib" "/opt/rustwide/target/debug/deps/libfutures_channel-73e24768eada9c4e.rlib" "/opt/rustwide/target/debug/deps/libfutures_sink-77bf73682122cb70.rlib" "/opt/rustwide/target/debug/deps/libfutures_core-7d5d03833d42101e.rlib" "/opt/rustwide/target/debug/deps/liblog-a3fff25330ec687e.rlib" "/opt/rustwide/target/debug/deps/libopenssl-c2568ecd21159cfd.rlib" "/opt/rustwide/target/debug/deps/libonce_cell-aab2d926ec727be6.rlib" "/opt/rustwide/target/debug/deps/libbitflags-610a73087f46ba3b.rlib" "/opt/rustwide/target/debug/deps/libforeign_types-3138d685ddde873e.rlib" "/opt/rustwide/target/debug/deps/libforeign_types_shared-1df85ef0ce08cbc3.rlib" "/opt/rustwide/target/debug/deps/libcfg_if-97437e183f3ae6e4.rlib" "/opt/rustwide/target/debug/deps/libopenssl_sys-bfc4e0237fe021e1.rlib" "/opt/rustwide/target/debug/deps/liblibc-e95620791e8937ab.rlib" "/opt/rustwide/rustup-home/toolchains/beta-2023-04-20-x86_64-unknown-linux-gnu/lib/rustlib/x86_64-unknown-linux-gnu/lib/libstd-0e29cc23c5e02021.rlib" "/opt/rustwide/rustup-home/toolchains/beta-2023-04-20-x86_64-unknown-linux-gnu/lib/rustlib/x86_64-unknown-linux-gnu/lib/libpanic_unwind-d903621768a861d9.rlib" "/opt/rustwide/rustup-home/toolchains/beta-2023-04-20-x86_64-unknown-linux-gnu/lib/rustlib/x86_64-unknown-linux-gnu/lib/libobject-6d0225e655f31c13.rlib" "/opt/rustwide/rustup-home/toolchains/beta-2023-04-20-x86_64-unknown-linux-gnu/lib/rustlib/x86_64-unknown-linux-gnu/lib/libmemchr-9dbaf4eac7eaa079.rlib" "/opt/rustwide/rustup-home/toolchains/beta-2023-04-20-x86_64-unknown-linux-gnu/lib/rustlib/x86_64-unknown-linux-gnu/lib/libaddr2line-27f05b3d42a66dd0.rlib" "/opt/rustwide/rustup-home/toolchains/beta-2023-04-20-x86_64-unknown-linux-gnu/lib/rustlib/x86_64-unknown-linux-gnu/lib/libgimli-4d73f1030321c9a2.rlib" "/opt/rustwide/rustup-home/toolchains/beta-2023-04-20-x86_64-unknown-linux-gnu/lib/rustlib/x86_64-unknown-linux-gnu/lib/librustc_demangle-2846c9e58abd0acb.rlib" "/opt/rustwide/rustup-home/toolchains/beta-2023-04-20-x86_64-unknown-linux-gnu/lib/rustlib/x86_64-unknown-linux-gnu/lib/libstd_detect-a53d0f50415947be.rlib" "/opt/rustwide/rustup-home/toolchains/beta-2023-04-20-x86_64-unknown-linux-gnu/lib/rustlib/x86_64-unknown-linux-gnu/lib/libhashbrown-d48e4b6abc25b9dc.rlib" "/opt/rustwide/rustup-home/toolchains/beta-2023-04-20-x86_64-unknown-linux-gnu/lib/rustlib/x86_64-unknown-linux-gnu/lib/libminiz_oxide-2991859439ef1207.rlib" "/opt/rustwide/rustup-home/toolchains/beta-2023-04-20-x86_64-unknown-linux-gnu/lib/rustlib/x86_64-unknown-linux-gnu/lib/libadler-8a687517e4221bae.rlib" "/opt/rustwide/rustup-home/toolchains/beta-2023-04-20-x86_64-unknown-linux-gnu/lib/rustlib/x86_64-unknown-linux-gnu/lib/librustc_std_workspace_alloc-e07b554f6a67f5b3.rlib" "/opt/rustwide/rustup-home/toolchains/beta-2023-04-20-x86_64-unknown-linux-gnu/lib/rustlib/x86_64-unknown-linux-gnu/lib/libunwind-b68238b7c3c619dd.rlib" "/opt/rustwide/rustup-home/toolchains/beta-2023-04-20-x86_64-unknown-linux-gnu/lib/rustlib/x86_64-unknown-linux-gnu/lib/libcfg_if-d5e213e896c017e4.rlib" "/opt/rustwide/rustup-home/toolchains/beta-2023-04-20-x86_64-unknown-linux-gnu/lib/rustlib/x86_64-unknown-linux-gnu/lib/liblibc-0211a3b2e61d8689.rlib" "/opt/rustwide/rustup-home/toolchains/beta-2023-04-20-x86_64-unknown-linux-gnu/lib/rustlib/x86_64-unknown-linux-gnu/lib/liballoc-b371f055239ba51f.rlib" "/opt/rustwide/rustup-home/toolchains/beta-2023-04-20-x86_64-unknown-linux-gnu/lib/rustlib/x86_64-unknown-linux-gnu/lib/librustc_std_workspace_core-e60518d2760eb01e.rlib" "/opt/rustwide/rustup-home/toolchains/beta-2023-04-20-x86_64-unknown-linux-gnu/lib/rustlib/x86_64-unknown-linux-gnu/lib/libcore-1ad943f92a4b1081.rlib" "/opt/rustwide/rustup-home/toolchains/beta-2023-04-20-x86_64-unknown-linux-gnu/lib/rustlib/x86_64-unknown-linux-gnu/lib/libcompiler_builtins-f0d6e4d0fc1e80b4.rlib" "-Wl,-Bdynamic" "-lgcc_s" "-lutil" "-lrt" "-lpthread" "-lm" "-ldl" "-lc" "-Wl,--eh-frame-hdr" "-Wl,-z,noexecstack" "-L" "/opt/rustwide/rustup-home/toolchains/beta-2023-04-20-x86_64-unknown-linux-gnu/lib/rustlib/x86_64-unknown-linux-gnu/lib" "-o" "/opt/rustwide/target/debug/examples/deviceproperties-5a6484b6300aed29" "-Wl,--gc-sections" "-pie" "-Wl,-z,relro,-z,now" "-nodefaultlibs"
[INFO] [stdout]   = note: collect2: fatal error: ld terminated with signal 9 [Killed]
[INFO] [stdout]           compilation terminated.
[INFO] [stdout]           
[INFO] [stdout] 
[INFO] [stdout] 
[INFO] [stdout] error: aborting due to previous error
[INFO] [stdout] 
[INFO] [stdout] 
[INFO] [stderr] error: could not compile `astarte-device-sdk` (example "deviceproperties") due to 2 previous errors
[INFO] [stdout] error: linking with `cc` failed: exit status: 1
[INFO] [stdout]   |
[INFO] [stdout]   = note: LC_ALL="C" PATH="/opt/rustwide/rustup-home/toolchains/beta-2023-04-20-x86_64-unknown-linux-gnu/lib/rustlib/x86_64-unknown-linux-gnu/bin:/opt/rustwide/cargo-home/bin:/usr/local/sbin:/usr/local/bin:/usr/sbin:/usr/bin:/sbin:/bin" VSLANG="1033" "cc" "-m64" "/tmp/rustc3UFTv3/symbols.o" "/opt/rustwide/target/debug/examples/registration-b6947ec3486805c3.registration.bf88254b-cgu.0.rcgu.o" "/opt/rustwide/target/debug/examples/registration-b6947ec3486805c3.registration.bf88254b-cgu.1.rcgu.o" "/opt/rustwide/target/debug/examples/registration-b6947ec3486805c3.registration.bf88254b-cgu.10.rcgu.o" "/opt/rustwide/target/debug/examples/registration-b6947ec3486805c3.registration.bf88254b-cgu.11.rcgu.o" "/opt/rustwide/target/debug/examples/registration-b6947ec3486805c3.registration.bf88254b-cgu.12.rcgu.o" "/opt/rustwide/target/debug/examples/registration-b6947ec3486805c3.registration.bf88254b-cgu.13.rcgu.o" "/opt/rustwide/target/debug/examples/registration-b6947ec3486805c3.registration.bf88254b-cgu.14.rcgu.o" "/opt/rustwide/target/debug/examples/registration-b6947ec3486805c3.registration.bf88254b-cgu.15.rcgu.o" "/opt/rustwide/target/debug/examples/registration-b6947ec3486805c3.registration.bf88254b-cgu.2.rcgu.o" "/opt/rustwide/target/debug/examples/registration-b6947ec3486805c3.registration.bf88254b-cgu.3.rcgu.o" "/opt/rustwide/target/debug/examples/registration-b6947ec3486805c3.registration.bf88254b-cgu.4.rcgu.o" "/opt/rustwide/target/debug/examples/registration-b6947ec3486805c3.registration.bf88254b-cgu.5.rcgu.o" "/opt/rustwide/target/debug/examples/registration-b6947ec3486805c3.registration.bf88254b-cgu.6.rcgu.o" "/opt/rustwide/target/debug/examples/registration-b6947ec3486805c3.registration.bf88254b-cgu.7.rcgu.o" "/opt/rustwide/target/debug/examples/registration-b6947ec3486805c3.registration.bf88254b-cgu.8.rcgu.o" "/opt/rustwide/target/debug/examples/registration-b6947ec3486805c3.registration.bf88254b-cgu.9.rcgu.o" "/opt/rustwide/target/debug/examples/registration-b6947ec3486805c3.4ovjc2xusieduu1y.rcgu.o" "-Wl,--as-needed" "-L" "/opt/rustwide/target/debug/deps" "-L" "/opt/rustwide/target/debug/build/openssl-sys-ddb33f52b623e3f9/out/openssl-build/install/lib" "-L" "/opt/rustwide/target/debug/build/ring-c693d58b3ba93099/out" "-L" "/opt/rustwide/target/debug/build/libsqlite3-sys-9dd47faa0558ab42/out" "-L" "/opt/rustwide/rustup-home/toolchains/beta-2023-04-20-x86_64-unknown-linux-gnu/lib/rustlib/x86_64-unknown-linux-gnu/lib" "-Wl,-Bstatic" "/opt/rustwide/target/debug/deps/libastarte_device_sdk-ce426e3de23846e5.rlib" "/opt/rustwide/target/debug/deps/libflate2-5a74138cd28de51c.rlib" "/opt/rustwide/target/debug/deps/libminiz_oxide-2bc0bcabb4c772fc.rlib" "/opt/rustwide/target/debug/deps/libadler-92f8db84032ff960.rlib" "/opt/rustwide/target/debug/deps/libcrc32fast-fc15e7c737c5fb18.rlib" "/opt/rustwide/target/debug/deps/libbson-f9e3aa724932225b.rlib" "/opt/rustwide/target/debug/deps/librand-520d6454ec77b455.rlib" "/opt/rustwide/target/debug/deps/librand_chacha-9e44ce0e1a545390.rlib" "/opt/rustwide/target/debug/deps/libppv_lite86-79b67cdd215cb07c.rlib" "/opt/rustwide/target/debug/deps/librand_core-e6f51038f30337ff.rlib" "/opt/rustwide/target/debug/deps/libhex-edafc8b2917f78c9.rlib" "/opt/rustwide/target/debug/deps/libserde_bytes-31860a8e5487f183.rlib" "/opt/rustwide/target/debug/deps/libchrono-517182807cc2bec9.rlib" "/opt/rustwide/target/debug/deps/libiana_time_zone-b49c1de53d2717aa.rlib" "/opt/rustwide/target/debug/deps/libnum_integer-beff72c2de6c84f9.rlib" "/opt/rustwide/target/debug/deps/libtime-cd5bd3a4457d77b7.rlib" "/opt/rustwide/target/debug/deps/libtime-c3bad6d9a0b5de51.rlib" "/opt/rustwide/target/debug/deps/libuuid-889a58f524701eb0.rlib" "/opt/rustwide/target/debug/deps/libsha1_smol-efc265f4a6d806ac.rlib" "/opt/rustwide/target/debug/deps/libreqwest-473a0f63d6293710.rlib" "/opt/rustwide/target/debug/deps/libhyper_tls-62dd32ad1c36380d.rlib" "/opt/rustwide/target/debug/deps/libserde_urlencoded-f174f13dff21453a.rlib" "/opt/rustwide/target/debug/deps/libipnet-d453c6045f112e9c.rlib" "/opt/rustwide/target/debug/deps/libtokio_native_tls-3c1e55f429b2aa3c.rlib" "/opt/rustwide/target/debug/deps/libmime-6adaefd5c465bdcc.rlib" "/opt/rustwide/target/debug/deps/libencoding_rs-b0d41797c1da8834.rlib" "/opt/rustwide/target/debug/deps/libserde_json-453972965913b711.rlib" "/opt/rustwide/target/debug/deps/libryu-c78937d74caa9f3f.rlib" "/opt/rustwide/target/debug/deps/libnative_tls-72a1ae47b429f999.rlib" "/opt/rustwide/target/debug/deps/libhyper-7fd10ce436fefa0c.rlib" "/opt/rustwide/target/debug/deps/libwant-35a84032a29cb9d4.rlib" "/opt/rustwide/target/debug/deps/libtry_lock-bcd858d644546236.rlib" "/opt/rustwide/target/debug/deps/libhttparse-463bd4a7f2c72ba2.rlib" "/opt/rustwide/target/debug/deps/libh2-f162a3997a91a6c3.rlib" "/opt/rustwide/target/debug/deps/libtokio_util-d2177f83090841e3.rlib" "/opt/rustwide/target/debug/deps/libtower_service-6e0b9a8ac2b0d4d0.rlib" "/opt/rustwide/target/debug/deps/libtracing-a10c2da8e1a1bbbd.rlib" "/opt/rustwide/target/debug/deps/libtracing_core-f36930e35577b519.rlib" "/opt/rustwide/target/debug/deps/libhttp_body-9ff14fef5f3860a8.rlib" "/opt/rustwide/target/debug/deps/libhttp-b1738a3ebdf2227d.rlib" "/opt/rustwide/target/debug/deps/libitoa-eb68ddfe016730e8.rlib" "/opt/rustwide/target/debug/deps/libfnv-bb690c336855f248.rlib" "/opt/rustwide/target/debug/deps/librumqttc-5fb43b28d29b7d8b.rlib" "/opt/rustwide/target/debug/deps/librustls_pemfile-4a404a1caa573b39.rlib" "/opt/rustwide/target/debug/deps/libbase64-0c872e3f7d1ba17a.rlib" "/opt/rustwide/target/debug/deps/libpollster-c240486fb9d1eb1a.rlib" "/opt/rustwide/target/debug/deps/librustls_native_certs-b97ce778bd67abe5.rlib" "/opt/rustwide/target/debug/deps/libopenssl_probe-361016bdcb077fee.rlib" "/opt/rustwide/target/debug/deps/libfutures-f1cc9a785e2430f6.rlib" "/opt/rustwide/target/debug/deps/libserde-58f2bfc24e92fd08.rlib" "/opt/rustwide/target/debug/deps/libsqlx-1c32199b26c9e1be.rlib" "/opt/rustwide/target/debug/deps/libsqlx_core-df9dd2d58b14e19f.rlib" "/opt/rustwide/target/debug/deps/liburl-3bffa736fa522e67.rlib" "/opt/rustwide/target/debug/deps/libidna-c5248e5ac871221c.rlib" "/opt/rustwide/target/debug/deps/libunicode_normalization-6c3f1f506de52d5b.rlib" "/opt/rustwide/target/debug/deps/libtinyvec-4ebd66a73cc74e35.rlib" "/opt/rustwide/target/debug/deps/libtinyvec_macros-c8728763a1cfbcab.rlib" "/opt/rustwide/target/debug/deps/libunicode_bidi-b6711b09b1de9719.rlib" "/opt/rustwide/target/debug/deps/libform_urlencoded-c6dce5f233f9dc81.rlib" "/opt/rustwide/target/debug/deps/libfutures_executor-07e21f9e173ea982.rlib" "/opt/rustwide/target/debug/deps/libflume-2da710a5adfb90b4.rlib" "/opt/rustwide/target/debug/deps/libspin-3c5f3e5535327499.rlib" "/opt/rustwide/target/debug/deps/libpin_project-8e636960985dd4b3.rlib" "/opt/rustwide/target/debug/deps/libnanorand-095a99af4ffa7f27.rlib" "/opt/rustwide/target/debug/deps/libtokio_stream-cbdacd93f4c61634.rlib" "/opt/rustwide/target/debug/deps/librustls_pemfile-2cdb1105fda109ec.rlib" "/opt/rustwide/target/debug/deps/libbase64-1d8778d69d34a396.rlib" "/opt/rustwide/target/debug/deps/libwebpki_roots-2667743ae6d7c51f.rlib" "/opt/rustwide/target/debug/deps/libsqlformat-6a7e3a60115c3de2.rlib" "/opt/rustwide/target/debug/deps/libunicode_categories-4308e7bb4d6c97b4.rlib" "/opt/rustwide/target/debug/deps/libnom-f349c4f51bc0ac36.rlib" "/opt/rustwide/target/debug/deps/libitertools-14dfc30c964580d2.rlib" "/opt/rustwide/target/debug/deps/libthiserror-20bb771e034d55e8.rlib" "/opt/rustwide/target/debug/deps/libpercent_encoding-4a77b5e8a25d80c2.rlib" "/opt/rustwide/target/debug/deps/libindexmap-560bb563d34a22ff.rlib" "/opt/rustwide/target/debug/deps/liblibsqlite3_sys-65051e749de563b7.rlib" "/opt/rustwide/target/debug/deps/libatoi-84d528421c71252d.rlib" "/opt/rustwide/target/debug/deps/libnum_traits-20b15c62e5e0e397.rlib" "/opt/rustwide/target/debug/deps/libsha2-1bd62e61a58fbeb3.rlib" "/opt/rustwide/target/debug/deps/libcpufeatures-a834a1d164d66bf9.rlib" "/opt/rustwide/target/debug/deps/libdigest-f25490c70e0fe847.rlib" "/opt/rustwide/target/debug/deps/libblock_buffer-c41a58c81d79df11.rlib" "/opt/rustwide/target/debug/deps/libcrypto_common-16114decb49ef57d.rlib" "/opt/rustwide/target/debug/deps/libgeneric_array-7f439398e68508f6.rlib" "/opt/rustwide/target/debug/deps/libtypenum-ca960b6272e61653.rlib" "/opt/rustwide/target/debug/deps/libsqlx_rt-3b3dadf1f0d6e890.rlib" "/opt/rustwide/target/debug/deps/libtokio_rustls-f0fd256994c0b40b.rlib" "/opt/rustwide/target/debug/deps/librustls-48a46f8a9492344d.rlib" "/opt/rustwide/target/debug/deps/libsct-687fb6aa8f224bcf.rlib" "/opt/rustwide/target/debug/deps/libwebpki-1089b854611c958a.rlib" "/opt/rustwide/target/debug/deps/libring-c663e325db7be24a.rlib" "/opt/rustwide/target/debug/deps/libspin-0ce7eed86e654be1.rlib" "/opt/rustwide/target/debug/deps/libuntrusted-299fbcd347deffe0.rlib" "/opt/rustwide/target/debug/deps/libhashlink-0f1f789bc288169f.rlib" "/opt/rustwide/target/debug/deps/libhashbrown-5a0f8666756996b1.rlib" "/opt/rustwide/target/debug/deps/libahash-441234a5d1eb8323.rlib" "/opt/rustwide/target/debug/deps/libgetrandom-79c7b066a04ca9fc.rlib" "/opt/rustwide/target/debug/deps/libcrossbeam_queue-208b03d4f1312e82.rlib" "/opt/rustwide/target/debug/deps/libcrossbeam_utils-023d68ba4c06ac5f.rlib" "/opt/rustwide/target/debug/deps/libfutures_intrusive-670890cb4dc891f5.rlib" "/opt/rustwide/target/debug/deps/libparking_lot-7d316ee2e410555e.rlib" "/opt/rustwide/target/debug/deps/libparking_lot_core-8828a14e23064656.rlib" "/opt/rustwide/target/debug/deps/libinstant-939f0c301cdc968a.rlib" "/opt/rustwide/target/debug/deps/libeither-da39dd89d85755f6.rlib" "/opt/rustwide/target/debug/deps/libevent_listener-0579293c10c4b8db.rlib" "/opt/rustwide/target/debug/deps/libfutures_util-e13d3275f1240789.rlib" "/opt/rustwide/target/debug/deps/libfutures_io-7c0a035fec108efa.rlib" "/opt/rustwide/target/debug/deps/libslab-f707bf0c16d9b9e8.rlib" "/opt/rustwide/target/debug/deps/libfutures_task-84130a6d8e28865b.rlib" "/opt/rustwide/target/debug/deps/libpin_utils-501725f4e360d46d.rlib" "/opt/rustwide/target/debug/deps/libfutures_channel-73e24768eada9c4e.rlib" "/opt/rustwide/target/debug/deps/libfutures_sink-77bf73682122cb70.rlib" "/opt/rustwide/target/debug/deps/libfutures_core-7d5d03833d42101e.rlib" "/opt/rustwide/target/debug/deps/libopenssl-c2568ecd21159cfd.rlib" "/opt/rustwide/target/debug/deps/libonce_cell-aab2d926ec727be6.rlib" "/opt/rustwide/target/debug/deps/libforeign_types-3138d685ddde873e.rlib" "/opt/rustwide/target/debug/deps/libforeign_types_shared-1df85ef0ce08cbc3.rlib" "/opt/rustwide/target/debug/deps/libopenssl_sys-bfc4e0237fe021e1.rlib" "/opt/rustwide/target/debug/deps/libenv_logger-3767860e02188ed1.rlib" "/opt/rustwide/target/debug/deps/libtermcolor-115d13e8512c3a7e.rlib" "/opt/rustwide/target/debug/deps/libhumantime-e9a3658f54825403.rlib" "/opt/rustwide/target/debug/deps/libregex-571ee8baadf927b7.rlib" "/opt/rustwide/target/debug/deps/libaho_corasick-b661dc89bb765c3e.rlib" "/opt/rustwide/target/debug/deps/libregex_syntax-bdb53bf4a9d4034b.rlib" "/opt/rustwide/target/debug/deps/libtokio-11f4ce46f94c8c2a.rlib" "/opt/rustwide/target/debug/deps/libsignal_hook_registry-a64531479370ab78.rlib" "/opt/rustwide/target/debug/deps/libnum_cpus-bb3fbdd611a62e1b.rlib" "/opt/rustwide/target/debug/deps/libsocket2-4eda4aa0e5d3308d.rlib" "/opt/rustwide/target/debug/deps/libmemchr-f4ebff342237ab92.rlib" "/opt/rustwide/target/debug/deps/libbytes-ae855e71327d1b48.rlib" "/opt/rustwide/target/debug/deps/libmio-6edc56496c9c0f52.rlib" "/opt/rustwide/target/debug/deps/liblog-a3fff25330ec687e.rlib" "/opt/rustwide/target/debug/deps/libpin_project_lite-3a747526c5b5aadd.rlib" "/opt/rustwide/target/debug/deps/libparking_lot-2d68b305aafaeb6e.rlib" "/opt/rustwide/target/debug/deps/libparking_lot_core-ea9926f9544fc806.rlib" "/opt/rustwide/target/debug/deps/libcfg_if-97437e183f3ae6e4.rlib" "/opt/rustwide/target/debug/deps/libsmallvec-a078f506e4f080f1.rlib" "/opt/rustwide/target/debug/deps/liblock_api-83dbbbc23913e320.rlib" "/opt/rustwide/target/debug/deps/libscopeguard-54ff2283d814f48f.rlib" "/opt/rustwide/target/debug/deps/libstructopt-e4f8dc8a1214991f.rlib" "/opt/rustwide/target/debug/deps/liblazy_static-86422d76b8bd90ed.rlib" "/opt/rustwide/target/debug/deps/libclap-3ce9da5796f3b3a5.rlib" "/opt/rustwide/target/debug/deps/libvec_map-18b27ee44a5c9049.rlib" "/opt/rustwide/target/debug/deps/libtextwrap-bde0ce5a4090d2af.rlib" "/opt/rustwide/target/debug/deps/libunicode_width-6b812fea5297095e.rlib" "/opt/rustwide/target/debug/deps/libstrsim-c9e2592dde3c5431.rlib" "/opt/rustwide/target/debug/deps/libbitflags-610a73087f46ba3b.rlib" "/opt/rustwide/target/debug/deps/libatty-e496e3929b3892d4.rlib" "/opt/rustwide/target/debug/deps/liblibc-e95620791e8937ab.rlib" "/opt/rustwide/target/debug/deps/libansi_term-cf230369650aa732.rlib" "/opt/rustwide/rustup-home/toolchains/beta-2023-04-20-x86_64-unknown-linux-gnu/lib/rustlib/x86_64-unknown-linux-gnu/lib/libstd-0e29cc23c5e02021.rlib" "/opt/rustwide/rustup-home/toolchains/beta-2023-04-20-x86_64-unknown-linux-gnu/lib/rustlib/x86_64-unknown-linux-gnu/lib/libpanic_unwind-d903621768a861d9.rlib" "/opt/rustwide/rustup-home/toolchains/beta-2023-04-20-x86_64-unknown-linux-gnu/lib/rustlib/x86_64-unknown-linux-gnu/lib/libobject-6d0225e655f31c13.rlib" "/opt/rustwide/rustup-home/toolchains/beta-2023-04-20-x86_64-unknown-linux-gnu/lib/rustlib/x86_64-unknown-linux-gnu/lib/libmemchr-9dbaf4eac7eaa079.rlib" "/opt/rustwide/rustup-home/toolchains/beta-2023-04-20-x86_64-unknown-linux-gnu/lib/rustlib/x86_64-unknown-linux-gnu/lib/libaddr2line-27f05b3d42a66dd0.rlib" "/opt/rustwide/rustup-home/toolchains/beta-2023-04-20-x86_64-unknown-linux-gnu/lib/rustlib/x86_64-unknown-linux-gnu/lib/libgimli-4d73f1030321c9a2.rlib" "/opt/rustwide/rustup-home/toolchains/beta-2023-04-20-x86_64-unknown-linux-gnu/lib/rustlib/x86_64-unknown-linux-gnu/lib/librustc_demangle-2846c9e58abd0acb.rlib" "/opt/rustwide/rustup-home/toolchains/beta-2023-04-20-x86_64-unknown-linux-gnu/lib/rustlib/x86_64-unknown-linux-gnu/lib/libstd_detect-a53d0f50415947be.rlib" "/opt/rustwide/rustup-home/toolchains/beta-2023-04-20-x86_64-unknown-linux-gnu/lib/rustlib/x86_64-unknown-linux-gnu/lib/libhashbrown-d48e4b6abc25b9dc.rlib" "/opt/rustwide/rustup-home/toolchains/beta-2023-04-20-x86_64-unknown-linux-gnu/lib/rustlib/x86_64-unknown-linux-gnu/lib/libminiz_oxide-2991859439ef1207.rlib" "/opt/rustwide/rustup-home/toolchains/beta-2023-04-20-x86_64-unknown-linux-gnu/lib/rustlib/x86_64-unknown-linux-gnu/lib/libadler-8a687517e4221bae.rlib" "/opt/rustwide/rustup-home/toolchains/beta-2023-04-20-x86_64-unknown-linux-gnu/lib/rustlib/x86_64-unknown-linux-gnu/lib/librustc_std_workspace_alloc-e07b554f6a67f5b3.rlib" "/opt/rustwide/rustup-home/toolchains/beta-2023-04-20-x86_64-unknown-linux-gnu/lib/rustlib/x86_64-unknown-linux-gnu/lib/libunwind-b68238b7c3c619dd.rlib" "/opt/rustwide/rustup-home/toolchains/beta-2023-04-20-x86_64-unknown-linux-gnu/lib/rustlib/x86_64-unknown-linux-gnu/lib/libcfg_if-d5e213e896c017e4.rlib" "/opt/rustwide/rustup-home/toolchains/beta-2023-04-20-x86_64-unknown-linux-gnu/lib/rustlib/x86_64-unknown-linux-gnu/lib/liblibc-0211a3b2e61d8689.rlib" "/opt/rustwide/rustup-home/toolchains/beta-2023-04-20-x86_64-unknown-linux-gnu/lib/rustlib/x86_64-unknown-linux-gnu/lib/liballoc-b371f055239ba51f.rlib" "/opt/rustwide/rustup-home/toolchains/beta-2023-04-20-x86_64-unknown-linux-gnu/lib/rustlib/x86_64-unknown-linux-gnu/lib/librustc_std_workspace_core-e60518d2760eb01e.rlib" "/opt/rustwide/rustup-home/toolchains/beta-2023-04-20-x86_64-unknown-linux-gnu/lib/rustlib/x86_64-unknown-linux-gnu/lib/libcore-1ad943f92a4b1081.rlib" "/opt/rustwide/rustup-home/toolchains/beta-2023-04-20-x86_64-unknown-linux-gnu/lib/rustlib/x86_64-unknown-linux-gnu/lib/libcompiler_builtins-f0d6e4d0fc1e80b4.rlib" "-Wl,-Bdynamic" "-lgcc_s" "-lutil" "-lrt" "-lpthread" "-lm" "-ldl" "-lc" "-Wl,--eh-frame-hdr" "-Wl,-z,noexecstack" "-L" "/opt/rustwide/rustup-home/toolchains/beta-2023-04-20-x86_64-unknown-linux-gnu/lib/rustlib/x86_64-unknown-linux-gnu/lib" "-o" "/opt/rustwide/target/debug/examples/registration-b6947ec3486805c3" "-Wl,--gc-sections" "-pie" "-Wl,-z,relro,-z,now" "-nodefaultlibs"
[INFO] [stdout]   = note: collect2: fatal error: ld terminated with signal 9 [Killed]
[INFO] [stdout]           compilation terminated.
[INFO] [stdout]           
[INFO] [stdout] 
[INFO] [stdout] 
[INFO] [stdout] error: aborting due to previous error
[INFO] [stdout] 
[INFO] [stdout] 
[INFO] [stderr] error: could not compile `astarte-device-sdk` (example "registration") due to 2 previous errors
[INFO] running `Command { std: "docker" "inspect" "f34ef4d91aee29a9f1ad9a029da1fd3209c528ea201d030de847b7154a067a57", kill_on_drop: false }`
[INFO] running `Command { std: "docker" "rm" "-f" "f34ef4d91aee29a9f1ad9a029da1fd3209c528ea201d030de847b7154a067a57", kill_on_drop: false }`
[INFO] [stdout] f34ef4d91aee29a9f1ad9a029da1fd3209c528ea201d030de847b7154a067a57
