[INFO] fetching crate assembly-data 0.3.0...
[INFO] testing assembly-data-0.3.0 against 1.69.0 for beta-1.70-1
[INFO] extracting crate assembly-data 0.3.0 into /workspace/builds/worker-5-tc1/source
[INFO] validating manifest of crates.io crate assembly-data 0.3.0 on toolchain 1.69.0
[INFO] running `Command { std: CARGO_HOME="/workspace/cargo-home" RUSTUP_HOME="/workspace/rustup-home" "/workspace/cargo-home/bin/cargo" "+1.69.0" "metadata" "--manifest-path" "Cargo.toml" "--no-deps", kill_on_drop: false }`
[INFO] started tweaking crates.io crate assembly-data 0.3.0
[INFO] finished tweaking crates.io crate assembly-data 0.3.0
[INFO] tweaked toml for crates.io crate assembly-data 0.3.0 written to /workspace/builds/worker-5-tc1/source/Cargo.toml
[INFO] crate crates.io crate assembly-data 0.3.0 already has a lockfile, it will not be regenerated
[INFO] running `Command { std: CARGO_HOME="/workspace/cargo-home" RUSTUP_HOME="/workspace/rustup-home" "/workspace/cargo-home/bin/cargo" "+1.69.0" "fetch" "--manifest-path" "Cargo.toml", kill_on_drop: false }`
[INFO] [stderr]  Downloading crates ...
[INFO] [stderr]   Downloaded syn v1.0.76
[INFO] [stderr]   Downloaded structopt-derive v0.4.16
[INFO] [stderr]   Downloaded proc-macro2 v1.0.29
[INFO] [stderr]   Downloaded crossbeam-utils v0.8.5
[INFO] [stderr]   Downloaded mapr v0.8.0
[INFO] [stderr]   Downloaded term v0.5.2
[INFO] [stderr]   Downloaded sharded-slab v0.1.3
[INFO] [stderr]   Downloaded addr2line v0.16.0
[INFO] [stderr]   Downloaded bytemuck v1.7.2
[INFO] [stderr]   Downloaded bytemuck_derive v1.0.1
[INFO] [stderr]   Downloaded wyz v0.2.0
[INFO] [stderr]   Downloaded displaydoc v0.1.7
[INFO] [stderr]   Downloaded serde_derive v1.0.130
[INFO] [stderr]   Downloaded tracing-error v0.1.2
[INFO] [stderr]   Downloaded hsieh-hash v0.1.1
[INFO] [stderr]   Downloaded tracing-subscriber v0.2.21
[INFO] [stderr]   Downloaded quick-xml v0.20.0
[INFO] [stderr]   Downloaded arrayref v0.3.6
[INFO] [stderr]   Downloaded assembly-core v0.2.1
[INFO] [stderr]   Downloaded linked-hash-map v0.5.4
[INFO] [stderr]   Downloaded lexical-core v0.7.6
[INFO] [stderr]   Downloaded color-spantrace v0.1.6
[INFO] [stderr]   Downloaded bstr v0.2.16
[INFO] [stderr]   Downloaded lru-cache v0.1.2
[INFO] [stderr]   Downloaded gimli v0.25.0
[INFO] [stderr]   Downloaded color-eyre v0.5.11
[INFO] [stderr]   Downloaded encoding_rs v0.8.28
[INFO] [stderr]   Downloaded libc v0.2.101
[INFO] [stderr]   Downloaded radium v0.5.3
[INFO] [stderr]   Downloaded funty v1.1.0
[INFO] [stderr]   Downloaded bitvec v0.19.5
[INFO] [stderr]   Downloaded nom v6.1.2
[INFO] [stderr]   Downloaded eyre v0.6.5
[INFO] [stderr]   Downloaded object v0.26.2
[INFO] [stderr]   Downloaded backtrace v0.3.61
[INFO] [stderr]   Downloaded owo-colors v1.3.0
[INFO] [stderr]   Downloaded pin-project-lite v0.2.7
[INFO] [stderr]   Downloaded tracing-core v0.1.20
[INFO] [stderr]   Downloaded once_cell v1.8.0
[INFO] [stderr]   Downloaded prettytable-rs v0.8.0
[INFO] [stderr]   Downloaded cc v1.0.70
[INFO] [stderr]   Downloaded pkg-config v0.3.19
[INFO] [stderr]   Downloaded serde v1.0.130
[INFO] [stderr]   Downloaded serde_json v1.0.67
[INFO] [stderr]   Downloaded unicode-segmentation v1.8.0
[INFO] [stderr]   Downloaded version_check v0.9.3
[INFO] [stderr]   Downloaded thiserror-impl v1.0.29
[INFO] [stderr]   Downloaded thiserror v1.0.29
[INFO] [stderr]   Downloaded structopt v0.3.23
[INFO] [stderr]   Downloaded rusqlite v0.21.0
[INFO] [stderr]   Downloaded libsqlite3-sys v0.17.3
[INFO] running `Command { std: "docker" "create" "-v" "/var/lib/crater-agent-workspace/builds/worker-5-tc1/target:/opt/rustwide/target:rw,Z" "-v" "/var/lib/crater-agent-workspace/builds/worker-5-tc1/source:/opt/rustwide/workdir:ro,Z" "-v" "/var/lib/crater-agent-workspace/cargo-home:/opt/rustwide/cargo-home:ro,Z" "-v" "/var/lib/crater-agent-workspace/rustup-home:/opt/rustwide/rustup-home:ro,Z" "-e" "SOURCE_DIR=/opt/rustwide/workdir" "-e" "CARGO_TARGET_DIR=/opt/rustwide/target" "-e" "CARGO_HOME=/opt/rustwide/cargo-home" "-e" "RUSTUP_HOME=/opt/rustwide/rustup-home" "-w" "/opt/rustwide/workdir" "-m" "1610612736" "--user" "0:0" "--network" "none" "ghcr.io/rust-lang/crates-build-env/linux@sha256:5ff2268d62e97bff2cde7d5815dd6ed5b47097566f13b8d0ca110b04b60e07ed" "/opt/rustwide/cargo-home/bin/cargo" "+1.69.0" "metadata" "--no-deps" "--format-version=1", kill_on_drop: false }`
[INFO] [stdout] 2024eeb4d55a6614a9e3d0bfd79d163fc5f152258acad0a07033da1db5607d05
[INFO] running `Command { std: "docker" "start" "-a" "2024eeb4d55a6614a9e3d0bfd79d163fc5f152258acad0a07033da1db5607d05", kill_on_drop: false }`
[INFO] running `Command { std: "docker" "inspect" "2024eeb4d55a6614a9e3d0bfd79d163fc5f152258acad0a07033da1db5607d05", kill_on_drop: false }`
[INFO] running `Command { std: "docker" "rm" "-f" "2024eeb4d55a6614a9e3d0bfd79d163fc5f152258acad0a07033da1db5607d05", kill_on_drop: false }`
[INFO] [stdout] 2024eeb4d55a6614a9e3d0bfd79d163fc5f152258acad0a07033da1db5607d05
[INFO] running `Command { std: "docker" "create" "-v" "/var/lib/crater-agent-workspace/builds/worker-5-tc1/target:/opt/rustwide/target:rw,Z" "-v" "/var/lib/crater-agent-workspace/builds/worker-5-tc1/source:/opt/rustwide/workdir:ro,Z" "-v" "/var/lib/crater-agent-workspace/cargo-home:/opt/rustwide/cargo-home:ro,Z" "-v" "/var/lib/crater-agent-workspace/rustup-home:/opt/rustwide/rustup-home:ro,Z" "-e" "SOURCE_DIR=/opt/rustwide/workdir" "-e" "CARGO_TARGET_DIR=/opt/rustwide/target" "-e" "CARGO_INCREMENTAL=0" "-e" "RUST_BACKTRACE=full" "-e" "RUSTFLAGS=--cap-lints=warn" "-e" "RUSTDOCFLAGS=--cap-lints=warn" "-e" "CARGO_HOME=/opt/rustwide/cargo-home" "-e" "RUSTUP_HOME=/opt/rustwide/rustup-home" "-w" "/opt/rustwide/workdir" "-m" "1610612736" "--user" "0:0" "--network" "none" "ghcr.io/rust-lang/crates-build-env/linux@sha256:5ff2268d62e97bff2cde7d5815dd6ed5b47097566f13b8d0ca110b04b60e07ed" "/opt/rustwide/cargo-home/bin/cargo" "+1.69.0" "build" "--frozen" "--message-format=json", kill_on_drop: false }`
[INFO] [stdout] 6dd2fc2e15efa574106d2f758b4dd4f0c71de42a45e518e96d2d5fe3b5fce3ee
[INFO] running `Command { std: "docker" "start" "-a" "6dd2fc2e15efa574106d2f758b4dd4f0c71de42a45e518e96d2d5fe3b5fce3ee", kill_on_drop: false }`
[INFO] [stderr]    Compiling proc-macro2 v1.0.29
[INFO] [stderr]    Compiling unicode-xid v0.2.2
[INFO] [stderr]    Compiling syn v1.0.76
[INFO] [stderr]    Compiling memchr v2.4.1
[INFO] [stderr]    Compiling radium v0.5.3
[INFO] [stderr]    Compiling unicode-xid v0.1.0
[INFO] [stderr]    Compiling ryu v1.0.5
[INFO] [stderr]    Compiling cc v1.0.70
[INFO] [stderr]    Compiling lexical-core v0.7.6
[INFO] [stderr]    Compiling autocfg v1.0.1
[INFO] [stderr]    Compiling libc v0.2.101
[INFO] [stderr]    Compiling syn v0.15.44
[INFO] [stderr]    Compiling serde_derive v1.0.130
[INFO] [stderr]    Compiling proc-macro2 v0.4.30
[INFO] [stderr]    Compiling version_check v0.9.3
[INFO] [stderr]    Compiling pkg-config v0.3.19
[INFO] [stderr]    Compiling funty v1.1.0
[INFO] [stderr]    Compiling tap v1.0.1
[INFO] [stderr]    Compiling arrayvec v0.5.2
[INFO] [stderr]    Compiling serde v1.0.130
[INFO] [stderr]    Compiling nom v6.1.2
[INFO] [stderr]    Compiling wyz v0.2.0
[INFO] [stderr]    Compiling num-derive v0.2.5
[INFO] [stderr]    Compiling num-traits v0.2.14
[INFO] [stderr]    Compiling static_assertions v1.1.0
[INFO] [stderr]    Compiling encoding_rs v0.8.28
[INFO] [stderr]    Compiling linked-hash-map v0.5.4
[INFO] [stderr]    Compiling fallible-iterator v0.2.0
[INFO] [stderr]    Compiling bitvec v0.19.5
[INFO] [stderr]    Compiling quote v0.6.13
[INFO] [stderr]    Compiling fallible-streaming-iterator v0.1.9
[INFO] [stderr]    Compiling bytemuck v1.7.2
[INFO] [stderr]    Compiling lru-cache v0.1.2
[INFO] [stderr]    Compiling hsieh-hash v0.1.1
[INFO] [stderr]    Compiling libsqlite3-sys v0.17.3
[INFO] [stderr]    Compiling quote v1.0.9
[INFO] [stderr]    Compiling time v0.1.44
[INFO] [stderr]    Compiling thiserror-impl v1.0.29
[INFO] [stderr]    Compiling displaydoc v0.1.7
[INFO] [stderr]    Compiling derive-new v0.5.9
[INFO] [stderr]    Compiling bytemuck_derive v1.0.1
[INFO] [stderr]    Compiling thiserror v1.0.29
[INFO] [stderr]    Compiling assembly-core v0.2.1
[INFO] [stderr]    Compiling rusqlite v0.21.0
[INFO] [stderr]    Compiling quick-xml v0.20.0
[INFO] [stderr]    Compiling assembly-data v0.3.0 (/opt/rustwide/workdir)
[INFO] [stderr]     Finished dev [unoptimized + debuginfo] target(s) in 28.95s
[INFO] [stderr] warning: the following packages contain code that will be rejected by a future version of Rust: nom v6.1.2, quick-xml v0.20.0
[INFO] [stderr] note: to see what the problems were, use the option `--future-incompat-report`, or run `cargo report future-incompatibilities --id 2`
[INFO] running `Command { std: "docker" "inspect" "6dd2fc2e15efa574106d2f758b4dd4f0c71de42a45e518e96d2d5fe3b5fce3ee", kill_on_drop: false }`
[INFO] running `Command { std: "docker" "rm" "-f" "6dd2fc2e15efa574106d2f758b4dd4f0c71de42a45e518e96d2d5fe3b5fce3ee", kill_on_drop: false }`
[INFO] [stdout] 6dd2fc2e15efa574106d2f758b4dd4f0c71de42a45e518e96d2d5fe3b5fce3ee
[INFO] running `Command { std: "docker" "create" "-v" "/var/lib/crater-agent-workspace/builds/worker-5-tc1/target:/opt/rustwide/target:rw,Z" "-v" "/var/lib/crater-agent-workspace/builds/worker-5-tc1/source:/opt/rustwide/workdir:ro,Z" "-v" "/var/lib/crater-agent-workspace/cargo-home:/opt/rustwide/cargo-home:ro,Z" "-v" "/var/lib/crater-agent-workspace/rustup-home:/opt/rustwide/rustup-home:ro,Z" "-e" "SOURCE_DIR=/opt/rustwide/workdir" "-e" "CARGO_TARGET_DIR=/opt/rustwide/target" "-e" "CARGO_INCREMENTAL=0" "-e" "RUST_BACKTRACE=full" "-e" "RUSTFLAGS=--cap-lints=warn" "-e" "RUSTDOCFLAGS=--cap-lints=warn" "-e" "CARGO_HOME=/opt/rustwide/cargo-home" "-e" "RUSTUP_HOME=/opt/rustwide/rustup-home" "-w" "/opt/rustwide/workdir" "-m" "1610612736" "--user" "0:0" "--network" "none" "ghcr.io/rust-lang/crates-build-env/linux@sha256:5ff2268d62e97bff2cde7d5815dd6ed5b47097566f13b8d0ca110b04b60e07ed" "/opt/rustwide/cargo-home/bin/cargo" "+1.69.0" "test" "--frozen" "--no-run" "--message-format=json", kill_on_drop: false }`
[INFO] [stdout] 84f180859f8b61197f67dc23843e8899dc1fe5db2dd2a91b14e6d7e5f915f349
[INFO] running `Command { std: "docker" "start" "-a" "84f180859f8b61197f67dc23843e8899dc1fe5db2dd2a91b14e6d7e5f915f349", kill_on_drop: false }`
[INFO] [stderr]    Compiling once_cell v1.8.0
[INFO] [stderr]    Compiling proc-macro-error-attr v1.0.4
[INFO] [stderr]    Compiling tracing-core v0.1.20
[INFO] [stderr]    Compiling miniz_oxide v0.4.4
[INFO] [stderr]    Compiling proc-macro-error v1.0.4
[INFO] [stderr]    Compiling sharded-slab v0.1.3
[INFO] [stderr]    Compiling pin-project-lite v0.2.7
[INFO] [stderr]    Compiling tracing-attributes v0.1.15
[INFO] [stderr]    Compiling unicode-width v0.1.8
[INFO] [stderr]    Compiling atty v0.2.14
[INFO] [stderr]    Compiling backtrace v0.3.61
[INFO] [stderr]    Compiling gimli v0.25.0
[INFO] [stderr]    Compiling eyre v0.6.5
[INFO] [stderr]    Compiling unicode-segmentation v1.8.0
[INFO] [stderr]    Compiling bstr v0.2.16
[INFO] [stderr]    Compiling csv-core v0.1.10
[INFO] [stderr]    Compiling dirs v1.0.5
[INFO] [stderr]    Compiling object v0.26.2
[INFO] [stderr]    Compiling textwrap v0.11.0
[INFO] [stderr]    Compiling thread_local v1.1.3
[INFO] [stderr]    Compiling indenter v0.3.3
[INFO] [stderr]    Compiling owo-colors v1.3.0
[INFO] [stderr]    Compiling heck v0.3.3
[INFO] [stderr]    Compiling rustc-demangle v0.1.21
[INFO] [stderr]    Compiling serde_json v1.0.67
[INFO] [stderr]    Compiling ansi_term v0.11.0
[INFO] [stderr]    Compiling term v0.5.2
[INFO] [stderr]    Compiling csv v1.1.6
[INFO] [stderr]    Compiling encode_unicode v0.3.6
[INFO] [stderr]    Compiling clap v2.33.3
[INFO] [stderr]    Compiling mapr v0.8.0
[INFO] [stderr]    Compiling tracing-subscriber v0.2.21
[INFO] [stderr]    Compiling structopt-derive v0.4.16
[INFO] [stderr]    Compiling prettytable-rs v0.8.0
[INFO] [stderr]    Compiling tracing v0.1.26
[INFO] [stderr]    Compiling tracing-error v0.1.2
[INFO] [stderr]    Compiling addr2line v0.16.0
[INFO] [stderr]    Compiling color-spantrace v0.1.6
[INFO] [stderr]    Compiling structopt v0.3.23
[INFO] [stderr]    Compiling color-eyre v0.5.11
[INFO] [stderr]    Compiling assembly-data v0.3.0 (/opt/rustwide/workdir)
[INFO] [stderr] error: could not compile `assembly-data`
[INFO] [stderr] 
[INFO] [stderr] Caused by:
[INFO] [stderr]   process didn't exit successfully: `rustc --crate-name assembly_data --edition=2018 src/lib.rs --error-format=json --json=diagnostic-rendered-ansi,artifacts,future-incompat --emit=dep-info,link -C embed-bitcode=no -C debuginfo=2 --test --cfg 'feature="default"' --cfg 'feature="rusqlite"' --cfg 'feature="serde"' --cfg 'feature="serde-derives"' --cfg 'feature="sqlite"' -C metadata=f0253dd36274009b -C extra-filename=-f0253dd36274009b --out-dir /opt/rustwide/target/debug/deps -L dependency=/opt/rustwide/target/debug/deps --extern assembly_core=/opt/rustwide/target/debug/deps/libassembly_core-d6402b264346c0e5.rlib --extern bytemuck=/opt/rustwide/target/debug/deps/libbytemuck-742b3c2e0bf4959f.rlib --extern bytemuck_derive=/opt/rustwide/target/debug/deps/libbytemuck_derive-35c8f8ce92075aaf.so --extern color_eyre=/opt/rustwide/target/debug/deps/libcolor_eyre-8818cac831ae1ced.rlib --extern derive_new=/opt/rustwide/target/debug/deps/libderive_new-28466f6b09f415a8.so --extern encoding_rs=/opt/rustwide/target/debug/deps/libencoding_rs-5eae66b8032bcd3a.rlib --extern hsieh_hash=/opt/rustwide/target/debug/deps/libhsieh_hash-a75db5b2ac29ad43.rlib --extern mapr=/opt/rustwide/target/debug/deps/libmapr-0f5352590459fe6d.rlib --extern memchr=/opt/rustwide/target/debug/deps/libmemchr-5970b4db8c8e9468.rlib --extern prettytable=/opt/rustwide/target/debug/deps/libprettytable-d85e0ff882290f47.rlib --extern quick_xml=/opt/rustwide/target/debug/deps/libquick_xml-e5932a8f19ae16af.rlib --extern rusqlite=/opt/rustwide/target/debug/deps/librusqlite-e972410f32fd49cb.rlib --extern serde=/opt/rustwide/target/debug/deps/libserde-966c3d45d0af42e2.rlib --extern serde_json=/opt/rustwide/target/debug/deps/libserde_json-8590d3dbdbd3d6ed.rlib --extern structopt=/opt/rustwide/target/debug/deps/libstructopt-fd2c3c1f9fb989e4.rlib --extern thiserror=/opt/rustwide/target/debug/deps/libthiserror-6ee481e9db936585.rlib --cap-lints=warn -L native=/opt/rustwide/target/debug/build/libsqlite3-sys-fe43a4ae10be5151/out` (signal: 9, SIGKILL: kill)
[INFO] [stderr] warning: build failed, waiting for other jobs to finish...
[INFO] [stderr] error: could not compile `assembly-data`
[INFO] [stderr] 
[INFO] [stderr] Caused by:
[INFO] [stderr]   process didn't exit successfully: `rustc --crate-name xmldb_to_fdb --edition=2018 examples/xmldb-to-fdb.rs --error-format=json --json=diagnostic-rendered-ansi,artifacts,future-incompat --crate-type bin --emit=dep-info,link -C embed-bitcode=no -C debuginfo=2 --cfg 'feature="default"' --cfg 'feature="rusqlite"' --cfg 'feature="serde"' --cfg 'feature="serde-derives"' --cfg 'feature="sqlite"' -C metadata=c89ba6b5a93284bf -C extra-filename=-c89ba6b5a93284bf --out-dir /opt/rustwide/target/debug/examples -L dependency=/opt/rustwide/target/debug/deps --extern assembly_core=/opt/rustwide/target/debug/deps/libassembly_core-d6402b264346c0e5.rlib --extern assembly_data=/opt/rustwide/target/debug/deps/libassembly_data-fdcb69a0e3d8e0a1.rlib --extern bytemuck=/opt/rustwide/target/debug/deps/libbytemuck-742b3c2e0bf4959f.rlib --extern bytemuck_derive=/opt/rustwide/target/debug/deps/libbytemuck_derive-35c8f8ce92075aaf.so --extern color_eyre=/opt/rustwide/target/debug/deps/libcolor_eyre-8818cac831ae1ced.rlib --extern derive_new=/opt/rustwide/target/debug/deps/libderive_new-28466f6b09f415a8.so --extern encoding_rs=/opt/rustwide/target/debug/deps/libencoding_rs-5eae66b8032bcd3a.rlib --extern hsieh_hash=/opt/rustwide/target/debug/deps/libhsieh_hash-a75db5b2ac29ad43.rlib --extern mapr=/opt/rustwide/target/debug/deps/libmapr-0f5352590459fe6d.rlib --extern memchr=/opt/rustwide/target/debug/deps/libmemchr-5970b4db8c8e9468.rlib --extern prettytable=/opt/rustwide/target/debug/deps/libprettytable-d85e0ff882290f47.rlib --extern quick_xml=/opt/rustwide/target/debug/deps/libquick_xml-e5932a8f19ae16af.rlib --extern rusqlite=/opt/rustwide/target/debug/deps/librusqlite-e972410f32fd49cb.rlib --extern serde=/opt/rustwide/target/debug/deps/libserde-966c3d45d0af42e2.rlib --extern serde_json=/opt/rustwide/target/debug/deps/libserde_json-8590d3dbdbd3d6ed.rlib --extern structopt=/opt/rustwide/target/debug/deps/libstructopt-fd2c3c1f9fb989e4.rlib --extern thiserror=/opt/rustwide/target/debug/deps/libthiserror-6ee481e9db936585.rlib --cap-lints=warn -L native=/opt/rustwide/target/debug/build/libsqlite3-sys-fe43a4ae10be5151/out` (signal: 9, SIGKILL: kill)
[INFO] [stderr] error: could not compile `assembly-data`
[INFO] [stderr] 
[INFO] [stderr] Caused by:
[INFO] [stderr]   process didn't exit successfully: `rustc --crate-name lux_dest_factions --edition=2018 examples/lux-dest-factions.rs --error-format=json --json=diagnostic-rendered-ansi,artifacts,future-incompat --crate-type bin --emit=dep-info,link -C embed-bitcode=no -C debuginfo=2 --cfg 'feature="default"' --cfg 'feature="rusqlite"' --cfg 'feature="serde"' --cfg 'feature="serde-derives"' --cfg 'feature="sqlite"' -C metadata=a756b20bccd47beb -C extra-filename=-a756b20bccd47beb --out-dir /opt/rustwide/target/debug/examples -L dependency=/opt/rustwide/target/debug/deps --extern assembly_core=/opt/rustwide/target/debug/deps/libassembly_core-d6402b264346c0e5.rlib --extern assembly_data=/opt/rustwide/target/debug/deps/libassembly_data-fdcb69a0e3d8e0a1.rlib --extern bytemuck=/opt/rustwide/target/debug/deps/libbytemuck-742b3c2e0bf4959f.rlib --extern bytemuck_derive=/opt/rustwide/target/debug/deps/libbytemuck_derive-35c8f8ce92075aaf.so --extern color_eyre=/opt/rustwide/target/debug/deps/libcolor_eyre-8818cac831ae1ced.rlib --extern derive_new=/opt/rustwide/target/debug/deps/libderive_new-28466f6b09f415a8.so --extern encoding_rs=/opt/rustwide/target/debug/deps/libencoding_rs-5eae66b8032bcd3a.rlib --extern hsieh_hash=/opt/rustwide/target/debug/deps/libhsieh_hash-a75db5b2ac29ad43.rlib --extern mapr=/opt/rustwide/target/debug/deps/libmapr-0f5352590459fe6d.rlib --extern memchr=/opt/rustwide/target/debug/deps/libmemchr-5970b4db8c8e9468.rlib --extern prettytable=/opt/rustwide/target/debug/deps/libprettytable-d85e0ff882290f47.rlib --extern quick_xml=/opt/rustwide/target/debug/deps/libquick_xml-e5932a8f19ae16af.rlib --extern rusqlite=/opt/rustwide/target/debug/deps/librusqlite-e972410f32fd49cb.rlib --extern serde=/opt/rustwide/target/debug/deps/libserde-966c3d45d0af42e2.rlib --extern serde_json=/opt/rustwide/target/debug/deps/libserde_json-8590d3dbdbd3d6ed.rlib --extern structopt=/opt/rustwide/target/debug/deps/libstructopt-fd2c3c1f9fb989e4.rlib --extern thiserror=/opt/rustwide/target/debug/deps/libthiserror-6ee481e9db936585.rlib --cap-lints=warn -L native=/opt/rustwide/target/debug/build/libsqlite3-sys-fe43a4ae10be5151/out` (signal: 9, SIGKILL: kill)
[INFO] [stderr] error: could not compile `assembly-data`
[INFO] [stderr] 
[INFO] [stderr] Caused by:
[INFO] [stderr]   process didn't exit successfully: `rustc --crate-name lux_rebuild_activity --edition=2018 examples/lux-rebuild-activity.rs --error-format=json --json=diagnostic-rendered-ansi,artifacts,future-incompat --crate-type bin --emit=dep-info,link -C embed-bitcode=no -C debuginfo=2 --cfg 'feature="default"' --cfg 'feature="rusqlite"' --cfg 'feature="serde"' --cfg 'feature="serde-derives"' --cfg 'feature="sqlite"' -C metadata=8ff6da72fd29da08 -C extra-filename=-8ff6da72fd29da08 --out-dir /opt/rustwide/target/debug/examples -L dependency=/opt/rustwide/target/debug/deps --extern assembly_core=/opt/rustwide/target/debug/deps/libassembly_core-d6402b264346c0e5.rlib --extern assembly_data=/opt/rustwide/target/debug/deps/libassembly_data-fdcb69a0e3d8e0a1.rlib --extern bytemuck=/opt/rustwide/target/debug/deps/libbytemuck-742b3c2e0bf4959f.rlib --extern bytemuck_derive=/opt/rustwide/target/debug/deps/libbytemuck_derive-35c8f8ce92075aaf.so --extern color_eyre=/opt/rustwide/target/debug/deps/libcolor_eyre-8818cac831ae1ced.rlib --extern derive_new=/opt/rustwide/target/debug/deps/libderive_new-28466f6b09f415a8.so --extern encoding_rs=/opt/rustwide/target/debug/deps/libencoding_rs-5eae66b8032bcd3a.rlib --extern hsieh_hash=/opt/rustwide/target/debug/deps/libhsieh_hash-a75db5b2ac29ad43.rlib --extern mapr=/opt/rustwide/target/debug/deps/libmapr-0f5352590459fe6d.rlib --extern memchr=/opt/rustwide/target/debug/deps/libmemchr-5970b4db8c8e9468.rlib --extern prettytable=/opt/rustwide/target/debug/deps/libprettytable-d85e0ff882290f47.rlib --extern quick_xml=/opt/rustwide/target/debug/deps/libquick_xml-e5932a8f19ae16af.rlib --extern rusqlite=/opt/rustwide/target/debug/deps/librusqlite-e972410f32fd49cb.rlib --extern serde=/opt/rustwide/target/debug/deps/libserde-966c3d45d0af42e2.rlib --extern serde_json=/opt/rustwide/target/debug/deps/libserde_json-8590d3dbdbd3d6ed.rlib --extern structopt=/opt/rustwide/target/debug/deps/libstructopt-fd2c3c1f9fb989e4.rlib --extern thiserror=/opt/rustwide/target/debug/deps/libthiserror-6ee481e9db936585.rlib --cap-lints=warn -L native=/opt/rustwide/target/debug/build/libsqlite3-sys-fe43a4ae10be5151/out` (signal: 9, SIGKILL: kill)
[INFO] [stderr] error: could not compile `assembly-data`
[INFO] [stderr] 
[INFO] [stderr] Caused by:
[INFO] [stderr]   process didn't exit successfully: `rustc --crate-name fdb_copy --edition=2018 examples/fdb-copy.rs --error-format=json --json=diagnostic-rendered-ansi,artifacts,future-incompat --crate-type bin --emit=dep-info,link -C embed-bitcode=no -C debuginfo=2 --cfg 'feature="default"' --cfg 'feature="rusqlite"' --cfg 'feature="serde"' --cfg 'feature="serde-derives"' --cfg 'feature="sqlite"' -C metadata=6f9045eaca9cb0f6 -C extra-filename=-6f9045eaca9cb0f6 --out-dir /opt/rustwide/target/debug/examples -L dependency=/opt/rustwide/target/debug/deps --extern assembly_core=/opt/rustwide/target/debug/deps/libassembly_core-d6402b264346c0e5.rlib --extern assembly_data=/opt/rustwide/target/debug/deps/libassembly_data-fdcb69a0e3d8e0a1.rlib --extern bytemuck=/opt/rustwide/target/debug/deps/libbytemuck-742b3c2e0bf4959f.rlib --extern bytemuck_derive=/opt/rustwide/target/debug/deps/libbytemuck_derive-35c8f8ce92075aaf.so --extern color_eyre=/opt/rustwide/target/debug/deps/libcolor_eyre-8818cac831ae1ced.rlib --extern derive_new=/opt/rustwide/target/debug/deps/libderive_new-28466f6b09f415a8.so --extern encoding_rs=/opt/rustwide/target/debug/deps/libencoding_rs-5eae66b8032bcd3a.rlib --extern hsieh_hash=/opt/rustwide/target/debug/deps/libhsieh_hash-a75db5b2ac29ad43.rlib --extern mapr=/opt/rustwide/target/debug/deps/libmapr-0f5352590459fe6d.rlib --extern memchr=/opt/rustwide/target/debug/deps/libmemchr-5970b4db8c8e9468.rlib --extern prettytable=/opt/rustwide/target/debug/deps/libprettytable-d85e0ff882290f47.rlib --extern quick_xml=/opt/rustwide/target/debug/deps/libquick_xml-e5932a8f19ae16af.rlib --extern rusqlite=/opt/rustwide/target/debug/deps/librusqlite-e972410f32fd49cb.rlib --extern serde=/opt/rustwide/target/debug/deps/libserde-966c3d45d0af42e2.rlib --extern serde_json=/opt/rustwide/target/debug/deps/libserde_json-8590d3dbdbd3d6ed.rlib --extern structopt=/opt/rustwide/target/debug/deps/libstructopt-fd2c3c1f9fb989e4.rlib --extern thiserror=/opt/rustwide/target/debug/deps/libthiserror-6ee481e9db936585.rlib --cap-lints=warn -L native=/opt/rustwide/target/debug/build/libsqlite3-sys-fe43a4ae10be5151/out` (signal: 9, SIGKILL: kill)
[INFO] [stdout] error: linking with `cc` failed: exit status: 1
[INFO] [stdout]   |
[INFO] [stdout]   = note: LC_ALL="C" PATH="/opt/rustwide/rustup-home/toolchains/1.69.0-x86_64-unknown-linux-gnu/lib/rustlib/x86_64-unknown-linux-gnu/bin:/opt/rustwide/cargo-home/bin:/usr/local/sbin:/usr/local/bin:/usr/sbin:/usr/bin:/sbin:/bin" VSLANG="1033" "cc" "-m64" "/tmp/rustcz6QYfv/symbols.o" "/opt/rustwide/target/debug/examples/fdb_columns-e64ddac2fb519789.fdb_columns.12e8f306-cgu.0.rcgu.o" "/opt/rustwide/target/debug/examples/fdb_columns-e64ddac2fb519789.fdb_columns.12e8f306-cgu.1.rcgu.o" "/opt/rustwide/target/debug/examples/fdb_columns-e64ddac2fb519789.fdb_columns.12e8f306-cgu.10.rcgu.o" "/opt/rustwide/target/debug/examples/fdb_columns-e64ddac2fb519789.fdb_columns.12e8f306-cgu.11.rcgu.o" "/opt/rustwide/target/debug/examples/fdb_columns-e64ddac2fb519789.fdb_columns.12e8f306-cgu.12.rcgu.o" "/opt/rustwide/target/debug/examples/fdb_columns-e64ddac2fb519789.fdb_columns.12e8f306-cgu.13.rcgu.o" "/opt/rustwide/target/debug/examples/fdb_columns-e64ddac2fb519789.fdb_columns.12e8f306-cgu.14.rcgu.o" "/opt/rustwide/target/debug/examples/fdb_columns-e64ddac2fb519789.fdb_columns.12e8f306-cgu.15.rcgu.o" "/opt/rustwide/target/debug/examples/fdb_columns-e64ddac2fb519789.fdb_columns.12e8f306-cgu.2.rcgu.o" "/opt/rustwide/target/debug/examples/fdb_columns-e64ddac2fb519789.fdb_columns.12e8f306-cgu.3.rcgu.o" "/opt/rustwide/target/debug/examples/fdb_columns-e64ddac2fb519789.fdb_columns.12e8f306-cgu.4.rcgu.o" "/opt/rustwide/target/debug/examples/fdb_columns-e64ddac2fb519789.fdb_columns.12e8f306-cgu.5.rcgu.o" "/opt/rustwide/target/debug/examples/fdb_columns-e64ddac2fb519789.fdb_columns.12e8f306-cgu.6.rcgu.o" "/opt/rustwide/target/debug/examples/fdb_columns-e64ddac2fb519789.fdb_columns.12e8f306-cgu.7.rcgu.o" "/opt/rustwide/target/debug/examples/fdb_columns-e64ddac2fb519789.fdb_columns.12e8f306-cgu.8.rcgu.o" "/opt/rustwide/target/debug/examples/fdb_columns-e64ddac2fb519789.fdb_columns.12e8f306-cgu.9.rcgu.o" "/opt/rustwide/target/debug/examples/fdb_columns-e64ddac2fb519789.dly3ys62wh7ux41.rcgu.o" "-Wl,--as-needed" "-L" "/opt/rustwide/target/debug/deps" "-L" "/opt/rustwide/target/debug/build/libsqlite3-sys-fe43a4ae10be5151/out" "-L" "/opt/rustwide/rustup-home/toolchains/1.69.0-x86_64-unknown-linux-gnu/lib/rustlib/x86_64-unknown-linux-gnu/lib" "-Wl,-Bstatic" "/opt/rustwide/target/debug/deps/libstructopt-fd2c3c1f9fb989e4.rlib" "/opt/rustwide/target/debug/deps/libclap-cf937a53d12e9ab8.rlib" "/opt/rustwide/target/debug/deps/libvec_map-16513e7e42b275bd.rlib" "/opt/rustwide/target/debug/deps/libtextwrap-88b0b3f157959d75.rlib" "/opt/rustwide/target/debug/deps/libstrsim-a5c39ae05640b5d1.rlib" "/opt/rustwide/target/debug/deps/libansi_term-2f76962418a65b40.rlib" "/opt/rustwide/target/debug/deps/libprettytable-d85e0ff882290f47.rlib" "/opt/rustwide/target/debug/deps/libcsv-f4f8183f6a4080e4.rlib" "/opt/rustwide/target/debug/deps/libitoa-56a8428bad7458b8.rlib" "/opt/rustwide/target/debug/deps/libcsv_core-f9d77e70abd6368b.rlib" "/opt/rustwide/target/debug/deps/libbstr-5b790e23526f6236.rlib" "/opt/rustwide/target/debug/deps/libregex_automata-8545b5a4710e3773.rlib" "/opt/rustwide/target/debug/deps/libencode_unicode-87c592f281f4186e.rlib" "/opt/rustwide/target/debug/deps/libatty-87f7b187f92a64b2.rlib" "/opt/rustwide/target/debug/deps/libterm-5221d7e52c090885.rlib" "/opt/rustwide/target/debug/deps/libdirs-f0d85fe7ccb39d85.rlib" "/opt/rustwide/target/debug/deps/libbyteorder-50c19e9bd62c942c.rlib" "/opt/rustwide/target/debug/deps/libunicode_width-a49a14d0b8d0edab.rlib" "/opt/rustwide/target/debug/deps/libmapr-0f5352590459fe6d.rlib" "/opt/rustwide/target/debug/deps/libcolor_eyre-8818cac831ae1ced.rlib" "/opt/rustwide/target/debug/deps/libcolor_spantrace-d65a52ac2c1e3c67.rlib" "/opt/rustwide/target/debug/deps/libtracing_error-fc748687598d82ba.rlib" "/opt/rustwide/target/debug/deps/libtracing_subscriber-52f2d95df5b5e52c.rlib" "/opt/rustwide/target/debug/deps/libthread_local-f3a6ff32ed2f9118.rlib" "/opt/rustwide/target/debug/deps/libsharded_slab-6d23d11c761cd3a7.rlib" "/opt/rustwide/target/debug/deps/libtracing-aaa9af9f7be99b28.rlib" "/opt/rustwide/target/debug/deps/libpin_project_lite-7f3fd9ea3370cd20.rlib" "/opt/rustwide/target/debug/deps/libtracing_core-7ca24f9d99246957.rlib" "/opt/rustwide/target/debug/deps/liblazy_static-a15e1ed0a3c31761.rlib" "/opt/rustwide/target/debug/deps/libowo_colors-5f5c9792e6e0e7b3.rlib" "/opt/rustwide/target/debug/deps/libeyre-eed1bc4b387a6eec.rlib" "/opt/rustwide/target/debug/deps/libindenter-635cff9c311edd67.rlib" "/opt/rustwide/target/debug/deps/libonce_cell-8aff6566bc060fbc.rlib" "/opt/rustwide/target/debug/deps/libbacktrace-6e65e660b999b042.rlib" "/opt/rustwide/target/debug/deps/libminiz_oxide-d3d7c33b26cee5c0.rlib" "/opt/rustwide/target/debug/deps/libadler-478247d24f5486f3.rlib" "/opt/rustwide/target/debug/deps/libobject-36ec9e58c1f1fa84.rlib" "/opt/rustwide/target/debug/deps/libaddr2line-8c799eb42435566d.rlib" "/opt/rustwide/target/debug/deps/libgimli-835aa27b31d794b0.rlib" "/opt/rustwide/target/debug/deps/librustc_demangle-c83167a5d6a87752.rlib" "/opt/rustwide/target/debug/deps/libassembly_data-fdcb69a0e3d8e0a1.rlib" "/opt/rustwide/target/debug/deps/libquick_xml-e5932a8f19ae16af.rlib" "/opt/rustwide/target/debug/deps/librusqlite-e972410f32fd49cb.rlib" "/opt/rustwide/target/debug/deps/libtime-548716f6f8d5eab5.rlib" "/opt/rustwide/target/debug/deps/liblibc-4c3555e0bf42a82e.rlib" "/opt/rustwide/target/debug/deps/libfallible_streaming_iterator-643e7ccb49c06306.rlib" "/opt/rustwide/target/debug/deps/libfallible_iterator-8a31a4e311ff30d4.rlib" "/opt/rustwide/target/debug/deps/liblru_cache-6144b2ab41c17c9f.rlib" "/opt/rustwide/target/debug/deps/liblinked_hash_map-052b3caf2e22fc3a.rlib" "/opt/rustwide/target/debug/deps/liblibsqlite3_sys-667157407f2eb1b6.rlib" "/opt/rustwide/target/debug/deps/libserde-966c3d45d0af42e2.rlib" "/opt/rustwide/target/debug/deps/libbytemuck-742b3c2e0bf4959f.rlib" "/opt/rustwide/target/debug/deps/libhsieh_hash-a75db5b2ac29ad43.rlib" "/opt/rustwide/target/debug/deps/libassembly_core-d6402b264346c0e5.rlib" "/opt/rustwide/target/debug/deps/libnum_traits-ff870d52b3ba384a.rlib" "/opt/rustwide/target/debug/deps/libthiserror-6ee481e9db936585.rlib" "/opt/rustwide/target/debug/deps/libnom-0c061cf4052f25a9.rlib" "/opt/rustwide/target/debug/deps/liblexical_core-e6adcf7d635fe6e4.rlib" "/opt/rustwide/target/debug/deps/libbitflags-82cc2d155c6eb112.rlib" "/opt/rustwide/target/debug/deps/libryu-c4f7d8e5c0b9ddbd.rlib" "/opt/rustwide/target/debug/deps/libstatic_assertions-9a9c2cb46fa7a0a6.rlib" "/opt/rustwide/target/debug/deps/libarrayvec-026b3659407be0be.rlib" "/opt/rustwide/target/debug/deps/libbitvec-2eb6107792b410a0.rlib" "/opt/rustwide/target/debug/deps/libfunty-025130420c5f174c.rlib" "/opt/rustwide/target/debug/deps/libwyz-d53dc3b91405962d.rlib" "/opt/rustwide/target/debug/deps/libtap-f510517de3fc6e20.rlib" "/opt/rustwide/target/debug/deps/libradium-dd10967b2ee8ac2d.rlib" "/opt/rustwide/target/debug/deps/libmemchr-5970b4db8c8e9468.rlib" "/opt/rustwide/target/debug/deps/libencoding_rs-5eae66b8032bcd3a.rlib" "/opt/rustwide/target/debug/deps/libcfg_if-e5e118dd7d121aaa.rlib" "/opt/rustwide/rustup-home/toolchains/1.69.0-x86_64-unknown-linux-gnu/lib/rustlib/x86_64-unknown-linux-gnu/lib/libstd-89bc084783fdc439.rlib" "/opt/rustwide/rustup-home/toolchains/1.69.0-x86_64-unknown-linux-gnu/lib/rustlib/x86_64-unknown-linux-gnu/lib/libpanic_unwind-8bee4b287d4367c1.rlib" "/opt/rustwide/rustup-home/toolchains/1.69.0-x86_64-unknown-linux-gnu/lib/rustlib/x86_64-unknown-linux-gnu/lib/libobject-d61707aed80694c0.rlib" "/opt/rustwide/rustup-home/toolchains/1.69.0-x86_64-unknown-linux-gnu/lib/rustlib/x86_64-unknown-linux-gnu/lib/libmemchr-d85366256f22345b.rlib" "/opt/rustwide/rustup-home/toolchains/1.69.0-x86_64-unknown-linux-gnu/lib/rustlib/x86_64-unknown-linux-gnu/lib/libaddr2line-96069b86b8a8cae9.rlib" "/opt/rustwide/rustup-home/toolchains/1.69.0-x86_64-unknown-linux-gnu/lib/rustlib/x86_64-unknown-linux-gnu/lib/libgimli-d19d53abf68dfa6c.rlib" "/opt/rustwide/rustup-home/toolchains/1.69.0-x86_64-unknown-linux-gnu/lib/rustlib/x86_64-unknown-linux-gnu/lib/librustc_demangle-787cbccd19d64ac6.rlib" "/opt/rustwide/rustup-home/toolchains/1.69.0-x86_64-unknown-linux-gnu/lib/rustlib/x86_64-unknown-linux-gnu/lib/libstd_detect-b3837a36b830e0d0.rlib" "/opt/rustwide/rustup-home/toolchains/1.69.0-x86_64-unknown-linux-gnu/lib/rustlib/x86_64-unknown-linux-gnu/lib/libhashbrown-e3deb0e7e3f04966.rlib" "/opt/rustwide/rustup-home/toolchains/1.69.0-x86_64-unknown-linux-gnu/lib/rustlib/x86_64-unknown-linux-gnu/lib/libminiz_oxide-dabbb79c9815def4.rlib" "/opt/rustwide/rustup-home/toolchains/1.69.0-x86_64-unknown-linux-gnu/lib/rustlib/x86_64-unknown-linux-gnu/lib/libadler-305b01f34c9409f2.rlib" "/opt/rustwide/rustup-home/toolchains/1.69.0-x86_64-unknown-linux-gnu/lib/rustlib/x86_64-unknown-linux-gnu/lib/librustc_std_workspace_alloc-f833521df6074e73.rlib" "/opt/rustwide/rustup-home/toolchains/1.69.0-x86_64-unknown-linux-gnu/lib/rustlib/x86_64-unknown-linux-gnu/lib/libunwind-9ac333113350d171.rlib" "/opt/rustwide/rustup-home/toolchains/1.69.0-x86_64-unknown-linux-gnu/lib/rustlib/x86_64-unknown-linux-gnu/lib/libcfg_if-1c126114322d0eee.rlib" "/opt/rustwide/rustup-home/toolchains/1.69.0-x86_64-unknown-linux-gnu/lib/rustlib/x86_64-unknown-linux-gnu/lib/liblibc-bad9164fdeeecf92.rlib" "/opt/rustwide/rustup-home/toolchains/1.69.0-x86_64-unknown-linux-gnu/lib/rustlib/x86_64-unknown-linux-gnu/lib/liballoc-f9374b1e480fa681.rlib" "/opt/rustwide/rustup-home/toolchains/1.69.0-x86_64-unknown-linux-gnu/lib/rustlib/x86_64-unknown-linux-gnu/lib/librustc_std_workspace_core-207f06e41d9603af.rlib" "/opt/rustwide/rustup-home/toolchains/1.69.0-x86_64-unknown-linux-gnu/lib/rustlib/x86_64-unknown-linux-gnu/lib/libcore-7e2768e66e984e85.rlib" "/opt/rustwide/rustup-home/toolchains/1.69.0-x86_64-unknown-linux-gnu/lib/rustlib/x86_64-unknown-linux-gnu/lib/libcompiler_builtins-957b4aff41f8cd46.rlib" "-Wl,-Bdynamic" "-lgcc_s" "-lutil" "-lrt" "-lpthread" "-lm" "-ldl" "-lc" "-Wl,--eh-frame-hdr" "-Wl,-z,noexecstack" "-L" "/opt/rustwide/rustup-home/toolchains/1.69.0-x86_64-unknown-linux-gnu/lib/rustlib/x86_64-unknown-linux-gnu/lib" "-o" "/opt/rustwide/target/debug/examples/fdb_columns-e64ddac2fb519789" "-Wl,--gc-sections" "-pie" "-Wl,-z,relro,-z,now" "-nodefaultlibs"
[INFO] [stdout]   = note: collect2: fatal error: ld terminated with signal 9 [Killed]
[INFO] [stdout]           compilation terminated.
[INFO] [stdout]           
[INFO] [stdout] 
[INFO] [stdout] 
[INFO] [stdout] error: aborting due to previous error
[INFO] [stdout] 
[INFO] [stdout] 
[INFO] [stderr] error: could not compile `assembly-data` due to 2 previous errors
[INFO] [stdout] error: linking with `cc` failed: exit status: 1
[INFO] [stdout]   |
[INFO] [stdout]   = note: LC_ALL="C" PATH="/opt/rustwide/rustup-home/toolchains/1.69.0-x86_64-unknown-linux-gnu/lib/rustlib/x86_64-unknown-linux-gnu/bin:/opt/rustwide/cargo-home/bin:/usr/local/sbin:/usr/local/bin:/usr/sbin:/usr/bin:/sbin:/bin" VSLANG="1033" "cc" "-m64" "/tmp/rustcuAlnBL/symbols.o" "/opt/rustwide/target/debug/examples/fdb_tables-9eb6ba8c024150d7.fdb_tables.db3a397c-cgu.0.rcgu.o" "/opt/rustwide/target/debug/examples/fdb_tables-9eb6ba8c024150d7.fdb_tables.db3a397c-cgu.1.rcgu.o" "/opt/rustwide/target/debug/examples/fdb_tables-9eb6ba8c024150d7.fdb_tables.db3a397c-cgu.10.rcgu.o" "/opt/rustwide/target/debug/examples/fdb_tables-9eb6ba8c024150d7.fdb_tables.db3a397c-cgu.11.rcgu.o" "/opt/rustwide/target/debug/examples/fdb_tables-9eb6ba8c024150d7.fdb_tables.db3a397c-cgu.12.rcgu.o" "/opt/rustwide/target/debug/examples/fdb_tables-9eb6ba8c024150d7.fdb_tables.db3a397c-cgu.13.rcgu.o" "/opt/rustwide/target/debug/examples/fdb_tables-9eb6ba8c024150d7.fdb_tables.db3a397c-cgu.14.rcgu.o" "/opt/rustwide/target/debug/examples/fdb_tables-9eb6ba8c024150d7.fdb_tables.db3a397c-cgu.15.rcgu.o" "/opt/rustwide/target/debug/examples/fdb_tables-9eb6ba8c024150d7.fdb_tables.db3a397c-cgu.2.rcgu.o" "/opt/rustwide/target/debug/examples/fdb_tables-9eb6ba8c024150d7.fdb_tables.db3a397c-cgu.3.rcgu.o" "/opt/rustwide/target/debug/examples/fdb_tables-9eb6ba8c024150d7.fdb_tables.db3a397c-cgu.4.rcgu.o" "/opt/rustwide/target/debug/examples/fdb_tables-9eb6ba8c024150d7.fdb_tables.db3a397c-cgu.5.rcgu.o" "/opt/rustwide/target/debug/examples/fdb_tables-9eb6ba8c024150d7.fdb_tables.db3a397c-cgu.6.rcgu.o" "/opt/rustwide/target/debug/examples/fdb_tables-9eb6ba8c024150d7.fdb_tables.db3a397c-cgu.7.rcgu.o" "/opt/rustwide/target/debug/examples/fdb_tables-9eb6ba8c024150d7.fdb_tables.db3a397c-cgu.8.rcgu.o" "/opt/rustwide/target/debug/examples/fdb_tables-9eb6ba8c024150d7.fdb_tables.db3a397c-cgu.9.rcgu.o" "/opt/rustwide/target/debug/examples/fdb_tables-9eb6ba8c024150d7.15yqdwryaya5x596.rcgu.o" "-Wl,--as-needed" "-L" "/opt/rustwide/target/debug/deps" "-L" "/opt/rustwide/target/debug/build/libsqlite3-sys-fe43a4ae10be5151/out" "-L" "/opt/rustwide/rustup-home/toolchains/1.69.0-x86_64-unknown-linux-gnu/lib/rustlib/x86_64-unknown-linux-gnu/lib" "-Wl,-Bstatic" "/opt/rustwide/target/debug/deps/libcolor_eyre-8818cac831ae1ced.rlib" "/opt/rustwide/target/debug/deps/libcolor_spantrace-d65a52ac2c1e3c67.rlib" "/opt/rustwide/target/debug/deps/libtracing_error-fc748687598d82ba.rlib" "/opt/rustwide/target/debug/deps/libtracing_subscriber-52f2d95df5b5e52c.rlib" "/opt/rustwide/target/debug/deps/libthread_local-f3a6ff32ed2f9118.rlib" "/opt/rustwide/target/debug/deps/libsharded_slab-6d23d11c761cd3a7.rlib" "/opt/rustwide/target/debug/deps/libtracing-aaa9af9f7be99b28.rlib" "/opt/rustwide/target/debug/deps/libpin_project_lite-7f3fd9ea3370cd20.rlib" "/opt/rustwide/target/debug/deps/libtracing_core-7ca24f9d99246957.rlib" "/opt/rustwide/target/debug/deps/libowo_colors-5f5c9792e6e0e7b3.rlib" "/opt/rustwide/target/debug/deps/libeyre-eed1bc4b387a6eec.rlib" "/opt/rustwide/target/debug/deps/libindenter-635cff9c311edd67.rlib" "/opt/rustwide/target/debug/deps/libonce_cell-8aff6566bc060fbc.rlib" "/opt/rustwide/target/debug/deps/libbacktrace-6e65e660b999b042.rlib" "/opt/rustwide/target/debug/deps/libminiz_oxide-d3d7c33b26cee5c0.rlib" "/opt/rustwide/target/debug/deps/libadler-478247d24f5486f3.rlib" "/opt/rustwide/target/debug/deps/libobject-36ec9e58c1f1fa84.rlib" "/opt/rustwide/target/debug/deps/libaddr2line-8c799eb42435566d.rlib" "/opt/rustwide/target/debug/deps/libgimli-835aa27b31d794b0.rlib" "/opt/rustwide/target/debug/deps/librustc_demangle-c83167a5d6a87752.rlib" "/opt/rustwide/target/debug/deps/libstructopt-fd2c3c1f9fb989e4.rlib" "/opt/rustwide/target/debug/deps/libclap-cf937a53d12e9ab8.rlib" "/opt/rustwide/target/debug/deps/libvec_map-16513e7e42b275bd.rlib" "/opt/rustwide/target/debug/deps/libtextwrap-88b0b3f157959d75.rlib" "/opt/rustwide/target/debug/deps/libstrsim-a5c39ae05640b5d1.rlib" "/opt/rustwide/target/debug/deps/libansi_term-2f76962418a65b40.rlib" "/opt/rustwide/target/debug/deps/libprettytable-d85e0ff882290f47.rlib" "/opt/rustwide/target/debug/deps/libcsv-f4f8183f6a4080e4.rlib" "/opt/rustwide/target/debug/deps/libitoa-56a8428bad7458b8.rlib" "/opt/rustwide/target/debug/deps/libcsv_core-f9d77e70abd6368b.rlib" "/opt/rustwide/target/debug/deps/libbstr-5b790e23526f6236.rlib" "/opt/rustwide/target/debug/deps/libregex_automata-8545b5a4710e3773.rlib" "/opt/rustwide/target/debug/deps/libencode_unicode-87c592f281f4186e.rlib" "/opt/rustwide/target/debug/deps/liblazy_static-a15e1ed0a3c31761.rlib" "/opt/rustwide/target/debug/deps/libatty-87f7b187f92a64b2.rlib" "/opt/rustwide/target/debug/deps/libterm-5221d7e52c090885.rlib" "/opt/rustwide/target/debug/deps/libdirs-f0d85fe7ccb39d85.rlib" "/opt/rustwide/target/debug/deps/libbyteorder-50c19e9bd62c942c.rlib" "/opt/rustwide/target/debug/deps/libunicode_width-a49a14d0b8d0edab.rlib" "/opt/rustwide/target/debug/deps/libmapr-0f5352590459fe6d.rlib" "/opt/rustwide/target/debug/deps/libassembly_data-fdcb69a0e3d8e0a1.rlib" "/opt/rustwide/target/debug/deps/libquick_xml-e5932a8f19ae16af.rlib" "/opt/rustwide/target/debug/deps/librusqlite-e972410f32fd49cb.rlib" "/opt/rustwide/target/debug/deps/libtime-548716f6f8d5eab5.rlib" "/opt/rustwide/target/debug/deps/liblibc-4c3555e0bf42a82e.rlib" "/opt/rustwide/target/debug/deps/libfallible_streaming_iterator-643e7ccb49c06306.rlib" "/opt/rustwide/target/debug/deps/libfallible_iterator-8a31a4e311ff30d4.rlib" "/opt/rustwide/target/debug/deps/liblru_cache-6144b2ab41c17c9f.rlib" "/opt/rustwide/target/debug/deps/liblinked_hash_map-052b3caf2e22fc3a.rlib" "/opt/rustwide/target/debug/deps/liblibsqlite3_sys-667157407f2eb1b6.rlib" "/opt/rustwide/target/debug/deps/libserde-966c3d45d0af42e2.rlib" "/opt/rustwide/target/debug/deps/libbytemuck-742b3c2e0bf4959f.rlib" "/opt/rustwide/target/debug/deps/libhsieh_hash-a75db5b2ac29ad43.rlib" "/opt/rustwide/target/debug/deps/libassembly_core-d6402b264346c0e5.rlib" "/opt/rustwide/target/debug/deps/libnum_traits-ff870d52b3ba384a.rlib" "/opt/rustwide/target/debug/deps/libthiserror-6ee481e9db936585.rlib" "/opt/rustwide/target/debug/deps/libnom-0c061cf4052f25a9.rlib" "/opt/rustwide/target/debug/deps/liblexical_core-e6adcf7d635fe6e4.rlib" "/opt/rustwide/target/debug/deps/libbitflags-82cc2d155c6eb112.rlib" "/opt/rustwide/target/debug/deps/libryu-c4f7d8e5c0b9ddbd.rlib" "/opt/rustwide/target/debug/deps/libstatic_assertions-9a9c2cb46fa7a0a6.rlib" "/opt/rustwide/target/debug/deps/libarrayvec-026b3659407be0be.rlib" "/opt/rustwide/target/debug/deps/libbitvec-2eb6107792b410a0.rlib" "/opt/rustwide/target/debug/deps/libfunty-025130420c5f174c.rlib" "/opt/rustwide/target/debug/deps/libwyz-d53dc3b91405962d.rlib" "/opt/rustwide/target/debug/deps/libtap-f510517de3fc6e20.rlib" "/opt/rustwide/target/debug/deps/libradium-dd10967b2ee8ac2d.rlib" "/opt/rustwide/target/debug/deps/libmemchr-5970b4db8c8e9468.rlib" "/opt/rustwide/target/debug/deps/libencoding_rs-5eae66b8032bcd3a.rlib" "/opt/rustwide/target/debug/deps/libcfg_if-e5e118dd7d121aaa.rlib" "/opt/rustwide/rustup-home/toolchains/1.69.0-x86_64-unknown-linux-gnu/lib/rustlib/x86_64-unknown-linux-gnu/lib/libstd-89bc084783fdc439.rlib" "/opt/rustwide/rustup-home/toolchains/1.69.0-x86_64-unknown-linux-gnu/lib/rustlib/x86_64-unknown-linux-gnu/lib/libpanic_unwind-8bee4b287d4367c1.rlib" "/opt/rustwide/rustup-home/toolchains/1.69.0-x86_64-unknown-linux-gnu/lib/rustlib/x86_64-unknown-linux-gnu/lib/libobject-d61707aed80694c0.rlib" "/opt/rustwide/rustup-home/toolchains/1.69.0-x86_64-unknown-linux-gnu/lib/rustlib/x86_64-unknown-linux-gnu/lib/libmemchr-d85366256f22345b.rlib" "/opt/rustwide/rustup-home/toolchains/1.69.0-x86_64-unknown-linux-gnu/lib/rustlib/x86_64-unknown-linux-gnu/lib/libaddr2line-96069b86b8a8cae9.rlib" "/opt/rustwide/rustup-home/toolchains/1.69.0-x86_64-unknown-linux-gnu/lib/rustlib/x86_64-unknown-linux-gnu/lib/libgimli-d19d53abf68dfa6c.rlib" "/opt/rustwide/rustup-home/toolchains/1.69.0-x86_64-unknown-linux-gnu/lib/rustlib/x86_64-unknown-linux-gnu/lib/librustc_demangle-787cbccd19d64ac6.rlib" "/opt/rustwide/rustup-home/toolchains/1.69.0-x86_64-unknown-linux-gnu/lib/rustlib/x86_64-unknown-linux-gnu/lib/libstd_detect-b3837a36b830e0d0.rlib" "/opt/rustwide/rustup-home/toolchains/1.69.0-x86_64-unknown-linux-gnu/lib/rustlib/x86_64-unknown-linux-gnu/lib/libhashbrown-e3deb0e7e3f04966.rlib" "/opt/rustwide/rustup-home/toolchains/1.69.0-x86_64-unknown-linux-gnu/lib/rustlib/x86_64-unknown-linux-gnu/lib/libminiz_oxide-dabbb79c9815def4.rlib" "/opt/rustwide/rustup-home/toolchains/1.69.0-x86_64-unknown-linux-gnu/lib/rustlib/x86_64-unknown-linux-gnu/lib/libadler-305b01f34c9409f2.rlib" "/opt/rustwide/rustup-home/toolchains/1.69.0-x86_64-unknown-linux-gnu/lib/rustlib/x86_64-unknown-linux-gnu/lib/librustc_std_workspace_alloc-f833521df6074e73.rlib" "/opt/rustwide/rustup-home/toolchains/1.69.0-x86_64-unknown-linux-gnu/lib/rustlib/x86_64-unknown-linux-gnu/lib/libunwind-9ac333113350d171.rlib" "/opt/rustwide/rustup-home/toolchains/1.69.0-x86_64-unknown-linux-gnu/lib/rustlib/x86_64-unknown-linux-gnu/lib/libcfg_if-1c126114322d0eee.rlib" "/opt/rustwide/rustup-home/toolchains/1.69.0-x86_64-unknown-linux-gnu/lib/rustlib/x86_64-unknown-linux-gnu/lib/liblibc-bad9164fdeeecf92.rlib" "/opt/rustwide/rustup-home/toolchains/1.69.0-x86_64-unknown-linux-gnu/lib/rustlib/x86_64-unknown-linux-gnu/lib/liballoc-f9374b1e480fa681.rlib" "/opt/rustwide/rustup-home/toolchains/1.69.0-x86_64-unknown-linux-gnu/lib/rustlib/x86_64-unknown-linux-gnu/lib/librustc_std_workspace_core-207f06e41d9603af.rlib" "/opt/rustwide/rustup-home/toolchains/1.69.0-x86_64-unknown-linux-gnu/lib/rustlib/x86_64-unknown-linux-gnu/lib/libcore-7e2768e66e984e85.rlib" "/opt/rustwide/rustup-home/toolchains/1.69.0-x86_64-unknown-linux-gnu/lib/rustlib/x86_64-unknown-linux-gnu/lib/libcompiler_builtins-957b4aff41f8cd46.rlib" "-Wl,-Bdynamic" "-lgcc_s" "-lutil" "-lrt" "-lpthread" "-lm" "-ldl" "-lc" "-Wl,--eh-frame-hdr" "-Wl,-z,noexecstack" "-L" "/opt/rustwide/rustup-home/toolchains/1.69.0-x86_64-unknown-linux-gnu/lib/rustlib/x86_64-unknown-linux-gnu/lib" "-o" "/opt/rustwide/target/debug/examples/fdb_tables-9eb6ba8c024150d7" "-Wl,--gc-sections" "-pie" "-Wl,-z,relro,-z,now" "-nodefaultlibs"
[INFO] [stdout]   = note: collect2: fatal error: ld terminated with signal 9 [Killed]
[INFO] [stdout]           compilation terminated.
[INFO] [stdout]           
[INFO] [stdout] 
[INFO] [stdout] 
[INFO] [stdout] error: aborting due to previous error
[INFO] [stdout] 
[INFO] [stdout] 
[INFO] [stderr] error: could not compile `assembly-data` due to 2 previous errors
[INFO] [stdout] error: linking with `cc` failed: exit status: 1
[INFO] [stdout]   |
[INFO] [stdout]   = note: LC_ALL="C" PATH="/opt/rustwide/rustup-home/toolchains/1.69.0-x86_64-unknown-linux-gnu/lib/rustlib/x86_64-unknown-linux-gnu/bin:/opt/rustwide/cargo-home/bin:/usr/local/sbin:/usr/local/bin:/usr/sbin:/usr/bin:/sbin:/bin" VSLANG="1033" "cc" "-m64" "/tmp/rustcKUNU34/symbols.o" "/opt/rustwide/target/debug/examples/fdb_tree-60bafa2cbdcec570.fdb_tree.2b1ea957-cgu.0.rcgu.o" "/opt/rustwide/target/debug/examples/fdb_tree-60bafa2cbdcec570.fdb_tree.2b1ea957-cgu.1.rcgu.o" "/opt/rustwide/target/debug/examples/fdb_tree-60bafa2cbdcec570.fdb_tree.2b1ea957-cgu.10.rcgu.o" "/opt/rustwide/target/debug/examples/fdb_tree-60bafa2cbdcec570.fdb_tree.2b1ea957-cgu.11.rcgu.o" "/opt/rustwide/target/debug/examples/fdb_tree-60bafa2cbdcec570.fdb_tree.2b1ea957-cgu.12.rcgu.o" "/opt/rustwide/target/debug/examples/fdb_tree-60bafa2cbdcec570.fdb_tree.2b1ea957-cgu.13.rcgu.o" "/opt/rustwide/target/debug/examples/fdb_tree-60bafa2cbdcec570.fdb_tree.2b1ea957-cgu.14.rcgu.o" "/opt/rustwide/target/debug/examples/fdb_tree-60bafa2cbdcec570.fdb_tree.2b1ea957-cgu.15.rcgu.o" "/opt/rustwide/target/debug/examples/fdb_tree-60bafa2cbdcec570.fdb_tree.2b1ea957-cgu.2.rcgu.o" "/opt/rustwide/target/debug/examples/fdb_tree-60bafa2cbdcec570.fdb_tree.2b1ea957-cgu.3.rcgu.o" "/opt/rustwide/target/debug/examples/fdb_tree-60bafa2cbdcec570.fdb_tree.2b1ea957-cgu.4.rcgu.o" "/opt/rustwide/target/debug/examples/fdb_tree-60bafa2cbdcec570.fdb_tree.2b1ea957-cgu.5.rcgu.o" "/opt/rustwide/target/debug/examples/fdb_tree-60bafa2cbdcec570.fdb_tree.2b1ea957-cgu.6.rcgu.o" "/opt/rustwide/target/debug/examples/fdb_tree-60bafa2cbdcec570.fdb_tree.2b1ea957-cgu.7.rcgu.o" "/opt/rustwide/target/debug/examples/fdb_tree-60bafa2cbdcec570.fdb_tree.2b1ea957-cgu.8.rcgu.o" "/opt/rustwide/target/debug/examples/fdb_tree-60bafa2cbdcec570.fdb_tree.2b1ea957-cgu.9.rcgu.o" "/opt/rustwide/target/debug/examples/fdb_tree-60bafa2cbdcec570.7p29gj0a7gn7i5c.rcgu.o" "-Wl,--as-needed" "-L" "/opt/rustwide/target/debug/deps" "-L" "/opt/rustwide/target/debug/build/libsqlite3-sys-fe43a4ae10be5151/out" "-L" "/opt/rustwide/rustup-home/toolchains/1.69.0-x86_64-unknown-linux-gnu/lib/rustlib/x86_64-unknown-linux-gnu/lib" "-Wl,-Bstatic" "/opt/rustwide/target/debug/deps/libcolor_eyre-8818cac831ae1ced.rlib" "/opt/rustwide/target/debug/deps/libcolor_spantrace-d65a52ac2c1e3c67.rlib" "/opt/rustwide/target/debug/deps/libtracing_error-fc748687598d82ba.rlib" "/opt/rustwide/target/debug/deps/libtracing_subscriber-52f2d95df5b5e52c.rlib" "/opt/rustwide/target/debug/deps/libthread_local-f3a6ff32ed2f9118.rlib" "/opt/rustwide/target/debug/deps/libsharded_slab-6d23d11c761cd3a7.rlib" "/opt/rustwide/target/debug/deps/libtracing-aaa9af9f7be99b28.rlib" "/opt/rustwide/target/debug/deps/libpin_project_lite-7f3fd9ea3370cd20.rlib" "/opt/rustwide/target/debug/deps/libtracing_core-7ca24f9d99246957.rlib" "/opt/rustwide/target/debug/deps/libowo_colors-5f5c9792e6e0e7b3.rlib" "/opt/rustwide/target/debug/deps/libeyre-eed1bc4b387a6eec.rlib" "/opt/rustwide/target/debug/deps/libindenter-635cff9c311edd67.rlib" "/opt/rustwide/target/debug/deps/libonce_cell-8aff6566bc060fbc.rlib" "/opt/rustwide/target/debug/deps/libbacktrace-6e65e660b999b042.rlib" "/opt/rustwide/target/debug/deps/libminiz_oxide-d3d7c33b26cee5c0.rlib" "/opt/rustwide/target/debug/deps/libadler-478247d24f5486f3.rlib" "/opt/rustwide/target/debug/deps/libobject-36ec9e58c1f1fa84.rlib" "/opt/rustwide/target/debug/deps/libaddr2line-8c799eb42435566d.rlib" "/opt/rustwide/target/debug/deps/libgimli-835aa27b31d794b0.rlib" "/opt/rustwide/target/debug/deps/librustc_demangle-c83167a5d6a87752.rlib" "/opt/rustwide/target/debug/deps/libstructopt-fd2c3c1f9fb989e4.rlib" "/opt/rustwide/target/debug/deps/liblazy_static-a15e1ed0a3c31761.rlib" "/opt/rustwide/target/debug/deps/libclap-cf937a53d12e9ab8.rlib" "/opt/rustwide/target/debug/deps/libvec_map-16513e7e42b275bd.rlib" "/opt/rustwide/target/debug/deps/libtextwrap-88b0b3f157959d75.rlib" "/opt/rustwide/target/debug/deps/libunicode_width-a49a14d0b8d0edab.rlib" "/opt/rustwide/target/debug/deps/libstrsim-a5c39ae05640b5d1.rlib" "/opt/rustwide/target/debug/deps/libatty-87f7b187f92a64b2.rlib" "/opt/rustwide/target/debug/deps/libansi_term-2f76962418a65b40.rlib" "/opt/rustwide/target/debug/deps/libmapr-0f5352590459fe6d.rlib" "/opt/rustwide/target/debug/deps/libassembly_data-fdcb69a0e3d8e0a1.rlib" "/opt/rustwide/target/debug/deps/libquick_xml-e5932a8f19ae16af.rlib" "/opt/rustwide/target/debug/deps/librusqlite-e972410f32fd49cb.rlib" "/opt/rustwide/target/debug/deps/libtime-548716f6f8d5eab5.rlib" "/opt/rustwide/target/debug/deps/liblibc-4c3555e0bf42a82e.rlib" "/opt/rustwide/target/debug/deps/libfallible_streaming_iterator-643e7ccb49c06306.rlib" "/opt/rustwide/target/debug/deps/libfallible_iterator-8a31a4e311ff30d4.rlib" "/opt/rustwide/target/debug/deps/liblru_cache-6144b2ab41c17c9f.rlib" "/opt/rustwide/target/debug/deps/liblinked_hash_map-052b3caf2e22fc3a.rlib" "/opt/rustwide/target/debug/deps/liblibsqlite3_sys-667157407f2eb1b6.rlib" "/opt/rustwide/target/debug/deps/libserde-966c3d45d0af42e2.rlib" "/opt/rustwide/target/debug/deps/libbytemuck-742b3c2e0bf4959f.rlib" "/opt/rustwide/target/debug/deps/libhsieh_hash-a75db5b2ac29ad43.rlib" "/opt/rustwide/target/debug/deps/libassembly_core-d6402b264346c0e5.rlib" "/opt/rustwide/target/debug/deps/libnum_traits-ff870d52b3ba384a.rlib" "/opt/rustwide/target/debug/deps/libthiserror-6ee481e9db936585.rlib" "/opt/rustwide/target/debug/deps/libnom-0c061cf4052f25a9.rlib" "/opt/rustwide/target/debug/deps/liblexical_core-e6adcf7d635fe6e4.rlib" "/opt/rustwide/target/debug/deps/libbitflags-82cc2d155c6eb112.rlib" "/opt/rustwide/target/debug/deps/libryu-c4f7d8e5c0b9ddbd.rlib" "/opt/rustwide/target/debug/deps/libstatic_assertions-9a9c2cb46fa7a0a6.rlib" "/opt/rustwide/target/debug/deps/libarrayvec-026b3659407be0be.rlib" "/opt/rustwide/target/debug/deps/libbitvec-2eb6107792b410a0.rlib" "/opt/rustwide/target/debug/deps/libfunty-025130420c5f174c.rlib" "/opt/rustwide/target/debug/deps/libwyz-d53dc3b91405962d.rlib" "/opt/rustwide/target/debug/deps/libtap-f510517de3fc6e20.rlib" "/opt/rustwide/target/debug/deps/libradium-dd10967b2ee8ac2d.rlib" "/opt/rustwide/target/debug/deps/libmemchr-5970b4db8c8e9468.rlib" "/opt/rustwide/target/debug/deps/libencoding_rs-5eae66b8032bcd3a.rlib" "/opt/rustwide/target/debug/deps/libcfg_if-e5e118dd7d121aaa.rlib" "/opt/rustwide/rustup-home/toolchains/1.69.0-x86_64-unknown-linux-gnu/lib/rustlib/x86_64-unknown-linux-gnu/lib/libstd-89bc084783fdc439.rlib" "/opt/rustwide/rustup-home/toolchains/1.69.0-x86_64-unknown-linux-gnu/lib/rustlib/x86_64-unknown-linux-gnu/lib/libpanic_unwind-8bee4b287d4367c1.rlib" "/opt/rustwide/rustup-home/toolchains/1.69.0-x86_64-unknown-linux-gnu/lib/rustlib/x86_64-unknown-linux-gnu/lib/libobject-d61707aed80694c0.rlib" "/opt/rustwide/rustup-home/toolchains/1.69.0-x86_64-unknown-linux-gnu/lib/rustlib/x86_64-unknown-linux-gnu/lib/libmemchr-d85366256f22345b.rlib" "/opt/rustwide/rustup-home/toolchains/1.69.0-x86_64-unknown-linux-gnu/lib/rustlib/x86_64-unknown-linux-gnu/lib/libaddr2line-96069b86b8a8cae9.rlib" "/opt/rustwide/rustup-home/toolchains/1.69.0-x86_64-unknown-linux-gnu/lib/rustlib/x86_64-unknown-linux-gnu/lib/libgimli-d19d53abf68dfa6c.rlib" "/opt/rustwide/rustup-home/toolchains/1.69.0-x86_64-unknown-linux-gnu/lib/rustlib/x86_64-unknown-linux-gnu/lib/librustc_demangle-787cbccd19d64ac6.rlib" "/opt/rustwide/rustup-home/toolchains/1.69.0-x86_64-unknown-linux-gnu/lib/rustlib/x86_64-unknown-linux-gnu/lib/libstd_detect-b3837a36b830e0d0.rlib" "/opt/rustwide/rustup-home/toolchains/1.69.0-x86_64-unknown-linux-gnu/lib/rustlib/x86_64-unknown-linux-gnu/lib/libhashbrown-e3deb0e7e3f04966.rlib" "/opt/rustwide/rustup-home/toolchains/1.69.0-x86_64-unknown-linux-gnu/lib/rustlib/x86_64-unknown-linux-gnu/lib/libminiz_oxide-dabbb79c9815def4.rlib" "/opt/rustwide/rustup-home/toolchains/1.69.0-x86_64-unknown-linux-gnu/lib/rustlib/x86_64-unknown-linux-gnu/lib/libadler-305b01f34c9409f2.rlib" "/opt/rustwide/rustup-home/toolchains/1.69.0-x86_64-unknown-linux-gnu/lib/rustlib/x86_64-unknown-linux-gnu/lib/librustc_std_workspace_alloc-f833521df6074e73.rlib" "/opt/rustwide/rustup-home/toolchains/1.69.0-x86_64-unknown-linux-gnu/lib/rustlib/x86_64-unknown-linux-gnu/lib/libunwind-9ac333113350d171.rlib" "/opt/rustwide/rustup-home/toolchains/1.69.0-x86_64-unknown-linux-gnu/lib/rustlib/x86_64-unknown-linux-gnu/lib/libcfg_if-1c126114322d0eee.rlib" "/opt/rustwide/rustup-home/toolchains/1.69.0-x86_64-unknown-linux-gnu/lib/rustlib/x86_64-unknown-linux-gnu/lib/liblibc-bad9164fdeeecf92.rlib" "/opt/rustwide/rustup-home/toolchains/1.69.0-x86_64-unknown-linux-gnu/lib/rustlib/x86_64-unknown-linux-gnu/lib/liballoc-f9374b1e480fa681.rlib" "/opt/rustwide/rustup-home/toolchains/1.69.0-x86_64-unknown-linux-gnu/lib/rustlib/x86_64-unknown-linux-gnu/lib/librustc_std_workspace_core-207f06e41d9603af.rlib" "/opt/rustwide/rustup-home/toolchains/1.69.0-x86_64-unknown-linux-gnu/lib/rustlib/x86_64-unknown-linux-gnu/lib/libcore-7e2768e66e984e85.rlib" "/opt/rustwide/rustup-home/toolchains/1.69.0-x86_64-unknown-linux-gnu/lib/rustlib/x86_64-unknown-linux-gnu/lib/libcompiler_builtins-957b4aff41f8cd46.rlib" "-Wl,-Bdynamic" "-lgcc_s" "-lutil" "-lrt" "-lpthread" "-lm" "-ldl" "-lc" "-Wl,--eh-frame-hdr" "-Wl,-z,noexecstack" "-L" "/opt/rustwide/rustup-home/toolchains/1.69.0-x86_64-unknown-linux-gnu/lib/rustlib/x86_64-unknown-linux-gnu/lib" "-o" "/opt/rustwide/target/debug/examples/fdb_tree-60bafa2cbdcec570" "-Wl,--gc-sections" "-pie" "-Wl,-z,relro,-z,now" "-nodefaultlibs"
[INFO] [stdout]   = note: collect2: fatal error: ld terminated with signal 9 [Killed]
[INFO] [stdout]           compilation terminated.
[INFO] [stdout]           
[INFO] [stdout] 
[INFO] [stdout] 
[INFO] [stdout] error: aborting due to previous error
[INFO] [stdout] 
[INFO] [stdout] 
[INFO] [stderr] error: could not compile `assembly-data` due to 2 previous errors
[INFO] [stdout] error: linking with `cc` failed: exit status: 1
[INFO] [stdout]   |
[INFO] [stdout]   = note: LC_ALL="C" PATH="/opt/rustwide/rustup-home/toolchains/1.69.0-x86_64-unknown-linux-gnu/lib/rustlib/x86_64-unknown-linux-gnu/bin:/opt/rustwide/cargo-home/bin:/usr/local/sbin:/usr/local/bin:/usr/sbin:/usr/bin:/sbin:/bin" VSLANG="1033" "cc" "-m64" "/tmp/rustc7fwqWN/symbols.o" "/opt/rustwide/target/debug/examples/dump_locale_prefix-d3d9220ffcd02522.dump_locale_prefix.1faf6f10-cgu.0.rcgu.o" "/opt/rustwide/target/debug/examples/dump_locale_prefix-d3d9220ffcd02522.dump_locale_prefix.1faf6f10-cgu.1.rcgu.o" "/opt/rustwide/target/debug/examples/dump_locale_prefix-d3d9220ffcd02522.dump_locale_prefix.1faf6f10-cgu.10.rcgu.o" "/opt/rustwide/target/debug/examples/dump_locale_prefix-d3d9220ffcd02522.dump_locale_prefix.1faf6f10-cgu.11.rcgu.o" "/opt/rustwide/target/debug/examples/dump_locale_prefix-d3d9220ffcd02522.dump_locale_prefix.1faf6f10-cgu.12.rcgu.o" "/opt/rustwide/target/debug/examples/dump_locale_prefix-d3d9220ffcd02522.dump_locale_prefix.1faf6f10-cgu.13.rcgu.o" "/opt/rustwide/target/debug/examples/dump_locale_prefix-d3d9220ffcd02522.dump_locale_prefix.1faf6f10-cgu.14.rcgu.o" "/opt/rustwide/target/debug/examples/dump_locale_prefix-d3d9220ffcd02522.dump_locale_prefix.1faf6f10-cgu.15.rcgu.o" "/opt/rustwide/target/debug/examples/dump_locale_prefix-d3d9220ffcd02522.dump_locale_prefix.1faf6f10-cgu.2.rcgu.o" "/opt/rustwide/target/debug/examples/dump_locale_prefix-d3d9220ffcd02522.dump_locale_prefix.1faf6f10-cgu.3.rcgu.o" "/opt/rustwide/target/debug/examples/dump_locale_prefix-d3d9220ffcd02522.dump_locale_prefix.1faf6f10-cgu.4.rcgu.o" "/opt/rustwide/target/debug/examples/dump_locale_prefix-d3d9220ffcd02522.dump_locale_prefix.1faf6f10-cgu.5.rcgu.o" "/opt/rustwide/target/debug/examples/dump_locale_prefix-d3d9220ffcd02522.dump_locale_prefix.1faf6f10-cgu.6.rcgu.o" "/opt/rustwide/target/debug/examples/dump_locale_prefix-d3d9220ffcd02522.dump_locale_prefix.1faf6f10-cgu.7.rcgu.o" "/opt/rustwide/target/debug/examples/dump_locale_prefix-d3d9220ffcd02522.dump_locale_prefix.1faf6f10-cgu.8.rcgu.o" "/opt/rustwide/target/debug/examples/dump_locale_prefix-d3d9220ffcd02522.dump_locale_prefix.1faf6f10-cgu.9.rcgu.o" "/opt/rustwide/target/debug/examples/dump_locale_prefix-d3d9220ffcd02522.fz7vpzynm4qo09y.rcgu.o" "-Wl,--as-needed" "-L" "/opt/rustwide/target/debug/deps" "-L" "/opt/rustwide/target/debug/build/libsqlite3-sys-fe43a4ae10be5151/out" "-L" "/opt/rustwide/rustup-home/toolchains/1.69.0-x86_64-unknown-linux-gnu/lib/rustlib/x86_64-unknown-linux-gnu/lib" "-Wl,-Bstatic" "/opt/rustwide/target/debug/deps/libserde_json-8590d3dbdbd3d6ed.rlib" "/opt/rustwide/target/debug/deps/libitoa-56a8428bad7458b8.rlib" "/opt/rustwide/target/debug/deps/libstructopt-fd2c3c1f9fb989e4.rlib" "/opt/rustwide/target/debug/deps/libclap-cf937a53d12e9ab8.rlib" "/opt/rustwide/target/debug/deps/libvec_map-16513e7e42b275bd.rlib" "/opt/rustwide/target/debug/deps/libtextwrap-88b0b3f157959d75.rlib" "/opt/rustwide/target/debug/deps/libunicode_width-a49a14d0b8d0edab.rlib" "/opt/rustwide/target/debug/deps/libstrsim-a5c39ae05640b5d1.rlib" "/opt/rustwide/target/debug/deps/libatty-87f7b187f92a64b2.rlib" "/opt/rustwide/target/debug/deps/libansi_term-2f76962418a65b40.rlib" "/opt/rustwide/target/debug/deps/libcolor_eyre-8818cac831ae1ced.rlib" "/opt/rustwide/target/debug/deps/libcolor_spantrace-d65a52ac2c1e3c67.rlib" "/opt/rustwide/target/debug/deps/libtracing_error-fc748687598d82ba.rlib" "/opt/rustwide/target/debug/deps/libtracing_subscriber-52f2d95df5b5e52c.rlib" "/opt/rustwide/target/debug/deps/libthread_local-f3a6ff32ed2f9118.rlib" "/opt/rustwide/target/debug/deps/libsharded_slab-6d23d11c761cd3a7.rlib" "/opt/rustwide/target/debug/deps/libtracing-aaa9af9f7be99b28.rlib" "/opt/rustwide/target/debug/deps/libpin_project_lite-7f3fd9ea3370cd20.rlib" "/opt/rustwide/target/debug/deps/libtracing_core-7ca24f9d99246957.rlib" "/opt/rustwide/target/debug/deps/liblazy_static-a15e1ed0a3c31761.rlib" "/opt/rustwide/target/debug/deps/libowo_colors-5f5c9792e6e0e7b3.rlib" "/opt/rustwide/target/debug/deps/libeyre-eed1bc4b387a6eec.rlib" "/opt/rustwide/target/debug/deps/libindenter-635cff9c311edd67.rlib" "/opt/rustwide/target/debug/deps/libonce_cell-8aff6566bc060fbc.rlib" "/opt/rustwide/target/debug/deps/libbacktrace-6e65e660b999b042.rlib" "/opt/rustwide/target/debug/deps/libminiz_oxide-d3d7c33b26cee5c0.rlib" "/opt/rustwide/target/debug/deps/libadler-478247d24f5486f3.rlib" "/opt/rustwide/target/debug/deps/libobject-36ec9e58c1f1fa84.rlib" "/opt/rustwide/target/debug/deps/libaddr2line-8c799eb42435566d.rlib" "/opt/rustwide/target/debug/deps/libgimli-835aa27b31d794b0.rlib" "/opt/rustwide/target/debug/deps/librustc_demangle-c83167a5d6a87752.rlib" "/opt/rustwide/target/debug/deps/libassembly_data-fdcb69a0e3d8e0a1.rlib" "/opt/rustwide/target/debug/deps/libquick_xml-e5932a8f19ae16af.rlib" "/opt/rustwide/target/debug/deps/librusqlite-e972410f32fd49cb.rlib" "/opt/rustwide/target/debug/deps/libtime-548716f6f8d5eab5.rlib" "/opt/rustwide/target/debug/deps/liblibc-4c3555e0bf42a82e.rlib" "/opt/rustwide/target/debug/deps/libfallible_streaming_iterator-643e7ccb49c06306.rlib" "/opt/rustwide/target/debug/deps/libfallible_iterator-8a31a4e311ff30d4.rlib" "/opt/rustwide/target/debug/deps/liblru_cache-6144b2ab41c17c9f.rlib" "/opt/rustwide/target/debug/deps/liblinked_hash_map-052b3caf2e22fc3a.rlib" "/opt/rustwide/target/debug/deps/liblibsqlite3_sys-667157407f2eb1b6.rlib" "/opt/rustwide/target/debug/deps/libserde-966c3d45d0af42e2.rlib" "/opt/rustwide/target/debug/deps/libbytemuck-742b3c2e0bf4959f.rlib" "/opt/rustwide/target/debug/deps/libhsieh_hash-a75db5b2ac29ad43.rlib" "/opt/rustwide/target/debug/deps/libassembly_core-d6402b264346c0e5.rlib" "/opt/rustwide/target/debug/deps/libnum_traits-ff870d52b3ba384a.rlib" "/opt/rustwide/target/debug/deps/libthiserror-6ee481e9db936585.rlib" "/opt/rustwide/target/debug/deps/libnom-0c061cf4052f25a9.rlib" "/opt/rustwide/target/debug/deps/liblexical_core-e6adcf7d635fe6e4.rlib" "/opt/rustwide/target/debug/deps/libbitflags-82cc2d155c6eb112.rlib" "/opt/rustwide/target/debug/deps/libryu-c4f7d8e5c0b9ddbd.rlib" "/opt/rustwide/target/debug/deps/libstatic_assertions-9a9c2cb46fa7a0a6.rlib" "/opt/rustwide/target/debug/deps/libarrayvec-026b3659407be0be.rlib" "/opt/rustwide/target/debug/deps/libbitvec-2eb6107792b410a0.rlib" "/opt/rustwide/target/debug/deps/libfunty-025130420c5f174c.rlib" "/opt/rustwide/target/debug/deps/libwyz-d53dc3b91405962d.rlib" "/opt/rustwide/target/debug/deps/libtap-f510517de3fc6e20.rlib" "/opt/rustwide/target/debug/deps/libradium-dd10967b2ee8ac2d.rlib" "/opt/rustwide/target/debug/deps/libmemchr-5970b4db8c8e9468.rlib" "/opt/rustwide/target/debug/deps/libencoding_rs-5eae66b8032bcd3a.rlib" "/opt/rustwide/target/debug/deps/libcfg_if-e5e118dd7d121aaa.rlib" "/opt/rustwide/rustup-home/toolchains/1.69.0-x86_64-unknown-linux-gnu/lib/rustlib/x86_64-unknown-linux-gnu/lib/libstd-89bc084783fdc439.rlib" "/opt/rustwide/rustup-home/toolchains/1.69.0-x86_64-unknown-linux-gnu/lib/rustlib/x86_64-unknown-linux-gnu/lib/libpanic_unwind-8bee4b287d4367c1.rlib" "/opt/rustwide/rustup-home/toolchains/1.69.0-x86_64-unknown-linux-gnu/lib/rustlib/x86_64-unknown-linux-gnu/lib/libobject-d61707aed80694c0.rlib" "/opt/rustwide/rustup-home/toolchains/1.69.0-x86_64-unknown-linux-gnu/lib/rustlib/x86_64-unknown-linux-gnu/lib/libmemchr-d85366256f22345b.rlib" "/opt/rustwide/rustup-home/toolchains/1.69.0-x86_64-unknown-linux-gnu/lib/rustlib/x86_64-unknown-linux-gnu/lib/libaddr2line-96069b86b8a8cae9.rlib" "/opt/rustwide/rustup-home/toolchains/1.69.0-x86_64-unknown-linux-gnu/lib/rustlib/x86_64-unknown-linux-gnu/lib/libgimli-d19d53abf68dfa6c.rlib" "/opt/rustwide/rustup-home/toolchains/1.69.0-x86_64-unknown-linux-gnu/lib/rustlib/x86_64-unknown-linux-gnu/lib/librustc_demangle-787cbccd19d64ac6.rlib" "/opt/rustwide/rustup-home/toolchains/1.69.0-x86_64-unknown-linux-gnu/lib/rustlib/x86_64-unknown-linux-gnu/lib/libstd_detect-b3837a36b830e0d0.rlib" "/opt/rustwide/rustup-home/toolchains/1.69.0-x86_64-unknown-linux-gnu/lib/rustlib/x86_64-unknown-linux-gnu/lib/libhashbrown-e3deb0e7e3f04966.rlib" "/opt/rustwide/rustup-home/toolchains/1.69.0-x86_64-unknown-linux-gnu/lib/rustlib/x86_64-unknown-linux-gnu/lib/libminiz_oxide-dabbb79c9815def4.rlib" "/opt/rustwide/rustup-home/toolchains/1.69.0-x86_64-unknown-linux-gnu/lib/rustlib/x86_64-unknown-linux-gnu/lib/libadler-305b01f34c9409f2.rlib" "/opt/rustwide/rustup-home/toolchains/1.69.0-x86_64-unknown-linux-gnu/lib/rustlib/x86_64-unknown-linux-gnu/lib/librustc_std_workspace_alloc-f833521df6074e73.rlib" "/opt/rustwide/rustup-home/toolchains/1.69.0-x86_64-unknown-linux-gnu/lib/rustlib/x86_64-unknown-linux-gnu/lib/libunwind-9ac333113350d171.rlib" "/opt/rustwide/rustup-home/toolchains/1.69.0-x86_64-unknown-linux-gnu/lib/rustlib/x86_64-unknown-linux-gnu/lib/libcfg_if-1c126114322d0eee.rlib" "/opt/rustwide/rustup-home/toolchains/1.69.0-x86_64-unknown-linux-gnu/lib/rustlib/x86_64-unknown-linux-gnu/lib/liblibc-bad9164fdeeecf92.rlib" "/opt/rustwide/rustup-home/toolchains/1.69.0-x86_64-unknown-linux-gnu/lib/rustlib/x86_64-unknown-linux-gnu/lib/liballoc-f9374b1e480fa681.rlib" "/opt/rustwide/rustup-home/toolchains/1.69.0-x86_64-unknown-linux-gnu/lib/rustlib/x86_64-unknown-linux-gnu/lib/librustc_std_workspace_core-207f06e41d9603af.rlib" "/opt/rustwide/rustup-home/toolchains/1.69.0-x86_64-unknown-linux-gnu/lib/rustlib/x86_64-unknown-linux-gnu/lib/libcore-7e2768e66e984e85.rlib" "/opt/rustwide/rustup-home/toolchains/1.69.0-x86_64-unknown-linux-gnu/lib/rustlib/x86_64-unknown-linux-gnu/lib/libcompiler_builtins-957b4aff41f8cd46.rlib" "-Wl,-Bdynamic" "-lgcc_s" "-lutil" "-lrt" "-lpthread" "-lm" "-ldl" "-lc" "-Wl,--eh-frame-hdr" "-Wl,-z,noexecstack" "-L" "/opt/rustwide/rustup-home/toolchains/1.69.0-x86_64-unknown-linux-gnu/lib/rustlib/x86_64-unknown-linux-gnu/lib" "-o" "/opt/rustwide/target/debug/examples/dump_locale_prefix-d3d9220ffcd02522" "-Wl,--gc-sections" "-pie" "-Wl,-z,relro,-z,now" "-nodefaultlibs"
[INFO] [stdout]   = note: collect2: fatal error: ld terminated with signal 9 [Killed]
[INFO] [stdout]           compilation terminated.
[INFO] [stdout]           
[INFO] [stdout] 
[INFO] [stdout] 
[INFO] [stdout] error: aborting due to previous error
[INFO] [stdout] 
[INFO] [stdout] 
[INFO] [stderr] error: could not compile `assembly-data` due to 2 previous errors
[INFO] running `Command { std: "docker" "inspect" "84f180859f8b61197f67dc23843e8899dc1fe5db2dd2a91b14e6d7e5f915f349", kill_on_drop: false }`
[INFO] running `Command { std: "docker" "rm" "-f" "84f180859f8b61197f67dc23843e8899dc1fe5db2dd2a91b14e6d7e5f915f349", kill_on_drop: false }`
[INFO] [stdout] 84f180859f8b61197f67dc23843e8899dc1fe5db2dd2a91b14e6d7e5f915f349
