[INFO] fetching crate assemble-macros 0.2.0...
[INFO] testing assemble-macros-0.2.0 against beta-2023-04-20 for beta-1.70-1
[INFO] extracting crate assemble-macros 0.2.0 into /workspace/builds/worker-1-tc2/source
[INFO] validating manifest of crates.io crate assemble-macros 0.2.0 on toolchain beta-2023-04-20
[INFO] running `Command { std: CARGO_HOME="/workspace/cargo-home" RUSTUP_HOME="/workspace/rustup-home" "/workspace/cargo-home/bin/cargo" "+beta-2023-04-20" "metadata" "--manifest-path" "Cargo.toml" "--no-deps", kill_on_drop: false }`
[INFO] started tweaking crates.io crate assemble-macros 0.2.0
[INFO] finished tweaking crates.io crate assemble-macros 0.2.0
[INFO] tweaked toml for crates.io crate assemble-macros 0.2.0 written to /workspace/builds/worker-1-tc2/source/Cargo.toml
[INFO] running `Command { std: CARGO_HOME="/workspace/cargo-home" RUSTUP_HOME="/workspace/rustup-home" __CARGO_TEST_CHANNEL_OVERRIDE_DO_NOT_USE_THIS="nightly" "/workspace/cargo-home/bin/cargo" "+beta-2023-04-20" "generate-lockfile" "--manifest-path" "Cargo.toml" "-Zno-index-update", kill_on_drop: false }`
[INFO] running `Command { std: CARGO_HOME="/workspace/cargo-home" RUSTUP_HOME="/workspace/rustup-home" "/workspace/cargo-home/bin/cargo" "+beta-2023-04-20" "fetch" "--manifest-path" "Cargo.toml", kill_on_drop: false }`
[INFO] running `Command { std: "docker" "create" "-v" "/var/lib/crater-agent-workspace/builds/worker-1-tc2/target:/opt/rustwide/target:rw,Z" "-v" "/var/lib/crater-agent-workspace/builds/worker-1-tc2/source:/opt/rustwide/workdir:ro,Z" "-v" "/var/lib/crater-agent-workspace/cargo-home:/opt/rustwide/cargo-home:ro,Z" "-v" "/var/lib/crater-agent-workspace/rustup-home:/opt/rustwide/rustup-home:ro,Z" "-e" "SOURCE_DIR=/opt/rustwide/workdir" "-e" "CARGO_TARGET_DIR=/opt/rustwide/target" "-e" "CARGO_HOME=/opt/rustwide/cargo-home" "-e" "RUSTUP_HOME=/opt/rustwide/rustup-home" "-w" "/opt/rustwide/workdir" "-m" "1610612736" "--user" "0:0" "--network" "none" "ghcr.io/rust-lang/crates-build-env/linux@sha256:5ff2268d62e97bff2cde7d5815dd6ed5b47097566f13b8d0ca110b04b60e07ed" "/opt/rustwide/cargo-home/bin/cargo" "+beta-2023-04-20" "metadata" "--no-deps" "--format-version=1", kill_on_drop: false }`
[INFO] [stdout] 638c45743a5a7274a71ac522ba022f4c6b3b7f0f639d3dcfc2eeb4793cf4b16c
[INFO] running `Command { std: "docker" "start" "-a" "638c45743a5a7274a71ac522ba022f4c6b3b7f0f639d3dcfc2eeb4793cf4b16c", kill_on_drop: false }`
[INFO] running `Command { std: "docker" "inspect" "638c45743a5a7274a71ac522ba022f4c6b3b7f0f639d3dcfc2eeb4793cf4b16c", kill_on_drop: false }`
[INFO] running `Command { std: "docker" "rm" "-f" "638c45743a5a7274a71ac522ba022f4c6b3b7f0f639d3dcfc2eeb4793cf4b16c", kill_on_drop: false }`
[INFO] [stdout] 638c45743a5a7274a71ac522ba022f4c6b3b7f0f639d3dcfc2eeb4793cf4b16c
[INFO] running `Command { std: "docker" "create" "-v" "/var/lib/crater-agent-workspace/builds/worker-1-tc2/target:/opt/rustwide/target:rw,Z" "-v" "/var/lib/crater-agent-workspace/builds/worker-1-tc2/source:/opt/rustwide/workdir:ro,Z" "-v" "/var/lib/crater-agent-workspace/cargo-home:/opt/rustwide/cargo-home:ro,Z" "-v" "/var/lib/crater-agent-workspace/rustup-home:/opt/rustwide/rustup-home:ro,Z" "-e" "SOURCE_DIR=/opt/rustwide/workdir" "-e" "CARGO_TARGET_DIR=/opt/rustwide/target" "-e" "CARGO_INCREMENTAL=0" "-e" "RUST_BACKTRACE=full" "-e" "RUSTFLAGS=--cap-lints=warn" "-e" "RUSTDOCFLAGS=--cap-lints=warn" "-e" "CARGO_HOME=/opt/rustwide/cargo-home" "-e" "RUSTUP_HOME=/opt/rustwide/rustup-home" "-w" "/opt/rustwide/workdir" "-m" "1610612736" "--user" "0:0" "--network" "none" "ghcr.io/rust-lang/crates-build-env/linux@sha256:5ff2268d62e97bff2cde7d5815dd6ed5b47097566f13b8d0ca110b04b60e07ed" "/opt/rustwide/cargo-home/bin/cargo" "+beta-2023-04-20" "build" "--frozen" "--message-format=json", kill_on_drop: false }`
[INFO] [stdout] 0c8cf36d360191f48e72c1566719b0fb1952294e068c3b21cbaabae6fe9cefb7
[INFO] running `Command { std: "docker" "start" "-a" "0c8cf36d360191f48e72c1566719b0fb1952294e068c3b21cbaabae6fe9cefb7", kill_on_drop: false }`
[INFO] [stderr]    Compiling proc-macro2 v1.0.56
[INFO] [stderr]    Compiling unicode-ident v1.0.8
[INFO] [stderr]    Compiling quote v1.0.26
[INFO] [stderr]    Compiling syn v1.0.109
[INFO] [stderr]    Compiling rustversion v1.0.12
[INFO] [stderr]    Compiling proc-macro-error-attr v1.0.4
[INFO] [stderr]    Compiling proc-macro-error v1.0.4
[INFO] [stderr]    Compiling strum_macros v0.24.3
[INFO] [stderr]    Compiling strum v0.24.1
[INFO] [stderr]    Compiling assemble-macros v0.2.0 (/opt/rustwide/workdir)
[INFO] [stdout] warning: unused import: `quote::ToTokens`
[INFO] [stdout]   --> src/lib.rs:11:5
[INFO] [stdout]    |
[INFO] [stdout] 11 | use quote::ToTokens;
[INFO] [stdout]    |     ^^^^^^^^^^^^^^^
[INFO] [stdout]    |
[INFO] [stdout]    = note: `#[warn(unused_imports)]` on by default
[INFO] [stdout] 
[INFO] [stdout] 
[INFO] [stdout] warning: unused import: `ItemFn`
[INFO] [stdout]   --> src/lib.rs:14:43
[INFO] [stdout]    |
[INFO] [stdout] 14 | use syn::{parse_macro_input, DeriveInput, ItemFn, Lit};
[INFO] [stdout]    |                                           ^^^^^^
[INFO] [stdout] 
[INFO] [stdout] 
[INFO] [stdout] warning: method `kind` is never used
[INFO] [stdout]   --> src/derive.rs:25:12
[INFO] [stdout]    |
[INFO] [stdout] 24 | impl Property {
[INFO] [stdout]    | ------------- method in this implementation
[INFO] [stdout] 25 |     pub fn kind(&self) -> &PropertyKind {
[INFO] [stdout]    |            ^^^^
[INFO] [stdout]    |
[INFO] [stdout]    = note: `#[warn(dead_code)]` on by default
[INFO] [stdout] 
[INFO] [stdout] 
[INFO] [stdout] warning: function `prop_ty` is never used
[INFO] [stdout]   --> src/derive.rs:52:8
[INFO] [stdout]    |
[INFO] [stdout] 52 | pub fn prop_ty(ty: &Type) -> Option<&Type> {
[INFO] [stdout]    |        ^^^^^^^
[INFO] [stdout] 
[INFO] [stdout] 
[INFO] [stdout] warning: field `description` is never read
[INFO] [stdout]   --> src/derive.rs:87:5
[INFO] [stdout]    |
[INFO] [stdout] 82 | pub struct TaskVisitor {
[INFO] [stdout]    |            ----------- field in this struct
[INFO] [stdout] ...
[INFO] [stdout] 87 |     description: Option<String>,
[INFO] [stdout]    |     ^^^^^^^^^^^
[INFO] [stdout]    |
[INFO] [stdout]    = note: `TaskVisitor` has a derived impl for the trait `Debug`, but this is intentionally ignored during dead code analysis
[INFO] [stdout] 
[INFO] [stdout] 
[INFO] [stdout] warning: method `action` is never used
[INFO] [stdout]    --> src/derive.rs:113:12
[INFO] [stdout]     |
[INFO] [stdout] 90  | impl TaskVisitor {
[INFO] [stdout]     | ---------------- method in this implementation
[INFO] [stdout] ...
[INFO] [stdout] 113 |     pub fn action(&self) -> Option<&Ident> {
[INFO] [stdout]     |            ^^^^^^
[INFO] [stdout] 
[INFO] [stdout] 
[INFO] [stdout] warning: 6 warnings emitted
[INFO] [stdout] 
[INFO] [stdout] 
[INFO] [stderr]     Finished dev [unoptimized + debuginfo] target(s) in 10.74s
[INFO] running `Command { std: "docker" "inspect" "0c8cf36d360191f48e72c1566719b0fb1952294e068c3b21cbaabae6fe9cefb7", kill_on_drop: false }`
[INFO] running `Command { std: "docker" "rm" "-f" "0c8cf36d360191f48e72c1566719b0fb1952294e068c3b21cbaabae6fe9cefb7", kill_on_drop: false }`
[INFO] [stdout] 0c8cf36d360191f48e72c1566719b0fb1952294e068c3b21cbaabae6fe9cefb7
[INFO] running `Command { std: "docker" "create" "-v" "/var/lib/crater-agent-workspace/builds/worker-1-tc2/target:/opt/rustwide/target:rw,Z" "-v" "/var/lib/crater-agent-workspace/builds/worker-1-tc2/source:/opt/rustwide/workdir:ro,Z" "-v" "/var/lib/crater-agent-workspace/cargo-home:/opt/rustwide/cargo-home:ro,Z" "-v" "/var/lib/crater-agent-workspace/rustup-home:/opt/rustwide/rustup-home:ro,Z" "-e" "SOURCE_DIR=/opt/rustwide/workdir" "-e" "CARGO_TARGET_DIR=/opt/rustwide/target" "-e" "CARGO_INCREMENTAL=0" "-e" "RUST_BACKTRACE=full" "-e" "RUSTFLAGS=--cap-lints=warn" "-e" "RUSTDOCFLAGS=--cap-lints=warn" "-e" "CARGO_HOME=/opt/rustwide/cargo-home" "-e" "RUSTUP_HOME=/opt/rustwide/rustup-home" "-w" "/opt/rustwide/workdir" "-m" "1610612736" "--user" "0:0" "--network" "none" "ghcr.io/rust-lang/crates-build-env/linux@sha256:5ff2268d62e97bff2cde7d5815dd6ed5b47097566f13b8d0ca110b04b60e07ed" "/opt/rustwide/cargo-home/bin/cargo" "+beta-2023-04-20" "test" "--frozen" "--no-run" "--message-format=json", kill_on_drop: false }`
[INFO] [stdout] 2a1627b010fca1c3e29dab7c7d72efb4e4c92a7d57243c21b40eae58a3cfd386
[INFO] running `Command { std: "docker" "start" "-a" "2a1627b010fca1c3e29dab7c7d72efb4e4c92a7d57243c21b40eae58a3cfd386", kill_on_drop: false }`
[INFO] [stderr]    Compiling proc-macro2 v1.0.56
[INFO] [stderr]    Compiling unicode-ident v1.0.8
[INFO] [stderr]    Compiling serde_derive v1.0.160
[INFO] [stderr]    Compiling serde v1.0.160
[INFO] [stderr]    Compiling base64 v0.13.1
[INFO] [stderr]    Compiling quote v1.0.26
[INFO] [stderr]    Compiling syn v1.0.109
[INFO] [stderr]    Compiling proc-macro-error v1.0.4
[INFO] [stderr]    Compiling syn v2.0.15
[INFO] [stderr]    Compiling proc-macro-error-attr v1.0.4
[INFO] [stderr]    Compiling strum_macros v0.24.3
[INFO] [stderr]    Compiling strum v0.24.1
[INFO] [stderr]    Compiling assemble-macros v0.2.0 (/opt/rustwide/workdir)
[INFO] [stdout] warning: unused import: `quote::ToTokens`
[INFO] [stdout]   --> src/lib.rs:11:5
[INFO] [stdout]    |
[INFO] [stdout] 11 | use quote::ToTokens;
[INFO] [stdout]    |     ^^^^^^^^^^^^^^^
[INFO] [stdout]    |
[INFO] [stdout]    = note: `#[warn(unused_imports)]` on by default
[INFO] [stdout] 
[INFO] [stdout] 
[INFO] [stdout] warning: unused import: `ItemFn`
[INFO] [stdout]   --> src/lib.rs:14:43
[INFO] [stdout]    |
[INFO] [stdout] 14 | use syn::{parse_macro_input, DeriveInput, ItemFn, Lit};
[INFO] [stdout]    |                                           ^^^^^^
[INFO] [stdout] 
[INFO] [stdout] 
[INFO] [stdout] warning: method `kind` is never used
[INFO] [stdout]   --> src/derive.rs:25:12
[INFO] [stdout]    |
[INFO] [stdout] 24 | impl Property {
[INFO] [stdout]    | ------------- method in this implementation
[INFO] [stdout] 25 |     pub fn kind(&self) -> &PropertyKind {
[INFO] [stdout]    |            ^^^^
[INFO] [stdout]    |
[INFO] [stdout]    = note: `#[warn(dead_code)]` on by default
[INFO] [stdout] 
[INFO] [stdout] 
[INFO] [stdout] warning: function `prop_ty` is never used
[INFO] [stdout]   --> src/derive.rs:52:8
[INFO] [stdout]    |
[INFO] [stdout] 52 | pub fn prop_ty(ty: &Type) -> Option<&Type> {
[INFO] [stdout]    |        ^^^^^^^
[INFO] [stdout] 
[INFO] [stdout] 
[INFO] [stdout] warning: field `description` is never read
[INFO] [stdout]   --> src/derive.rs:87:5
[INFO] [stdout]    |
[INFO] [stdout] 82 | pub struct TaskVisitor {
[INFO] [stdout]    |            ----------- field in this struct
[INFO] [stdout] ...
[INFO] [stdout] 87 |     description: Option<String>,
[INFO] [stdout]    |     ^^^^^^^^^^^
[INFO] [stdout]    |
[INFO] [stdout]    = note: `TaskVisitor` has a derived impl for the trait `Debug`, but this is intentionally ignored during dead code analysis
[INFO] [stdout] 
[INFO] [stdout] 
[INFO] [stdout] warning: method `action` is never used
[INFO] [stdout]    --> src/derive.rs:113:12
[INFO] [stdout]     |
[INFO] [stdout] 90  | impl TaskVisitor {
[INFO] [stdout]     | ---------------- method in this implementation
[INFO] [stdout] ...
[INFO] [stdout] 113 |     pub fn action(&self) -> Option<&Ident> {
[INFO] [stdout]     |            ^^^^^^
[INFO] [stdout] 
[INFO] [stdout] 
[INFO] [stdout] warning: 6 warnings emitted
[INFO] [stdout] 
[INFO] [stdout] 
[INFO] [stderr]    Compiling ron v0.8.0
[INFO] [stdout] error[E0433]: failed to resolve: use of undeclared crate or module `assemble_core`
[INFO] [stdout]  --> tests/derive_test.rs:1:5
[INFO] [stdout]   |
[INFO] [stdout] 1 | use assemble_core::__export::Serializable;
[INFO] [stdout]   |     ^^^^^^^^^^^^^ use of undeclared crate or module `assemble_core`
[INFO] [stdout]   |
[INFO] [stdout] help: there is a crate or module with a similar name
[INFO] [stdout]   |
[INFO] [stdout] 1 | use assemble_macros::__export::Serializable;
[INFO] [stdout]   |     ~~~~~~~~~~~~~~~
[INFO] [stdout] 
[INFO] [stdout] 
[INFO] [stdout] error[E0433]: failed to resolve: use of undeclared crate or module `assemble_core`
[INFO] [stdout]  --> tests/derive_test.rs:2:5
[INFO] [stdout]   |
[INFO] [stdout] 2 | use assemble_core::file_collection::FileSet;
[INFO] [stdout]   |     ^^^^^^^^^^^^^ use of undeclared crate or module `assemble_core`
[INFO] [stdout]   |
[INFO] [stdout] help: there is a crate or module with a similar name
[INFO] [stdout]   |
[INFO] [stdout] 2 | use assemble_macros::file_collection::FileSet;
[INFO] [stdout]   |     ~~~~~~~~~~~~~~~
[INFO] [stdout] 
[INFO] [stdout] 
[INFO] [stdout] error[E0433]: failed to resolve: use of undeclared crate or module `assemble_core`
[INFO] [stdout]  --> tests/derive_test.rs:3:5
[INFO] [stdout]   |
[INFO] [stdout] 3 | use assemble_core::lazy_evaluation::{Prop, Provider};
[INFO] [stdout]   |     ^^^^^^^^^^^^^ use of undeclared crate or module `assemble_core`
[INFO] [stdout]   |
[INFO] [stdout] help: there is a crate or module with a similar name
[INFO] [stdout]   |
[INFO] [stdout] 3 | use assemble_macros::lazy_evaluation::{Prop, Provider};
[INFO] [stdout]   |     ~~~~~~~~~~~~~~~
[INFO] [stdout] 
[INFO] [stdout] 
[INFO] [stdout] error[E0433]: failed to resolve: use of undeclared crate or module `assemble_core`
[INFO] [stdout]  --> tests/derive_test.rs:5:5
[INFO] [stdout]   |
[INFO] [stdout] 5 | use assemble_core::task::initialize_task::InitializeTask;
[INFO] [stdout]   |     ^^^^^^^^^^^^^ use of undeclared crate or module `assemble_core`
[INFO] [stdout]   |
[INFO] [stdout] help: there is a crate or module with a similar name
[INFO] [stdout]   |
[INFO] [stdout] 5 | use assemble_macros::task::initialize_task::InitializeTask;
[INFO] [stdout]   |     ~~~~~~~~~~~~~~~
[INFO] [stdout] 
[INFO] [stdout] 
[INFO] [stdout] error[E0433]: failed to resolve: use of undeclared crate or module `assemble_core`
[INFO] [stdout]  --> tests/derive_test.rs:6:5
[INFO] [stdout]   |
[INFO] [stdout] 6 | use assemble_core::task::task_io::TaskIO;
[INFO] [stdout]   |     ^^^^^^^^^^^^^ use of undeclared crate or module `assemble_core`
[INFO] [stdout]   |
[INFO] [stdout] help: there is a crate or module with a similar name
[INFO] [stdout]   |
[INFO] [stdout] 6 | use assemble_macros::task::task_io::TaskIO;
[INFO] [stdout]   |     ~~~~~~~~~~~~~~~
[INFO] [stdout] 
[INFO] [stdout] 
[INFO] [stdout] error[E0433]: failed to resolve: use of undeclared crate or module `assemble_core`
[INFO] [stdout]  --> tests/derive_test.rs:7:5
[INFO] [stdout]   |
[INFO] [stdout] 7 | use assemble_core::task::up_to_date::UpToDate;
[INFO] [stdout]   |     ^^^^^^^^^^^^^ use of undeclared crate or module `assemble_core`
[INFO] [stdout]   |
[INFO] [stdout] help: there is a crate or module with a similar name
[INFO] [stdout]   |
[INFO] [stdout] 7 | use assemble_macros::task::up_to_date::UpToDate;
[INFO] [stdout]   |     ~~~~~~~~~~~~~~~
[INFO] [stdout] 
[INFO] [stdout] 
[INFO] [stdout] error[E0433]: failed to resolve: use of undeclared crate or module `assemble_core`
[INFO] [stdout]  --> tests/derive_test.rs:8:5
[INFO] [stdout]   |
[INFO] [stdout] 8 | use assemble_core::task::work_handler::output::Output;
[INFO] [stdout]   |     ^^^^^^^^^^^^^ use of undeclared crate or module `assemble_core`
[INFO] [stdout]   |
[INFO] [stdout] help: there is a crate or module with a similar name
[INFO] [stdout]   |
[INFO] [stdout] 8 | use assemble_macros::task::work_handler::output::Output;
[INFO] [stdout]   |     ~~~~~~~~~~~~~~~
[INFO] [stdout] 
[INFO] [stdout] 
[INFO] [stdout] error[E0433]: failed to resolve: use of undeclared crate or module `assemble_core`
[INFO] [stdout]   --> tests/derive_test.rs:16:30
[INFO] [stdout]    |
[INFO] [stdout] 16 |     #[derive(Debug, Default, TaskIO)]
[INFO] [stdout]    |                              ^^^^^^ use of undeclared crate or module `assemble_core`
[INFO] [stdout]    |
[INFO] [stdout]    = note: this error originates in the derive macro `TaskIO` (in Nightly builds, run with -Z macro-backtrace for more info)
[INFO] [stdout] help: there is a crate or module with a similar name
[INFO] [stdout]    |
[INFO] [stdout] 16 |     #[derive(Debug, Default, assemble_macros)]
[INFO] [stdout]    |                              ~~~~~~~~~~~~~~~
[INFO] [stdout] 
[INFO] [stdout] 
[INFO] [stdout] error[E0432]: unresolved import `assemble_core`
[INFO] [stdout]  --> tests/derive_test.rs:9:5
[INFO] [stdout]   |
[INFO] [stdout] 9 | use assemble_core::{BuildResult, Executable, Project, Task};
[INFO] [stdout]   |     ^^^^^^^^^^^^^ use of undeclared crate or module `assemble_core`
[INFO] [stdout]   |
[INFO] [stdout] help: there is a crate or module with a similar name
[INFO] [stdout]   |
[INFO] [stdout] 9 | use assemble_macros::{BuildResult, Executable, Project, Task};
[INFO] [stdout]   |     ~~~~~~~~~~~~~~~
[INFO] [stdout] 
[INFO] [stdout] 
[INFO] [stdout] warning: unused import: `quote::ToTokens`
[INFO] [stdout]   --> src/lib.rs:11:5
[INFO] [stdout]    |
[INFO] [stdout] 11 | use quote::ToTokens;
[INFO] [stdout]    |     ^^^^^^^^^^^^^^^
[INFO] [stdout]    |
[INFO] [stdout]    = note: `#[warn(unused_imports)]` on by default
[INFO] [stdout] 
[INFO] [stdout] 
[INFO] [stdout] warning: unused import: `ItemFn`
[INFO] [stdout]   --> src/lib.rs:14:43
[INFO] [stdout]    |
[INFO] [stdout] 14 | use syn::{parse_macro_input, DeriveInput, ItemFn, Lit};
[INFO] [stdout]    |                                           ^^^^^^
[INFO] [stdout] 
[INFO] [stdout] 
[INFO] [stdout] error: aborting due to 9 previous errors
[INFO] [stdout] 
[INFO] [stdout] 
[INFO] [stdout] Some errors have detailed explanations: E0432, E0433.
[INFO] [stdout] 
[INFO] [stdout] For more information about an error, try `rustc --explain E0432`.
[INFO] [stdout] 
[INFO] [stderr] error: could not compile `assemble-macros` (test "derive_test") due to 10 previous errors
[INFO] [stderr] warning: build failed, waiting for other jobs to finish...
[INFO] [stdout] warning: method `kind` is never used
[INFO] [stdout]   --> src/derive.rs:25:12
[INFO] [stdout]    |
[INFO] [stdout] 24 | impl Property {
[INFO] [stdout]    | ------------- method in this implementation
[INFO] [stdout] 25 |     pub fn kind(&self) -> &PropertyKind {
[INFO] [stdout]    |            ^^^^
[INFO] [stdout]    |
[INFO] [stdout]    = note: `#[warn(dead_code)]` on by default
[INFO] [stdout] 
[INFO] [stdout] 
[INFO] [stdout] warning: function `prop_ty` is never used
[INFO] [stdout]   --> src/derive.rs:52:8
[INFO] [stdout]    |
[INFO] [stdout] 52 | pub fn prop_ty(ty: &Type) -> Option<&Type> {
[INFO] [stdout]    |        ^^^^^^^
[INFO] [stdout] 
[INFO] [stdout] 
[INFO] [stdout] warning: field `description` is never read
[INFO] [stdout]   --> src/derive.rs:87:5
[INFO] [stdout]    |
[INFO] [stdout] 82 | pub struct TaskVisitor {
[INFO] [stdout]    |            ----------- field in this struct
[INFO] [stdout] ...
[INFO] [stdout] 87 |     description: Option<String>,
[INFO] [stdout]    |     ^^^^^^^^^^^
[INFO] [stdout]    |
[INFO] [stdout]    = note: `TaskVisitor` has a derived impl for the trait `Debug`, but this is intentionally ignored during dead code analysis
[INFO] [stdout] 
[INFO] [stdout] 
[INFO] [stdout] warning: method `action` is never used
[INFO] [stdout]    --> src/derive.rs:113:12
[INFO] [stdout]     |
[INFO] [stdout] 90  | impl TaskVisitor {
[INFO] [stdout]     | ---------------- method in this implementation
[INFO] [stdout] ...
[INFO] [stdout] 113 |     pub fn action(&self) -> Option<&Ident> {
[INFO] [stdout]     |            ^^^^^^
[INFO] [stdout] 
[INFO] [stdout] 
[INFO] [stdout] warning: 6 warnings emitted
[INFO] [stdout] 
[INFO] [stdout] 
[INFO] running `Command { std: "docker" "inspect" "2a1627b010fca1c3e29dab7c7d72efb4e4c92a7d57243c21b40eae58a3cfd386", kill_on_drop: false }`
[INFO] running `Command { std: "docker" "rm" "-f" "2a1627b010fca1c3e29dab7c7d72efb4e4c92a7d57243c21b40eae58a3cfd386", kill_on_drop: false }`
[INFO] [stdout] 2a1627b010fca1c3e29dab7c7d72efb4e4c92a7d57243c21b40eae58a3cfd386
