[INFO] fetching crate armv8a_semihosting 0.0.1...
[INFO] testing armv8a_semihosting-0.0.1 against 1.69.0 for beta-1.70-1
[INFO] extracting crate armv8a_semihosting 0.0.1 into /workspace/builds/worker-7-tc1/source
[INFO] validating manifest of crates.io crate armv8a_semihosting 0.0.1 on toolchain 1.69.0
[INFO] running `Command { std: CARGO_HOME="/workspace/cargo-home" RUSTUP_HOME="/workspace/rustup-home" "/workspace/cargo-home/bin/cargo" "+1.69.0" "metadata" "--manifest-path" "Cargo.toml" "--no-deps", kill_on_drop: false }`
[INFO] started tweaking crates.io crate armv8a_semihosting 0.0.1
[INFO] finished tweaking crates.io crate armv8a_semihosting 0.0.1
[INFO] tweaked toml for crates.io crate armv8a_semihosting 0.0.1 written to /workspace/builds/worker-7-tc1/source/Cargo.toml
[INFO] running `Command { std: CARGO_HOME="/workspace/cargo-home" RUSTUP_HOME="/workspace/rustup-home" __CARGO_TEST_CHANNEL_OVERRIDE_DO_NOT_USE_THIS="nightly" "/workspace/cargo-home/bin/cargo" "+1.69.0" "generate-lockfile" "--manifest-path" "Cargo.toml" "-Zno-index-update", kill_on_drop: false }`
[INFO] [stderr]     Blocking waiting for file lock on package cache
[INFO] running `Command { std: CARGO_HOME="/workspace/cargo-home" RUSTUP_HOME="/workspace/rustup-home" "/workspace/cargo-home/bin/cargo" "+1.69.0" "fetch" "--manifest-path" "Cargo.toml", kill_on_drop: false }`
[INFO] running `Command { std: "docker" "create" "-v" "/var/lib/crater-agent-workspace/builds/worker-7-tc1/target:/opt/rustwide/target:rw,Z" "-v" "/var/lib/crater-agent-workspace/builds/worker-7-tc1/source:/opt/rustwide/workdir:ro,Z" "-v" "/var/lib/crater-agent-workspace/cargo-home:/opt/rustwide/cargo-home:ro,Z" "-v" "/var/lib/crater-agent-workspace/rustup-home:/opt/rustwide/rustup-home:ro,Z" "-e" "SOURCE_DIR=/opt/rustwide/workdir" "-e" "CARGO_TARGET_DIR=/opt/rustwide/target" "-e" "CARGO_HOME=/opt/rustwide/cargo-home" "-e" "RUSTUP_HOME=/opt/rustwide/rustup-home" "-w" "/opt/rustwide/workdir" "-m" "1610612736" "--user" "0:0" "--network" "none" "ghcr.io/rust-lang/crates-build-env/linux@sha256:5ff2268d62e97bff2cde7d5815dd6ed5b47097566f13b8d0ca110b04b60e07ed" "/opt/rustwide/cargo-home/bin/cargo" "+1.69.0" "metadata" "--no-deps" "--format-version=1", kill_on_drop: false }`
[INFO] [stdout] ca767520a015041e0e8219d066f97458f087a107176a93e140f8d5bfb41f7f28
[INFO] running `Command { std: "docker" "start" "-a" "ca767520a015041e0e8219d066f97458f087a107176a93e140f8d5bfb41f7f28", kill_on_drop: false }`
[INFO] running `Command { std: "docker" "inspect" "ca767520a015041e0e8219d066f97458f087a107176a93e140f8d5bfb41f7f28", kill_on_drop: false }`
[INFO] running `Command { std: "docker" "rm" "-f" "ca767520a015041e0e8219d066f97458f087a107176a93e140f8d5bfb41f7f28", kill_on_drop: false }`
[INFO] [stdout] ca767520a015041e0e8219d066f97458f087a107176a93e140f8d5bfb41f7f28
[INFO] running `Command { std: "docker" "create" "-v" "/var/lib/crater-agent-workspace/builds/worker-7-tc1/target:/opt/rustwide/target:rw,Z" "-v" "/var/lib/crater-agent-workspace/builds/worker-7-tc1/source:/opt/rustwide/workdir:ro,Z" "-v" "/var/lib/crater-agent-workspace/cargo-home:/opt/rustwide/cargo-home:ro,Z" "-v" "/var/lib/crater-agent-workspace/rustup-home:/opt/rustwide/rustup-home:ro,Z" "-e" "SOURCE_DIR=/opt/rustwide/workdir" "-e" "CARGO_TARGET_DIR=/opt/rustwide/target" "-e" "CARGO_INCREMENTAL=0" "-e" "RUST_BACKTRACE=full" "-e" "RUSTFLAGS=--cap-lints=warn" "-e" "RUSTDOCFLAGS=--cap-lints=warn" "-e" "CARGO_HOME=/opt/rustwide/cargo-home" "-e" "RUSTUP_HOME=/opt/rustwide/rustup-home" "-w" "/opt/rustwide/workdir" "-m" "1610612736" "--user" "0:0" "--network" "none" "ghcr.io/rust-lang/crates-build-env/linux@sha256:5ff2268d62e97bff2cde7d5815dd6ed5b47097566f13b8d0ca110b04b60e07ed" "/opt/rustwide/cargo-home/bin/cargo" "+1.69.0" "build" "--frozen" "--message-format=json", kill_on_drop: false }`
[INFO] [stdout] b759fdada970c0d963cc754fc86b4411a8d82724eb8673f18c137aaf63c27e01
[INFO] running `Command { std: "docker" "start" "-a" "b759fdada970c0d963cc754fc86b4411a8d82724eb8673f18c137aaf63c27e01", kill_on_drop: false }`
[INFO] [stderr]    Compiling armv8a_semihosting v0.0.1 (/opt/rustwide/workdir)
[INFO] [stdout] error: invalid register `x0`: unknown register
[INFO] [stdout]   --> src/lib.rs:29:25
[INFO] [stdout]    |
[INFO] [stdout] 29 |     asm!("hlt #0xF000", inout("x0") nr => nr, in("x1") arg);
[INFO] [stdout]    |                         ^^^^^^^^^^^^^^^^^^^^
[INFO] [stdout] 
[INFO] [stdout] 
[INFO] [stdout] error: invalid register `x1`: unknown register
[INFO] [stdout]   --> src/lib.rs:29:47
[INFO] [stdout]    |
[INFO] [stdout] 29 |     asm!("hlt #0xF000", inout("x0") nr => nr, in("x1") arg);
[INFO] [stdout]    |                                               ^^^^^^^^^^^^
[INFO] [stdout] 
[INFO] [stdout] 
[INFO] [stdout] error[E0605]: non-primitive cast: `()` as `isize`
[INFO] [stdout]   --> src/hio.rs:60:11
[INFO] [stdout]    |
[INFO] [stdout] 60 |       match unsafe { syscall!(OPEN, name.as_ptr(), mode, name.len() - 1) } as
[INFO] [stdout]    |  ___________^
[INFO] [stdout] 61 | |         isize {
[INFO] [stdout]    | |_____________^ an `as` expression can only be used to convert between primitive types or to coerce to a specific trait object
[INFO] [stdout] 
[INFO] [stdout] 
[INFO] [stdout] error[E0308]: mismatched types
[INFO] [stdout]   --> src/hio.rs:71:13
[INFO] [stdout]    |
[INFO] [stdout] 69 |         match unsafe { syscall!(WRITE, fd, buffer.as_ptr(), buffer.len()) } {
[INFO] [stdout]    |               ------------------------------------------------------------- this expression has type `()`
[INFO] [stdout] 70 |             // Done
[INFO] [stdout] 71 |             0 => return Ok(()),
[INFO] [stdout]    |             ^ expected `()`, found integer
[INFO] [stdout] 
[INFO] [stdout] 
[INFO] [stdout] error[E0308]: mismatched types
[INFO] [stdout]   --> src/hio.rs:73:23
[INFO] [stdout]    |
[INFO] [stdout] 73 |             n if n <= buffer.len() => {
[INFO] [stdout]    |                  -    ^^^^^^^^^^^^ expected `()`, found `usize`
[INFO] [stdout]    |                  |
[INFO] [stdout]    |                  expected because this is `()`
[INFO] [stdout] 
[INFO] [stdout] 
[INFO] [stdout] error[E0277]: cannot subtract `()` from `usize`
[INFO] [stdout]   --> src/hio.rs:74:44
[INFO] [stdout]    |
[INFO] [stdout] 74 |                 let offset = (buffer.len() - n) as isize;
[INFO] [stdout]    |                                            ^ no implementation for `usize - ()`
[INFO] [stdout]    |
[INFO] [stdout]    = help: the trait `Sub<()>` is not implemented for `usize`
[INFO] [stdout]    = help: the following other types implement trait `Sub<Rhs>`:
[INFO] [stdout]              <&'a usize as Sub<usize>>
[INFO] [stdout]              <&usize as Sub<&usize>>
[INFO] [stdout]              <usize as Sub<&usize>>
[INFO] [stdout]              <usize as Sub>
[INFO] [stdout] 
[INFO] [stdout] 
[INFO] [stdout] error[E0308]: mismatched types
[INFO] [stdout]   --> src/hio.rs:76:75
[INFO] [stdout]    |
[INFO] [stdout] 76 |                     slice::from_raw_parts(buffer.as_ptr().offset(offset), n)
[INFO] [stdout]    |                     ---------------------                                 ^ expected `usize`, found `()`
[INFO] [stdout]    |                     |
[INFO] [stdout]    |                     arguments to this function are incorrect
[INFO] [stdout]    |
[INFO] [stdout] note: function defined here
[INFO] [stdout]   --> /rustc/84c898d65adf2f39a5a98507f1fe0ce10a2b8dbc/library/core/src/slice/raw.rs:92:21
[INFO] [stdout] 
[INFO] [stdout] 
[INFO] [stdout] error: aborting due to 7 previous errors
[INFO] [stdout] 
[INFO] [stdout] 
[INFO] [stdout] Some errors have detailed explanations: E0277, E0308, E0605.
[INFO] [stdout] 
[INFO] [stdout] For more information about an error, try `rustc --explain E0277`.
[INFO] [stdout] 
[INFO] [stderr] error: could not compile `armv8a_semihosting` due to 8 previous errors
[INFO] running `Command { std: "docker" "inspect" "b759fdada970c0d963cc754fc86b4411a8d82724eb8673f18c137aaf63c27e01", kill_on_drop: false }`
[INFO] running `Command { std: "docker" "rm" "-f" "b759fdada970c0d963cc754fc86b4411a8d82724eb8673f18c137aaf63c27e01", kill_on_drop: false }`
[INFO] [stdout] b759fdada970c0d963cc754fc86b4411a8d82724eb8673f18c137aaf63c27e01
