[INFO] fetching crate ark-api-macros 0.11.0...
[INFO] testing ark-api-macros-0.11.0 against beta-2023-04-20 for beta-1.70-1
[INFO] extracting crate ark-api-macros 0.11.0 into /workspace/builds/worker-3-tc2/source
[INFO] validating manifest of crates.io crate ark-api-macros 0.11.0 on toolchain beta-2023-04-20
[INFO] running `Command { std: CARGO_HOME="/workspace/cargo-home" RUSTUP_HOME="/workspace/rustup-home" "/workspace/cargo-home/bin/cargo" "+beta-2023-04-20" "metadata" "--manifest-path" "Cargo.toml" "--no-deps", kill_on_drop: false }`
[INFO] started tweaking crates.io crate ark-api-macros 0.11.0
[INFO] finished tweaking crates.io crate ark-api-macros 0.11.0
[INFO] tweaked toml for crates.io crate ark-api-macros 0.11.0 written to /workspace/builds/worker-3-tc2/source/Cargo.toml
[INFO] running `Command { std: CARGO_HOME="/workspace/cargo-home" RUSTUP_HOME="/workspace/rustup-home" __CARGO_TEST_CHANNEL_OVERRIDE_DO_NOT_USE_THIS="nightly" "/workspace/cargo-home/bin/cargo" "+beta-2023-04-20" "generate-lockfile" "--manifest-path" "Cargo.toml" "-Zno-index-update", kill_on_drop: false }`
[INFO] running `Command { std: CARGO_HOME="/workspace/cargo-home" RUSTUP_HOME="/workspace/rustup-home" "/workspace/cargo-home/bin/cargo" "+beta-2023-04-20" "fetch" "--manifest-path" "Cargo.toml", kill_on_drop: false }`
[INFO] running `Command { std: "docker" "create" "-v" "/var/lib/crater-agent-workspace/builds/worker-3-tc2/target:/opt/rustwide/target:rw,Z" "-v" "/var/lib/crater-agent-workspace/builds/worker-3-tc2/source:/opt/rustwide/workdir:ro,Z" "-v" "/var/lib/crater-agent-workspace/cargo-home:/opt/rustwide/cargo-home:ro,Z" "-v" "/var/lib/crater-agent-workspace/rustup-home:/opt/rustwide/rustup-home:ro,Z" "-e" "SOURCE_DIR=/opt/rustwide/workdir" "-e" "CARGO_TARGET_DIR=/opt/rustwide/target" "-e" "CARGO_HOME=/opt/rustwide/cargo-home" "-e" "RUSTUP_HOME=/opt/rustwide/rustup-home" "-w" "/opt/rustwide/workdir" "-m" "1610612736" "--user" "0:0" "--network" "none" "ghcr.io/rust-lang/crates-build-env/linux@sha256:5ff2268d62e97bff2cde7d5815dd6ed5b47097566f13b8d0ca110b04b60e07ed" "/opt/rustwide/cargo-home/bin/cargo" "+beta-2023-04-20" "metadata" "--no-deps" "--format-version=1", kill_on_drop: false }`
[INFO] [stdout] 48e7e6ca8c880f2240a1cf62a64ace0e83ff3af3b3be065c59f93cf464311604
[INFO] running `Command { std: "docker" "start" "-a" "48e7e6ca8c880f2240a1cf62a64ace0e83ff3af3b3be065c59f93cf464311604", kill_on_drop: false }`
[INFO] running `Command { std: "docker" "inspect" "48e7e6ca8c880f2240a1cf62a64ace0e83ff3af3b3be065c59f93cf464311604", kill_on_drop: false }`
[INFO] running `Command { std: "docker" "rm" "-f" "48e7e6ca8c880f2240a1cf62a64ace0e83ff3af3b3be065c59f93cf464311604", kill_on_drop: false }`
[INFO] [stdout] 48e7e6ca8c880f2240a1cf62a64ace0e83ff3af3b3be065c59f93cf464311604
[INFO] running `Command { std: "docker" "create" "-v" "/var/lib/crater-agent-workspace/builds/worker-3-tc2/target:/opt/rustwide/target:rw,Z" "-v" "/var/lib/crater-agent-workspace/builds/worker-3-tc2/source:/opt/rustwide/workdir:ro,Z" "-v" "/var/lib/crater-agent-workspace/cargo-home:/opt/rustwide/cargo-home:ro,Z" "-v" "/var/lib/crater-agent-workspace/rustup-home:/opt/rustwide/rustup-home:ro,Z" "-e" "SOURCE_DIR=/opt/rustwide/workdir" "-e" "CARGO_TARGET_DIR=/opt/rustwide/target" "-e" "CARGO_INCREMENTAL=0" "-e" "RUST_BACKTRACE=full" "-e" "RUSTFLAGS=--cap-lints=warn" "-e" "RUSTDOCFLAGS=--cap-lints=warn" "-e" "CARGO_HOME=/opt/rustwide/cargo-home" "-e" "RUSTUP_HOME=/opt/rustwide/rustup-home" "-w" "/opt/rustwide/workdir" "-m" "1610612736" "--user" "0:0" "--network" "none" "ghcr.io/rust-lang/crates-build-env/linux@sha256:5ff2268d62e97bff2cde7d5815dd6ed5b47097566f13b8d0ca110b04b60e07ed" "/opt/rustwide/cargo-home/bin/cargo" "+beta-2023-04-20" "build" "--frozen" "--message-format=json", kill_on_drop: false }`
[INFO] [stdout] 67e4ed503b15c035b1a0152a1d3fc24f7f6ccce51b885d09411b63b585cf016d
[INFO] running `Command { std: "docker" "start" "-a" "67e4ed503b15c035b1a0152a1d3fc24f7f6ccce51b885d09411b63b585cf016d", kill_on_drop: false }`
[INFO] [stderr]    Compiling syn v1.0.109
[INFO] [stderr]    Compiling ark-api-macros v0.11.0 (/opt/rustwide/workdir)
[INFO] [stderr]     Finished dev [unoptimized + debuginfo] target(s) in 8.63s
[INFO] running `Command { std: "docker" "inspect" "67e4ed503b15c035b1a0152a1d3fc24f7f6ccce51b885d09411b63b585cf016d", kill_on_drop: false }`
[INFO] running `Command { std: "docker" "rm" "-f" "67e4ed503b15c035b1a0152a1d3fc24f7f6ccce51b885d09411b63b585cf016d", kill_on_drop: false }`
[INFO] [stdout] 67e4ed503b15c035b1a0152a1d3fc24f7f6ccce51b885d09411b63b585cf016d
[INFO] running `Command { std: "docker" "create" "-v" "/var/lib/crater-agent-workspace/builds/worker-3-tc2/target:/opt/rustwide/target:rw,Z" "-v" "/var/lib/crater-agent-workspace/builds/worker-3-tc2/source:/opt/rustwide/workdir:ro,Z" "-v" "/var/lib/crater-agent-workspace/cargo-home:/opt/rustwide/cargo-home:ro,Z" "-v" "/var/lib/crater-agent-workspace/rustup-home:/opt/rustwide/rustup-home:ro,Z" "-e" "SOURCE_DIR=/opt/rustwide/workdir" "-e" "CARGO_TARGET_DIR=/opt/rustwide/target" "-e" "CARGO_INCREMENTAL=0" "-e" "RUST_BACKTRACE=full" "-e" "RUSTFLAGS=--cap-lints=warn" "-e" "RUSTDOCFLAGS=--cap-lints=warn" "-e" "CARGO_HOME=/opt/rustwide/cargo-home" "-e" "RUSTUP_HOME=/opt/rustwide/rustup-home" "-w" "/opt/rustwide/workdir" "-m" "1610612736" "--user" "0:0" "--network" "none" "ghcr.io/rust-lang/crates-build-env/linux@sha256:5ff2268d62e97bff2cde7d5815dd6ed5b47097566f13b8d0ca110b04b60e07ed" "/opt/rustwide/cargo-home/bin/cargo" "+beta-2023-04-20" "test" "--frozen" "--no-run" "--message-format=json", kill_on_drop: false }`
[INFO] [stdout] 428bf4b0e2b6033249e04553e3ccdc2073e1a458136fda17c9343afeaecbf67f
[INFO] running `Command { std: "docker" "start" "-a" "428bf4b0e2b6033249e04553e3ccdc2073e1a458136fda17c9343afeaecbf67f", kill_on_drop: false }`
[INFO] [stderr]    Compiling proc-macro2 v1.0.56
[INFO] [stderr]    Compiling unicode-ident v1.0.8
[INFO] [stderr]    Compiling quote v1.0.26
[INFO] [stderr]    Compiling syn v1.0.109
[INFO] [stderr]    Compiling ark-api-macros v0.11.0 (/opt/rustwide/workdir)
[INFO] [stdout] error[E0432]: unresolved import `ark_public_api_test`
[INFO] [stdout]  --> tests/public-api.rs:8:9
[INFO] [stdout]   |
[INFO] [stdout] 8 |     use ark_public_api_test::*;
[INFO] [stdout]   |         ^^^^^^^^^^^^^^^^^^^ use of undeclared crate or module `ark_public_api_test`
[INFO] [stdout] 
[INFO] [stdout] 
[INFO] [stdout] error[E0433]: failed to resolve: use of undeclared crate or module `insta`
[INFO] [stdout]   --> tests/public-api.rs:13:5
[INFO] [stdout]    |
[INFO] [stdout] 13 |     insta::with_settings!({
[INFO] [stdout]    |     ^^^^^ use of undeclared crate or module `insta`
[INFO] [stdout] 
[INFO] [stdout] 
[INFO] [stdout] error[E0425]: cannot find function `is_supported` in this scope
[INFO] [stdout]  --> tests/public-api.rs:9:9
[INFO] [stdout]   |
[INFO] [stdout] 9 |     if !is_supported() {
[INFO] [stdout]   |         ^^^^^^^^^^^^ not found in this scope
[INFO] [stdout] 
[INFO] [stdout] 
[INFO] [stdout] error: aborting due to 3 previous errors
[INFO] [stdout] 
[INFO] [stdout] 
[INFO] [stdout] Some errors have detailed explanations: E0425, E0432, E0433.
[INFO] [stdout] 
[INFO] [stdout] For more information about an error, try `rustc --explain E0425`.
[INFO] [stdout] 
[INFO] [stderr] error: could not compile `ark-api-macros` (test "public-api") due to 4 previous errors
[INFO] running `Command { std: "docker" "inspect" "428bf4b0e2b6033249e04553e3ccdc2073e1a458136fda17c9343afeaecbf67f", kill_on_drop: false }`
[INFO] running `Command { std: "docker" "rm" "-f" "428bf4b0e2b6033249e04553e3ccdc2073e1a458136fda17c9343afeaecbf67f", kill_on_drop: false }`
[INFO] [stdout] 428bf4b0e2b6033249e04553e3ccdc2073e1a458136fda17c9343afeaecbf67f
