[INFO] fetching crate arfur 0.0.2...
[INFO] testing arfur-0.0.2 against beta-2023-04-20 for beta-1.70-1
[INFO] extracting crate arfur 0.0.2 into /workspace/builds/worker-2-tc2/source
[INFO] validating manifest of crates.io crate arfur 0.0.2 on toolchain beta-2023-04-20
[INFO] running `Command { std: CARGO_HOME="/workspace/cargo-home" RUSTUP_HOME="/workspace/rustup-home" "/workspace/cargo-home/bin/cargo" "+beta-2023-04-20" "metadata" "--manifest-path" "Cargo.toml" "--no-deps", kill_on_drop: false }`
[INFO] removed /workspace/builds/worker-2-tc2/source/.cargo/config.toml
[INFO] removed /workspace/builds/worker-2-tc2/source/rust-toolchain.toml
[INFO] started tweaking crates.io crate arfur 0.0.2
[INFO] finished tweaking crates.io crate arfur 0.0.2
[INFO] tweaked toml for crates.io crate arfur 0.0.2 written to /workspace/builds/worker-2-tc2/source/Cargo.toml
[INFO] crate crates.io crate arfur 0.0.2 already has a lockfile, it will not be regenerated
[INFO] running `Command { std: CARGO_HOME="/workspace/cargo-home" RUSTUP_HOME="/workspace/rustup-home" "/workspace/cargo-home/bin/cargo" "+beta-2023-04-20" "fetch" "--manifest-path" "Cargo.toml", kill_on_drop: false }`
[INFO] [stderr]     Updating crates.io index
[INFO] [stderr]  Downloading crates ...
[INFO] [stderr]   Downloaded darling_macro v0.14.2
[INFO] [stderr]   Downloaded darling_core v0.14.2
[INFO] [stderr]   Downloaded tracing-error v0.2.0
[INFO] [stderr]   Downloaded color-spantrace v0.2.0
[INFO] [stderr]   Downloaded backtrace v0.3.66
[INFO] [stderr]   Downloaded seahash v4.1.0
[INFO] [stderr]   Downloaded color-eyre v0.6.2
[INFO] [stderr]   Downloaded os_str_bytes v6.3.1
[INFO] [stderr]   Downloaded clang-sys v1.4.0
[INFO] [stderr]   Downloaded regex v1.6.0
[INFO] [stderr]   Downloaded cexpr v0.6.0
[INFO] [stderr]   Downloaded lazycell v1.3.0
[INFO] [stderr]   Downloaded bindgen v0.60.1
[INFO] [stderr]   Downloaded wasi v0.10.0+wasi-snapshot-preview1
[INFO] [stderr]   Downloaded nom v7.1.1
[INFO] [stderr]   Downloaded regex-syntax v0.6.27
[INFO] [stderr]   Downloaded gimli v0.26.2
[INFO] [stderr]   Downloaded bzip2-sys v0.1.11+1.0.8
[INFO] [stderr]   Downloaded tracing-subscriber v0.3.16
[INFO] [stderr]   Downloaded time v0.1.44
[INFO] [stderr]   Downloaded eyre v0.6.8
[INFO] [stderr]   Downloaded zip v0.5.13
[INFO] [stderr]   Downloaded rustc-hash v1.1.0
[INFO] [stderr]   Downloaded bzip2 v0.4.3
[INFO] [stderr]   Downloaded derive_builder_macro v0.11.2
[INFO] [stderr]   Downloaded libloading v0.7.3
[INFO] [stderr]   Downloaded shlex v1.1.0
[INFO] [stderr]   Downloaded which v4.3.0
[INFO] [stderr]   Downloaded cc v1.0.74
[INFO] [stderr]   Downloaded indenter v0.3.3
[INFO] [stderr]   Downloaded hyper v0.14.22
[INFO] [stderr]   Downloaded ipnet v2.5.0
[INFO] [stderr]   Downloaded arfur-build v0.0.2
[INFO] [stderr]   Downloaded addr2line v0.17.0
[INFO] [stderr]   Downloaded darling v0.14.2
[INFO] [stderr]   Downloaded derive_builder_core v0.11.2
[INFO] [stderr]   Downloaded env_logger v0.9.1
[INFO] [stderr]   Downloaded bytes v1.2.1
[INFO] [stderr]   Downloaded arfur-rev v0.0.1
[INFO] [stderr]   Downloaded arfur-wpilib v0.0.2
[INFO] [stderr]   Downloaded derive_builder v0.11.2
[INFO] [stderr]   Downloaded zip-extract v0.1.1
[INFO] running `Command { std: "docker" "create" "-v" "/var/lib/crater-agent-workspace/builds/worker-2-tc2/target:/opt/rustwide/target:rw,Z" "-v" "/var/lib/crater-agent-workspace/builds/worker-2-tc2/source:/opt/rustwide/workdir:ro,Z" "-v" "/var/lib/crater-agent-workspace/cargo-home:/opt/rustwide/cargo-home:ro,Z" "-v" "/var/lib/crater-agent-workspace/rustup-home:/opt/rustwide/rustup-home:ro,Z" "-e" "SOURCE_DIR=/opt/rustwide/workdir" "-e" "CARGO_TARGET_DIR=/opt/rustwide/target" "-e" "CARGO_HOME=/opt/rustwide/cargo-home" "-e" "RUSTUP_HOME=/opt/rustwide/rustup-home" "-w" "/opt/rustwide/workdir" "-m" "1610612736" "--user" "0:0" "--network" "none" "ghcr.io/rust-lang/crates-build-env/linux@sha256:5ff2268d62e97bff2cde7d5815dd6ed5b47097566f13b8d0ca110b04b60e07ed" "/opt/rustwide/cargo-home/bin/cargo" "+beta-2023-04-20" "metadata" "--no-deps" "--format-version=1", kill_on_drop: false }`
[INFO] [stdout] 8a9a839ec9f6b4bbb7b9872a294f0f69182f85bbfe4dbc2370c74fd3e035c54a
[INFO] running `Command { std: "docker" "start" "-a" "8a9a839ec9f6b4bbb7b9872a294f0f69182f85bbfe4dbc2370c74fd3e035c54a", kill_on_drop: false }`
[INFO] running `Command { std: "docker" "inspect" "8a9a839ec9f6b4bbb7b9872a294f0f69182f85bbfe4dbc2370c74fd3e035c54a", kill_on_drop: false }`
[INFO] running `Command { std: "docker" "rm" "-f" "8a9a839ec9f6b4bbb7b9872a294f0f69182f85bbfe4dbc2370c74fd3e035c54a", kill_on_drop: false }`
[INFO] [stdout] 8a9a839ec9f6b4bbb7b9872a294f0f69182f85bbfe4dbc2370c74fd3e035c54a
[INFO] running `Command { std: "docker" "create" "-v" "/var/lib/crater-agent-workspace/builds/worker-2-tc2/target:/opt/rustwide/target:rw,Z" "-v" "/var/lib/crater-agent-workspace/builds/worker-2-tc2/source:/opt/rustwide/workdir:ro,Z" "-v" "/var/lib/crater-agent-workspace/cargo-home:/opt/rustwide/cargo-home:ro,Z" "-v" "/var/lib/crater-agent-workspace/rustup-home:/opt/rustwide/rustup-home:ro,Z" "-e" "SOURCE_DIR=/opt/rustwide/workdir" "-e" "CARGO_TARGET_DIR=/opt/rustwide/target" "-e" "CARGO_INCREMENTAL=0" "-e" "RUST_BACKTRACE=full" "-e" "RUSTFLAGS=--cap-lints=warn" "-e" "RUSTDOCFLAGS=--cap-lints=warn" "-e" "CARGO_HOME=/opt/rustwide/cargo-home" "-e" "RUSTUP_HOME=/opt/rustwide/rustup-home" "-w" "/opt/rustwide/workdir" "-m" "1610612736" "--user" "0:0" "--network" "none" "ghcr.io/rust-lang/crates-build-env/linux@sha256:5ff2268d62e97bff2cde7d5815dd6ed5b47097566f13b8d0ca110b04b60e07ed" "/opt/rustwide/cargo-home/bin/cargo" "+beta-2023-04-20" "build" "--frozen" "--message-format=json", kill_on_drop: false }`
[INFO] [stdout] ff6618c3254a77ef2b4698da0aa0ebf61bce185624b735e4c89908e00e932d43
[INFO] running `Command { std: "docker" "start" "-a" "ff6618c3254a77ef2b4698da0aa0ebf61bce185624b735e4c89908e00e932d43", kill_on_drop: false }`
[INFO] [stderr]    Compiling proc-macro2 v1.0.47
[INFO] [stderr]    Compiling unicode-ident v1.0.5
[INFO] [stderr]    Compiling quote v1.0.21
[INFO] [stderr]    Compiling syn v1.0.103
[INFO] [stderr]    Compiling libc v0.2.137
[INFO] [stderr]    Compiling cc v1.0.74
[INFO] [stderr]    Compiling once_cell v1.16.0
[INFO] [stderr]    Compiling pkg-config v0.3.26
[INFO] [stderr]    Compiling pin-project-lite v0.2.9
[INFO] [stderr]    Compiling log v0.4.17
[INFO] [stderr]    Compiling fnv v1.0.7
[INFO] [stderr]    Compiling tracing-core v0.1.30
[INFO] [stderr]    Compiling bytes v1.2.1
[INFO] [stderr]    Compiling futures-core v0.3.25
[INFO] [stderr]    Compiling tokio v1.21.2
[INFO] [stderr]    Compiling futures-task v0.3.25
[INFO] [stderr]    Compiling itoa v1.0.4
[INFO] [stderr]    Compiling socket2 v0.4.7
[INFO] [stderr]    Compiling mio v0.8.5
[INFO] [stderr]    Compiling num_cpus v1.13.1
[INFO] [stderr]    Compiling slab v0.4.7
[INFO] [stderr]    Compiling indexmap v1.9.1
[INFO] [stderr]    Compiling adler v1.0.2
[INFO] [stderr]    Compiling openssl-sys v0.9.77
[INFO] [stderr]    Compiling openssl v0.10.42
[INFO] [stderr]    Compiling foreign-types-shared v0.1.1
[INFO] [stderr]    Compiling futures-util v0.3.25
[INFO] [stderr]    Compiling foreign-types v0.3.2
[INFO] [stderr]    Compiling miniz_oxide v0.5.4
[INFO] [stderr]    Compiling bzip2-sys v0.1.11+1.0.8
[INFO] [stderr]    Compiling http v0.2.8
[INFO] [stderr]    Compiling futures-channel v0.3.25
[INFO] [stderr]    Compiling httparse v1.8.0
[INFO] [stderr]    Compiling tinyvec_macros v0.1.0
[INFO] [stderr]    Compiling bitflags v1.3.2
[INFO] [stderr]    Compiling futures-sink v0.3.25
[INFO] [stderr]    Compiling lazy_static v1.4.0
[INFO] [stderr]    Compiling crc32fast v1.3.2
[INFO] [stderr]    Compiling native-tls v0.2.11
[INFO] [stderr]    Compiling pin-utils v0.1.0
[INFO] [stderr]    Compiling hashbrown v0.12.3
[INFO] [stderr]    Compiling sharded-slab v0.1.4
[INFO] [stderr]    Compiling tinyvec v1.6.0
[INFO] [stderr]    Compiling thread_local v1.1.4
[INFO] [stderr]    Compiling serde v1.0.147
[INFO] [stderr]    Compiling openssl-probe v0.1.5
[INFO] [stderr]    Compiling percent-encoding v2.2.0
[INFO] [stderr]    Compiling thiserror v1.0.37
[INFO] [stderr]    Compiling try-lock v0.2.3
[INFO] [stderr]    Compiling want v0.3.0
[INFO] [stderr]    Compiling form_urlencoded v1.1.0
[INFO] [stderr]    Compiling tracing-subscriber v0.3.16
[INFO] [stderr]    Compiling http-body v0.4.5
[INFO] [stderr]    Compiling unicode-normalization v0.1.22
[INFO] [stderr]    Compiling backtrace v0.3.66
[INFO] [stderr]    Compiling unicode-bidi v0.3.8
[INFO] [stderr]    Compiling httpdate v1.0.2
[INFO] [stderr]    Compiling gimli v0.26.2
[INFO] [stderr]    Compiling encoding_rs v0.8.31
[INFO] [stderr]    Compiling eyre v0.6.8
[INFO] [stderr]    Compiling tower-service v0.3.2
[INFO] [stderr]    Compiling idna v0.3.0
[INFO] [stderr]    Compiling flate2 v1.0.24
[INFO] [stderr]    Compiling bzip2 v0.4.3
[INFO] [stderr]    Compiling time v0.1.44
[INFO] [stderr]    Compiling object v0.29.0
[INFO] [stderr]    Compiling byteorder v1.4.3
[INFO] [stderr]    Compiling ryu v1.0.11
[INFO] [stderr]    Compiling rustc-demangle v0.1.21
[INFO] [stderr]    Compiling owo-colors v3.5.0
[INFO] [stderr]    Compiling indenter v0.3.3
[INFO] [stderr]    Compiling url v2.3.1
[INFO] [stderr]    Compiling strsim v0.10.0
[INFO] [stderr]    Compiling base64 v0.13.1
[INFO] [stderr]    Compiling addr2line v0.17.0
[INFO] [stderr]    Compiling ipnet v2.5.0
[INFO] [stderr]    Compiling ident_case v1.0.1
[INFO] [stderr]    Compiling mime v0.3.16
[INFO] [stderr]    Compiling darling_core v0.14.2
[INFO] [stderr]    Compiling seahash v4.1.0
[INFO] [stderr]    Compiling tracing-attributes v0.1.23
[INFO] [stderr]    Compiling tokio-macros v1.8.0
[INFO] [stderr]    Compiling openssl-macros v0.1.0
[INFO] [stderr]    Compiling thiserror-impl v1.0.37
[INFO] [stderr]    Compiling serde_urlencoded v0.7.1
[INFO] [stderr]    Compiling darling_macro v0.14.2
[INFO] [stderr]    Compiling darling v0.14.2
[INFO] [stderr]    Compiling derive_builder_core v0.11.2
[INFO] [stderr]    Compiling tracing v0.1.37
[INFO] [stderr]    Compiling zip v0.5.13
[INFO] [stderr]    Compiling tracing-error v0.2.0
[INFO] [stderr]    Compiling color-spantrace v0.2.0
[INFO] [stderr]    Compiling derive_builder_macro v0.11.2
[INFO] [stderr]    Compiling color-eyre v0.6.2
[INFO] [stderr]    Compiling zip-extract v0.1.1
[INFO] [stderr]    Compiling derive_builder v0.11.2
[INFO] [stderr]    Compiling tokio-util v0.7.4
[INFO] [stderr]    Compiling tokio-native-tls v0.3.0
[INFO] [stderr]    Compiling h2 v0.3.15
[INFO] [stderr]    Compiling hyper v0.14.22
[INFO] [stderr]    Compiling hyper-tls v0.5.0
[INFO] [stderr]    Compiling reqwest v0.11.12
[INFO] [stderr]    Compiling arfur-build v0.0.2
[INFO] [stderr]    Compiling arfur-wpilib v0.0.2
[INFO] [stderr]    Compiling arfur-rev v0.0.1
[INFO] [stderr]    Compiling arfur v0.0.2 (/opt/rustwide/workdir)
[INFO] [stderr]     Finished dev [unoptimized + debuginfo] target(s) in 1m 14s
[INFO] running `Command { std: "docker" "inspect" "ff6618c3254a77ef2b4698da0aa0ebf61bce185624b735e4c89908e00e932d43", kill_on_drop: false }`
[INFO] running `Command { std: "docker" "rm" "-f" "ff6618c3254a77ef2b4698da0aa0ebf61bce185624b735e4c89908e00e932d43", kill_on_drop: false }`
[INFO] [stdout] ff6618c3254a77ef2b4698da0aa0ebf61bce185624b735e4c89908e00e932d43
[INFO] running `Command { std: "docker" "create" "-v" "/var/lib/crater-agent-workspace/builds/worker-2-tc2/target:/opt/rustwide/target:rw,Z" "-v" "/var/lib/crater-agent-workspace/builds/worker-2-tc2/source:/opt/rustwide/workdir:ro,Z" "-v" "/var/lib/crater-agent-workspace/cargo-home:/opt/rustwide/cargo-home:ro,Z" "-v" "/var/lib/crater-agent-workspace/rustup-home:/opt/rustwide/rustup-home:ro,Z" "-e" "SOURCE_DIR=/opt/rustwide/workdir" "-e" "CARGO_TARGET_DIR=/opt/rustwide/target" "-e" "CARGO_INCREMENTAL=0" "-e" "RUST_BACKTRACE=full" "-e" "RUSTFLAGS=--cap-lints=warn" "-e" "RUSTDOCFLAGS=--cap-lints=warn" "-e" "CARGO_HOME=/opt/rustwide/cargo-home" "-e" "RUSTUP_HOME=/opt/rustwide/rustup-home" "-w" "/opt/rustwide/workdir" "-m" "1610612736" "--user" "0:0" "--network" "none" "ghcr.io/rust-lang/crates-build-env/linux@sha256:5ff2268d62e97bff2cde7d5815dd6ed5b47097566f13b8d0ca110b04b60e07ed" "/opt/rustwide/cargo-home/bin/cargo" "+beta-2023-04-20" "test" "--frozen" "--no-run" "--message-format=json", kill_on_drop: false }`
[INFO] [stdout] c9092d88926d710938206aeb7aae93387f78540d7ac856b55f3a2616ae533ea3
[INFO] running `Command { std: "docker" "start" "-a" "c9092d88926d710938206aeb7aae93387f78540d7ac856b55f3a2616ae533ea3", kill_on_drop: false }`
[INFO] [stderr]    Compiling arfur v0.0.2 (/opt/rustwide/workdir)
[INFO] [stdout] error[E0433]: failed to resolve: could not find `frc_ADXRS450_Gyro` in `ffi`
[INFO] [stdout]   --> examples/raw_usage.rs:10:29
[INFO] [stdout]    |
[INFO] [stdout] 10 |         let mut gyro = ffi::frc_ADXRS450_Gyro::new();
[INFO] [stdout]    |                             ^^^^^^^^^^^^^^^^^ could not find `frc_ADXRS450_Gyro` in `ffi`
[INFO] [stdout] 
[INFO] [stdout] 
[INFO] [stdout] error[E0425]: cannot find function `frc_ADXRS450_Gyro_GetAngle` in module `ffi`
[INFO] [stdout]   --> examples/raw_usage.rs:14:22
[INFO] [stdout]    |
[INFO] [stdout] 14 |                 ffi::frc_ADXRS450_Gyro_GetAngle(&mut gyro as *mut _ as *mut std::ffi::c_void);
[INFO] [stdout]    |                      ^^^^^^^^^^^^^^^^^^^^^^^^^^ not found in `ffi`
[INFO] [stdout] 
[INFO] [stdout] 
[INFO] [stdout] error: aborting due to 2 previous errors
[INFO] [stdout] 
[INFO] [stdout] 
[INFO] [stdout] Some errors have detailed explanations: E0425, E0433.
[INFO] [stdout] 
[INFO] [stdout] For more information about an error, try `rustc --explain E0425`.
[INFO] [stdout] 
[INFO] [stderr] error: could not compile `arfur` (example "raw_usage") due to 3 previous errors
[INFO] [stderr] warning: build failed, waiting for other jobs to finish...
[INFO] [stdout] error: linking with `cc` failed: exit status: 1
[INFO] [stdout]   |
[INFO] [stdout]   = note: LC_ALL="C" PATH="/opt/rustwide/rustup-home/toolchains/beta-2023-04-20-x86_64-unknown-linux-gnu/lib/rustlib/x86_64-unknown-linux-gnu/bin:/opt/rustwide/cargo-home/bin:/usr/local/sbin:/usr/local/bin:/usr/sbin:/usr/bin:/sbin:/bin" VSLANG="1033" "cc" "-m64" "/tmp/rustcDfymtW/symbols.o" "/opt/rustwide/target/debug/examples/rev-d15b85e9e0f43e09.rev.ba8ddfd1-cgu.0.rcgu.o" "/opt/rustwide/target/debug/examples/rev-d15b85e9e0f43e09.rev.ba8ddfd1-cgu.1.rcgu.o" "/opt/rustwide/target/debug/examples/rev-d15b85e9e0f43e09.rev.ba8ddfd1-cgu.2.rcgu.o" "/opt/rustwide/target/debug/examples/rev-d15b85e9e0f43e09.rev.ba8ddfd1-cgu.3.rcgu.o" "/opt/rustwide/target/debug/examples/rev-d15b85e9e0f43e09.rev.ba8ddfd1-cgu.4.rcgu.o" "/opt/rustwide/target/debug/examples/rev-d15b85e9e0f43e09.rev.ba8ddfd1-cgu.5.rcgu.o" "/opt/rustwide/target/debug/examples/rev-d15b85e9e0f43e09.rev.ba8ddfd1-cgu.6.rcgu.o" "/opt/rustwide/target/debug/examples/rev-d15b85e9e0f43e09.rev.ba8ddfd1-cgu.7.rcgu.o" "/opt/rustwide/target/debug/examples/rev-d15b85e9e0f43e09.uewjp6ck3s7x3rz.rcgu.o" "-Wl,--as-needed" "-L" "/opt/rustwide/target/debug/deps" "-L" "/opt/rustwide/target/debug/build/arfur-rev-6c8125841348a263/out/raw/linux/athena/shared" "-L" "/opt/rustwide/target/debug/build/arfur-wpilib-46f65c628b0fdfca/out/raw/linux/athena/shared" "-L" "/opt/rustwide/rustup-home/toolchains/beta-2023-04-20-x86_64-unknown-linux-gnu/lib/rustlib/x86_64-unknown-linux-gnu/lib" "-Wl,-Bstatic" "/opt/rustwide/target/debug/deps/libarfur_rev-b50efcb1f1162142.rlib" "/opt/rustwide/target/debug/deps/libarfur_wpilib-3eb4590320795bc6.rlib" "/opt/rustwide/target/debug/deps/libderive_builder-b148ab9c294b1f33.rlib" "/opt/rustwide/target/debug/deps/libtracing-5d628208be1ccf17.rlib" "/opt/rustwide/target/debug/deps/libcfg_if-97437e183f3ae6e4.rlib" "/opt/rustwide/target/debug/deps/libpin_project_lite-3a747526c5b5aadd.rlib" "/opt/rustwide/target/debug/deps/libtracing_core-f6c3b5e7685a4e09.rlib" "/opt/rustwide/target/debug/deps/libonce_cell-3cdae169d48e1efa.rlib" "/opt/rustwide/target/debug/deps/libthiserror-7c8571d4fc442f8f.rlib" "/opt/rustwide/rustup-home/toolchains/beta-2023-04-20-x86_64-unknown-linux-gnu/lib/rustlib/x86_64-unknown-linux-gnu/lib/libstd-0e29cc23c5e02021.rlib" "/opt/rustwide/rustup-home/toolchains/beta-2023-04-20-x86_64-unknown-linux-gnu/lib/rustlib/x86_64-unknown-linux-gnu/lib/libpanic_unwind-d903621768a861d9.rlib" "/opt/rustwide/rustup-home/toolchains/beta-2023-04-20-x86_64-unknown-linux-gnu/lib/rustlib/x86_64-unknown-linux-gnu/lib/libobject-6d0225e655f31c13.rlib" "/opt/rustwide/rustup-home/toolchains/beta-2023-04-20-x86_64-unknown-linux-gnu/lib/rustlib/x86_64-unknown-linux-gnu/lib/libmemchr-9dbaf4eac7eaa079.rlib" "/opt/rustwide/rustup-home/toolchains/beta-2023-04-20-x86_64-unknown-linux-gnu/lib/rustlib/x86_64-unknown-linux-gnu/lib/libaddr2line-27f05b3d42a66dd0.rlib" "/opt/rustwide/rustup-home/toolchains/beta-2023-04-20-x86_64-unknown-linux-gnu/lib/rustlib/x86_64-unknown-linux-gnu/lib/libgimli-4d73f1030321c9a2.rlib" "/opt/rustwide/rustup-home/toolchains/beta-2023-04-20-x86_64-unknown-linux-gnu/lib/rustlib/x86_64-unknown-linux-gnu/lib/librustc_demangle-2846c9e58abd0acb.rlib" "/opt/rustwide/rustup-home/toolchains/beta-2023-04-20-x86_64-unknown-linux-gnu/lib/rustlib/x86_64-unknown-linux-gnu/lib/libstd_detect-a53d0f50415947be.rlib" "/opt/rustwide/rustup-home/toolchains/beta-2023-04-20-x86_64-unknown-linux-gnu/lib/rustlib/x86_64-unknown-linux-gnu/lib/libhashbrown-d48e4b6abc25b9dc.rlib" "/opt/rustwide/rustup-home/toolchains/beta-2023-04-20-x86_64-unknown-linux-gnu/lib/rustlib/x86_64-unknown-linux-gnu/lib/libminiz_oxide-2991859439ef1207.rlib" "/opt/rustwide/rustup-home/toolchains/beta-2023-04-20-x86_64-unknown-linux-gnu/lib/rustlib/x86_64-unknown-linux-gnu/lib/libadler-8a687517e4221bae.rlib" "/opt/rustwide/rustup-home/toolchains/beta-2023-04-20-x86_64-unknown-linux-gnu/lib/rustlib/x86_64-unknown-linux-gnu/lib/librustc_std_workspace_alloc-e07b554f6a67f5b3.rlib" "/opt/rustwide/rustup-home/toolchains/beta-2023-04-20-x86_64-unknown-linux-gnu/lib/rustlib/x86_64-unknown-linux-gnu/lib/libunwind-b68238b7c3c619dd.rlib" "/opt/rustwide/rustup-home/toolchains/beta-2023-04-20-x86_64-unknown-linux-gnu/lib/rustlib/x86_64-unknown-linux-gnu/lib/libcfg_if-d5e213e896c017e4.rlib" "/opt/rustwide/rustup-home/toolchains/beta-2023-04-20-x86_64-unknown-linux-gnu/lib/rustlib/x86_64-unknown-linux-gnu/lib/liblibc-0211a3b2e61d8689.rlib" "/opt/rustwide/rustup-home/toolchains/beta-2023-04-20-x86_64-unknown-linux-gnu/lib/rustlib/x86_64-unknown-linux-gnu/lib/liballoc-b371f055239ba51f.rlib" "/opt/rustwide/rustup-home/toolchains/beta-2023-04-20-x86_64-unknown-linux-gnu/lib/rustlib/x86_64-unknown-linux-gnu/lib/librustc_std_workspace_core-e60518d2760eb01e.rlib" "/opt/rustwide/rustup-home/toolchains/beta-2023-04-20-x86_64-unknown-linux-gnu/lib/rustlib/x86_64-unknown-linux-gnu/lib/libcore-1ad943f92a4b1081.rlib" "/opt/rustwide/rustup-home/toolchains/beta-2023-04-20-x86_64-unknown-linux-gnu/lib/rustlib/x86_64-unknown-linux-gnu/lib/libcompiler_builtins-f0d6e4d0fc1e80b4.rlib" "-Wl,-Bdynamic" "-lREVLib" "-lREVLibDriver" "-lcscore" "-lembcanshim" "-lfpgalvshim" "-lFRC_NetworkCommunication" "-lntcore" "-lRoboRIO_FRC_ChipObject" "-lvisa" "-lwpiHal" "-lwpilibc" "-lwpimath" "-lwpiutil" "-lgcc_s" "-lutil" "-lrt" "-lpthread" "-lm" "-ldl" "-lc" "-Wl,--eh-frame-hdr" "-Wl,-z,noexecstack" "-L" "/opt/rustwide/rustup-home/toolchains/beta-2023-04-20-x86_64-unknown-linux-gnu/lib/rustlib/x86_64-unknown-linux-gnu/lib" "-o" "/opt/rustwide/target/debug/examples/rev-d15b85e9e0f43e09" "-Wl,--gc-sections" "-pie" "-Wl,-z,relro,-z,now" "-nodefaultlibs"
[INFO] [stdout]   = note: /usr/bin/ld: cannot find -lREVLib: No such file or directory
[INFO] [stdout]           /usr/bin/ld: cannot find -lREVLibDriver: No such file or directory
[INFO] [stdout]           /usr/bin/ld: cannot find -lcscore: No such file or directory
[INFO] [stdout]           /usr/bin/ld: cannot find -lembcanshim: No such file or directory
[INFO] [stdout]           /usr/bin/ld: cannot find -lfpgalvshim: No such file or directory
[INFO] [stdout]           /usr/bin/ld: cannot find -lFRC_NetworkCommunication: No such file or directory
[INFO] [stdout]           /usr/bin/ld: cannot find -lntcore: No such file or directory
[INFO] [stdout]           /usr/bin/ld: cannot find -lRoboRIO_FRC_ChipObject: No such file or directory
[INFO] [stdout]           /usr/bin/ld: cannot find -lvisa: No such file or directory
[INFO] [stdout]           /usr/bin/ld: cannot find -lwpiHal: No such file or directory
[INFO] [stdout]           /usr/bin/ld: cannot find -lwpilibc: No such file or directory
[INFO] [stdout]           /usr/bin/ld: cannot find -lwpimath: No such file or directory
[INFO] [stdout]           /usr/bin/ld: cannot find -lwpiutil: No such file or directory
[INFO] [stdout]           collect2: error: ld returned 1 exit status
[INFO] [stdout]           
[INFO] [stdout] 
[INFO] [stdout] 
[INFO] [stdout] error: aborting due to previous error
[INFO] [stdout] 
[INFO] [stdout] 
[INFO] [stderr] error: could not compile `arfur` (example "rev") due to 2 previous errors
[INFO] [stdout] error: linking with `cc` failed: exit status: 1
[INFO] [stdout]   |
[INFO] [stdout]   = note: LC_ALL="C" PATH="/opt/rustwide/rustup-home/toolchains/beta-2023-04-20-x86_64-unknown-linux-gnu/lib/rustlib/x86_64-unknown-linux-gnu/bin:/opt/rustwide/cargo-home/bin:/usr/local/sbin:/usr/local/bin:/usr/sbin:/usr/bin:/sbin:/bin" VSLANG="1033" "cc" "-m64" "/tmp/rustciS2HfV/symbols.o" "/opt/rustwide/target/debug/deps/arfur-792011746c5a34d0.arfur.3bc15bb9-cgu.0.rcgu.o" "/opt/rustwide/target/debug/deps/arfur-792011746c5a34d0.arfur.3bc15bb9-cgu.1.rcgu.o" "/opt/rustwide/target/debug/deps/arfur-792011746c5a34d0.arfur.3bc15bb9-cgu.2.rcgu.o" "/opt/rustwide/target/debug/deps/arfur-792011746c5a34d0.arfur.3bc15bb9-cgu.3.rcgu.o" "/opt/rustwide/target/debug/deps/arfur-792011746c5a34d0.arfur.3bc15bb9-cgu.4.rcgu.o" "/opt/rustwide/target/debug/deps/arfur-792011746c5a34d0.3h5grksiuzyi2qeq.rcgu.o" "-Wl,--as-needed" "-L" "/opt/rustwide/target/debug/deps" "-L" "/opt/rustwide/target/debug/build/arfur-rev-6c8125841348a263/out/raw/linux/athena/shared" "-L" "/opt/rustwide/target/debug/build/arfur-wpilib-46f65c628b0fdfca/out/raw/linux/athena/shared" "-L" "/opt/rustwide/rustup-home/toolchains/beta-2023-04-20-x86_64-unknown-linux-gnu/lib/rustlib/x86_64-unknown-linux-gnu/lib" "-Wl,-Bstatic" "/opt/rustwide/rustup-home/toolchains/beta-2023-04-20-x86_64-unknown-linux-gnu/lib/rustlib/x86_64-unknown-linux-gnu/lib/libtest-2bcc87e061734fce.rlib" "/opt/rustwide/rustup-home/toolchains/beta-2023-04-20-x86_64-unknown-linux-gnu/lib/rustlib/x86_64-unknown-linux-gnu/lib/libgetopts-4c2368e8367904c3.rlib" "/opt/rustwide/rustup-home/toolchains/beta-2023-04-20-x86_64-unknown-linux-gnu/lib/rustlib/x86_64-unknown-linux-gnu/lib/libunicode_width-06b9dcb8e6d4191c.rlib" "/opt/rustwide/rustup-home/toolchains/beta-2023-04-20-x86_64-unknown-linux-gnu/lib/rustlib/x86_64-unknown-linux-gnu/lib/librustc_std_workspace_std-23a78788aee51060.rlib" "/opt/rustwide/target/debug/deps/libarfur_rev-b50efcb1f1162142.rlib" "/opt/rustwide/target/debug/deps/libarfur_wpilib-3eb4590320795bc6.rlib" "/opt/rustwide/target/debug/deps/libderive_builder-b148ab9c294b1f33.rlib" "/opt/rustwide/target/debug/deps/libtracing-5d628208be1ccf17.rlib" "/opt/rustwide/target/debug/deps/libcfg_if-97437e183f3ae6e4.rlib" "/opt/rustwide/target/debug/deps/libpin_project_lite-3a747526c5b5aadd.rlib" "/opt/rustwide/target/debug/deps/libtracing_core-f6c3b5e7685a4e09.rlib" "/opt/rustwide/target/debug/deps/libonce_cell-3cdae169d48e1efa.rlib" "/opt/rustwide/target/debug/deps/libthiserror-7c8571d4fc442f8f.rlib" "/opt/rustwide/rustup-home/toolchains/beta-2023-04-20-x86_64-unknown-linux-gnu/lib/rustlib/x86_64-unknown-linux-gnu/lib/libstd-0e29cc23c5e02021.rlib" "/opt/rustwide/rustup-home/toolchains/beta-2023-04-20-x86_64-unknown-linux-gnu/lib/rustlib/x86_64-unknown-linux-gnu/lib/libpanic_unwind-d903621768a861d9.rlib" "/opt/rustwide/rustup-home/toolchains/beta-2023-04-20-x86_64-unknown-linux-gnu/lib/rustlib/x86_64-unknown-linux-gnu/lib/libobject-6d0225e655f31c13.rlib" "/opt/rustwide/rustup-home/toolchains/beta-2023-04-20-x86_64-unknown-linux-gnu/lib/rustlib/x86_64-unknown-linux-gnu/lib/libmemchr-9dbaf4eac7eaa079.rlib" "/opt/rustwide/rustup-home/toolchains/beta-2023-04-20-x86_64-unknown-linux-gnu/lib/rustlib/x86_64-unknown-linux-gnu/lib/libaddr2line-27f05b3d42a66dd0.rlib" "/opt/rustwide/rustup-home/toolchains/beta-2023-04-20-x86_64-unknown-linux-gnu/lib/rustlib/x86_64-unknown-linux-gnu/lib/libgimli-4d73f1030321c9a2.rlib" "/opt/rustwide/rustup-home/toolchains/beta-2023-04-20-x86_64-unknown-linux-gnu/lib/rustlib/x86_64-unknown-linux-gnu/lib/librustc_demangle-2846c9e58abd0acb.rlib" "/opt/rustwide/rustup-home/toolchains/beta-2023-04-20-x86_64-unknown-linux-gnu/lib/rustlib/x86_64-unknown-linux-gnu/lib/libstd_detect-a53d0f50415947be.rlib" "/opt/rustwide/rustup-home/toolchains/beta-2023-04-20-x86_64-unknown-linux-gnu/lib/rustlib/x86_64-unknown-linux-gnu/lib/libhashbrown-d48e4b6abc25b9dc.rlib" "/opt/rustwide/rustup-home/toolchains/beta-2023-04-20-x86_64-unknown-linux-gnu/lib/rustlib/x86_64-unknown-linux-gnu/lib/libminiz_oxide-2991859439ef1207.rlib" "/opt/rustwide/rustup-home/toolchains/beta-2023-04-20-x86_64-unknown-linux-gnu/lib/rustlib/x86_64-unknown-linux-gnu/lib/libadler-8a687517e4221bae.rlib" "/opt/rustwide/rustup-home/toolchains/beta-2023-04-20-x86_64-unknown-linux-gnu/lib/rustlib/x86_64-unknown-linux-gnu/lib/librustc_std_workspace_alloc-e07b554f6a67f5b3.rlib" "/opt/rustwide/rustup-home/toolchains/beta-2023-04-20-x86_64-unknown-linux-gnu/lib/rustlib/x86_64-unknown-linux-gnu/lib/libunwind-b68238b7c3c619dd.rlib" "/opt/rustwide/rustup-home/toolchains/beta-2023-04-20-x86_64-unknown-linux-gnu/lib/rustlib/x86_64-unknown-linux-gnu/lib/libcfg_if-d5e213e896c017e4.rlib" "/opt/rustwide/rustup-home/toolchains/beta-2023-04-20-x86_64-unknown-linux-gnu/lib/rustlib/x86_64-unknown-linux-gnu/lib/liblibc-0211a3b2e61d8689.rlib" "/opt/rustwide/rustup-home/toolchains/beta-2023-04-20-x86_64-unknown-linux-gnu/lib/rustlib/x86_64-unknown-linux-gnu/lib/liballoc-b371f055239ba51f.rlib" "/opt/rustwide/rustup-home/toolchains/beta-2023-04-20-x86_64-unknown-linux-gnu/lib/rustlib/x86_64-unknown-linux-gnu/lib/librustc_std_workspace_core-e60518d2760eb01e.rlib" "/opt/rustwide/rustup-home/toolchains/beta-2023-04-20-x86_64-unknown-linux-gnu/lib/rustlib/x86_64-unknown-linux-gnu/lib/libcore-1ad943f92a4b1081.rlib" "/opt/rustwide/rustup-home/toolchains/beta-2023-04-20-x86_64-unknown-linux-gnu/lib/rustlib/x86_64-unknown-linux-gnu/lib/libcompiler_builtins-f0d6e4d0fc1e80b4.rlib" "-Wl,-Bdynamic" "-lREVLib" "-lREVLibDriver" "-lcscore" "-lembcanshim" "-lfpgalvshim" "-lFRC_NetworkCommunication" "-lntcore" "-lRoboRIO_FRC_ChipObject" "-lvisa" "-lwpiHal" "-lwpilibc" "-lwpimath" "-lwpiutil" "-lgcc_s" "-lutil" "-lrt" "-lpthread" "-lm" "-ldl" "-lc" "-Wl,--eh-frame-hdr" "-Wl,-z,noexecstack" "-L" "/opt/rustwide/rustup-home/toolchains/beta-2023-04-20-x86_64-unknown-linux-gnu/lib/rustlib/x86_64-unknown-linux-gnu/lib" "-o" "/opt/rustwide/target/debug/deps/arfur-792011746c5a34d0" "-Wl,--gc-sections" "-pie" "-Wl,-z,relro,-z,now" "-nodefaultlibs"
[INFO] [stdout]   = note: /usr/bin/ld: cannot find -lREVLib: No such file or directory
[INFO] [stdout]           /usr/bin/ld: cannot find -lREVLibDriver: No such file or directory
[INFO] [stdout]           /usr/bin/ld: cannot find -lcscore: No such file or directory
[INFO] [stdout]           /usr/bin/ld: cannot find -lembcanshim: No such file or directory
[INFO] [stdout]           /usr/bin/ld: cannot find -lfpgalvshim: No such file or directory
[INFO] [stdout]           /usr/bin/ld: cannot find -lFRC_NetworkCommunication: No such file or directory
[INFO] [stdout]           /usr/bin/ld: cannot find -lntcore: No such file or directory
[INFO] [stdout]           /usr/bin/ld: cannot find -lRoboRIO_FRC_ChipObject: No such file or directory
[INFO] [stdout]           /usr/bin/ld: cannot find -lvisa: No such file or directory
[INFO] [stdout]           /usr/bin/ld: cannot find -lwpiHal: No such file or directory
[INFO] [stdout]           /usr/bin/ld: cannot find -lwpilibc: No such file or directory
[INFO] [stdout]           /usr/bin/ld: cannot find -lwpimath: No such file or directory
[INFO] [stdout]           /usr/bin/ld: cannot find -lwpiutil: No such file or directory
[INFO] [stdout]           collect2: error: ld returned 1 exit status
[INFO] [stdout]           
[INFO] [stdout] 
[INFO] [stdout] 
[INFO] [stdout] error: aborting due to previous error
[INFO] [stdout] 
[INFO] [stdout] 
[INFO] [stderr] error: could not compile `arfur` (lib test) due to 2 previous errors
[INFO] [stdout] error: linking with `cc` failed: exit status: 1
[INFO] [stdout]   |
[INFO] [stdout]   = note: LC_ALL="C" PATH="/opt/rustwide/rustup-home/toolchains/beta-2023-04-20-x86_64-unknown-linux-gnu/lib/rustlib/x86_64-unknown-linux-gnu/bin:/opt/rustwide/cargo-home/bin:/usr/local/sbin:/usr/local/bin:/usr/sbin:/usr/bin:/sbin:/bin" VSLANG="1033" "cc" "-m64" "/tmp/rustckkM5EO/symbols.o" "/opt/rustwide/target/debug/examples/spawn_observer-114768598d7f2d8a.spawn_observer.19dbe830-cgu.0.rcgu.o" "/opt/rustwide/target/debug/examples/spawn_observer-114768598d7f2d8a.spawn_observer.19dbe830-cgu.1.rcgu.o" "/opt/rustwide/target/debug/examples/spawn_observer-114768598d7f2d8a.spawn_observer.19dbe830-cgu.10.rcgu.o" "/opt/rustwide/target/debug/examples/spawn_observer-114768598d7f2d8a.spawn_observer.19dbe830-cgu.11.rcgu.o" "/opt/rustwide/target/debug/examples/spawn_observer-114768598d7f2d8a.spawn_observer.19dbe830-cgu.12.rcgu.o" "/opt/rustwide/target/debug/examples/spawn_observer-114768598d7f2d8a.spawn_observer.19dbe830-cgu.13.rcgu.o" "/opt/rustwide/target/debug/examples/spawn_observer-114768598d7f2d8a.spawn_observer.19dbe830-cgu.14.rcgu.o" "/opt/rustwide/target/debug/examples/spawn_observer-114768598d7f2d8a.spawn_observer.19dbe830-cgu.15.rcgu.o" "/opt/rustwide/target/debug/examples/spawn_observer-114768598d7f2d8a.spawn_observer.19dbe830-cgu.2.rcgu.o" "/opt/rustwide/target/debug/examples/spawn_observer-114768598d7f2d8a.spawn_observer.19dbe830-cgu.3.rcgu.o" "/opt/rustwide/target/debug/examples/spawn_observer-114768598d7f2d8a.spawn_observer.19dbe830-cgu.4.rcgu.o" "/opt/rustwide/target/debug/examples/spawn_observer-114768598d7f2d8a.spawn_observer.19dbe830-cgu.5.rcgu.o" "/opt/rustwide/target/debug/examples/spawn_observer-114768598d7f2d8a.spawn_observer.19dbe830-cgu.6.rcgu.o" "/opt/rustwide/target/debug/examples/spawn_observer-114768598d7f2d8a.spawn_observer.19dbe830-cgu.7.rcgu.o" "/opt/rustwide/target/debug/examples/spawn_observer-114768598d7f2d8a.spawn_observer.19dbe830-cgu.8.rcgu.o" "/opt/rustwide/target/debug/examples/spawn_observer-114768598d7f2d8a.spawn_observer.19dbe830-cgu.9.rcgu.o" "/opt/rustwide/target/debug/examples/spawn_observer-114768598d7f2d8a.10vtpn38f3b0d5vi.rcgu.o" "-Wl,--as-needed" "-L" "/opt/rustwide/target/debug/deps" "-L" "/opt/rustwide/target/debug/build/arfur-rev-6c8125841348a263/out/raw/linux/athena/shared" "-L" "/opt/rustwide/target/debug/build/arfur-wpilib-46f65c628b0fdfca/out/raw/linux/athena/shared" "-L" "/opt/rustwide/rustup-home/toolchains/beta-2023-04-20-x86_64-unknown-linux-gnu/lib/rustlib/x86_64-unknown-linux-gnu/lib" "-Wl,-Bstatic" "/opt/rustwide/target/debug/deps/libarfur-173ef7f7e66eacdd.rlib" "/opt/rustwide/target/debug/deps/libarfur_rev-b50efcb1f1162142.rlib" "/opt/rustwide/target/debug/deps/libarfur_wpilib-3eb4590320795bc6.rlib" "/opt/rustwide/target/debug/deps/libderive_builder-b148ab9c294b1f33.rlib" "/opt/rustwide/target/debug/deps/libtracing-5d628208be1ccf17.rlib" "/opt/rustwide/target/debug/deps/libcfg_if-97437e183f3ae6e4.rlib" "/opt/rustwide/target/debug/deps/libpin_project_lite-3a747526c5b5aadd.rlib" "/opt/rustwide/target/debug/deps/libtracing_core-f6c3b5e7685a4e09.rlib" "/opt/rustwide/target/debug/deps/libonce_cell-3cdae169d48e1efa.rlib" "/opt/rustwide/target/debug/deps/libthiserror-7c8571d4fc442f8f.rlib" "/opt/rustwide/rustup-home/toolchains/beta-2023-04-20-x86_64-unknown-linux-gnu/lib/rustlib/x86_64-unknown-linux-gnu/lib/libstd-0e29cc23c5e02021.rlib" "/opt/rustwide/rustup-home/toolchains/beta-2023-04-20-x86_64-unknown-linux-gnu/lib/rustlib/x86_64-unknown-linux-gnu/lib/libpanic_unwind-d903621768a861d9.rlib" "/opt/rustwide/rustup-home/toolchains/beta-2023-04-20-x86_64-unknown-linux-gnu/lib/rustlib/x86_64-unknown-linux-gnu/lib/libobject-6d0225e655f31c13.rlib" "/opt/rustwide/rustup-home/toolchains/beta-2023-04-20-x86_64-unknown-linux-gnu/lib/rustlib/x86_64-unknown-linux-gnu/lib/libmemchr-9dbaf4eac7eaa079.rlib" "/opt/rustwide/rustup-home/toolchains/beta-2023-04-20-x86_64-unknown-linux-gnu/lib/rustlib/x86_64-unknown-linux-gnu/lib/libaddr2line-27f05b3d42a66dd0.rlib" "/opt/rustwide/rustup-home/toolchains/beta-2023-04-20-x86_64-unknown-linux-gnu/lib/rustlib/x86_64-unknown-linux-gnu/lib/libgimli-4d73f1030321c9a2.rlib" "/opt/rustwide/rustup-home/toolchains/beta-2023-04-20-x86_64-unknown-linux-gnu/lib/rustlib/x86_64-unknown-linux-gnu/lib/librustc_demangle-2846c9e58abd0acb.rlib" "/opt/rustwide/rustup-home/toolchains/beta-2023-04-20-x86_64-unknown-linux-gnu/lib/rustlib/x86_64-unknown-linux-gnu/lib/libstd_detect-a53d0f50415947be.rlib" "/opt/rustwide/rustup-home/toolchains/beta-2023-04-20-x86_64-unknown-linux-gnu/lib/rustlib/x86_64-unknown-linux-gnu/lib/libhashbrown-d48e4b6abc25b9dc.rlib" "/opt/rustwide/rustup-home/toolchains/beta-2023-04-20-x86_64-unknown-linux-gnu/lib/rustlib/x86_64-unknown-linux-gnu/lib/libminiz_oxide-2991859439ef1207.rlib" "/opt/rustwide/rustup-home/toolchains/beta-2023-04-20-x86_64-unknown-linux-gnu/lib/rustlib/x86_64-unknown-linux-gnu/lib/libadler-8a687517e4221bae.rlib" "/opt/rustwide/rustup-home/toolchains/beta-2023-04-20-x86_64-unknown-linux-gnu/lib/rustlib/x86_64-unknown-linux-gnu/lib/librustc_std_workspace_alloc-e07b554f6a67f5b3.rlib" "/opt/rustwide/rustup-home/toolchains/beta-2023-04-20-x86_64-unknown-linux-gnu/lib/rustlib/x86_64-unknown-linux-gnu/lib/libunwind-b68238b7c3c619dd.rlib" "/opt/rustwide/rustup-home/toolchains/beta-2023-04-20-x86_64-unknown-linux-gnu/lib/rustlib/x86_64-unknown-linux-gnu/lib/libcfg_if-d5e213e896c017e4.rlib" "/opt/rustwide/rustup-home/toolchains/beta-2023-04-20-x86_64-unknown-linux-gnu/lib/rustlib/x86_64-unknown-linux-gnu/lib/liblibc-0211a3b2e61d8689.rlib" "/opt/rustwide/rustup-home/toolchains/beta-2023-04-20-x86_64-unknown-linux-gnu/lib/rustlib/x86_64-unknown-linux-gnu/lib/liballoc-b371f055239ba51f.rlib" "/opt/rustwide/rustup-home/toolchains/beta-2023-04-20-x86_64-unknown-linux-gnu/lib/rustlib/x86_64-unknown-linux-gnu/lib/librustc_std_workspace_core-e60518d2760eb01e.rlib" "/opt/rustwide/rustup-home/toolchains/beta-2023-04-20-x86_64-unknown-linux-gnu/lib/rustlib/x86_64-unknown-linux-gnu/lib/libcore-1ad943f92a4b1081.rlib" "/opt/rustwide/rustup-home/toolchains/beta-2023-04-20-x86_64-unknown-linux-gnu/lib/rustlib/x86_64-unknown-linux-gnu/lib/libcompiler_builtins-f0d6e4d0fc1e80b4.rlib" "-Wl,-Bdynamic" "-lREVLib" "-lREVLibDriver" "-lcscore" "-lembcanshim" "-lfpgalvshim" "-lFRC_NetworkCommunication" "-lntcore" "-lRoboRIO_FRC_ChipObject" "-lvisa" "-lwpiHal" "-lwpilibc" "-lwpimath" "-lwpiutil" "-lgcc_s" "-lutil" "-lrt" "-lpthread" "-lm" "-ldl" "-lc" "-Wl,--eh-frame-hdr" "-Wl,-z,noexecstack" "-L" "/opt/rustwide/rustup-home/toolchains/beta-2023-04-20-x86_64-unknown-linux-gnu/lib/rustlib/x86_64-unknown-linux-gnu/lib" "-o" "/opt/rustwide/target/debug/examples/spawn_observer-114768598d7f2d8a" "-Wl,--gc-sections" "-pie" "-Wl,-z,relro,-z,now" "-nodefaultlibs"
[INFO] [stdout]   = note: /usr/bin/ld: cannot find -lREVLib: No such file or directory
[INFO] [stdout]           /usr/bin/ld: cannot find -lREVLibDriver: No such file or directory
[INFO] [stdout]           /usr/bin/ld: cannot find -lcscore: No such file or directory
[INFO] [stdout]           /usr/bin/ld: cannot find -lembcanshim: No such file or directory
[INFO] [stdout]           /usr/bin/ld: cannot find -lfpgalvshim: No such file or directory
[INFO] [stdout]           /usr/bin/ld: cannot find -lFRC_NetworkCommunication: No such file or directory
[INFO] [stdout]           /usr/bin/ld: cannot find -lntcore: No such file or directory
[INFO] [stdout]           /usr/bin/ld: cannot find -lRoboRIO_FRC_ChipObject: No such file or directory
[INFO] [stdout]           /usr/bin/ld: cannot find -lvisa: No such file or directory
[INFO] [stdout]           /usr/bin/ld: cannot find -lwpiHal: No such file or directory
[INFO] [stdout]           /usr/bin/ld: cannot find -lwpilibc: No such file or directory
[INFO] [stdout]           /usr/bin/ld: cannot find -lwpimath: No such file or directory
[INFO] [stdout]           /usr/bin/ld: cannot find -lwpiutil: No such file or directory
[INFO] [stdout]           collect2: error: ld returned 1 exit status
[INFO] [stdout]           
[INFO] [stdout] 
[INFO] [stdout] 
[INFO] [stdout] error: aborting due to previous error
[INFO] [stdout] 
[INFO] [stdout] 
[INFO] [stderr] error: could not compile `arfur` (example "spawn_observer") due to 2 previous errors
[INFO] [stdout] error: linking with `cc` failed: exit status: 1
[INFO] [stdout]   |
[INFO] [stdout]   = note: LC_ALL="C" PATH="/opt/rustwide/rustup-home/toolchains/beta-2023-04-20-x86_64-unknown-linux-gnu/lib/rustlib/x86_64-unknown-linux-gnu/bin:/opt/rustwide/cargo-home/bin:/usr/local/sbin:/usr/local/bin:/usr/sbin:/usr/bin:/sbin:/bin" VSLANG="1033" "cc" "-m64" "/tmp/rustcsL37Ze/symbols.o" "/opt/rustwide/target/debug/examples/initialization-135544446661f5ce.initialization.754e6415-cgu.0.rcgu.o" "/opt/rustwide/target/debug/examples/initialization-135544446661f5ce.initialization.754e6415-cgu.1.rcgu.o" "/opt/rustwide/target/debug/examples/initialization-135544446661f5ce.initialization.754e6415-cgu.2.rcgu.o" "/opt/rustwide/target/debug/examples/initialization-135544446661f5ce.initialization.754e6415-cgu.3.rcgu.o" "/opt/rustwide/target/debug/examples/initialization-135544446661f5ce.initialization.754e6415-cgu.4.rcgu.o" "/opt/rustwide/target/debug/examples/initialization-135544446661f5ce.initialization.754e6415-cgu.5.rcgu.o" "/opt/rustwide/target/debug/examples/initialization-135544446661f5ce.initialization.754e6415-cgu.6.rcgu.o" "/opt/rustwide/target/debug/examples/initialization-135544446661f5ce.4z74g6e8wuxixby9.rcgu.o" "-Wl,--as-needed" "-L" "/opt/rustwide/target/debug/deps" "-L" "/opt/rustwide/target/debug/build/arfur-rev-6c8125841348a263/out/raw/linux/athena/shared" "-L" "/opt/rustwide/target/debug/build/arfur-wpilib-46f65c628b0fdfca/out/raw/linux/athena/shared" "-L" "/opt/rustwide/rustup-home/toolchains/beta-2023-04-20-x86_64-unknown-linux-gnu/lib/rustlib/x86_64-unknown-linux-gnu/lib" "-Wl,-Bstatic" "/opt/rustwide/target/debug/deps/libarfur_wpilib-3eb4590320795bc6.rlib" "/opt/rustwide/target/debug/deps/libderive_builder-b148ab9c294b1f33.rlib" "/opt/rustwide/target/debug/deps/libtracing-5d628208be1ccf17.rlib" "/opt/rustwide/target/debug/deps/libcfg_if-97437e183f3ae6e4.rlib" "/opt/rustwide/target/debug/deps/libpin_project_lite-3a747526c5b5aadd.rlib" "/opt/rustwide/target/debug/deps/libtracing_core-f6c3b5e7685a4e09.rlib" "/opt/rustwide/target/debug/deps/libonce_cell-3cdae169d48e1efa.rlib" "/opt/rustwide/target/debug/deps/libthiserror-7c8571d4fc442f8f.rlib" "/opt/rustwide/rustup-home/toolchains/beta-2023-04-20-x86_64-unknown-linux-gnu/lib/rustlib/x86_64-unknown-linux-gnu/lib/libstd-0e29cc23c5e02021.rlib" "/opt/rustwide/rustup-home/toolchains/beta-2023-04-20-x86_64-unknown-linux-gnu/lib/rustlib/x86_64-unknown-linux-gnu/lib/libpanic_unwind-d903621768a861d9.rlib" "/opt/rustwide/rustup-home/toolchains/beta-2023-04-20-x86_64-unknown-linux-gnu/lib/rustlib/x86_64-unknown-linux-gnu/lib/libobject-6d0225e655f31c13.rlib" "/opt/rustwide/rustup-home/toolchains/beta-2023-04-20-x86_64-unknown-linux-gnu/lib/rustlib/x86_64-unknown-linux-gnu/lib/libmemchr-9dbaf4eac7eaa079.rlib" "/opt/rustwide/rustup-home/toolchains/beta-2023-04-20-x86_64-unknown-linux-gnu/lib/rustlib/x86_64-unknown-linux-gnu/lib/libaddr2line-27f05b3d42a66dd0.rlib" "/opt/rustwide/rustup-home/toolchains/beta-2023-04-20-x86_64-unknown-linux-gnu/lib/rustlib/x86_64-unknown-linux-gnu/lib/libgimli-4d73f1030321c9a2.rlib" "/opt/rustwide/rustup-home/toolchains/beta-2023-04-20-x86_64-unknown-linux-gnu/lib/rustlib/x86_64-unknown-linux-gnu/lib/librustc_demangle-2846c9e58abd0acb.rlib" "/opt/rustwide/rustup-home/toolchains/beta-2023-04-20-x86_64-unknown-linux-gnu/lib/rustlib/x86_64-unknown-linux-gnu/lib/libstd_detect-a53d0f50415947be.rlib" "/opt/rustwide/rustup-home/toolchains/beta-2023-04-20-x86_64-unknown-linux-gnu/lib/rustlib/x86_64-unknown-linux-gnu/lib/libhashbrown-d48e4b6abc25b9dc.rlib" "/opt/rustwide/rustup-home/toolchains/beta-2023-04-20-x86_64-unknown-linux-gnu/lib/rustlib/x86_64-unknown-linux-gnu/lib/libminiz_oxide-2991859439ef1207.rlib" "/opt/rustwide/rustup-home/toolchains/beta-2023-04-20-x86_64-unknown-linux-gnu/lib/rustlib/x86_64-unknown-linux-gnu/lib/libadler-8a687517e4221bae.rlib" "/opt/rustwide/rustup-home/toolchains/beta-2023-04-20-x86_64-unknown-linux-gnu/lib/rustlib/x86_64-unknown-linux-gnu/lib/librustc_std_workspace_alloc-e07b554f6a67f5b3.rlib" "/opt/rustwide/rustup-home/toolchains/beta-2023-04-20-x86_64-unknown-linux-gnu/lib/rustlib/x86_64-unknown-linux-gnu/lib/libunwind-b68238b7c3c619dd.rlib" "/opt/rustwide/rustup-home/toolchains/beta-2023-04-20-x86_64-unknown-linux-gnu/lib/rustlib/x86_64-unknown-linux-gnu/lib/libcfg_if-d5e213e896c017e4.rlib" "/opt/rustwide/rustup-home/toolchains/beta-2023-04-20-x86_64-unknown-linux-gnu/lib/rustlib/x86_64-unknown-linux-gnu/lib/liblibc-0211a3b2e61d8689.rlib" "/opt/rustwide/rustup-home/toolchains/beta-2023-04-20-x86_64-unknown-linux-gnu/lib/rustlib/x86_64-unknown-linux-gnu/lib/liballoc-b371f055239ba51f.rlib" "/opt/rustwide/rustup-home/toolchains/beta-2023-04-20-x86_64-unknown-linux-gnu/lib/rustlib/x86_64-unknown-linux-gnu/lib/librustc_std_workspace_core-e60518d2760eb01e.rlib" "/opt/rustwide/rustup-home/toolchains/beta-2023-04-20-x86_64-unknown-linux-gnu/lib/rustlib/x86_64-unknown-linux-gnu/lib/libcore-1ad943f92a4b1081.rlib" "/opt/rustwide/rustup-home/toolchains/beta-2023-04-20-x86_64-unknown-linux-gnu/lib/rustlib/x86_64-unknown-linux-gnu/lib/libcompiler_builtins-f0d6e4d0fc1e80b4.rlib" "-Wl,-Bdynamic" "-lcscore" "-lembcanshim" "-lfpgalvshim" "-lFRC_NetworkCommunication" "-lntcore" "-lRoboRIO_FRC_ChipObject" "-lvisa" "-lwpiHal" "-lwpilibc" "-lwpimath" "-lwpiutil" "-lgcc_s" "-lutil" "-lrt" "-lpthread" "-lm" "-ldl" "-lc" "-Wl,--eh-frame-hdr" "-Wl,-z,noexecstack" "-L" "/opt/rustwide/rustup-home/toolchains/beta-2023-04-20-x86_64-unknown-linux-gnu/lib/rustlib/x86_64-unknown-linux-gnu/lib" "-o" "/opt/rustwide/target/debug/examples/initialization-135544446661f5ce" "-Wl,--gc-sections" "-pie" "-Wl,-z,relro,-z,now" "-nodefaultlibs"
[INFO] [stdout]   = note: /usr/bin/ld: cannot find -lcscore: No such file or directory
[INFO] [stdout]           /usr/bin/ld: cannot find -lembcanshim: No such file or directory
[INFO] [stdout]           /usr/bin/ld: cannot find -lfpgalvshim: No such file or directory
[INFO] [stdout]           /usr/bin/ld: cannot find -lFRC_NetworkCommunication: No such file or directory
[INFO] [stdout]           /usr/bin/ld: cannot find -lntcore: No such file or directory
[INFO] [stdout]           /usr/bin/ld: cannot find -lRoboRIO_FRC_ChipObject: No such file or directory
[INFO] [stdout]           /usr/bin/ld: cannot find -lvisa: No such file or directory
[INFO] [stdout]           /usr/bin/ld: cannot find -lwpiHal: No such file or directory
[INFO] [stdout]           /usr/bin/ld: cannot find -lwpilibc: No such file or directory
[INFO] [stdout]           /usr/bin/ld: cannot find -lwpimath: No such file or directory
[INFO] [stdout]           /usr/bin/ld: cannot find -lwpiutil: No such file or directory
[INFO] [stdout]           collect2: error: ld returned 1 exit status
[INFO] [stdout]           
[INFO] [stdout] 
[INFO] [stdout] 
[INFO] [stdout] error: aborting due to previous error
[INFO] [stdout] 
[INFO] [stdout] 
[INFO] [stderr] error: could not compile `arfur` (example "initialization") due to 2 previous errors
[INFO] running `Command { std: "docker" "inspect" "c9092d88926d710938206aeb7aae93387f78540d7ac856b55f3a2616ae533ea3", kill_on_drop: false }`
[INFO] running `Command { std: "docker" "rm" "-f" "c9092d88926d710938206aeb7aae93387f78540d7ac856b55f3a2616ae533ea3", kill_on_drop: false }`
[INFO] [stdout] c9092d88926d710938206aeb7aae93387f78540d7ac856b55f3a2616ae533ea3
