[INFO] fetching crate archiveis 0.4.0...
[INFO] testing archiveis-0.4.0 against 1.69.0 for beta-1.70-1
[INFO] extracting crate archiveis 0.4.0 into /workspace/builds/worker-6-tc1/source
[INFO] validating manifest of crates.io crate archiveis 0.4.0 on toolchain 1.69.0
[INFO] running `Command { std: CARGO_HOME="/workspace/cargo-home" RUSTUP_HOME="/workspace/rustup-home" "/workspace/cargo-home/bin/cargo" "+1.69.0" "metadata" "--manifest-path" "Cargo.toml" "--no-deps", kill_on_drop: false }`
[INFO] started tweaking crates.io crate archiveis 0.4.0
[INFO] finished tweaking crates.io crate archiveis 0.4.0
[INFO] tweaked toml for crates.io crate archiveis 0.4.0 written to /workspace/builds/worker-6-tc1/source/Cargo.toml
[INFO] crate crates.io crate archiveis 0.4.0 already has a lockfile, it will not be regenerated
[INFO] running `Command { std: CARGO_HOME="/workspace/cargo-home" RUSTUP_HOME="/workspace/rustup-home" "/workspace/cargo-home/bin/cargo" "+1.69.0" "fetch" "--manifest-path" "Cargo.toml", kill_on_drop: false }`
[INFO] [stderr]  Downloading crates ...
[INFO] [stderr]   Downloaded unicode-normalization v0.1.12
[INFO] [stderr]   Downloaded version_check v0.9.1
[INFO] [stderr]   Downloaded unicode-width v0.1.7
[INFO] [stderr]   Downloaded heck v0.3.1
[INFO] [stderr]   Downloaded vec_map v0.8.1
[INFO] [stderr]   Downloaded bumpalo v3.2.0
[INFO] [stderr]   Downloaded cc v1.0.50
[INFO] [stderr]   Downloaded pin-project v0.4.8
[INFO] [stderr]   Downloaded httparse v1.3.4
[INFO] [stderr]   Downloaded termcolor v1.1.0
[INFO] [stderr]   Downloaded futures-channel v0.3.4
[INFO] [stderr]   Downloaded aho-corasick v0.7.10
[INFO] [stderr]   Downloaded futures-executor v0.3.4
[INFO] [stderr]   Downloaded chrono v0.4.11
[INFO] [stderr]   Downloaded syn-mid v0.5.0
[INFO] [stderr]   Downloaded security-framework v0.4.1
[INFO] [stderr]   Downloaded http v0.2.0
[INFO] [stderr]   Downloaded mime_guess v2.0.3
[INFO] [stderr]   Downloaded vcpkg v0.2.8
[INFO] [stderr]   Downloaded wasm-bindgen-backend v0.2.59
[INFO] [stderr]   Downloaded wasm-bindgen-shared v0.2.59
[INFO] [stderr]   Downloaded wasm-bindgen v0.2.59
[INFO] [stderr]   Downloaded schannel v0.1.17
[INFO] [stderr]   Downloaded proc-macro-error v0.4.11
[INFO] [stderr]   Downloaded pin-utils v0.1.0-alpha.4
[INFO] [stderr]   Downloaded futures-io v0.3.4
[INFO] [stderr]   Downloaded proc-macro-hack v0.5.11
[INFO] [stderr]   Downloaded winapi-util v0.1.3
[INFO] [stderr]   Downloaded pin-project-lite v0.1.4
[INFO] [stderr]   Downloaded proc-macro-nested v0.1.3
[INFO] [stderr]   Downloaded pkg-config v0.3.17
[INFO] [stderr]   Downloaded unicode-segmentation v1.6.0
[INFO] [stderr]   Downloaded net2 v0.2.33
[INFO] [stderr]   Downloaded clap v2.33.0
[INFO] [stderr]   Downloaded mio v0.6.21
[INFO] [stderr]   Downloaded regex-syntax v0.6.16
[INFO] [stderr]   Downloaded wasm-bindgen-macro-support v0.2.59
[INFO] [stderr]   Downloaded serde_json v1.0.48
[INFO] [stderr]   Downloaded futures-core v0.3.4
[INFO] [stderr]   Downloaded regex v1.3.4
[INFO] [stderr]   Downloaded idna v0.2.0
[INFO] [stderr]   Downloaded web-sys v0.3.36
[INFO] [stderr]   Downloaded encoding_rs v0.8.22
[INFO] [stderr]   Downloaded winapi v0.3.8
[INFO] [stderr]   Downloaded libc v0.2.67
[INFO] [stderr]   Downloaded wasm-bindgen-futures v0.4.9
[INFO] [stderr]   Downloaded remove_dir_all v0.5.2
[INFO] [stderr]   Downloaded tokio v0.2.13
[INFO] [stderr]   Downloaded syn v1.0.16
[INFO] [stderr]   Downloaded tempfile v3.1.0
[INFO] [stderr]   Downloaded hermit-abi v0.1.8
[INFO] [stderr]   Downloaded fnv v1.0.6
[INFO] [stderr]   Downloaded proc-macro2 v1.0.9
[INFO] [stderr]   Downloaded unicode-bidi v0.3.4
[INFO] [stderr]   Downloaded matches v0.1.8
[INFO] [stderr]   Downloaded openssl-probe v0.1.2
[INFO] [stderr]   Downloaded wasm-bindgen-macro v0.2.59
[INFO] [stderr]   Downloaded ppv-lite86 v0.2.6
[INFO] [stderr]   Downloaded openssl v0.10.28
[INFO] [stderr]   Downloaded js-sys v0.3.36
[INFO] [stderr]   Downloaded openssl-sys v0.9.54
[INFO] [stderr]   Downloaded structopt-derive v0.4.4
[INFO] [stderr]   Downloaded native-tls v0.2.4
[INFO] [stderr]   Downloaded tokio-tls v0.3.0
[INFO] [stderr]   Downloaded reqwest v0.10.4
[INFO] [stderr]   Downloaded proc-macro-error-attr v0.4.11
[INFO] [stderr]   Downloaded bytes v0.5.4
[INFO] [stderr]   Downloaded quote v1.0.3
[INFO] [stderr]   Downloaded tokio-macros v0.2.5
[INFO] [stderr]   Downloaded smallvec v1.2.0
[INFO] [stderr]   Downloaded structopt v0.3.11
[INFO] [stderr]   Downloaded url v2.1.1
[INFO] [stderr]   Downloaded futures v0.3.4
[INFO] [stderr]   Downloaded thread_local v1.0.1
[INFO] [stderr]   Downloaded futures-macro v0.3.4
[INFO] [stderr]   Downloaded futures-task v0.3.4
[INFO] [stderr]   Downloaded futures-util v0.3.4
[INFO] [stderr]   Downloaded indexmap v1.3.2
[INFO] [stderr]   Downloaded futures-sink v0.3.4
[INFO] [stderr]   Downloaded pin-project-internal v0.4.8
[INFO] [stderr]   Downloaded tower-service v0.3.0
[INFO] [stderr]   Downloaded try-lock v0.2.2
[INFO] [stderr]   Downloaded hyper-tls v0.4.1
[INFO] [stderr]   Downloaded dtoa v0.4.5
[INFO] [stderr]   Downloaded security-framework-sys v0.4.1
[INFO] [stderr]   Downloaded hyper v0.13.3
[INFO] [stderr]   Downloaded h2 v0.2.2
[INFO] running `Command { std: "docker" "create" "-v" "/var/lib/crater-agent-workspace/builds/worker-6-tc1/target:/opt/rustwide/target:rw,Z" "-v" "/var/lib/crater-agent-workspace/builds/worker-6-tc1/source:/opt/rustwide/workdir:ro,Z" "-v" "/var/lib/crater-agent-workspace/cargo-home:/opt/rustwide/cargo-home:ro,Z" "-v" "/var/lib/crater-agent-workspace/rustup-home:/opt/rustwide/rustup-home:ro,Z" "-e" "SOURCE_DIR=/opt/rustwide/workdir" "-e" "CARGO_TARGET_DIR=/opt/rustwide/target" "-e" "CARGO_HOME=/opt/rustwide/cargo-home" "-e" "RUSTUP_HOME=/opt/rustwide/rustup-home" "-w" "/opt/rustwide/workdir" "-m" "1610612736" "--user" "0:0" "--network" "none" "ghcr.io/rust-lang/crates-build-env/linux@sha256:5ff2268d62e97bff2cde7d5815dd6ed5b47097566f13b8d0ca110b04b60e07ed" "/opt/rustwide/cargo-home/bin/cargo" "+1.69.0" "metadata" "--no-deps" "--format-version=1", kill_on_drop: false }`
[INFO] [stdout] 040cc3745cb3d61c939a7a1d0f45e078bb6ce5bcc7b61b2b3cef193acba5fa94
[INFO] running `Command { std: "docker" "start" "-a" "040cc3745cb3d61c939a7a1d0f45e078bb6ce5bcc7b61b2b3cef193acba5fa94", kill_on_drop: false }`
[INFO] running `Command { std: "docker" "inspect" "040cc3745cb3d61c939a7a1d0f45e078bb6ce5bcc7b61b2b3cef193acba5fa94", kill_on_drop: false }`
[INFO] running `Command { std: "docker" "rm" "-f" "040cc3745cb3d61c939a7a1d0f45e078bb6ce5bcc7b61b2b3cef193acba5fa94", kill_on_drop: false }`
[INFO] [stdout] 040cc3745cb3d61c939a7a1d0f45e078bb6ce5bcc7b61b2b3cef193acba5fa94
[INFO] running `Command { std: "docker" "create" "-v" "/var/lib/crater-agent-workspace/builds/worker-6-tc1/target:/opt/rustwide/target:rw,Z" "-v" "/var/lib/crater-agent-workspace/builds/worker-6-tc1/source:/opt/rustwide/workdir:ro,Z" "-v" "/var/lib/crater-agent-workspace/cargo-home:/opt/rustwide/cargo-home:ro,Z" "-v" "/var/lib/crater-agent-workspace/rustup-home:/opt/rustwide/rustup-home:ro,Z" "-e" "SOURCE_DIR=/opt/rustwide/workdir" "-e" "CARGO_TARGET_DIR=/opt/rustwide/target" "-e" "CARGO_INCREMENTAL=0" "-e" "RUST_BACKTRACE=full" "-e" "RUSTFLAGS=--cap-lints=warn" "-e" "RUSTDOCFLAGS=--cap-lints=warn" "-e" "CARGO_HOME=/opt/rustwide/cargo-home" "-e" "RUSTUP_HOME=/opt/rustwide/rustup-home" "-w" "/opt/rustwide/workdir" "-m" "1610612736" "--user" "0:0" "--network" "none" "ghcr.io/rust-lang/crates-build-env/linux@sha256:5ff2268d62e97bff2cde7d5815dd6ed5b47097566f13b8d0ca110b04b60e07ed" "/opt/rustwide/cargo-home/bin/cargo" "+1.69.0" "build" "--frozen" "--message-format=json", kill_on_drop: false }`
[INFO] [stdout] 6052f09655542eccd13fafbfe144c0c3ba452538fc8c1a2838760599b4379c8c
[INFO] running `Command { std: "docker" "start" "-a" "6052f09655542eccd13fafbfe144c0c3ba452538fc8c1a2838760599b4379c8c", kill_on_drop: false }`
[INFO] [stderr]    Compiling autocfg v1.0.0
[INFO] [stderr]    Compiling proc-macro2 v1.0.9
[INFO] [stderr]    Compiling unicode-xid v0.2.0
[INFO] [stderr]    Compiling libc v0.2.67
[INFO] [stderr]    Compiling syn v1.0.16
[INFO] [stderr]    Compiling log v0.4.8
[INFO] [stderr]    Compiling memchr v2.3.3
[INFO] [stderr]    Compiling slab v0.4.2
[INFO] [stderr]    Compiling cc v1.0.50
[INFO] [stderr]    Compiling pkg-config v0.3.17
[INFO] [stderr]    Compiling futures-core v0.3.4
[INFO] [stderr]    Compiling bytes v0.5.4
[INFO] [stderr]    Compiling fnv v1.0.6
[INFO] [stderr]    Compiling proc-macro-nested v0.1.3
[INFO] [stderr]    Compiling futures-sink v0.3.4
[INFO] [stderr]    Compiling pin-utils v0.1.0-alpha.4
[INFO] [stderr]    Compiling futures-task v0.3.4
[INFO] [stderr]    Compiling pin-project-lite v0.1.4
[INFO] [stderr]    Compiling version_check v0.9.1
[INFO] [stderr]    Compiling futures-channel v0.3.4
[INFO] [stderr]    Compiling itoa v0.4.5
[INFO] [stderr]    Compiling bitflags v1.2.1
[INFO] [stderr]    Compiling futures-io v0.3.4
[INFO] [stderr]    Compiling openssl v0.10.28
[INFO] [stderr]    Compiling indexmap v1.3.2
[INFO] [stderr]    Compiling matches v0.1.8
[INFO] [stderr]    Compiling httparse v1.3.4
[INFO] [stderr]    Compiling smallvec v1.2.0
[INFO] [stderr]    Compiling native-tls v0.2.4
[INFO] [stderr]    Compiling num-traits v0.2.11
[INFO] [stderr]    Compiling unicode-bidi v0.3.4
[INFO] [stderr]    Compiling unicase v2.6.0
[INFO] [stderr]    Compiling http v0.2.0
[INFO] [stderr]    Compiling try-lock v0.2.2
[INFO] [stderr]    Compiling serde v1.0.104
[INFO] [stderr]    Compiling unicode-normalization v0.1.12
[INFO] [stderr]    Compiling openssl-probe v0.1.2
[INFO] [stderr]    Compiling want v0.3.0
[INFO] [stderr]    Compiling num-integer v0.1.42
[INFO] [stderr]    Compiling percent-encoding v2.1.0
[INFO] [stderr]    Compiling encoding_rs v0.8.22
[INFO] [stderr]    Compiling iovec v0.1.4
[INFO] [stderr]    Compiling openssl-sys v0.9.54
[INFO] [stderr]    Compiling net2 v0.2.33
[INFO] [stderr]    Compiling quote v1.0.3
[INFO] [stderr]    Compiling time v0.1.42
[INFO] [stderr]    Compiling tower-service v0.3.0
[INFO] [stderr]    Compiling dtoa v0.4.5
[INFO] [stderr]    Compiling mio v0.6.21
[INFO] [stderr]    Compiling base64 v0.11.0
[INFO] [stderr]    Compiling mime_guess v2.0.3
[INFO] [stderr]    Compiling idna v0.2.0
[INFO] [stderr] The following warnings were emitted during compilation:
[INFO] [stderr] 
[INFO] [stderr] warning: build/expando.c:4:24: error: pasting "RUST_VERSION_OPENSSL_" and "(" does not give a valid preprocessing token
[INFO] [stderr] warning:     4 | #define VERSION2(n, v) RUST_VERSION_##n##_##v
[INFO] [stderr] warning:       |                        ^~~~~~~~~~~~~
[INFO] [stderr] warning: build/expando.c:5:23: note: in expansion of macro 'VERSION2'
[INFO] [stderr] warning:     5 | #define VERSION(n, v) VERSION2(n, v)
[INFO] [stderr] warning:       |                       ^~~~~~~~
[INFO] [stderr] warning: build/expando.c:10:1: note: in expansion of macro 'VERSION'
[INFO] [stderr] warning:    10 | VERSION(OPENSSL, OPENSSL_VERSION_NUMBER)
[INFO] [stderr] warning:       | ^~~~~~~
[INFO] [stderr] 
[INFO] [stderr] error: failed to run custom build command for `openssl-sys v0.9.54`
[INFO] [stderr] note: To improve backtraces for build dependencies, set the CARGO_PROFILE_DEV_BUILD_OVERRIDE_DEBUG=true environment variable to enable debug information generation.
[INFO] [stderr] 
[INFO] [stderr] Caused by:
[INFO] [stderr]   process didn't exit successfully: `/opt/rustwide/target/debug/build/openssl-sys-073bf52b1b9e023a/build-script-main` (exit status: 101)
[INFO] [stderr]   --- stdout
[INFO] [stderr]   cargo:rustc-cfg=const_fn
[INFO] [stderr]   cargo:rerun-if-env-changed=X86_64_UNKNOWN_LINUX_GNU_OPENSSL_LIB_DIR
[INFO] [stderr]   X86_64_UNKNOWN_LINUX_GNU_OPENSSL_LIB_DIR unset
[INFO] [stderr]   cargo:rerun-if-env-changed=OPENSSL_LIB_DIR
[INFO] [stderr]   OPENSSL_LIB_DIR unset
[INFO] [stderr]   cargo:rerun-if-env-changed=X86_64_UNKNOWN_LINUX_GNU_OPENSSL_INCLUDE_DIR
[INFO] [stderr]   X86_64_UNKNOWN_LINUX_GNU_OPENSSL_INCLUDE_DIR unset
[INFO] [stderr]   cargo:rerun-if-env-changed=OPENSSL_INCLUDE_DIR
[INFO] [stderr]   OPENSSL_INCLUDE_DIR unset
[INFO] [stderr]   cargo:rerun-if-env-changed=X86_64_UNKNOWN_LINUX_GNU_OPENSSL_DIR
[INFO] [stderr]   X86_64_UNKNOWN_LINUX_GNU_OPENSSL_DIR unset
[INFO] [stderr]   cargo:rerun-if-env-changed=OPENSSL_DIR
[INFO] [stderr]   OPENSSL_DIR unset
[INFO] [stderr]   cargo:rustc-link-lib=ssl
[INFO] [stderr]   cargo:rustc-link-lib=crypto
[INFO] [stderr]   OPT_LEVEL = Some("0")
[INFO] [stderr]   TARGET = Some("x86_64-unknown-linux-gnu")
[INFO] [stderr]   HOST = Some("x86_64-unknown-linux-gnu")
[INFO] [stderr]   CC_x86_64-unknown-linux-gnu = None
[INFO] [stderr]   CC_x86_64_unknown_linux_gnu = None
[INFO] [stderr]   HOST_CC = None
[INFO] [stderr]   CC = None
[INFO] [stderr]   CFLAGS_x86_64-unknown-linux-gnu = None
[INFO] [stderr]   CFLAGS_x86_64_unknown_linux_gnu = None
[INFO] [stderr]   HOST_CFLAGS = None
[INFO] [stderr]   CFLAGS = None
[INFO] [stderr]   CRATE_CC_NO_DEFAULTS = None
[INFO] [stderr]   DEBUG = Some("true")
[INFO] [stderr]   CARGO_CFG_TARGET_FEATURE = Some("fxsr,sse,sse2")
[INFO] [stderr]   running: "cc" "-O0" "-ffunction-sections" "-fdata-sections" "-fPIC" "-g" "-fno-omit-frame-pointer" "-m64" "-I" "/usr/include" "-Wall" "-Wextra" "-E" "build/expando.c"
[INFO] [stderr]   cargo:warning=build/expando.c:4:24: error: pasting "RUST_VERSION_OPENSSL_" and "(" does not give a valid preprocessing token
[INFO] [stderr]   cargo:warning=    4 | #define VERSION2(n, v) RUST_VERSION_##n##_##v
[INFO] [stderr]   cargo:warning=      |                        ^~~~~~~~~~~~~
[INFO] [stderr]   cargo:warning=build/expando.c:5:23: note: in expansion of macro 'VERSION2'
[INFO] [stderr]   cargo:warning=    5 | #define VERSION(n, v) VERSION2(n, v)
[INFO] [stderr]   cargo:warning=      |                       ^~~~~~~~
[INFO] [stderr]   cargo:warning=build/expando.c:10:1: note: in expansion of macro 'VERSION'
[INFO] [stderr]   cargo:warning=   10 | VERSION(OPENSSL, OPENSSL_VERSION_NUMBER)
[INFO] [stderr]   cargo:warning=      | ^~~~~~~
[INFO] [stderr]   exit status: 1
[INFO] [stderr] 
[INFO] [stderr]   --- stderr
[INFO] [stderr]   thread 'main' panicked at '
[INFO] [stderr]   Header expansion error:
[INFO] [stderr]   Error { kind: ToolExecError, message: "Command \"cc\" \"-O0\" \"-ffunction-sections\" \"-fdata-sections\" \"-fPIC\" \"-g\" \"-fno-omit-frame-pointer\" \"-m64\" \"-I\" \"/usr/include\" \"-Wall\" \"-Wextra\" \"-E\" \"build/expando.c\" with args \"cc\" did not execute successfully (status code exit status: 1)." }
[INFO] [stderr] 
[INFO] [stderr]   Failed to find OpenSSL development headers.
[INFO] [stderr] 
[INFO] [stderr]   You can try fixing this setting the `OPENSSL_DIR` environment variable
[INFO] [stderr]   pointing to your OpenSSL installation or installing OpenSSL headers package
[INFO] [stderr]   specific to your distribution:
[INFO] [stderr] 
[INFO] [stderr]       # On Ubuntu
[INFO] [stderr]       sudo apt-get install libssl-dev
[INFO] [stderr]       # On Arch Linux
[INFO] [stderr]       sudo pacman -S openssl
[INFO] [stderr]       # On Fedora
[INFO] [stderr]       sudo dnf install openssl-devel
[INFO] [stderr] 
[INFO] [stderr]   See rust-openssl README for more information:
[INFO] [stderr] 
[INFO] [stderr]       https://github.com/sfackler/rust-openssl#linux
[INFO] [stderr]   ', /opt/rustwide/cargo-home/registry/src/github.com-1ecc6299db9ec823/openssl-sys-0.9.54/build/main.rs:126:13
[INFO] [stderr]   stack backtrace:
[INFO] [stderr]      0:     0x5599055e196a - std::backtrace_rs::backtrace::libunwind::trace::ha9053a9a07ca49cb
[INFO] [stderr]                                  at /rustc/84c898d65adf2f39a5a98507f1fe0ce10a2b8dbc/library/std/src/../../backtrace/src/backtrace/libunwind.rs:93:5
[INFO] [stderr]      1:     0x5599055e196a - std::backtrace_rs::backtrace::trace_unsynchronized::h9c2852a457ad564e
[INFO] [stderr]                                  at /rustc/84c898d65adf2f39a5a98507f1fe0ce10a2b8dbc/library/std/src/../../backtrace/src/backtrace/mod.rs:66:5
[INFO] [stderr]      2:     0x5599055e196a - std::sys_common::backtrace::_print_fmt::h457936fbfaa0070f
[INFO] [stderr]                                  at /rustc/84c898d65adf2f39a5a98507f1fe0ce10a2b8dbc/library/std/src/sys_common/backtrace.rs:65:5
[INFO] [stderr]      3:     0x5599055e196a - <std::sys_common::backtrace::_print::DisplayBacktrace as core::fmt::Display>::fmt::h5779d7bf7f70cb0c
[INFO] [stderr]                                  at /rustc/84c898d65adf2f39a5a98507f1fe0ce10a2b8dbc/library/std/src/sys_common/backtrace.rs:44:22
[INFO] [stderr]      4:     0x559905601abe - core::fmt::write::h5a4baaff1bcd3eb5
[INFO] [stderr]                                  at /rustc/84c898d65adf2f39a5a98507f1fe0ce10a2b8dbc/library/core/src/fmt/mod.rs:1232:17
[INFO] [stderr]      5:     0x5599055dee55 - std::io::Write::write_fmt::h4bc1f301cb9e9cce
[INFO] [stderr]                                  at /rustc/84c898d65adf2f39a5a98507f1fe0ce10a2b8dbc/library/std/src/io/mod.rs:1684:15
[INFO] [stderr]      6:     0x5599055e1735 - std::sys_common::backtrace::_print::h5fcdc36060f177e8
[INFO] [stderr]                                  at /rustc/84c898d65adf2f39a5a98507f1fe0ce10a2b8dbc/library/std/src/sys_common/backtrace.rs:47:5
[INFO] [stderr]      7:     0x5599055e1735 - std::sys_common::backtrace::print::h54ca9458b876c8bf
[INFO] [stderr]                                  at /rustc/84c898d65adf2f39a5a98507f1fe0ce10a2b8dbc/library/std/src/sys_common/backtrace.rs:34:9
[INFO] [stderr]      8:     0x5599055e310f - std::panicking::default_hook::{{closure}}::hbe471161c7664ed6
[INFO] [stderr]                                  at /rustc/84c898d65adf2f39a5a98507f1fe0ce10a2b8dbc/library/std/src/panicking.rs:271:22
[INFO] [stderr]      9:     0x5599055e2e4b - std::panicking::default_hook::ha3500da57aa4ac4f
[INFO] [stderr]                                  at /rustc/84c898d65adf2f39a5a98507f1fe0ce10a2b8dbc/library/std/src/panicking.rs:290:9
[INFO] [stderr]     10:     0x5599055e36b8 - std::panicking::rust_panic_with_hook::h50c09d000dc561d2
[INFO] [stderr]                                  at /rustc/84c898d65adf2f39a5a98507f1fe0ce10a2b8dbc/library/std/src/panicking.rs:692:13
[INFO] [stderr]     11:     0x5599055e35b9 - std::panicking::begin_panic_handler::{{closure}}::h9e2b2176e00e0d9c
[INFO] [stderr]                                  at /rustc/84c898d65adf2f39a5a98507f1fe0ce10a2b8dbc/library/std/src/panicking.rs:583:13
[INFO] [stderr]     12:     0x5599055e1dd6 - std::sys_common::backtrace::__rust_end_short_backtrace::h5739b8e512c09d02
[INFO] [stderr]                                  at /rustc/84c898d65adf2f39a5a98507f1fe0ce10a2b8dbc/library/std/src/sys_common/backtrace.rs:150:18
[INFO] [stderr]     13:     0x5599055e32c2 - rust_begin_unwind
[INFO] [stderr]                                  at /rustc/84c898d65adf2f39a5a98507f1fe0ce10a2b8dbc/library/std/src/panicking.rs:579:5
[INFO] [stderr]     14:     0x55990554d7c3 - core::panicking::panic_fmt::hf33a1475b4dc5c3e
[INFO] [stderr]                                  at /rustc/84c898d65adf2f39a5a98507f1fe0ce10a2b8dbc/library/core/src/panicking.rs:64:14
[INFO] [stderr]     15:     0x559905554b18 - build_script_main::validate_headers::h9cf78d19c809f744
[INFO] [stderr]     16:     0x559905559eb6 - build_script_main::find::try_pkg_config::h142811efe803aa74
[INFO] [stderr]     17:     0x559905558c56 - build_script_main::find::find_openssl_dir::he55dc16aa298ad3f
[INFO] [stderr]     18:     0x559905558aa2 - build_script_main::find::get_openssl::{{closure}}::hddd594d52c316956
[INFO] [stderr]     19:     0x55990555759a - core::option::Option<T>::unwrap_or_else::hdcdee239b65fb569
[INFO] [stderr]     20:     0x5599055587a0 - build_script_main::find::get_openssl::hf8f6675859911104
[INFO] [stderr]     21:     0x559905553975 - build_script_main::main::h2ce5866053984e9b
[INFO] [stderr]     22:     0x55990555a7d3 - core::ops::function::FnOnce::call_once::hac3e2fca89e3bb27
[INFO] [stderr]     23:     0x559905550f99 - std::sys_common::backtrace::__rust_begin_short_backtrace::hf0e04ded0f1d3bfa
[INFO] [stderr]     24:     0x5599055572e9 - std::rt::lang_start::{{closure}}::hfd2fb9fabd8cd9e2
[INFO] [stderr]     25:     0x5599055db77c - core::ops::function::impls::<impl core::ops::function::FnOnce<A> for &F>::call_once::hd6efcd3bec896f2c
[INFO] [stderr]                                  at /rustc/84c898d65adf2f39a5a98507f1fe0ce10a2b8dbc/library/core/src/ops/function.rs:287:13
[INFO] [stderr]     26:     0x5599055db77c - std::panicking::try::do_call::hce04e543bb1f4cbb
[INFO] [stderr]                                  at /rustc/84c898d65adf2f39a5a98507f1fe0ce10a2b8dbc/library/std/src/panicking.rs:487:40
[INFO] [stderr]     27:     0x5599055db77c - std::panicking::try::h3342dd4e1f680968
[INFO] [stderr]                                  at /rustc/84c898d65adf2f39a5a98507f1fe0ce10a2b8dbc/library/std/src/panicking.rs:451:19
[INFO] [stderr]     28:     0x5599055db77c - std::panic::catch_unwind::h148ce1e59ac0cee7
[INFO] [stderr]                                  at /rustc/84c898d65adf2f39a5a98507f1fe0ce10a2b8dbc/library/std/src/panic.rs:140:14
[INFO] [stderr]     29:     0x5599055db77c - std::rt::lang_start_internal::{{closure}}::h25f9dda2057a67fe
[INFO] [stderr]                                  at /rustc/84c898d65adf2f39a5a98507f1fe0ce10a2b8dbc/library/std/src/rt.rs:148:48
[INFO] [stderr]     30:     0x5599055db77c - std::panicking::try::do_call::h7caaaeaf9401650b
[INFO] [stderr]                                  at /rustc/84c898d65adf2f39a5a98507f1fe0ce10a2b8dbc/library/std/src/panicking.rs:487:40
[INFO] [stderr]     31:     0x5599055db77c - std::panicking::try::he7d15285746cbbc2
[INFO] [stderr]                                  at /rustc/84c898d65adf2f39a5a98507f1fe0ce10a2b8dbc/library/std/src/panicking.rs:451:19
[INFO] [stderr]     32:     0x5599055db77c - std::panic::catch_unwind::h89fb4f50c0301fe0
[INFO] [stderr]                                  at /rustc/84c898d65adf2f39a5a98507f1fe0ce10a2b8dbc/library/std/src/panic.rs:140:14
[INFO] [stderr]     33:     0x5599055db77c - std::rt::lang_start_internal::h078acd489417d3c1
[INFO] [stderr]                                  at /rustc/84c898d65adf2f39a5a98507f1fe0ce10a2b8dbc/library/std/src/rt.rs:148:20
[INFO] [stderr]     34:     0x5599055572c7 - std::rt::lang_start::ha719aaf1bb489298
[INFO] [stderr]     35:     0x559905556935 - main
[INFO] [stderr]     36:     0x7f69cef8fd90 - <unknown>
[INFO] [stderr]     37:     0x7f69cef8fe40 - __libc_start_main
[INFO] [stderr]     38:     0x55990554dd45 - _start
[INFO] [stderr]     39:                0x0 - <unknown>
[INFO] [stderr] warning: build failed, waiting for other jobs to finish...
[INFO] running `Command { std: "docker" "inspect" "6052f09655542eccd13fafbfe144c0c3ba452538fc8c1a2838760599b4379c8c", kill_on_drop: false }`
[INFO] running `Command { std: "docker" "rm" "-f" "6052f09655542eccd13fafbfe144c0c3ba452538fc8c1a2838760599b4379c8c", kill_on_drop: false }`
[INFO] [stdout] 6052f09655542eccd13fafbfe144c0c3ba452538fc8c1a2838760599b4379c8c
