[INFO] fetching crate arangors 0.5.3...
[INFO] testing arangors-0.5.3 against beta-2023-04-20 for beta-1.70-1
[INFO] extracting crate arangors 0.5.3 into /workspace/builds/worker-1-tc2/source
[INFO] validating manifest of crates.io crate arangors 0.5.3 on toolchain beta-2023-04-20
[INFO] running `Command { std: CARGO_HOME="/workspace/cargo-home" RUSTUP_HOME="/workspace/rustup-home" "/workspace/cargo-home/bin/cargo" "+beta-2023-04-20" "metadata" "--manifest-path" "Cargo.toml" "--no-deps", kill_on_drop: false }`
[INFO] started tweaking crates.io crate arangors 0.5.3
[INFO] finished tweaking crates.io crate arangors 0.5.3
[INFO] tweaked toml for crates.io crate arangors 0.5.3 written to /workspace/builds/worker-1-tc2/source/Cargo.toml
[INFO] crate crates.io crate arangors 0.5.3 already has a lockfile, it will not be regenerated
[INFO] running `Command { std: CARGO_HOME="/workspace/cargo-home" RUSTUP_HOME="/workspace/rustup-home" "/workspace/cargo-home/bin/cargo" "+beta-2023-04-20" "fetch" "--manifest-path" "Cargo.toml", kill_on_drop: false }`
[INFO] [stderr]     Updating crates.io index
[INFO] [stderr]  Downloading crates ...
[INFO] [stderr]   Downloaded serde v1.0.144
[INFO] [stderr]   Downloaded polyval v0.4.5
[INFO] [stderr]   Downloaded ctr v0.6.0
[INFO] [stderr]   Downloaded cpuid-bool v0.2.0
[INFO] [stderr]   Downloaded sluice v0.5.5
[INFO] [stderr]   Downloaded gloo-timers v0.2.4
[INFO] [stderr]   Downloaded futures-channel v0.3.23
[INFO] [stderr]   Downloaded async-executor v1.4.1
[INFO] [stderr]   Downloaded tracing-attributes v0.1.22
[INFO] [stderr]   Downloaded yansi v0.5.1
[INFO] [stderr]   Downloaded async-compression v0.3.14
[INFO] [stderr]   Downloaded futures-macro v0.3.23
[INFO] [stderr]   Downloaded security-framework v2.7.0
[INFO] [stderr]   Downloaded hyper-rustls v0.23.0
[INFO] [stderr]   Downloaded maybe-async v0.2.6
[INFO] [stderr]   Downloaded cpufeatures v0.2.4
[INFO] [stderr]   Downloaded typed-builder v0.10.0
[INFO] [stderr]   Downloaded security-framework-sys v2.6.1
[INFO] [stderr]   Downloaded openssl v0.10.41
[INFO] [stderr]   Downloaded tokio-util v0.7.3
[INFO] [stderr]   Downloaded socket2 v0.4.6
[INFO] [stderr]   Downloaded flate2 v1.0.24
[INFO] [stderr]   Downloaded diff v0.1.13
[INFO] [stderr]   Downloaded pretty_assertions v1.3.0
[INFO] [stderr]   Downloaded webpki-roots v0.22.4
[INFO] [stderr]   Downloaded spinning_top v0.2.4
[INFO] [stderr]   Downloaded output_vt100 v0.1.3
[INFO] [stderr]   Downloaded async-channel v1.7.1
[INFO] [stderr]   Downloaded web-sys v0.3.59
[INFO] [stderr]   Downloaded tokio v1.20.1
[INFO] [stderr]   Downloaded libc v0.2.132
[INFO] [stderr]   Downloaded serde_qs v0.10.1
[INFO] [stderr]   Downloaded openssl-sys v0.9.75
[INFO] [stderr]   Downloaded discard v1.0.4
[INFO] [stderr]   Downloaded futures-io v0.3.23
[INFO] [stderr]   Downloaded libnghttp2-sys v0.1.7+1.45.0
[INFO] [stderr]   Downloaded http-types v2.12.0
[INFO] [stderr]   Downloaded uclient v0.1.3
[INFO] [stderr]   Downloaded aes v0.6.0
[INFO] [stderr]   Downloaded cipher v0.2.5
[INFO] [stderr]   Downloaded bumpalo v3.11.0
[INFO] [stderr]   Downloaded curl v0.4.44
[INFO] [stderr]   Downloaded tracing-futures v0.2.5
[INFO] [stderr]   Downloaded const_fn v0.4.9
[INFO] [stderr]   Downloaded wasm-bindgen v0.2.82
[INFO] [stderr]   Downloaded curl-sys v0.4.56+curl-7.83.1
[INFO] [stderr]   Downloaded typenum v1.15.0
[INFO] [stderr]   Downloaded stdweb-derive v0.5.3
[INFO] [stderr]   Downloaded base-x v0.2.11
[INFO] [stderr]   Downloaded time-macros-impl v0.1.2
[INFO] [stderr]   Downloaded ctor v0.1.23
[INFO] [stderr]   Downloaded aes-gcm v0.8.0
[INFO] [stderr]   Downloaded sha2 v0.9.9
[INFO] [stderr]   Downloaded bytes v1.2.1
[INFO] [stderr]   Downloaded async-task v4.3.0
[INFO] [stderr]   Downloaded crypto-mac v0.10.1
[INFO] [stderr]   Downloaded rustc_version v0.2.3
[INFO] [stderr]   Downloaded stdweb-internal-runtime v0.1.5
[INFO] [stderr]   Downloaded time-macros v0.1.1
[INFO] [stderr]   Downloaded wasm-bindgen-shared v0.2.82
[INFO] [stderr]   Downloaded unicode-ident v1.0.3
[INFO] [stderr]   Downloaded schannel v0.1.20
[INFO] [stderr]   Downloaded futures-sink v0.3.23
[INFO] [stderr]   Downloaded lock_api v0.4.8
[INFO] [stderr]   Downloaded tracing v0.1.36
[INFO] [stderr]   Downloaded async-global-executor v2.2.0
[INFO] [stderr]   Downloaded isahc v0.9.14
[INFO] [stderr]   Downloaded http-client v6.5.3
[INFO] [stderr]   Downloaded atomic-waker v1.0.0
[INFO] [stderr]   Downloaded wepoll-ffi v0.1.2
[INFO] [stderr]   Downloaded async-lock v2.5.0
[INFO] [stderr]   Downloaded kv-log-macro v1.0.7
[INFO] [stderr]   Downloaded aead v0.3.2
[INFO] [stderr]   Downloaded ghash v0.3.1
[INFO] [stderr]   Downloaded hkdf v0.10.0
[INFO] [stderr]   Downloaded hmac v0.10.1
[INFO] [stderr]   Downloaded rand_core v0.6.3
[INFO] [stderr]   Downloaded block-buffer v0.9.0
[INFO] [stderr]   Downloaded stdweb-internal-macros v0.2.9
[INFO] [stderr]   Downloaded stdweb v0.4.20
[INFO] [stderr]   Downloaded standback v0.2.17
[INFO] [stderr]   Downloaded time v0.2.27
[INFO] [stderr]   Downloaded cookie v0.14.4
[INFO] [stderr]   Downloaded futures-core v0.3.23
[INFO] [stderr]   Downloaded parking v2.0.0
[INFO] [stderr]   Downloaded wasm-bindgen-macro v0.2.82
[INFO] [stderr]   Downloaded polling v2.3.0
[INFO] [stderr]   Downloaded async-io v1.8.0
[INFO] [stderr]   Downloaded futures-lite v1.12.0
[INFO] [stderr]   Downloaded infer v0.2.3
[INFO] [stderr]   Downloaded serde_qs v0.8.5
[INFO] [stderr]   Downloaded itoa v1.0.3
[INFO] [stderr]   Downloaded serde_json v1.0.85
[INFO] [stderr]   Downloaded js-sys v0.3.59
[INFO] [stderr]   Downloaded value-bag v1.0.0-alpha.9
[INFO] [stderr]   Downloaded once_cell v1.13.1
[INFO] [stderr]   Downloaded wasm-bindgen-macro-support v0.2.82
[INFO] [stderr]   Downloaded thiserror v1.0.32
[INFO] [stderr]   Downloaded surf v2.3.2
[INFO] [stderr]   Downloaded thiserror-impl v1.0.32
[INFO] [stderr]   Downloaded proc-macro2 v1.0.43
[INFO] [stderr]   Downloaded syn v1.0.99
[INFO] [stderr]   Downloaded serde_derive v1.0.144
[INFO] [stderr]   Downloaded miniz_oxide v0.5.3
[INFO] [stderr]   Downloaded hyper v0.14.20
[INFO] [stderr]   Downloaded flume v0.9.2
[INFO] [stderr]   Downloaded tracing-core v0.1.29
[INFO] [stderr]   Downloaded anyhow v1.0.62
[INFO] [stderr]   Downloaded sha1_smol v1.0.0
[INFO] [stderr]   Downloaded h2 v0.3.14
[INFO] [stderr]   Downloaded ipnet v2.5.0
[INFO] [stderr]   Downloaded native-tls v0.2.10
[INFO] [stderr]   Downloaded tokio-native-tls v0.3.0
[INFO] [stderr]   Downloaded rustls v0.20.6
[INFO] [stderr]   Downloaded reqwest v0.11.11
[INFO] [stderr]   Downloaded pkg-config v0.3.25
[INFO] [stderr]   Downloaded async-std v1.12.0
[INFO] [stderr]   Downloaded sha1 v0.6.1
[INFO] [stderr]   Downloaded waker-fn v1.1.0
[INFO] [stderr]   Downloaded wasm-bindgen-backend v0.2.82
[INFO] [stderr]   Downloaded futures-task v0.3.23
[INFO] [stderr]   Downloaded futures-util v0.3.23
[INFO] [stderr]   Downloaded async-trait v0.1.57
[INFO] [stderr]   Downloaded bytes v0.5.6
[INFO] [stderr]   Downloaded async-attributes v1.1.2
[INFO] [stderr]   Downloaded blocking v1.2.0
[INFO] [stderr]   Downloaded cache-padded v1.2.0
[INFO] [stderr]   Downloaded concurrent-queue v1.2.4
[INFO] [stderr]   Downloaded crossbeam-utils v0.8.11
[INFO] [stderr]   Downloaded wasm-bindgen-futures v0.4.32
[INFO] [stderr]   Downloaded aes-soft v0.6.4
[INFO] [stderr]   Downloaded aesni v0.10.0
[INFO] running `Command { std: "docker" "create" "-v" "/var/lib/crater-agent-workspace/builds/worker-1-tc2/target:/opt/rustwide/target:rw,Z" "-v" "/var/lib/crater-agent-workspace/builds/worker-1-tc2/source:/opt/rustwide/workdir:ro,Z" "-v" "/var/lib/crater-agent-workspace/cargo-home:/opt/rustwide/cargo-home:ro,Z" "-v" "/var/lib/crater-agent-workspace/rustup-home:/opt/rustwide/rustup-home:ro,Z" "-e" "SOURCE_DIR=/opt/rustwide/workdir" "-e" "CARGO_TARGET_DIR=/opt/rustwide/target" "-e" "CARGO_HOME=/opt/rustwide/cargo-home" "-e" "RUSTUP_HOME=/opt/rustwide/rustup-home" "-w" "/opt/rustwide/workdir" "-m" "1610612736" "--user" "0:0" "--network" "none" "ghcr.io/rust-lang/crates-build-env/linux@sha256:5ff2268d62e97bff2cde7d5815dd6ed5b47097566f13b8d0ca110b04b60e07ed" "/opt/rustwide/cargo-home/bin/cargo" "+beta-2023-04-20" "metadata" "--no-deps" "--format-version=1", kill_on_drop: false }`
[INFO] [stdout] 7fb2084dfc0e8636cf410f29d6ec045a3bd71c39eb901ca451caf4324f1565e5
[INFO] running `Command { std: "docker" "start" "-a" "7fb2084dfc0e8636cf410f29d6ec045a3bd71c39eb901ca451caf4324f1565e5", kill_on_drop: false }`
[INFO] running `Command { std: "docker" "inspect" "7fb2084dfc0e8636cf410f29d6ec045a3bd71c39eb901ca451caf4324f1565e5", kill_on_drop: false }`
[INFO] running `Command { std: "docker" "rm" "-f" "7fb2084dfc0e8636cf410f29d6ec045a3bd71c39eb901ca451caf4324f1565e5", kill_on_drop: false }`
[INFO] [stdout] 7fb2084dfc0e8636cf410f29d6ec045a3bd71c39eb901ca451caf4324f1565e5
[INFO] running `Command { std: "docker" "create" "-v" "/var/lib/crater-agent-workspace/builds/worker-1-tc2/target:/opt/rustwide/target:rw,Z" "-v" "/var/lib/crater-agent-workspace/builds/worker-1-tc2/source:/opt/rustwide/workdir:ro,Z" "-v" "/var/lib/crater-agent-workspace/cargo-home:/opt/rustwide/cargo-home:ro,Z" "-v" "/var/lib/crater-agent-workspace/rustup-home:/opt/rustwide/rustup-home:ro,Z" "-e" "SOURCE_DIR=/opt/rustwide/workdir" "-e" "CARGO_TARGET_DIR=/opt/rustwide/target" "-e" "CARGO_INCREMENTAL=0" "-e" "RUST_BACKTRACE=full" "-e" "RUSTFLAGS=--cap-lints=warn" "-e" "RUSTDOCFLAGS=--cap-lints=warn" "-e" "CARGO_HOME=/opt/rustwide/cargo-home" "-e" "RUSTUP_HOME=/opt/rustwide/rustup-home" "-w" "/opt/rustwide/workdir" "-m" "1610612736" "--user" "0:0" "--network" "none" "ghcr.io/rust-lang/crates-build-env/linux@sha256:5ff2268d62e97bff2cde7d5815dd6ed5b47097566f13b8d0ca110b04b60e07ed" "/opt/rustwide/cargo-home/bin/cargo" "+beta-2023-04-20" "build" "--frozen" "--message-format=json", kill_on_drop: false }`
[INFO] [stdout] c7d2469534b370cdf440414f47d7d331cf4e5225b903ea68801f3d9b6b48cf2e
[INFO] running `Command { std: "docker" "start" "-a" "c7d2469534b370cdf440414f47d7d331cf4e5225b903ea68801f3d9b6b48cf2e", kill_on_drop: false }`
[INFO] [stderr]    Compiling proc-macro2 v1.0.43
[INFO] [stderr]    Compiling unicode-ident v1.0.3
[INFO] [stderr]    Compiling syn v1.0.99
[INFO] [stderr]    Compiling libc v0.2.132
[INFO] [stderr]    Compiling once_cell v1.13.1
[INFO] [stderr]    Compiling cc v1.0.73
[INFO] [stderr]    Compiling futures-core v0.3.23
[INFO] [stderr]    Compiling pkg-config v0.3.25
[INFO] [stderr]    Compiling bytes v1.2.1
[INFO] [stderr]    Compiling tokio v1.20.1
[INFO] [stderr]    Compiling itoa v1.0.3
[INFO] [stderr]    Compiling futures-task v0.3.23
[INFO] [stderr]    Compiling serde_derive v1.0.144
[INFO] [stderr]    Compiling indexmap v1.9.1
[INFO] [stderr]    Compiling serde v1.0.144
[INFO] [stderr]    Compiling futures-util v0.3.23
[INFO] [stderr]    Compiling openssl v0.10.41
[INFO] [stderr]    Compiling futures-sink v0.3.23
[INFO] [stderr]    Compiling tracing-core v0.1.29
[INFO] [stderr]    Compiling http v0.2.8
[INFO] [stderr]    Compiling futures-channel v0.3.23
[INFO] [stderr]    Compiling httparse v1.7.1
[INFO] [stderr]    Compiling percent-encoding v2.1.0
[INFO] [stderr]    Compiling native-tls v0.2.10
[INFO] [stderr]    Compiling tinyvec_macros v0.1.0
[INFO] [stderr]    Compiling matches v0.1.9
[INFO] [stderr]    Compiling tinyvec v1.6.0
[INFO] [stderr]    Compiling try-lock v0.2.3
[INFO] [stderr]    Compiling adler v1.0.2
[INFO] [stderr]    Compiling form_urlencoded v1.0.1
[INFO] [stderr]    Compiling want v0.3.0
[INFO] [stderr]    Compiling tracing v0.1.36
[INFO] [stderr]    Compiling miniz_oxide v0.5.3
[INFO] [stderr]    Compiling ryu v1.0.11
[INFO] [stderr]    Compiling encoding_rs v0.8.31
[INFO] [stderr]    Compiling quote v1.0.21
[INFO] [stderr]    Compiling unicode-bidi v0.3.8
[INFO] [stderr]    Compiling async-trait v0.1.57
[INFO] [stderr]    Compiling socket2 v0.4.6
[INFO] [stderr]    Compiling mio v0.8.4
[INFO] [stderr]    Compiling openssl-sys v0.9.75
[INFO] [stderr]    Compiling http-body v0.4.5
[INFO] [stderr]    Compiling flate2 v1.0.24
[INFO] [stderr]    Compiling base64 v0.13.0
[INFO] [stderr]    Compiling mime v0.3.16
[INFO] [stderr]    Compiling ipnet v2.5.0
[INFO] [stderr]    Compiling unicode-normalization v0.1.21
[INFO] [stderr]    Compiling serde_json v1.0.85
[INFO] [stderr]    Compiling idna v0.2.3
[INFO] [stderr]    Compiling url v2.2.2
[INFO] [stderr]    Compiling tokio-util v0.7.3
[INFO] [stderr]    Compiling async-compression v0.3.14
[INFO] [stderr]    Compiling h2 v0.3.14
[INFO] [stderr]    Compiling openssl-macros v0.1.0
[INFO] [stderr]    Compiling thiserror-impl v1.0.32
[INFO] [stderr]    Compiling maybe-async v0.2.6
[INFO] [stderr]    Compiling typed-builder v0.10.0
[INFO] [stderr]    Compiling thiserror v1.0.32
[INFO] [stderr]    Compiling hyper v0.14.20
[INFO] [stderr]    Compiling tokio-native-tls v0.3.0
[INFO] [stderr]    Compiling hyper-tls v0.5.0
[INFO] [stderr]    Compiling serde_urlencoded v0.7.1
[INFO] [stderr]    Compiling serde_qs v0.10.1
[INFO] [stderr]    Compiling reqwest v0.11.11
[INFO] [stderr]    Compiling uclient v0.1.3
[INFO] [stderr]    Compiling arangors v0.5.3 (/opt/rustwide/workdir)
[INFO] [stderr]     Finished dev [unoptimized + debuginfo] target(s) in 20.61s
[INFO] running `Command { std: "docker" "inspect" "c7d2469534b370cdf440414f47d7d331cf4e5225b903ea68801f3d9b6b48cf2e", kill_on_drop: false }`
[INFO] running `Command { std: "docker" "rm" "-f" "c7d2469534b370cdf440414f47d7d331cf4e5225b903ea68801f3d9b6b48cf2e", kill_on_drop: false }`
[INFO] [stdout] c7d2469534b370cdf440414f47d7d331cf4e5225b903ea68801f3d9b6b48cf2e
[INFO] running `Command { std: "docker" "create" "-v" "/var/lib/crater-agent-workspace/builds/worker-1-tc2/target:/opt/rustwide/target:rw,Z" "-v" "/var/lib/crater-agent-workspace/builds/worker-1-tc2/source:/opt/rustwide/workdir:ro,Z" "-v" "/var/lib/crater-agent-workspace/cargo-home:/opt/rustwide/cargo-home:ro,Z" "-v" "/var/lib/crater-agent-workspace/rustup-home:/opt/rustwide/rustup-home:ro,Z" "-e" "SOURCE_DIR=/opt/rustwide/workdir" "-e" "CARGO_TARGET_DIR=/opt/rustwide/target" "-e" "CARGO_INCREMENTAL=0" "-e" "RUST_BACKTRACE=full" "-e" "RUSTFLAGS=--cap-lints=warn" "-e" "RUSTDOCFLAGS=--cap-lints=warn" "-e" "CARGO_HOME=/opt/rustwide/cargo-home" "-e" "RUSTUP_HOME=/opt/rustwide/rustup-home" "-w" "/opt/rustwide/workdir" "-m" "1610612736" "--user" "0:0" "--network" "none" "ghcr.io/rust-lang/crates-build-env/linux@sha256:5ff2268d62e97bff2cde7d5815dd6ed5b47097566f13b8d0ca110b04b60e07ed" "/opt/rustwide/cargo-home/bin/cargo" "+beta-2023-04-20" "test" "--frozen" "--no-run" "--message-format=json", kill_on_drop: false }`
[INFO] [stdout] aeddc85d516f1b8436be6d024663c13f6047ae1ecb752f35485b169c0bde7bb4
[INFO] running `Command { std: "docker" "start" "-a" "aeddc85d516f1b8436be6d024663c13f6047ae1ecb752f35485b169c0bde7bb4", kill_on_drop: false }`
[INFO] [stderr]    Compiling log v0.4.17
[INFO] [stderr]    Compiling value-bag v1.0.0-alpha.9
[INFO] [stderr]    Compiling tokio v1.20.1
[INFO] [stderr]    Compiling num_cpus v1.13.1
[INFO] [stderr]    Compiling ctor v0.1.23
[INFO] [stderr]    Compiling tokio-macros v1.8.0
[INFO] [stderr]    Compiling cache-padded v1.2.0
[INFO] [stderr]    Compiling futures-io v0.3.23
[INFO] [stderr]    Compiling parking v2.0.0
[INFO] [stderr]    Compiling fastrand v1.8.0
[INFO] [stderr]    Compiling waker-fn v1.1.0
[INFO] [stderr]    Compiling polling v2.3.0
[INFO] [stderr]    Compiling event-listener v2.5.3
[INFO] [stderr]    Compiling async-io v1.8.0
[INFO] [stderr]    Compiling async-task v4.3.0
[INFO] [stderr]    Compiling crossbeam-utils v0.8.11
[INFO] [stderr]    Compiling atomic-waker v1.0.0
[INFO] [stderr]    Compiling concurrent-queue v1.2.4
[INFO] [stderr]    Compiling futures-lite v1.12.0
[INFO] [stderr]    Compiling async-lock v2.5.0
[INFO] [stderr]    Compiling aho-corasick v0.7.18
[INFO] [stderr]    Compiling anyhow v1.0.62
[INFO] [stderr]    Compiling async-channel v1.7.1
[INFO] [stderr]    Compiling regex-syntax v0.6.27
[INFO] [stderr]    Compiling async-attributes v1.1.2
[INFO] [stderr]    Compiling atty v0.2.14
[INFO] [stderr]    Compiling humantime v2.1.0
[INFO] [stderr]    Compiling diff v0.1.13
[INFO] [stderr]    Compiling termcolor v1.1.3
[INFO] [stderr]    Compiling yansi v0.5.1
[INFO] [stderr]    Compiling pretty_assertions v1.3.0
[INFO] [stderr]    Compiling async-executor v1.4.1
[INFO] [stderr]    Compiling blocking v1.2.0
[INFO] [stderr]    Compiling mio v0.8.4
[INFO] [stderr]    Compiling want v0.3.0
[INFO] [stderr]    Compiling native-tls v0.2.10
[INFO] [stderr]    Compiling kv-log-macro v1.0.7
[INFO] [stderr]    Compiling async-global-executor v2.2.0
[INFO] [stderr]    Compiling async-std v1.12.0
[INFO] [stderr]    Compiling regex v1.6.0
[INFO] [stderr]    Compiling env_logger v0.9.0
[INFO] [stderr]    Compiling tokio-util v0.7.3
[INFO] [stderr]    Compiling tokio-native-tls v0.3.0
[INFO] [stderr]    Compiling async-compression v0.3.14
[INFO] [stderr]    Compiling h2 v0.3.14
[INFO] [stderr]    Compiling hyper v0.14.20
[INFO] [stderr]    Compiling hyper-tls v0.5.0
[INFO] [stderr]    Compiling reqwest v0.11.11
[INFO] [stderr]    Compiling uclient v0.1.3
[INFO] [stderr]    Compiling arangors v0.5.3 (/opt/rustwide/workdir)
[INFO] [stderr] error: could not compile `arangors` (lib test)
[INFO] [stderr] 
[INFO] [stderr] Caused by:
[INFO] [stderr]   process didn't exit successfully: `rustc --crate-name arangors --edition=2021 src/lib.rs --error-format=json --json=diagnostic-rendered-ansi,artifacts,future-incompat --emit=dep-info,link -C embed-bitcode=no -C debuginfo=2 --test --cfg 'feature="default"' --cfg 'feature="reqwest_async"' --cfg 'feature="rocksdb"' -C metadata=f76bf31fb8c496f5 -C extra-filename=-f76bf31fb8c496f5 --out-dir /opt/rustwide/target/debug/deps -L dependency=/opt/rustwide/target/debug/deps --extern anyhow=/opt/rustwide/target/debug/deps/libanyhow-dbf8ab6ceab4ed60.rlib --extern async_std=/opt/rustwide/target/debug/deps/libasync_std-09ef69c67ef8b86b.rlib --extern async_trait=/opt/rustwide/target/debug/deps/libasync_trait-3b9f7af7abc59aba.so --extern base64=/opt/rustwide/target/debug/deps/libbase64-bff61f2d1660603b.rlib --extern env_logger=/opt/rustwide/target/debug/deps/libenv_logger-495d595417e90793.rlib --extern http=/opt/rustwide/target/debug/deps/libhttp-70ca822f03253305.rlib --extern log=/opt/rustwide/target/debug/deps/liblog-05bead5ac15c5649.rlib --extern maybe_async=/opt/rustwide/target/debug/deps/libmaybe_async-d4d69018d3fc2255.so --extern pretty_assertions=/opt/rustwide/target/debug/deps/libpretty_assertions-7773eee166d75098.rlib --extern regex=/opt/rustwide/target/debug/deps/libregex-8d4d8c611522c808.rlib --extern reqwest=/opt/rustwide/target/debug/deps/libreqwest-7b4e1a00f0e6d8a9.rlib --extern serde=/opt/rustwide/target/debug/deps/libserde-ff40f782fe803176.rlib --extern serde_json=/opt/rustwide/target/debug/deps/libserde_json-e6408bf1e3ab8199.rlib --extern serde_qs=/opt/rustwide/target/debug/deps/libserde_qs-7605caf8954e9a37.rlib --extern thiserror=/opt/rustwide/target/debug/deps/libthiserror-0592c0a32e8046b6.rlib --extern tokio=/opt/rustwide/target/debug/deps/libtokio-52be729737b43979.rlib --extern typed_builder=/opt/rustwide/target/debug/deps/libtyped_builder-f0e57fadca76584a.so --extern uclient=/opt/rustwide/target/debug/deps/libuclient-fc3d201b5dce8677.rlib --extern url=/opt/rustwide/target/debug/deps/liburl-ad6da7badcd43b21.rlib --cap-lints=warn` (signal: 9, SIGKILL: kill)
[INFO] [stderr] warning: build failed, waiting for other jobs to finish...
[INFO] [stdout] error: linking with `cc` failed: exit status: 1
[INFO] [stdout]   |
[INFO] [stdout]   = note: LC_ALL="C" PATH="/opt/rustwide/rustup-home/toolchains/beta-2023-04-20-x86_64-unknown-linux-gnu/lib/rustlib/x86_64-unknown-linux-gnu/bin:/opt/rustwide/cargo-home/bin:/usr/local/sbin:/usr/local/bin:/usr/sbin:/usr/bin:/sbin:/bin" VSLANG="1033" "cc" "-m64" "/tmp/rustcG2TW07/symbols.o" "/opt/rustwide/target/debug/examples/aql-5a0b412c86be6b51.aql.74214bb7-cgu.0.rcgu.o" "/opt/rustwide/target/debug/examples/aql-5a0b412c86be6b51.aql.74214bb7-cgu.1.rcgu.o" "/opt/rustwide/target/debug/examples/aql-5a0b412c86be6b51.aql.74214bb7-cgu.10.rcgu.o" "/opt/rustwide/target/debug/examples/aql-5a0b412c86be6b51.aql.74214bb7-cgu.11.rcgu.o" "/opt/rustwide/target/debug/examples/aql-5a0b412c86be6b51.aql.74214bb7-cgu.12.rcgu.o" "/opt/rustwide/target/debug/examples/aql-5a0b412c86be6b51.aql.74214bb7-cgu.13.rcgu.o" "/opt/rustwide/target/debug/examples/aql-5a0b412c86be6b51.aql.74214bb7-cgu.14.rcgu.o" "/opt/rustwide/target/debug/examples/aql-5a0b412c86be6b51.aql.74214bb7-cgu.15.rcgu.o" "/opt/rustwide/target/debug/examples/aql-5a0b412c86be6b51.aql.74214bb7-cgu.2.rcgu.o" "/opt/rustwide/target/debug/examples/aql-5a0b412c86be6b51.aql.74214bb7-cgu.3.rcgu.o" "/opt/rustwide/target/debug/examples/aql-5a0b412c86be6b51.aql.74214bb7-cgu.4.rcgu.o" "/opt/rustwide/target/debug/examples/aql-5a0b412c86be6b51.aql.74214bb7-cgu.5.rcgu.o" "/opt/rustwide/target/debug/examples/aql-5a0b412c86be6b51.aql.74214bb7-cgu.6.rcgu.o" "/opt/rustwide/target/debug/examples/aql-5a0b412c86be6b51.aql.74214bb7-cgu.7.rcgu.o" "/opt/rustwide/target/debug/examples/aql-5a0b412c86be6b51.aql.74214bb7-cgu.8.rcgu.o" "/opt/rustwide/target/debug/examples/aql-5a0b412c86be6b51.aql.74214bb7-cgu.9.rcgu.o" "/opt/rustwide/target/debug/examples/aql-5a0b412c86be6b51.3109x9fdalnf4nhk.rcgu.o" "-Wl,--as-needed" "-L" "/opt/rustwide/target/debug/deps" "-L" "/opt/rustwide/rustup-home/toolchains/beta-2023-04-20-x86_64-unknown-linux-gnu/lib/rustlib/x86_64-unknown-linux-gnu/lib" "-Wl,-Bstatic" "/opt/rustwide/target/debug/deps/libenv_logger-495d595417e90793.rlib" "/opt/rustwide/target/debug/deps/libatty-6fe044bfed1cde45.rlib" "/opt/rustwide/target/debug/deps/libtermcolor-32b50f642d1e75a8.rlib" "/opt/rustwide/target/debug/deps/libhumantime-e9a3658f54825403.rlib" "/opt/rustwide/target/debug/deps/libregex-8d4d8c611522c808.rlib" "/opt/rustwide/target/debug/deps/libaho_corasick-d0383d27b8594374.rlib" "/opt/rustwide/target/debug/deps/libregex_syntax-172cd7e2aeb51a67.rlib" "/opt/rustwide/target/debug/deps/libarangors-14552f56b59340eb.rlib" "/opt/rustwide/target/debug/deps/libserde_qs-7605caf8954e9a37.rlib" "/opt/rustwide/target/debug/deps/libuclient-fc3d201b5dce8677.rlib" "/opt/rustwide/target/debug/deps/libreqwest-7b4e1a00f0e6d8a9.rlib" "/opt/rustwide/target/debug/deps/libhyper_tls-1823b565d17879d4.rlib" "/opt/rustwide/target/debug/deps/libserde_urlencoded-d5ab28a83f51465b.rlib" "/opt/rustwide/target/debug/deps/libipnet-414ded724a57ddb6.rlib" "/opt/rustwide/target/debug/deps/libtokio_native_tls-3dfb5117c535105f.rlib" "/opt/rustwide/target/debug/deps/libmime-6adaefd5c465bdcc.rlib" "/opt/rustwide/target/debug/deps/libencoding_rs-f492db31e71be9dd.rlib" "/opt/rustwide/target/debug/deps/libbase64-bff61f2d1660603b.rlib" "/opt/rustwide/target/debug/deps/libasync_compression-07d834141b67d74b.rlib" "/opt/rustwide/target/debug/deps/libflate2-a2af4fd40acfc094.rlib" "/opt/rustwide/target/debug/deps/libminiz_oxide-42cbb7271098a7c3.rlib" "/opt/rustwide/target/debug/deps/libadler-92f8db84032ff960.rlib" "/opt/rustwide/target/debug/deps/libcrc32fast-fc15e7c737c5fb18.rlib" "/opt/rustwide/target/debug/deps/libnative_tls-eb727f532b46b84a.rlib" "/opt/rustwide/target/debug/deps/libopenssl_probe-361016bdcb077fee.rlib" "/opt/rustwide/target/debug/deps/libopenssl-66ece05ac2bc609b.rlib" "/opt/rustwide/target/debug/deps/libbitflags-610a73087f46ba3b.rlib" "/opt/rustwide/target/debug/deps/libforeign_types-3138d685ddde873e.rlib" "/opt/rustwide/target/debug/deps/libforeign_types_shared-1df85ef0ce08cbc3.rlib" "/opt/rustwide/target/debug/deps/libopenssl_sys-74e94b870b3362de.rlib" "/opt/rustwide/target/debug/deps/libhyper-ddd9a53c6a4f8bdc.rlib" "/opt/rustwide/target/debug/deps/libwant-bf3cae3df28cf828.rlib" "/opt/rustwide/target/debug/deps/libtry_lock-9f7beed53871ae63.rlib" "/opt/rustwide/target/debug/deps/libhttparse-07bc4070ad8579b2.rlib" "/opt/rustwide/target/debug/deps/libh2-fb013c84b92bec1b.rlib" "/opt/rustwide/target/debug/deps/libindexmap-5074b40fe7b72325.rlib" "/opt/rustwide/target/debug/deps/libhashbrown-14a936eea4e6bab4.rlib" "/opt/rustwide/target/debug/deps/libslab-f707bf0c16d9b9e8.rlib" "/opt/rustwide/target/debug/deps/libtokio_util-be4d5ffa8823d334.rlib" "/opt/rustwide/target/debug/deps/libfutures_sink-22722eb9fa450d0d.rlib" "/opt/rustwide/target/debug/deps/libtower_service-6e0b9a8ac2b0d4d0.rlib" "/opt/rustwide/target/debug/deps/libtracing-2530b680fb93ab62.rlib" "/opt/rustwide/target/debug/deps/libtracing_core-d83946847c3a47dc.rlib" "/opt/rustwide/target/debug/deps/libonce_cell-31a64fc34e62e998.rlib" "/opt/rustwide/target/debug/deps/libfutures_channel-ac86db77ceac137d.rlib" "/opt/rustwide/target/debug/deps/libfutures_util-354c1690c610375d.rlib" "/opt/rustwide/target/debug/deps/libfutures_task-320b69648d7535a9.rlib" "/opt/rustwide/target/debug/deps/libpin_utils-501725f4e360d46d.rlib" "/opt/rustwide/target/debug/deps/libtokio-52be729737b43979.rlib" "/opt/rustwide/target/debug/deps/libnum_cpus-d0fa46f704967d9c.rlib" "/opt/rustwide/target/debug/deps/libsocket2-5b22562e0fc387dc.rlib" "/opt/rustwide/target/debug/deps/libmemchr-f4ebff342237ab92.rlib" "/opt/rustwide/target/debug/deps/libmio-6fe13e7366cde058.rlib" "/opt/rustwide/target/debug/deps/liblibc-bd09451349fb8dc9.rlib" "/opt/rustwide/target/debug/deps/libhttp_body-d085d487f02ce947.rlib" "/opt/rustwide/target/debug/deps/libpin_project_lite-3a747526c5b5aadd.rlib" "/opt/rustwide/target/debug/deps/liblog-05bead5ac15c5649.rlib" "/opt/rustwide/target/debug/deps/libvalue_bag-778f79e5efadd53d.rlib" "/opt/rustwide/target/debug/deps/libcfg_if-97437e183f3ae6e4.rlib" "/opt/rustwide/target/debug/deps/libfutures_core-ae66c05fed92a75f.rlib" "/opt/rustwide/target/debug/deps/liblazy_static-86422d76b8bd90ed.rlib" "/opt/rustwide/target/debug/deps/libthiserror-0592c0a32e8046b6.rlib" "/opt/rustwide/target/debug/deps/liburl-ad6da7badcd43b21.rlib" "/opt/rustwide/target/debug/deps/libidna-b09d4841b7479fed.rlib" "/opt/rustwide/target/debug/deps/libunicode_normalization-72ebf420a6e37a97.rlib" "/opt/rustwide/target/debug/deps/libtinyvec-4ebd66a73cc74e35.rlib" "/opt/rustwide/target/debug/deps/libtinyvec_macros-c8728763a1cfbcab.rlib" "/opt/rustwide/target/debug/deps/libunicode_bidi-064678f529798c53.rlib" "/opt/rustwide/target/debug/deps/libform_urlencoded-a5e98da7c1c4a0eb.rlib" "/opt/rustwide/target/debug/deps/libpercent_encoding-8c83310236959ef9.rlib" "/opt/rustwide/target/debug/deps/libmatches-bfb4602457f1458f.rlib" "/opt/rustwide/target/debug/deps/libhttp-70ca822f03253305.rlib" "/opt/rustwide/target/debug/deps/libbytes-c9371717a409553e.rlib" "/opt/rustwide/target/debug/deps/libfnv-bb690c336855f248.rlib" "/opt/rustwide/target/debug/deps/libserde_json-e6408bf1e3ab8199.rlib" "/opt/rustwide/target/debug/deps/libryu-666d6b875e8a3744.rlib" "/opt/rustwide/target/debug/deps/libitoa-51c8c8bd54a981a9.rlib" "/opt/rustwide/target/debug/deps/libserde-ff40f782fe803176.rlib" "/opt/rustwide/rustup-home/toolchains/beta-2023-04-20-x86_64-unknown-linux-gnu/lib/rustlib/x86_64-unknown-linux-gnu/lib/libstd-0e29cc23c5e02021.rlib" "/opt/rustwide/rustup-home/toolchains/beta-2023-04-20-x86_64-unknown-linux-gnu/lib/rustlib/x86_64-unknown-linux-gnu/lib/libpanic_unwind-d903621768a861d9.rlib" "/opt/rustwide/rustup-home/toolchains/beta-2023-04-20-x86_64-unknown-linux-gnu/lib/rustlib/x86_64-unknown-linux-gnu/lib/libobject-6d0225e655f31c13.rlib" "/opt/rustwide/rustup-home/toolchains/beta-2023-04-20-x86_64-unknown-linux-gnu/lib/rustlib/x86_64-unknown-linux-gnu/lib/libmemchr-9dbaf4eac7eaa079.rlib" "/opt/rustwide/rustup-home/toolchains/beta-2023-04-20-x86_64-unknown-linux-gnu/lib/rustlib/x86_64-unknown-linux-gnu/lib/libaddr2line-27f05b3d42a66dd0.rlib" "/opt/rustwide/rustup-home/toolchains/beta-2023-04-20-x86_64-unknown-linux-gnu/lib/rustlib/x86_64-unknown-linux-gnu/lib/libgimli-4d73f1030321c9a2.rlib" "/opt/rustwide/rustup-home/toolchains/beta-2023-04-20-x86_64-unknown-linux-gnu/lib/rustlib/x86_64-unknown-linux-gnu/lib/librustc_demangle-2846c9e58abd0acb.rlib" "/opt/rustwide/rustup-home/toolchains/beta-2023-04-20-x86_64-unknown-linux-gnu/lib/rustlib/x86_64-unknown-linux-gnu/lib/libstd_detect-a53d0f50415947be.rlib" "/opt/rustwide/rustup-home/toolchains/beta-2023-04-20-x86_64-unknown-linux-gnu/lib/rustlib/x86_64-unknown-linux-gnu/lib/libhashbrown-d48e4b6abc25b9dc.rlib" "/opt/rustwide/rustup-home/toolchains/beta-2023-04-20-x86_64-unknown-linux-gnu/lib/rustlib/x86_64-unknown-linux-gnu/lib/libminiz_oxide-2991859439ef1207.rlib" "/opt/rustwide/rustup-home/toolchains/beta-2023-04-20-x86_64-unknown-linux-gnu/lib/rustlib/x86_64-unknown-linux-gnu/lib/libadler-8a687517e4221bae.rlib" "/opt/rustwide/rustup-home/toolchains/beta-2023-04-20-x86_64-unknown-linux-gnu/lib/rustlib/x86_64-unknown-linux-gnu/lib/librustc_std_workspace_alloc-e07b554f6a67f5b3.rlib" "/opt/rustwide/rustup-home/toolchains/beta-2023-04-20-x86_64-unknown-linux-gnu/lib/rustlib/x86_64-unknown-linux-gnu/lib/libunwind-b68238b7c3c619dd.rlib" "/opt/rustwide/rustup-home/toolchains/beta-2023-04-20-x86_64-unknown-linux-gnu/lib/rustlib/x86_64-unknown-linux-gnu/lib/libcfg_if-d5e213e896c017e4.rlib" "/opt/rustwide/rustup-home/toolchains/beta-2023-04-20-x86_64-unknown-linux-gnu/lib/rustlib/x86_64-unknown-linux-gnu/lib/liblibc-0211a3b2e61d8689.rlib" "/opt/rustwide/rustup-home/toolchains/beta-2023-04-20-x86_64-unknown-linux-gnu/lib/rustlib/x86_64-unknown-linux-gnu/lib/liballoc-b371f055239ba51f.rlib" "/opt/rustwide/rustup-home/toolchains/beta-2023-04-20-x86_64-unknown-linux-gnu/lib/rustlib/x86_64-unknown-linux-gnu/lib/librustc_std_workspace_core-e60518d2760eb01e.rlib" "/opt/rustwide/rustup-home/toolchains/beta-2023-04-20-x86_64-unknown-linux-gnu/lib/rustlib/x86_64-unknown-linux-gnu/lib/libcore-1ad943f92a4b1081.rlib" "/opt/rustwide/rustup-home/toolchains/beta-2023-04-20-x86_64-unknown-linux-gnu/lib/rustlib/x86_64-unknown-linux-gnu/lib/libcompiler_builtins-f0d6e4d0fc1e80b4.rlib" "-Wl,-Bdynamic" "-lssl" "-lcrypto" "-lgcc_s" "-lutil" "-lrt" "-lpthread" "-lm" "-ldl" "-lc" "-Wl,--eh-frame-hdr" "-Wl,-z,noexecstack" "-L" "/opt/rustwide/rustup-home/toolchains/beta-2023-04-20-x86_64-unknown-linux-gnu/lib/rustlib/x86_64-unknown-linux-gnu/lib" "-o" "/opt/rustwide/target/debug/examples/aql-5a0b412c86be6b51" "-Wl,--gc-sections" "-pie" "-Wl,-z,relro,-z,now" "-nodefaultlibs"
[INFO] [stdout]   = note: collect2: fatal error: ld terminated with signal 9 [Killed]
[INFO] [stdout]           compilation terminated.
[INFO] [stdout]           
[INFO] [stdout] 
[INFO] [stdout] 
[INFO] [stdout] error: aborting due to previous error
[INFO] [stdout] 
[INFO] [stdout] 
[INFO] [stderr] error: could not compile `arangors` (example "aql") due to 2 previous errors
[INFO] [stdout] error: linking with `cc` failed: exit status: 1
[INFO] [stdout]   |
[INFO] [stdout]   = note: LC_ALL="C" PATH="/opt/rustwide/rustup-home/toolchains/beta-2023-04-20-x86_64-unknown-linux-gnu/lib/rustlib/x86_64-unknown-linux-gnu/bin:/opt/rustwide/cargo-home/bin:/usr/local/sbin:/usr/local/bin:/usr/sbin:/usr/bin:/sbin:/bin" VSLANG="1033" "cc" "-m64" "/tmp/rustcFW5dWD/symbols.o" "/opt/rustwide/target/debug/examples/transaction-6eee5fa17e87f1ca.transaction.4ab5c357-cgu.0.rcgu.o" "/opt/rustwide/target/debug/examples/transaction-6eee5fa17e87f1ca.transaction.4ab5c357-cgu.1.rcgu.o" "/opt/rustwide/target/debug/examples/transaction-6eee5fa17e87f1ca.transaction.4ab5c357-cgu.10.rcgu.o" "/opt/rustwide/target/debug/examples/transaction-6eee5fa17e87f1ca.transaction.4ab5c357-cgu.11.rcgu.o" "/opt/rustwide/target/debug/examples/transaction-6eee5fa17e87f1ca.transaction.4ab5c357-cgu.12.rcgu.o" "/opt/rustwide/target/debug/examples/transaction-6eee5fa17e87f1ca.transaction.4ab5c357-cgu.13.rcgu.o" "/opt/rustwide/target/debug/examples/transaction-6eee5fa17e87f1ca.transaction.4ab5c357-cgu.14.rcgu.o" "/opt/rustwide/target/debug/examples/transaction-6eee5fa17e87f1ca.transaction.4ab5c357-cgu.15.rcgu.o" "/opt/rustwide/target/debug/examples/transaction-6eee5fa17e87f1ca.transaction.4ab5c357-cgu.2.rcgu.o" "/opt/rustwide/target/debug/examples/transaction-6eee5fa17e87f1ca.transaction.4ab5c357-cgu.3.rcgu.o" "/opt/rustwide/target/debug/examples/transaction-6eee5fa17e87f1ca.transaction.4ab5c357-cgu.4.rcgu.o" "/opt/rustwide/target/debug/examples/transaction-6eee5fa17e87f1ca.transaction.4ab5c357-cgu.5.rcgu.o" "/opt/rustwide/target/debug/examples/transaction-6eee5fa17e87f1ca.transaction.4ab5c357-cgu.6.rcgu.o" "/opt/rustwide/target/debug/examples/transaction-6eee5fa17e87f1ca.transaction.4ab5c357-cgu.7.rcgu.o" "/opt/rustwide/target/debug/examples/transaction-6eee5fa17e87f1ca.transaction.4ab5c357-cgu.8.rcgu.o" "/opt/rustwide/target/debug/examples/transaction-6eee5fa17e87f1ca.transaction.4ab5c357-cgu.9.rcgu.o" "/opt/rustwide/target/debug/examples/transaction-6eee5fa17e87f1ca.1tqse89d16xp9sol.rcgu.o" "-Wl,--as-needed" "-L" "/opt/rustwide/target/debug/deps" "-L" "/opt/rustwide/rustup-home/toolchains/beta-2023-04-20-x86_64-unknown-linux-gnu/lib/rustlib/x86_64-unknown-linux-gnu/lib" "-Wl,-Bstatic" "/opt/rustwide/target/debug/deps/libarangors-14552f56b59340eb.rlib" "/opt/rustwide/target/debug/deps/libserde_qs-7605caf8954e9a37.rlib" "/opt/rustwide/target/debug/deps/libserde_json-e6408bf1e3ab8199.rlib" "/opt/rustwide/target/debug/deps/libuclient-fc3d201b5dce8677.rlib" "/opt/rustwide/target/debug/deps/libreqwest-7b4e1a00f0e6d8a9.rlib" "/opt/rustwide/target/debug/deps/libhyper_tls-1823b565d17879d4.rlib" "/opt/rustwide/target/debug/deps/libserde_urlencoded-d5ab28a83f51465b.rlib" "/opt/rustwide/target/debug/deps/libryu-666d6b875e8a3744.rlib" "/opt/rustwide/target/debug/deps/libipnet-414ded724a57ddb6.rlib" "/opt/rustwide/target/debug/deps/libtokio_native_tls-3dfb5117c535105f.rlib" "/opt/rustwide/target/debug/deps/libmime-6adaefd5c465bdcc.rlib" "/opt/rustwide/target/debug/deps/libencoding_rs-f492db31e71be9dd.rlib" "/opt/rustwide/target/debug/deps/libserde-ff40f782fe803176.rlib" "/opt/rustwide/target/debug/deps/libbase64-bff61f2d1660603b.rlib" "/opt/rustwide/target/debug/deps/libasync_compression-07d834141b67d74b.rlib" "/opt/rustwide/target/debug/deps/libflate2-a2af4fd40acfc094.rlib" "/opt/rustwide/target/debug/deps/libminiz_oxide-42cbb7271098a7c3.rlib" "/opt/rustwide/target/debug/deps/libadler-92f8db84032ff960.rlib" "/opt/rustwide/target/debug/deps/libcrc32fast-fc15e7c737c5fb18.rlib" "/opt/rustwide/target/debug/deps/libnative_tls-eb727f532b46b84a.rlib" "/opt/rustwide/target/debug/deps/libopenssl_probe-361016bdcb077fee.rlib" "/opt/rustwide/target/debug/deps/libopenssl-66ece05ac2bc609b.rlib" "/opt/rustwide/target/debug/deps/libbitflags-610a73087f46ba3b.rlib" "/opt/rustwide/target/debug/deps/libforeign_types-3138d685ddde873e.rlib" "/opt/rustwide/target/debug/deps/libforeign_types_shared-1df85ef0ce08cbc3.rlib" "/opt/rustwide/target/debug/deps/libopenssl_sys-74e94b870b3362de.rlib" "/opt/rustwide/target/debug/deps/libhyper-ddd9a53c6a4f8bdc.rlib" "/opt/rustwide/target/debug/deps/libwant-bf3cae3df28cf828.rlib" "/opt/rustwide/target/debug/deps/libtry_lock-9f7beed53871ae63.rlib" "/opt/rustwide/target/debug/deps/libhttparse-07bc4070ad8579b2.rlib" "/opt/rustwide/target/debug/deps/libh2-fb013c84b92bec1b.rlib" "/opt/rustwide/target/debug/deps/libindexmap-5074b40fe7b72325.rlib" "/opt/rustwide/target/debug/deps/libhashbrown-14a936eea4e6bab4.rlib" "/opt/rustwide/target/debug/deps/libslab-f707bf0c16d9b9e8.rlib" "/opt/rustwide/target/debug/deps/libtokio_util-be4d5ffa8823d334.rlib" "/opt/rustwide/target/debug/deps/libfutures_sink-22722eb9fa450d0d.rlib" "/opt/rustwide/target/debug/deps/libtower_service-6e0b9a8ac2b0d4d0.rlib" "/opt/rustwide/target/debug/deps/libtracing-2530b680fb93ab62.rlib" "/opt/rustwide/target/debug/deps/libtracing_core-d83946847c3a47dc.rlib" "/opt/rustwide/target/debug/deps/libonce_cell-31a64fc34e62e998.rlib" "/opt/rustwide/target/debug/deps/libfutures_channel-ac86db77ceac137d.rlib" "/opt/rustwide/target/debug/deps/libfutures_util-354c1690c610375d.rlib" "/opt/rustwide/target/debug/deps/libfutures_task-320b69648d7535a9.rlib" "/opt/rustwide/target/debug/deps/libpin_utils-501725f4e360d46d.rlib" "/opt/rustwide/target/debug/deps/libtokio-52be729737b43979.rlib" "/opt/rustwide/target/debug/deps/libnum_cpus-d0fa46f704967d9c.rlib" "/opt/rustwide/target/debug/deps/libsocket2-5b22562e0fc387dc.rlib" "/opt/rustwide/target/debug/deps/libmemchr-f4ebff342237ab92.rlib" "/opt/rustwide/target/debug/deps/libmio-6fe13e7366cde058.rlib" "/opt/rustwide/target/debug/deps/liblibc-bd09451349fb8dc9.rlib" "/opt/rustwide/target/debug/deps/libhttp_body-d085d487f02ce947.rlib" "/opt/rustwide/target/debug/deps/libpin_project_lite-3a747526c5b5aadd.rlib" "/opt/rustwide/target/debug/deps/liblog-05bead5ac15c5649.rlib" "/opt/rustwide/target/debug/deps/libvalue_bag-778f79e5efadd53d.rlib" "/opt/rustwide/target/debug/deps/libcfg_if-97437e183f3ae6e4.rlib" "/opt/rustwide/target/debug/deps/libfutures_core-ae66c05fed92a75f.rlib" "/opt/rustwide/target/debug/deps/liblazy_static-86422d76b8bd90ed.rlib" "/opt/rustwide/target/debug/deps/libthiserror-0592c0a32e8046b6.rlib" "/opt/rustwide/target/debug/deps/liburl-ad6da7badcd43b21.rlib" "/opt/rustwide/target/debug/deps/libidna-b09d4841b7479fed.rlib" "/opt/rustwide/target/debug/deps/libunicode_normalization-72ebf420a6e37a97.rlib" "/opt/rustwide/target/debug/deps/libtinyvec-4ebd66a73cc74e35.rlib" "/opt/rustwide/target/debug/deps/libtinyvec_macros-c8728763a1cfbcab.rlib" "/opt/rustwide/target/debug/deps/libunicode_bidi-064678f529798c53.rlib" "/opt/rustwide/target/debug/deps/libform_urlencoded-a5e98da7c1c4a0eb.rlib" "/opt/rustwide/target/debug/deps/libpercent_encoding-8c83310236959ef9.rlib" "/opt/rustwide/target/debug/deps/libmatches-bfb4602457f1458f.rlib" "/opt/rustwide/target/debug/deps/libhttp-70ca822f03253305.rlib" "/opt/rustwide/target/debug/deps/libitoa-51c8c8bd54a981a9.rlib" "/opt/rustwide/target/debug/deps/libbytes-c9371717a409553e.rlib" "/opt/rustwide/target/debug/deps/libfnv-bb690c336855f248.rlib" "/opt/rustwide/target/debug/deps/libanyhow-dbf8ab6ceab4ed60.rlib" "/opt/rustwide/rustup-home/toolchains/beta-2023-04-20-x86_64-unknown-linux-gnu/lib/rustlib/x86_64-unknown-linux-gnu/lib/libstd-0e29cc23c5e02021.rlib" "/opt/rustwide/rustup-home/toolchains/beta-2023-04-20-x86_64-unknown-linux-gnu/lib/rustlib/x86_64-unknown-linux-gnu/lib/libpanic_unwind-d903621768a861d9.rlib" "/opt/rustwide/rustup-home/toolchains/beta-2023-04-20-x86_64-unknown-linux-gnu/lib/rustlib/x86_64-unknown-linux-gnu/lib/libobject-6d0225e655f31c13.rlib" "/opt/rustwide/rustup-home/toolchains/beta-2023-04-20-x86_64-unknown-linux-gnu/lib/rustlib/x86_64-unknown-linux-gnu/lib/libmemchr-9dbaf4eac7eaa079.rlib" "/opt/rustwide/rustup-home/toolchains/beta-2023-04-20-x86_64-unknown-linux-gnu/lib/rustlib/x86_64-unknown-linux-gnu/lib/libaddr2line-27f05b3d42a66dd0.rlib" "/opt/rustwide/rustup-home/toolchains/beta-2023-04-20-x86_64-unknown-linux-gnu/lib/rustlib/x86_64-unknown-linux-gnu/lib/libgimli-4d73f1030321c9a2.rlib" "/opt/rustwide/rustup-home/toolchains/beta-2023-04-20-x86_64-unknown-linux-gnu/lib/rustlib/x86_64-unknown-linux-gnu/lib/librustc_demangle-2846c9e58abd0acb.rlib" "/opt/rustwide/rustup-home/toolchains/beta-2023-04-20-x86_64-unknown-linux-gnu/lib/rustlib/x86_64-unknown-linux-gnu/lib/libstd_detect-a53d0f50415947be.rlib" "/opt/rustwide/rustup-home/toolchains/beta-2023-04-20-x86_64-unknown-linux-gnu/lib/rustlib/x86_64-unknown-linux-gnu/lib/libhashbrown-d48e4b6abc25b9dc.rlib" "/opt/rustwide/rustup-home/toolchains/beta-2023-04-20-x86_64-unknown-linux-gnu/lib/rustlib/x86_64-unknown-linux-gnu/lib/libminiz_oxide-2991859439ef1207.rlib" "/opt/rustwide/rustup-home/toolchains/beta-2023-04-20-x86_64-unknown-linux-gnu/lib/rustlib/x86_64-unknown-linux-gnu/lib/libadler-8a687517e4221bae.rlib" "/opt/rustwide/rustup-home/toolchains/beta-2023-04-20-x86_64-unknown-linux-gnu/lib/rustlib/x86_64-unknown-linux-gnu/lib/librustc_std_workspace_alloc-e07b554f6a67f5b3.rlib" "/opt/rustwide/rustup-home/toolchains/beta-2023-04-20-x86_64-unknown-linux-gnu/lib/rustlib/x86_64-unknown-linux-gnu/lib/libunwind-b68238b7c3c619dd.rlib" "/opt/rustwide/rustup-home/toolchains/beta-2023-04-20-x86_64-unknown-linux-gnu/lib/rustlib/x86_64-unknown-linux-gnu/lib/libcfg_if-d5e213e896c017e4.rlib" "/opt/rustwide/rustup-home/toolchains/beta-2023-04-20-x86_64-unknown-linux-gnu/lib/rustlib/x86_64-unknown-linux-gnu/lib/liblibc-0211a3b2e61d8689.rlib" "/opt/rustwide/rustup-home/toolchains/beta-2023-04-20-x86_64-unknown-linux-gnu/lib/rustlib/x86_64-unknown-linux-gnu/lib/liballoc-b371f055239ba51f.rlib" "/opt/rustwide/rustup-home/toolchains/beta-2023-04-20-x86_64-unknown-linux-gnu/lib/rustlib/x86_64-unknown-linux-gnu/lib/librustc_std_workspace_core-e60518d2760eb01e.rlib" "/opt/rustwide/rustup-home/toolchains/beta-2023-04-20-x86_64-unknown-linux-gnu/lib/rustlib/x86_64-unknown-linux-gnu/lib/libcore-1ad943f92a4b1081.rlib" "/opt/rustwide/rustup-home/toolchains/beta-2023-04-20-x86_64-unknown-linux-gnu/lib/rustlib/x86_64-unknown-linux-gnu/lib/libcompiler_builtins-f0d6e4d0fc1e80b4.rlib" "-Wl,-Bdynamic" "-lssl" "-lcrypto" "-lgcc_s" "-lutil" "-lrt" "-lpthread" "-lm" "-ldl" "-lc" "-Wl,--eh-frame-hdr" "-Wl,-z,noexecstack" "-L" "/opt/rustwide/rustup-home/toolchains/beta-2023-04-20-x86_64-unknown-linux-gnu/lib/rustlib/x86_64-unknown-linux-gnu/lib" "-o" "/opt/rustwide/target/debug/examples/transaction-6eee5fa17e87f1ca" "-Wl,--gc-sections" "-pie" "-Wl,-z,relro,-z,now" "-nodefaultlibs"
[INFO] [stdout]   = note: collect2: fatal error: ld terminated with signal 9 [Killed]
[INFO] [stdout]           compilation terminated.
[INFO] [stdout]           
[INFO] [stdout] 
[INFO] [stdout] 
[INFO] [stdout] error: aborting due to previous error
[INFO] [stdout] 
[INFO] [stdout] 
[INFO] [stderr] error: could not compile `arangors` (example "transaction") due to 2 previous errors
[INFO] [stdout] error: linking with `cc` failed: exit status: 1
[INFO] [stdout]   |
[INFO] [stdout]   = note: LC_ALL="C" PATH="/opt/rustwide/rustup-home/toolchains/beta-2023-04-20-x86_64-unknown-linux-gnu/lib/rustlib/x86_64-unknown-linux-gnu/bin:/opt/rustwide/cargo-home/bin:/usr/local/sbin:/usr/local/bin:/usr/sbin:/usr/bin:/sbin:/bin" VSLANG="1033" "cc" "-m64" "/tmp/rustcwap2Qp/symbols.o" "/opt/rustwide/target/debug/examples/database-7af87f651b7f8415.database.ff0f0da0-cgu.0.rcgu.o" "/opt/rustwide/target/debug/examples/database-7af87f651b7f8415.database.ff0f0da0-cgu.1.rcgu.o" "/opt/rustwide/target/debug/examples/database-7af87f651b7f8415.database.ff0f0da0-cgu.10.rcgu.o" "/opt/rustwide/target/debug/examples/database-7af87f651b7f8415.database.ff0f0da0-cgu.11.rcgu.o" "/opt/rustwide/target/debug/examples/database-7af87f651b7f8415.database.ff0f0da0-cgu.12.rcgu.o" "/opt/rustwide/target/debug/examples/database-7af87f651b7f8415.database.ff0f0da0-cgu.13.rcgu.o" "/opt/rustwide/target/debug/examples/database-7af87f651b7f8415.database.ff0f0da0-cgu.14.rcgu.o" "/opt/rustwide/target/debug/examples/database-7af87f651b7f8415.database.ff0f0da0-cgu.15.rcgu.o" "/opt/rustwide/target/debug/examples/database-7af87f651b7f8415.database.ff0f0da0-cgu.2.rcgu.o" "/opt/rustwide/target/debug/examples/database-7af87f651b7f8415.database.ff0f0da0-cgu.3.rcgu.o" "/opt/rustwide/target/debug/examples/database-7af87f651b7f8415.database.ff0f0da0-cgu.4.rcgu.o" "/opt/rustwide/target/debug/examples/database-7af87f651b7f8415.database.ff0f0da0-cgu.5.rcgu.o" "/opt/rustwide/target/debug/examples/database-7af87f651b7f8415.database.ff0f0da0-cgu.6.rcgu.o" "/opt/rustwide/target/debug/examples/database-7af87f651b7f8415.database.ff0f0da0-cgu.7.rcgu.o" "/opt/rustwide/target/debug/examples/database-7af87f651b7f8415.database.ff0f0da0-cgu.8.rcgu.o" "/opt/rustwide/target/debug/examples/database-7af87f651b7f8415.database.ff0f0da0-cgu.9.rcgu.o" "/opt/rustwide/target/debug/examples/database-7af87f651b7f8415.34m8t60y6armtjdb.rcgu.o" "-Wl,--as-needed" "-L" "/opt/rustwide/target/debug/deps" "-L" "/opt/rustwide/rustup-home/toolchains/beta-2023-04-20-x86_64-unknown-linux-gnu/lib/rustlib/x86_64-unknown-linux-gnu/lib" "-Wl,-Bstatic" "/opt/rustwide/target/debug/deps/libarangors-14552f56b59340eb.rlib" "/opt/rustwide/target/debug/deps/libserde_qs-7605caf8954e9a37.rlib" "/opt/rustwide/target/debug/deps/libserde_json-e6408bf1e3ab8199.rlib" "/opt/rustwide/target/debug/deps/libuclient-fc3d201b5dce8677.rlib" "/opt/rustwide/target/debug/deps/libreqwest-7b4e1a00f0e6d8a9.rlib" "/opt/rustwide/target/debug/deps/libhyper_tls-1823b565d17879d4.rlib" "/opt/rustwide/target/debug/deps/libserde_urlencoded-d5ab28a83f51465b.rlib" "/opt/rustwide/target/debug/deps/libryu-666d6b875e8a3744.rlib" "/opt/rustwide/target/debug/deps/libipnet-414ded724a57ddb6.rlib" "/opt/rustwide/target/debug/deps/libtokio_native_tls-3dfb5117c535105f.rlib" "/opt/rustwide/target/debug/deps/libmime-6adaefd5c465bdcc.rlib" "/opt/rustwide/target/debug/deps/libencoding_rs-f492db31e71be9dd.rlib" "/opt/rustwide/target/debug/deps/libserde-ff40f782fe803176.rlib" "/opt/rustwide/target/debug/deps/libbase64-bff61f2d1660603b.rlib" "/opt/rustwide/target/debug/deps/libasync_compression-07d834141b67d74b.rlib" "/opt/rustwide/target/debug/deps/libflate2-a2af4fd40acfc094.rlib" "/opt/rustwide/target/debug/deps/libminiz_oxide-42cbb7271098a7c3.rlib" "/opt/rustwide/target/debug/deps/libadler-92f8db84032ff960.rlib" "/opt/rustwide/target/debug/deps/libcrc32fast-fc15e7c737c5fb18.rlib" "/opt/rustwide/target/debug/deps/libnative_tls-eb727f532b46b84a.rlib" "/opt/rustwide/target/debug/deps/libopenssl_probe-361016bdcb077fee.rlib" "/opt/rustwide/target/debug/deps/libopenssl-66ece05ac2bc609b.rlib" "/opt/rustwide/target/debug/deps/libbitflags-610a73087f46ba3b.rlib" "/opt/rustwide/target/debug/deps/libforeign_types-3138d685ddde873e.rlib" "/opt/rustwide/target/debug/deps/libforeign_types_shared-1df85ef0ce08cbc3.rlib" "/opt/rustwide/target/debug/deps/libopenssl_sys-74e94b870b3362de.rlib" "/opt/rustwide/target/debug/deps/libhyper-ddd9a53c6a4f8bdc.rlib" "/opt/rustwide/target/debug/deps/libwant-bf3cae3df28cf828.rlib" "/opt/rustwide/target/debug/deps/libtry_lock-9f7beed53871ae63.rlib" "/opt/rustwide/target/debug/deps/libhttparse-07bc4070ad8579b2.rlib" "/opt/rustwide/target/debug/deps/libh2-fb013c84b92bec1b.rlib" "/opt/rustwide/target/debug/deps/libindexmap-5074b40fe7b72325.rlib" "/opt/rustwide/target/debug/deps/libhashbrown-14a936eea4e6bab4.rlib" "/opt/rustwide/target/debug/deps/libslab-f707bf0c16d9b9e8.rlib" "/opt/rustwide/target/debug/deps/libtokio_util-be4d5ffa8823d334.rlib" "/opt/rustwide/target/debug/deps/libfutures_sink-22722eb9fa450d0d.rlib" "/opt/rustwide/target/debug/deps/libtower_service-6e0b9a8ac2b0d4d0.rlib" "/opt/rustwide/target/debug/deps/libtracing-2530b680fb93ab62.rlib" "/opt/rustwide/target/debug/deps/libtracing_core-d83946847c3a47dc.rlib" "/opt/rustwide/target/debug/deps/libonce_cell-31a64fc34e62e998.rlib" "/opt/rustwide/target/debug/deps/libfutures_channel-ac86db77ceac137d.rlib" "/opt/rustwide/target/debug/deps/libfutures_util-354c1690c610375d.rlib" "/opt/rustwide/target/debug/deps/libfutures_task-320b69648d7535a9.rlib" "/opt/rustwide/target/debug/deps/libpin_utils-501725f4e360d46d.rlib" "/opt/rustwide/target/debug/deps/libtokio-52be729737b43979.rlib" "/opt/rustwide/target/debug/deps/libnum_cpus-d0fa46f704967d9c.rlib" "/opt/rustwide/target/debug/deps/libsocket2-5b22562e0fc387dc.rlib" "/opt/rustwide/target/debug/deps/libmemchr-f4ebff342237ab92.rlib" "/opt/rustwide/target/debug/deps/libmio-6fe13e7366cde058.rlib" "/opt/rustwide/target/debug/deps/liblibc-bd09451349fb8dc9.rlib" "/opt/rustwide/target/debug/deps/libhttp_body-d085d487f02ce947.rlib" "/opt/rustwide/target/debug/deps/libpin_project_lite-3a747526c5b5aadd.rlib" "/opt/rustwide/target/debug/deps/liblog-05bead5ac15c5649.rlib" "/opt/rustwide/target/debug/deps/libvalue_bag-778f79e5efadd53d.rlib" "/opt/rustwide/target/debug/deps/libcfg_if-97437e183f3ae6e4.rlib" "/opt/rustwide/target/debug/deps/libfutures_core-ae66c05fed92a75f.rlib" "/opt/rustwide/target/debug/deps/liblazy_static-86422d76b8bd90ed.rlib" "/opt/rustwide/target/debug/deps/libthiserror-0592c0a32e8046b6.rlib" "/opt/rustwide/target/debug/deps/liburl-ad6da7badcd43b21.rlib" "/opt/rustwide/target/debug/deps/libidna-b09d4841b7479fed.rlib" "/opt/rustwide/target/debug/deps/libunicode_normalization-72ebf420a6e37a97.rlib" "/opt/rustwide/target/debug/deps/libtinyvec-4ebd66a73cc74e35.rlib" "/opt/rustwide/target/debug/deps/libtinyvec_macros-c8728763a1cfbcab.rlib" "/opt/rustwide/target/debug/deps/libunicode_bidi-064678f529798c53.rlib" "/opt/rustwide/target/debug/deps/libform_urlencoded-a5e98da7c1c4a0eb.rlib" "/opt/rustwide/target/debug/deps/libpercent_encoding-8c83310236959ef9.rlib" "/opt/rustwide/target/debug/deps/libmatches-bfb4602457f1458f.rlib" "/opt/rustwide/target/debug/deps/libhttp-70ca822f03253305.rlib" "/opt/rustwide/target/debug/deps/libitoa-51c8c8bd54a981a9.rlib" "/opt/rustwide/target/debug/deps/libbytes-c9371717a409553e.rlib" "/opt/rustwide/target/debug/deps/libfnv-bb690c336855f248.rlib" "/opt/rustwide/target/debug/deps/libanyhow-dbf8ab6ceab4ed60.rlib" "/opt/rustwide/rustup-home/toolchains/beta-2023-04-20-x86_64-unknown-linux-gnu/lib/rustlib/x86_64-unknown-linux-gnu/lib/libstd-0e29cc23c5e02021.rlib" "/opt/rustwide/rustup-home/toolchains/beta-2023-04-20-x86_64-unknown-linux-gnu/lib/rustlib/x86_64-unknown-linux-gnu/lib/libpanic_unwind-d903621768a861d9.rlib" "/opt/rustwide/rustup-home/toolchains/beta-2023-04-20-x86_64-unknown-linux-gnu/lib/rustlib/x86_64-unknown-linux-gnu/lib/libobject-6d0225e655f31c13.rlib" "/opt/rustwide/rustup-home/toolchains/beta-2023-04-20-x86_64-unknown-linux-gnu/lib/rustlib/x86_64-unknown-linux-gnu/lib/libmemchr-9dbaf4eac7eaa079.rlib" "/opt/rustwide/rustup-home/toolchains/beta-2023-04-20-x86_64-unknown-linux-gnu/lib/rustlib/x86_64-unknown-linux-gnu/lib/libaddr2line-27f05b3d42a66dd0.rlib" "/opt/rustwide/rustup-home/toolchains/beta-2023-04-20-x86_64-unknown-linux-gnu/lib/rustlib/x86_64-unknown-linux-gnu/lib/libgimli-4d73f1030321c9a2.rlib" "/opt/rustwide/rustup-home/toolchains/beta-2023-04-20-x86_64-unknown-linux-gnu/lib/rustlib/x86_64-unknown-linux-gnu/lib/librustc_demangle-2846c9e58abd0acb.rlib" "/opt/rustwide/rustup-home/toolchains/beta-2023-04-20-x86_64-unknown-linux-gnu/lib/rustlib/x86_64-unknown-linux-gnu/lib/libstd_detect-a53d0f50415947be.rlib" "/opt/rustwide/rustup-home/toolchains/beta-2023-04-20-x86_64-unknown-linux-gnu/lib/rustlib/x86_64-unknown-linux-gnu/lib/libhashbrown-d48e4b6abc25b9dc.rlib" "/opt/rustwide/rustup-home/toolchains/beta-2023-04-20-x86_64-unknown-linux-gnu/lib/rustlib/x86_64-unknown-linux-gnu/lib/libminiz_oxide-2991859439ef1207.rlib" "/opt/rustwide/rustup-home/toolchains/beta-2023-04-20-x86_64-unknown-linux-gnu/lib/rustlib/x86_64-unknown-linux-gnu/lib/libadler-8a687517e4221bae.rlib" "/opt/rustwide/rustup-home/toolchains/beta-2023-04-20-x86_64-unknown-linux-gnu/lib/rustlib/x86_64-unknown-linux-gnu/lib/librustc_std_workspace_alloc-e07b554f6a67f5b3.rlib" "/opt/rustwide/rustup-home/toolchains/beta-2023-04-20-x86_64-unknown-linux-gnu/lib/rustlib/x86_64-unknown-linux-gnu/lib/libunwind-b68238b7c3c619dd.rlib" "/opt/rustwide/rustup-home/toolchains/beta-2023-04-20-x86_64-unknown-linux-gnu/lib/rustlib/x86_64-unknown-linux-gnu/lib/libcfg_if-d5e213e896c017e4.rlib" "/opt/rustwide/rustup-home/toolchains/beta-2023-04-20-x86_64-unknown-linux-gnu/lib/rustlib/x86_64-unknown-linux-gnu/lib/liblibc-0211a3b2e61d8689.rlib" "/opt/rustwide/rustup-home/toolchains/beta-2023-04-20-x86_64-unknown-linux-gnu/lib/rustlib/x86_64-unknown-linux-gnu/lib/liballoc-b371f055239ba51f.rlib" "/opt/rustwide/rustup-home/toolchains/beta-2023-04-20-x86_64-unknown-linux-gnu/lib/rustlib/x86_64-unknown-linux-gnu/lib/librustc_std_workspace_core-e60518d2760eb01e.rlib" "/opt/rustwide/rustup-home/toolchains/beta-2023-04-20-x86_64-unknown-linux-gnu/lib/rustlib/x86_64-unknown-linux-gnu/lib/libcore-1ad943f92a4b1081.rlib" "/opt/rustwide/rustup-home/toolchains/beta-2023-04-20-x86_64-unknown-linux-gnu/lib/rustlib/x86_64-unknown-linux-gnu/lib/libcompiler_builtins-f0d6e4d0fc1e80b4.rlib" "-Wl,-Bdynamic" "-lssl" "-lcrypto" "-lgcc_s" "-lutil" "-lrt" "-lpthread" "-lm" "-ldl" "-lc" "-Wl,--eh-frame-hdr" "-Wl,-z,noexecstack" "-L" "/opt/rustwide/rustup-home/toolchains/beta-2023-04-20-x86_64-unknown-linux-gnu/lib/rustlib/x86_64-unknown-linux-gnu/lib" "-o" "/opt/rustwide/target/debug/examples/database-7af87f651b7f8415" "-Wl,--gc-sections" "-pie" "-Wl,-z,relro,-z,now" "-nodefaultlibs"
[INFO] [stdout]   = note: collect2: fatal error: ld terminated with signal 9 [Killed]
[INFO] [stdout]           compilation terminated.
[INFO] [stdout]           
[INFO] [stdout] 
[INFO] [stdout] 
[INFO] [stdout] error: aborting due to previous error
[INFO] [stdout] 
[INFO] [stdout] 
[INFO] [stderr] error: could not compile `arangors` (example "database") due to 2 previous errors
[INFO] [stdout] error: linking with `cc` failed: exit status: 1
[INFO] [stdout]   |
[INFO] [stdout]   = note: LC_ALL="C" PATH="/opt/rustwide/rustup-home/toolchains/beta-2023-04-20-x86_64-unknown-linux-gnu/lib/rustlib/x86_64-unknown-linux-gnu/bin:/opt/rustwide/cargo-home/bin:/usr/local/sbin:/usr/local/bin:/usr/sbin:/usr/bin:/sbin:/bin" VSLANG="1033" "cc" "-m64" "/tmp/rustcGufMk1/symbols.o" "/opt/rustwide/target/debug/examples/custom_client-3a2e4c49c8d7227f.custom_client.dcdb4f02-cgu.0.rcgu.o" "/opt/rustwide/target/debug/examples/custom_client-3a2e4c49c8d7227f.custom_client.dcdb4f02-cgu.1.rcgu.o" "/opt/rustwide/target/debug/examples/custom_client-3a2e4c49c8d7227f.custom_client.dcdb4f02-cgu.10.rcgu.o" "/opt/rustwide/target/debug/examples/custom_client-3a2e4c49c8d7227f.custom_client.dcdb4f02-cgu.11.rcgu.o" "/opt/rustwide/target/debug/examples/custom_client-3a2e4c49c8d7227f.custom_client.dcdb4f02-cgu.12.rcgu.o" "/opt/rustwide/target/debug/examples/custom_client-3a2e4c49c8d7227f.custom_client.dcdb4f02-cgu.13.rcgu.o" "/opt/rustwide/target/debug/examples/custom_client-3a2e4c49c8d7227f.custom_client.dcdb4f02-cgu.14.rcgu.o" "/opt/rustwide/target/debug/examples/custom_client-3a2e4c49c8d7227f.custom_client.dcdb4f02-cgu.15.rcgu.o" "/opt/rustwide/target/debug/examples/custom_client-3a2e4c49c8d7227f.custom_client.dcdb4f02-cgu.2.rcgu.o" "/opt/rustwide/target/debug/examples/custom_client-3a2e4c49c8d7227f.custom_client.dcdb4f02-cgu.3.rcgu.o" "/opt/rustwide/target/debug/examples/custom_client-3a2e4c49c8d7227f.custom_client.dcdb4f02-cgu.4.rcgu.o" "/opt/rustwide/target/debug/examples/custom_client-3a2e4c49c8d7227f.custom_client.dcdb4f02-cgu.5.rcgu.o" "/opt/rustwide/target/debug/examples/custom_client-3a2e4c49c8d7227f.custom_client.dcdb4f02-cgu.6.rcgu.o" "/opt/rustwide/target/debug/examples/custom_client-3a2e4c49c8d7227f.custom_client.dcdb4f02-cgu.7.rcgu.o" "/opt/rustwide/target/debug/examples/custom_client-3a2e4c49c8d7227f.custom_client.dcdb4f02-cgu.8.rcgu.o" "/opt/rustwide/target/debug/examples/custom_client-3a2e4c49c8d7227f.custom_client.dcdb4f02-cgu.9.rcgu.o" "/opt/rustwide/target/debug/examples/custom_client-3a2e4c49c8d7227f.ux33khcgdyts6xw.rcgu.o" "-Wl,--as-needed" "-L" "/opt/rustwide/target/debug/deps" "-L" "/opt/rustwide/rustup-home/toolchains/beta-2023-04-20-x86_64-unknown-linux-gnu/lib/rustlib/x86_64-unknown-linux-gnu/lib" "-Wl,-Bstatic" "/opt/rustwide/target/debug/deps/libarangors-14552f56b59340eb.rlib" "/opt/rustwide/target/debug/deps/libserde_qs-7605caf8954e9a37.rlib" "/opt/rustwide/target/debug/deps/libserde_json-e6408bf1e3ab8199.rlib" "/opt/rustwide/target/debug/deps/libuclient-fc3d201b5dce8677.rlib" "/opt/rustwide/target/debug/deps/libthiserror-0592c0a32e8046b6.rlib" "/opt/rustwide/target/debug/deps/libreqwest-7b4e1a00f0e6d8a9.rlib" "/opt/rustwide/target/debug/deps/libhyper_tls-1823b565d17879d4.rlib" "/opt/rustwide/target/debug/deps/libserde_urlencoded-d5ab28a83f51465b.rlib" "/opt/rustwide/target/debug/deps/libryu-666d6b875e8a3744.rlib" "/opt/rustwide/target/debug/deps/libipnet-414ded724a57ddb6.rlib" "/opt/rustwide/target/debug/deps/libtokio_native_tls-3dfb5117c535105f.rlib" "/opt/rustwide/target/debug/deps/libmime-6adaefd5c465bdcc.rlib" "/opt/rustwide/target/debug/deps/libencoding_rs-f492db31e71be9dd.rlib" "/opt/rustwide/target/debug/deps/libserde-ff40f782fe803176.rlib" "/opt/rustwide/target/debug/deps/libbase64-bff61f2d1660603b.rlib" "/opt/rustwide/target/debug/deps/libasync_compression-07d834141b67d74b.rlib" "/opt/rustwide/target/debug/deps/libflate2-a2af4fd40acfc094.rlib" "/opt/rustwide/target/debug/deps/libminiz_oxide-42cbb7271098a7c3.rlib" "/opt/rustwide/target/debug/deps/libadler-92f8db84032ff960.rlib" "/opt/rustwide/target/debug/deps/libcrc32fast-fc15e7c737c5fb18.rlib" "/opt/rustwide/target/debug/deps/libnative_tls-eb727f532b46b84a.rlib" "/opt/rustwide/target/debug/deps/libopenssl_probe-361016bdcb077fee.rlib" "/opt/rustwide/target/debug/deps/libopenssl-66ece05ac2bc609b.rlib" "/opt/rustwide/target/debug/deps/libbitflags-610a73087f46ba3b.rlib" "/opt/rustwide/target/debug/deps/libforeign_types-3138d685ddde873e.rlib" "/opt/rustwide/target/debug/deps/libforeign_types_shared-1df85ef0ce08cbc3.rlib" "/opt/rustwide/target/debug/deps/libopenssl_sys-74e94b870b3362de.rlib" "/opt/rustwide/target/debug/deps/libhyper-ddd9a53c6a4f8bdc.rlib" "/opt/rustwide/target/debug/deps/libwant-bf3cae3df28cf828.rlib" "/opt/rustwide/target/debug/deps/libtry_lock-9f7beed53871ae63.rlib" "/opt/rustwide/target/debug/deps/libhttparse-07bc4070ad8579b2.rlib" "/opt/rustwide/target/debug/deps/libh2-fb013c84b92bec1b.rlib" "/opt/rustwide/target/debug/deps/libindexmap-5074b40fe7b72325.rlib" "/opt/rustwide/target/debug/deps/libhashbrown-14a936eea4e6bab4.rlib" "/opt/rustwide/target/debug/deps/libslab-f707bf0c16d9b9e8.rlib" "/opt/rustwide/target/debug/deps/libtokio_util-be4d5ffa8823d334.rlib" "/opt/rustwide/target/debug/deps/libfutures_sink-22722eb9fa450d0d.rlib" "/opt/rustwide/target/debug/deps/libtower_service-6e0b9a8ac2b0d4d0.rlib" "/opt/rustwide/target/debug/deps/libtracing-2530b680fb93ab62.rlib" "/opt/rustwide/target/debug/deps/libtracing_core-d83946847c3a47dc.rlib" "/opt/rustwide/target/debug/deps/libonce_cell-31a64fc34e62e998.rlib" "/opt/rustwide/target/debug/deps/libfutures_channel-ac86db77ceac137d.rlib" "/opt/rustwide/target/debug/deps/libfutures_util-354c1690c610375d.rlib" "/opt/rustwide/target/debug/deps/libfutures_task-320b69648d7535a9.rlib" "/opt/rustwide/target/debug/deps/libpin_utils-501725f4e360d46d.rlib" "/opt/rustwide/target/debug/deps/libtokio-52be729737b43979.rlib" "/opt/rustwide/target/debug/deps/libnum_cpus-d0fa46f704967d9c.rlib" "/opt/rustwide/target/debug/deps/libsocket2-5b22562e0fc387dc.rlib" "/opt/rustwide/target/debug/deps/libmemchr-f4ebff342237ab92.rlib" "/opt/rustwide/target/debug/deps/libmio-6fe13e7366cde058.rlib" "/opt/rustwide/target/debug/deps/liblibc-bd09451349fb8dc9.rlib" "/opt/rustwide/target/debug/deps/libhttp_body-d085d487f02ce947.rlib" "/opt/rustwide/target/debug/deps/libpin_project_lite-3a747526c5b5aadd.rlib" "/opt/rustwide/target/debug/deps/liblog-05bead5ac15c5649.rlib" "/opt/rustwide/target/debug/deps/libvalue_bag-778f79e5efadd53d.rlib" "/opt/rustwide/target/debug/deps/libcfg_if-97437e183f3ae6e4.rlib" "/opt/rustwide/target/debug/deps/libfutures_core-ae66c05fed92a75f.rlib" "/opt/rustwide/target/debug/deps/liblazy_static-86422d76b8bd90ed.rlib" "/opt/rustwide/target/debug/deps/liburl-ad6da7badcd43b21.rlib" "/opt/rustwide/target/debug/deps/libidna-b09d4841b7479fed.rlib" "/opt/rustwide/target/debug/deps/libunicode_normalization-72ebf420a6e37a97.rlib" "/opt/rustwide/target/debug/deps/libtinyvec-4ebd66a73cc74e35.rlib" "/opt/rustwide/target/debug/deps/libtinyvec_macros-c8728763a1cfbcab.rlib" "/opt/rustwide/target/debug/deps/libunicode_bidi-064678f529798c53.rlib" "/opt/rustwide/target/debug/deps/libform_urlencoded-a5e98da7c1c4a0eb.rlib" "/opt/rustwide/target/debug/deps/libpercent_encoding-8c83310236959ef9.rlib" "/opt/rustwide/target/debug/deps/libmatches-bfb4602457f1458f.rlib" "/opt/rustwide/target/debug/deps/libhttp-70ca822f03253305.rlib" "/opt/rustwide/target/debug/deps/libitoa-51c8c8bd54a981a9.rlib" "/opt/rustwide/target/debug/deps/libbytes-c9371717a409553e.rlib" "/opt/rustwide/target/debug/deps/libfnv-bb690c336855f248.rlib" "/opt/rustwide/target/debug/deps/libanyhow-dbf8ab6ceab4ed60.rlib" "/opt/rustwide/rustup-home/toolchains/beta-2023-04-20-x86_64-unknown-linux-gnu/lib/rustlib/x86_64-unknown-linux-gnu/lib/libstd-0e29cc23c5e02021.rlib" "/opt/rustwide/rustup-home/toolchains/beta-2023-04-20-x86_64-unknown-linux-gnu/lib/rustlib/x86_64-unknown-linux-gnu/lib/libpanic_unwind-d903621768a861d9.rlib" "/opt/rustwide/rustup-home/toolchains/beta-2023-04-20-x86_64-unknown-linux-gnu/lib/rustlib/x86_64-unknown-linux-gnu/lib/libobject-6d0225e655f31c13.rlib" "/opt/rustwide/rustup-home/toolchains/beta-2023-04-20-x86_64-unknown-linux-gnu/lib/rustlib/x86_64-unknown-linux-gnu/lib/libmemchr-9dbaf4eac7eaa079.rlib" "/opt/rustwide/rustup-home/toolchains/beta-2023-04-20-x86_64-unknown-linux-gnu/lib/rustlib/x86_64-unknown-linux-gnu/lib/libaddr2line-27f05b3d42a66dd0.rlib" "/opt/rustwide/rustup-home/toolchains/beta-2023-04-20-x86_64-unknown-linux-gnu/lib/rustlib/x86_64-unknown-linux-gnu/lib/libgimli-4d73f1030321c9a2.rlib" "/opt/rustwide/rustup-home/toolchains/beta-2023-04-20-x86_64-unknown-linux-gnu/lib/rustlib/x86_64-unknown-linux-gnu/lib/librustc_demangle-2846c9e58abd0acb.rlib" "/opt/rustwide/rustup-home/toolchains/beta-2023-04-20-x86_64-unknown-linux-gnu/lib/rustlib/x86_64-unknown-linux-gnu/lib/libstd_detect-a53d0f50415947be.rlib" "/opt/rustwide/rustup-home/toolchains/beta-2023-04-20-x86_64-unknown-linux-gnu/lib/rustlib/x86_64-unknown-linux-gnu/lib/libhashbrown-d48e4b6abc25b9dc.rlib" "/opt/rustwide/rustup-home/toolchains/beta-2023-04-20-x86_64-unknown-linux-gnu/lib/rustlib/x86_64-unknown-linux-gnu/lib/libminiz_oxide-2991859439ef1207.rlib" "/opt/rustwide/rustup-home/toolchains/beta-2023-04-20-x86_64-unknown-linux-gnu/lib/rustlib/x86_64-unknown-linux-gnu/lib/libadler-8a687517e4221bae.rlib" "/opt/rustwide/rustup-home/toolchains/beta-2023-04-20-x86_64-unknown-linux-gnu/lib/rustlib/x86_64-unknown-linux-gnu/lib/librustc_std_workspace_alloc-e07b554f6a67f5b3.rlib" "/opt/rustwide/rustup-home/toolchains/beta-2023-04-20-x86_64-unknown-linux-gnu/lib/rustlib/x86_64-unknown-linux-gnu/lib/libunwind-b68238b7c3c619dd.rlib" "/opt/rustwide/rustup-home/toolchains/beta-2023-04-20-x86_64-unknown-linux-gnu/lib/rustlib/x86_64-unknown-linux-gnu/lib/libcfg_if-d5e213e896c017e4.rlib" "/opt/rustwide/rustup-home/toolchains/beta-2023-04-20-x86_64-unknown-linux-gnu/lib/rustlib/x86_64-unknown-linux-gnu/lib/liblibc-0211a3b2e61d8689.rlib" "/opt/rustwide/rustup-home/toolchains/beta-2023-04-20-x86_64-unknown-linux-gnu/lib/rustlib/x86_64-unknown-linux-gnu/lib/liballoc-b371f055239ba51f.rlib" "/opt/rustwide/rustup-home/toolchains/beta-2023-04-20-x86_64-unknown-linux-gnu/lib/rustlib/x86_64-unknown-linux-gnu/lib/librustc_std_workspace_core-e60518d2760eb01e.rlib" "/opt/rustwide/rustup-home/toolchains/beta-2023-04-20-x86_64-unknown-linux-gnu/lib/rustlib/x86_64-unknown-linux-gnu/lib/libcore-1ad943f92a4b1081.rlib" "/opt/rustwide/rustup-home/toolchains/beta-2023-04-20-x86_64-unknown-linux-gnu/lib/rustlib/x86_64-unknown-linux-gnu/lib/libcompiler_builtins-f0d6e4d0fc1e80b4.rlib" "-Wl,-Bdynamic" "-lssl" "-lcrypto" "-lgcc_s" "-lutil" "-lrt" "-lpthread" "-lm" "-ldl" "-lc" "-Wl,--eh-frame-hdr" "-Wl,-z,noexecstack" "-L" "/opt/rustwide/rustup-home/toolchains/beta-2023-04-20-x86_64-unknown-linux-gnu/lib/rustlib/x86_64-unknown-linux-gnu/lib" "-o" "/opt/rustwide/target/debug/examples/custom_client-3a2e4c49c8d7227f" "-Wl,--gc-sections" "-pie" "-Wl,-z,relro,-z,now" "-nodefaultlibs"
[INFO] [stdout]   = note: collect2: fatal error: ld terminated with signal 9 [Killed]
[INFO] [stdout]           compilation terminated.
[INFO] [stdout]           
[INFO] [stdout] 
[INFO] [stdout] 
[INFO] [stdout] error: aborting due to previous error
[INFO] [stdout] 
[INFO] [stdout] 
[INFO] [stderr] error: could not compile `arangors` (example "custom_client") due to 2 previous errors
[INFO] running `Command { std: "docker" "inspect" "aeddc85d516f1b8436be6d024663c13f6047ae1ecb752f35485b169c0bde7bb4", kill_on_drop: false }`
[INFO] running `Command { std: "docker" "rm" "-f" "aeddc85d516f1b8436be6d024663c13f6047ae1ecb752f35485b169c0bde7bb4", kill_on_drop: false }`
[INFO] [stdout] aeddc85d516f1b8436be6d024663c13f6047ae1ecb752f35485b169c0bde7bb4
