[INFO] fetching crate applesauce-cli 0.1.5...
[INFO] testing applesauce-cli-0.1.5 against 1.69.0 for beta-1.70-1
[INFO] extracting crate applesauce-cli 0.1.5 into /workspace/builds/worker-2-tc1/source
[INFO] validating manifest of crates.io crate applesauce-cli 0.1.5 on toolchain 1.69.0
[INFO] running `Command { std: CARGO_HOME="/workspace/cargo-home" RUSTUP_HOME="/workspace/rustup-home" "/workspace/cargo-home/bin/cargo" "+1.69.0" "metadata" "--manifest-path" "Cargo.toml" "--no-deps", kill_on_drop: false }`
[INFO] started tweaking crates.io crate applesauce-cli 0.1.5
[INFO] finished tweaking crates.io crate applesauce-cli 0.1.5
[INFO] tweaked toml for crates.io crate applesauce-cli 0.1.5 written to /workspace/builds/worker-2-tc1/source/Cargo.toml
[INFO] crate crates.io crate applesauce-cli 0.1.5 already has a lockfile, it will not be regenerated
[INFO] running `Command { std: CARGO_HOME="/workspace/cargo-home" RUSTUP_HOME="/workspace/rustup-home" "/workspace/cargo-home/bin/cargo" "+1.69.0" "fetch" "--manifest-path" "Cargo.toml", kill_on_drop: false }`
[INFO] [stderr]  Downloading crates ...
[INFO] [stderr]   Downloaded tracing-subscriber v0.3.16
[INFO] [stderr]   Downloaded regex v1.7.1
[INFO] [stderr]   Downloaded regex-syntax v0.6.28
[INFO] [stderr]   Downloaded globset v0.4.10
[INFO] [stderr]   Downloaded clap_derive v4.1.8
[INFO] [stderr]   Downloaded humansize v2.1.3
[INFO] [stderr]   Downloaded serde_json v1.0.94
[INFO] [stderr]   Downloaded ignore v0.4.20
[INFO] [stderr]   Downloaded crossbeam-channel v0.5.7
[INFO] [stderr]   Downloaded clap_lex v0.3.2
[INFO] [stderr]   Downloaded is-terminal v0.4.4
[INFO] [stderr]   Downloaded tracing-attributes v0.1.23
[INFO] [stderr]   Downloaded tempfile v3.4.0
[INFO] [stderr]   Downloaded cmake v0.1.49
[INFO] [stderr]   Downloaded encode_unicode v0.3.6
[INFO] [stderr]   Downloaded flate2 v1.0.25
[INFO] [stderr]   Downloaded libm v0.2.6
[INFO] [stderr]   Downloaded console v0.15.5
[INFO] [stderr]   Downloaded tracing-chrome v0.7.1
[INFO] [stderr]   Downloaded bstr v1.3.0
[INFO] [stderr]   Downloaded rustix v0.36.9
[INFO] [stderr]   Downloaded libz-ng-sys v1.1.8
[INFO] [stderr]   Downloaded indicatif v0.17.3
[INFO] [stderr]   Downloaded portable-atomic v0.3.19
[INFO] [stderr]   Downloaded number_prefix v0.4.0
[INFO] [stderr]   Downloaded clap v4.1.8
[INFO] [stderr]   Downloaded resource-fork v0.1.0
[INFO] [stderr]   Downloaded lzfse-sys v1.0.0
[INFO] [stderr]   Downloaded applesauce v0.1.5
[INFO] running `Command { std: "docker" "create" "-v" "/var/lib/crater-agent-workspace/builds/worker-2-tc1/target:/opt/rustwide/target:rw,Z" "-v" "/var/lib/crater-agent-workspace/builds/worker-2-tc1/source:/opt/rustwide/workdir:ro,Z" "-v" "/var/lib/crater-agent-workspace/cargo-home:/opt/rustwide/cargo-home:ro,Z" "-v" "/var/lib/crater-agent-workspace/rustup-home:/opt/rustwide/rustup-home:ro,Z" "-e" "SOURCE_DIR=/opt/rustwide/workdir" "-e" "CARGO_TARGET_DIR=/opt/rustwide/target" "-e" "CARGO_HOME=/opt/rustwide/cargo-home" "-e" "RUSTUP_HOME=/opt/rustwide/rustup-home" "-w" "/opt/rustwide/workdir" "-m" "1610612736" "--user" "0:0" "--network" "none" "ghcr.io/rust-lang/crates-build-env/linux@sha256:5ff2268d62e97bff2cde7d5815dd6ed5b47097566f13b8d0ca110b04b60e07ed" "/opt/rustwide/cargo-home/bin/cargo" "+1.69.0" "metadata" "--no-deps" "--format-version=1", kill_on_drop: false }`
[INFO] [stdout] 72eca60fb4972c7ef8b4f5e96478756b43fc1e5a70f6d0d1648fb187bcc76dea
[INFO] running `Command { std: "docker" "start" "-a" "72eca60fb4972c7ef8b4f5e96478756b43fc1e5a70f6d0d1648fb187bcc76dea", kill_on_drop: false }`
[INFO] running `Command { std: "docker" "inspect" "72eca60fb4972c7ef8b4f5e96478756b43fc1e5a70f6d0d1648fb187bcc76dea", kill_on_drop: false }`
[INFO] running `Command { std: "docker" "rm" "-f" "72eca60fb4972c7ef8b4f5e96478756b43fc1e5a70f6d0d1648fb187bcc76dea", kill_on_drop: false }`
[INFO] [stdout] 72eca60fb4972c7ef8b4f5e96478756b43fc1e5a70f6d0d1648fb187bcc76dea
[INFO] running `Command { std: "docker" "create" "-v" "/var/lib/crater-agent-workspace/builds/worker-2-tc1/target:/opt/rustwide/target:rw,Z" "-v" "/var/lib/crater-agent-workspace/builds/worker-2-tc1/source:/opt/rustwide/workdir:ro,Z" "-v" "/var/lib/crater-agent-workspace/cargo-home:/opt/rustwide/cargo-home:ro,Z" "-v" "/var/lib/crater-agent-workspace/rustup-home:/opt/rustwide/rustup-home:ro,Z" "-e" "SOURCE_DIR=/opt/rustwide/workdir" "-e" "CARGO_TARGET_DIR=/opt/rustwide/target" "-e" "CARGO_INCREMENTAL=0" "-e" "RUST_BACKTRACE=full" "-e" "RUSTFLAGS=--cap-lints=warn" "-e" "RUSTDOCFLAGS=--cap-lints=warn" "-e" "CARGO_HOME=/opt/rustwide/cargo-home" "-e" "RUSTUP_HOME=/opt/rustwide/rustup-home" "-w" "/opt/rustwide/workdir" "-m" "1610612736" "--user" "0:0" "--network" "none" "ghcr.io/rust-lang/crates-build-env/linux@sha256:5ff2268d62e97bff2cde7d5815dd6ed5b47097566f13b8d0ca110b04b60e07ed" "/opt/rustwide/cargo-home/bin/cargo" "+1.69.0" "build" "--frozen" "--message-format=json", kill_on_drop: false }`
[INFO] [stdout] 40a00022496235758d1fa1bb179c81e69918137328b5db6a295378332402c41c
[INFO] running `Command { std: "docker" "start" "-a" "40a00022496235758d1fa1bb179c81e69918137328b5db6a295378332402c41c", kill_on_drop: false }`
[INFO] [stderr]    Compiling libc v0.2.139
[INFO] [stderr]    Compiling proc-macro2 v1.0.51
[INFO] [stderr]    Compiling quote v1.0.23
[INFO] [stderr]    Compiling syn v1.0.109
[INFO] [stderr]    Compiling io-lifetimes v1.0.5
[INFO] [stderr]    Compiling rustix v0.36.9
[INFO] [stderr]    Compiling tracing-core v0.1.30
[INFO] [stderr]    Compiling cmake v0.1.49
[INFO] [stderr]    Compiling linux-raw-sys v0.1.4
[INFO] [stderr]    Compiling libz-ng-sys v1.1.8
[INFO] [stderr]    Compiling thread_local v1.1.7
[INFO] [stderr]    Compiling crossbeam-utils v0.8.15
[INFO] [stderr]    Compiling crc32fast v1.3.2
[INFO] [stderr]    Compiling serde v1.0.152
[INFO] [stderr]    Compiling regex-syntax v0.6.28
[INFO] [stderr]    Compiling bstr v1.3.0
[INFO] [stderr]    Compiling lzfse-sys v1.0.0
[INFO] [stderr]    Compiling same-file v1.0.6
[INFO] [stderr]    Compiling proc-macro-error-attr v1.0.4
[INFO] [stderr]    Compiling libm v0.2.6
[INFO] [stderr]    Compiling serde_json v1.0.94
[INFO] [stderr]    Compiling overload v0.1.1
[INFO] [stderr]    Compiling portable-atomic v0.3.19
[INFO] [stderr]    Compiling nu-ansi-term v0.46.0
[INFO] [stderr]    Compiling miniz_oxide v0.6.2
[INFO] [stderr]    Compiling walkdir v2.3.2
[INFO] [stderr]    Compiling tracing-log v0.1.3
[INFO] [stderr]    Compiling regex v1.7.1
[INFO] [stderr]    Compiling sharded-slab v0.1.4
[INFO] [stderr]    Compiling unicode-width v0.1.10
[INFO] [stderr]    Compiling fastrand v1.9.0
[INFO] [stderr]    Compiling globset v0.4.10
[INFO] [stderr]    Compiling os_str_bytes v6.4.1
[INFO] [stderr]    Compiling smallvec v1.10.0
[INFO] [stderr]    Compiling ignore v0.4.20
[INFO] [stderr]    Compiling tracing-subscriber v0.3.16
[INFO] [stderr]    Compiling clap_lex v0.3.2
[INFO] [stderr]    Compiling proc-macro-error v1.0.4
[INFO] [stderr]    Compiling is-terminal v0.4.4
[INFO] [stderr]    Compiling tempfile v3.4.0
[INFO] [stderr]    Compiling console v0.15.5
[INFO] [stderr]    Compiling crossbeam-channel v0.5.7
[INFO] [stderr]    Compiling resource-fork v0.1.0
[INFO] [stdout] error[E0432]: unresolved import `libc::XATTR_SHOWCOMPRESSION`
[INFO] [stdout]  --> /opt/rustwide/cargo-home/registry/src/github.com-1ecc6299db9ec823/resource-fork-0.1.0/src/lib.rs:1:5
[INFO] [stdout]   |
[INFO] [stdout] 1 | use libc::XATTR_SHOWCOMPRESSION;
[INFO] [stdout]   |     ^^^^^^^^^^^^^^^^^^^^^^^^^^^ no `XATTR_SHOWCOMPRESSION` in the root
[INFO] [stdout] 
[INFO] [stdout] 
[INFO] [stdout] error[E0061]: this function takes 5 arguments but 6 arguments were supplied
[INFO] [stdout]     --> /opt/rustwide/cargo-home/registry/src/github.com-1ecc6299db9ec823/resource-fork-0.1.0/src/lib.rs:42:13
[INFO] [stdout]      |
[INFO] [stdout] 42   |             libc::fsetxattr(
[INFO] [stdout]      |             ^^^^^^^^^^^^^^^
[INFO] [stdout] ...
[INFO] [stdout] 47   |                 self.offset,
[INFO] [stdout]      |                 ----------- expected `i32`, found `u32`
[INFO] [stdout] 48   |                 XATTR_SHOWCOMPRESSION,
[INFO] [stdout]      |                 --------------------- unexpected argument
[INFO] [stdout]      |
[INFO] [stdout] note: function defined here
[INFO] [stdout]     --> /opt/rustwide/cargo-home/registry/src/github.com-1ecc6299db9ec823/libc-0.2.139/src/unix/linux_like/linux/mod.rs:3923:12
[INFO] [stdout]      |
[INFO] [stdout] 3923 |     pub fn fsetxattr(
[INFO] [stdout]      |            ^^^^^^^^^
[INFO] [stdout] help: you can convert a `u32` to an `i32` and panic if the converted value doesn't fit
[INFO] [stdout]      |
[INFO] [stdout] 47   |                 self.offset.try_into().unwrap(),
[INFO] [stdout]      |                            ++++++++++++++++++++
[INFO] [stdout] help: remove the extra argument
[INFO] [stdout]      |
[INFO] [stdout] 47   -                 self.offset,
[INFO] [stdout] 47   +                 /* i32 */,
[INFO] [stdout]      |
[INFO] [stdout] 
[INFO] [stdout] 
[INFO] [stdout] error[E0061]: this function takes 4 arguments but 6 arguments were supplied
[INFO] [stdout]     --> /opt/rustwide/cargo-home/registry/src/github.com-1ecc6299db9ec823/resource-fork-0.1.0/src/lib.rs:74:13
[INFO] [stdout]      |
[INFO] [stdout] 74   |             libc::fgetxattr(
[INFO] [stdout]      |             ^^^^^^^^^^^^^^^
[INFO] [stdout] ...
[INFO] [stdout] 79   |                 self.offset,
[INFO] [stdout]      |                 ----------- unexpected argument of type `u32`
[INFO] [stdout] 80   |                 XATTR_SHOWCOMPRESSION,
[INFO] [stdout]      |                 --------------------- unexpected argument
[INFO] [stdout]      |
[INFO] [stdout] note: function defined here
[INFO] [stdout]     --> /opt/rustwide/cargo-home/registry/src/github.com-1ecc6299db9ec823/libc-0.2.139/src/unix/linux_like/linux/mod.rs:3903:12
[INFO] [stdout]      |
[INFO] [stdout] 3903 |     pub fn fgetxattr(
[INFO] [stdout]      |            ^^^^^^^^^
[INFO] [stdout] help: remove the extra arguments
[INFO] [stdout]      |
[INFO] [stdout] 78   -                 buf.len(),
[INFO] [stdout] 79   -                 self.offset,
[INFO] [stdout] 78   +                 buf.len(),
[INFO] [stdout]      |
[INFO] [stdout] 
[INFO] [stdout] 
[INFO] [stdout] error[E0061]: this function takes 4 arguments but 6 arguments were supplied
[INFO] [stdout]     --> /opt/rustwide/cargo-home/registry/src/github.com-1ecc6299db9ec823/resource-fork-0.1.0/src/lib.rs:109:21
[INFO] [stdout]      |
[INFO] [stdout] 109  |                     libc::fgetxattr(
[INFO] [stdout]      |                     ^^^^^^^^^^^^^^^
[INFO] [stdout] ...
[INFO] [stdout] 114  |                         0,
[INFO] [stdout]      |                         - unexpected argument of type `{integer}`
[INFO] [stdout] 115  |                         XATTR_SHOWCOMPRESSION,
[INFO] [stdout]      |                         --------------------- unexpected argument
[INFO] [stdout]      |
[INFO] [stdout] note: function defined here
[INFO] [stdout]     --> /opt/rustwide/cargo-home/registry/src/github.com-1ecc6299db9ec823/libc-0.2.139/src/unix/linux_like/linux/mod.rs:3903:12
[INFO] [stdout]      |
[INFO] [stdout] 3903 |     pub fn fgetxattr(
[INFO] [stdout]      |            ^^^^^^^^^
[INFO] [stdout] help: remove the extra arguments
[INFO] [stdout]      |
[INFO] [stdout] 113  -                         0,
[INFO] [stdout]      |
[INFO] [stdout] 
[INFO] [stdout] 
[INFO] [stdout] error: aborting due to 4 previous errors
[INFO] [stdout] 
[INFO] [stdout] 
[INFO] [stdout] Some errors have detailed explanations: E0061, E0432.
[INFO] [stdout] 
[INFO] [stdout] For more information about an error, try `rustc --explain E0061`.
[INFO] [stdout] 
[INFO] [stderr] error: could not compile `resource-fork` due to 5 previous errors
[INFO] [stderr] warning: build failed, waiting for other jobs to finish...
[INFO] running `Command { std: "docker" "inspect" "40a00022496235758d1fa1bb179c81e69918137328b5db6a295378332402c41c", kill_on_drop: false }`
[INFO] running `Command { std: "docker" "rm" "-f" "40a00022496235758d1fa1bb179c81e69918137328b5db6a295378332402c41c", kill_on_drop: false }`
[INFO] [stdout] 40a00022496235758d1fa1bb179c81e69918137328b5db6a295378332402c41c
