[INFO] fetching crate anonlink 0.1.1...
[INFO] testing anonlink-0.1.1 against beta-2023-04-20 for beta-1.70-1
[INFO] extracting crate anonlink 0.1.1 into /workspace/builds/worker-7-tc2/source
[INFO] validating manifest of crates.io crate anonlink 0.1.1 on toolchain beta-2023-04-20
[INFO] running `Command { std: CARGO_HOME="/workspace/cargo-home" RUSTUP_HOME="/workspace/rustup-home" "/workspace/cargo-home/bin/cargo" "+beta-2023-04-20" "metadata" "--manifest-path" "Cargo.toml" "--no-deps", kill_on_drop: false }`
[INFO] started tweaking crates.io crate anonlink 0.1.1
[INFO] finished tweaking crates.io crate anonlink 0.1.1
[INFO] tweaked toml for crates.io crate anonlink 0.1.1 written to /workspace/builds/worker-7-tc2/source/Cargo.toml
[INFO] crate crates.io crate anonlink 0.1.1 already has a lockfile, it will not be regenerated
[INFO] running `Command { std: CARGO_HOME="/workspace/cargo-home" RUSTUP_HOME="/workspace/rustup-home" "/workspace/cargo-home/bin/cargo" "+beta-2023-04-20" "fetch" "--manifest-path" "Cargo.toml", kill_on_drop: false }`
[INFO] [stderr]     Updating crates.io index
[INFO] [stderr]  Downloading crates ...
[INFO] [stderr]   Downloaded unicode-bidi v0.3.8
[INFO] [stderr]   Downloaded thiserror v1.0.35
[INFO] [stderr]   Downloaded no-std-compat v0.4.1
[INFO] [stderr]   Downloaded wasm-bindgen-macro v0.2.83
[INFO] [stderr]   Downloaded webpki-roots v0.22.4
[INFO] [stderr]   Downloaded ureq v2.6.2
[INFO] [stderr]   Downloaded syn v1.0.99
[INFO] [stderr]   Downloaded js-sys v0.3.60
[INFO] [stderr]   Downloaded pdb v0.8.0
[INFO] [stderr]   Downloaded scroll v0.11.0
[INFO] [stderr]   Downloaded uuid v1.1.2
[INFO] [stderr]   Downloaded fallible-iterator v0.2.0
[INFO] [stderr]   Downloaded once_cell v1.14.0
[INFO] [stderr]   Downloaded proc-macro2 v1.0.43
[INFO] [stderr]   Downloaded rustls v0.20.6
[INFO] [stderr]   Downloaded derive_pod v0.1.2
[INFO] [stderr]   Downloaded dataview v1.0.1
[INFO] [stderr]   Downloaded pelite-macros v0.1.1
[INFO] [stderr]   Downloaded miniz_oxide v0.5.4
[INFO] [stderr]   Downloaded quote v1.0.21
[INFO] [stderr]   Downloaded wasm-bindgen v0.2.83
[INFO] [stderr]   Downloaded pelite v0.10.0
[INFO] [stderr]   Downloaded libc v0.2.132
[INFO] [stderr]   Downloaded iced-x86 v1.18.0
[INFO] [stderr]   Downloaded web-sys v0.3.60
[INFO] [stderr]   Downloaded thiserror-impl v1.0.35
[INFO] [stderr]   Downloaded flate2 v1.0.24
[INFO] [stderr]   Downloaded bumpalo v3.11.0
[INFO] [stderr]   Downloaded unicode-ident v1.0.4
[INFO] [stderr]   Downloaded wasm-bindgen-backend v0.2.83
[INFO] [stderr]   Downloaded wasm-bindgen-shared v0.2.83
[INFO] [stderr]   Downloaded wasm-bindgen-macro-support v0.2.83
[INFO] running `Command { std: "docker" "create" "-v" "/var/lib/crater-agent-workspace/builds/worker-7-tc2/target:/opt/rustwide/target:rw,Z" "-v" "/var/lib/crater-agent-workspace/builds/worker-7-tc2/source:/opt/rustwide/workdir:ro,Z" "-v" "/var/lib/crater-agent-workspace/cargo-home:/opt/rustwide/cargo-home:ro,Z" "-v" "/var/lib/crater-agent-workspace/rustup-home:/opt/rustwide/rustup-home:ro,Z" "-e" "SOURCE_DIR=/opt/rustwide/workdir" "-e" "CARGO_TARGET_DIR=/opt/rustwide/target" "-e" "CARGO_HOME=/opt/rustwide/cargo-home" "-e" "RUSTUP_HOME=/opt/rustwide/rustup-home" "-w" "/opt/rustwide/workdir" "-m" "1610612736" "--user" "0:0" "--network" "none" "ghcr.io/rust-lang/crates-build-env/linux@sha256:5ff2268d62e97bff2cde7d5815dd6ed5b47097566f13b8d0ca110b04b60e07ed" "/opt/rustwide/cargo-home/bin/cargo" "+beta-2023-04-20" "metadata" "--no-deps" "--format-version=1", kill_on_drop: false }`
[INFO] [stdout] b4c5c82833296aec37cd528dec1cc8891597f0f44226e981e500c74a7f5573ee
[INFO] running `Command { std: "docker" "start" "-a" "b4c5c82833296aec37cd528dec1cc8891597f0f44226e981e500c74a7f5573ee", kill_on_drop: false }`
[INFO] running `Command { std: "docker" "inspect" "b4c5c82833296aec37cd528dec1cc8891597f0f44226e981e500c74a7f5573ee", kill_on_drop: false }`
[INFO] running `Command { std: "docker" "rm" "-f" "b4c5c82833296aec37cd528dec1cc8891597f0f44226e981e500c74a7f5573ee", kill_on_drop: false }`
[INFO] [stdout] b4c5c82833296aec37cd528dec1cc8891597f0f44226e981e500c74a7f5573ee
[INFO] running `Command { std: "docker" "create" "-v" "/var/lib/crater-agent-workspace/builds/worker-7-tc2/target:/opt/rustwide/target:rw,Z" "-v" "/var/lib/crater-agent-workspace/builds/worker-7-tc2/source:/opt/rustwide/workdir:ro,Z" "-v" "/var/lib/crater-agent-workspace/cargo-home:/opt/rustwide/cargo-home:ro,Z" "-v" "/var/lib/crater-agent-workspace/rustup-home:/opt/rustwide/rustup-home:ro,Z" "-e" "SOURCE_DIR=/opt/rustwide/workdir" "-e" "CARGO_TARGET_DIR=/opt/rustwide/target" "-e" "CARGO_INCREMENTAL=0" "-e" "RUST_BACKTRACE=full" "-e" "RUSTFLAGS=--cap-lints=warn" "-e" "RUSTDOCFLAGS=--cap-lints=warn" "-e" "CARGO_HOME=/opt/rustwide/cargo-home" "-e" "RUSTUP_HOME=/opt/rustwide/rustup-home" "-w" "/opt/rustwide/workdir" "-m" "1610612736" "--user" "0:0" "--network" "none" "ghcr.io/rust-lang/crates-build-env/linux@sha256:5ff2268d62e97bff2cde7d5815dd6ed5b47097566f13b8d0ca110b04b60e07ed" "/opt/rustwide/cargo-home/bin/cargo" "+beta-2023-04-20" "build" "--frozen" "--message-format=json", kill_on_drop: false }`
[INFO] [stdout] 4237d9d6aea7c716af165c4d17e56c0e9e11310e18f74374dc0e8996494166f6
[INFO] running `Command { std: "docker" "start" "-a" "4237d9d6aea7c716af165c4d17e56c0e9e11310e18f74374dc0e8996494166f6", kill_on_drop: false }`
[INFO] [stderr]    Compiling libc v0.2.132
[INFO] [stderr]    Compiling cc v1.0.73
[INFO] [stderr]    Compiling untrusted v0.7.1
[INFO] [stderr]    Compiling spin v0.5.2
[INFO] [stderr]    Compiling once_cell v1.14.0
[INFO] [stderr]    Compiling proc-macro2 v1.0.43
[INFO] [stderr]    Compiling cfg-if v1.0.0
[INFO] [stderr]    Compiling unicode-ident v1.0.4
[INFO] [stderr]    Compiling quote v1.0.21
[INFO] [stderr]    Compiling tinyvec_macros v0.1.0
[INFO] [stderr]    Compiling log v0.4.17
[INFO] [stderr]    Compiling crc32fast v1.3.2
[INFO] [stderr]    Compiling tinyvec v1.6.0
[INFO] [stderr]    Compiling syn v1.0.99
[INFO] [stderr]    Compiling unicode-bidi v0.3.8
[INFO] [stderr]    Compiling adler v1.0.2
[INFO] [stderr]    Compiling rustls v0.20.6
[INFO] [stderr]    Compiling percent-encoding v2.2.0
[INFO] [stderr]    Compiling miniz_oxide v0.5.4
[INFO] [stderr]    Compiling form_urlencoded v1.1.0
[INFO] [stderr]    Compiling ring v0.16.20
[INFO] [stderr]    Compiling unicode-normalization v0.1.22
[INFO] [stderr]    Compiling thiserror v1.0.35
[INFO] [stderr]    Compiling derive_pod v0.1.2
[INFO] [stderr]    Compiling flate2 v1.0.24
[INFO] [stderr]    Compiling fallible-iterator v0.2.0
[INFO] [stderr]    Compiling base64 v0.13.0
[INFO] [stderr]    Compiling idna v0.3.0
[INFO] [stderr]    Compiling dataview v1.0.1
[INFO] [stderr]    Compiling uuid v1.1.2
[INFO] [stderr]    Compiling pelite-macros v0.1.1
[INFO] [stderr]    Compiling no-std-compat v0.4.1
[INFO] [stderr]    Compiling scroll v0.11.0
[INFO] [stderr]    Compiling iced-x86 v1.18.0
[INFO] [stderr]    Compiling pdb v0.8.0
[INFO] [stderr]    Compiling url v2.3.1
[INFO] [stderr]    Compiling pelite v0.10.0
[INFO] [stderr]    Compiling thiserror-impl v1.0.35
[INFO] [stderr]    Compiling webpki v0.22.0
[INFO] [stderr]    Compiling sct v0.7.0
[INFO] [stderr]    Compiling webpki-roots v0.22.4
[INFO] [stderr]    Compiling ureq v2.6.2
[INFO] [stderr]    Compiling anonlink v0.1.1 (/opt/rustwide/workdir)
[INFO] [stdout] error[E0433]: failed to resolve: could not find `windows` in `os`
[INFO] [stdout]  --> src/main.rs:6:14
[INFO] [stdout]   |
[INFO] [stdout] 6 | use std::os::windows::process::CommandExt;
[INFO] [stdout]   |              ^^^^^^^ could not find `windows` in `os`
[INFO] [stdout] 
[INFO] [stdout] 
[INFO] [stdout] error[E0554]: `#![feature]` may not be used on the beta release channel
[INFO] [stdout]  --> src/main.rs:1:12
[INFO] [stdout]   |
[INFO] [stdout] 1 | #![feature(exit_status_error)]
[INFO] [stdout]   |            ^^^^^^^^^^^^^^^^^
[INFO] [stdout] 
[INFO] [stdout] 
[INFO] [stdout] error[E0599]: no method named `raw_arg` found for struct `Command` in the current scope
[INFO] [stdout]   --> src/main.rs:39:10
[INFO] [stdout]    |
[INFO] [stdout] 38 |       let output = Command::new("cmd")
[INFO] [stdout]    |  __________________-
[INFO] [stdout] 39 | |         .raw_arg(&format!("/C \"call \"{vcvars64}\" > NUL && where link\""))
[INFO] [stdout]    | |         -^^^^^^^ method not found in `Command`
[INFO] [stdout]    | |_________|
[INFO] [stdout]    | 
[INFO] [stdout] 
[INFO] [stdout] 
[INFO] [stdout] error: aborting due to 3 previous errors
[INFO] [stdout] 
[INFO] [stdout] 
[INFO] [stdout] Some errors have detailed explanations: E0433, E0554, E0599.
[INFO] [stdout] 
[INFO] [stdout] For more information about an error, try `rustc --explain E0433`.
[INFO] [stdout] 
[INFO] [stderr] error: could not compile `anonlink` (bin "anonlink") due to 4 previous errors
[INFO] running `Command { std: "docker" "inspect" "4237d9d6aea7c716af165c4d17e56c0e9e11310e18f74374dc0e8996494166f6", kill_on_drop: false }`
[INFO] running `Command { std: "docker" "rm" "-f" "4237d9d6aea7c716af165c4d17e56c0e9e11310e18f74374dc0e8996494166f6", kill_on_drop: false }`
[INFO] [stdout] 4237d9d6aea7c716af165c4d17e56c0e9e11310e18f74374dc0e8996494166f6
