[INFO] fetching crate andiskaz 0.2.0...
[INFO] testing andiskaz-0.2.0 against 1.69.0 for beta-1.70-1
[INFO] extracting crate andiskaz 0.2.0 into /workspace/builds/worker-4-tc1/source
[INFO] validating manifest of crates.io crate andiskaz 0.2.0 on toolchain 1.69.0
[INFO] running `Command { std: CARGO_HOME="/workspace/cargo-home" RUSTUP_HOME="/workspace/rustup-home" "/workspace/cargo-home/bin/cargo" "+1.69.0" "metadata" "--manifest-path" "Cargo.toml" "--no-deps", kill_on_drop: false }`
[INFO] started tweaking crates.io crate andiskaz 0.2.0
[INFO] removed 1 missing examples
[INFO] finished tweaking crates.io crate andiskaz 0.2.0
[INFO] tweaked toml for crates.io crate andiskaz 0.2.0 written to /workspace/builds/worker-4-tc1/source/Cargo.toml
[INFO] crate crates.io crate andiskaz 0.2.0 already has a lockfile, it will not be regenerated
[INFO] running `Command { std: CARGO_HOME="/workspace/cargo-home" RUSTUP_HOME="/workspace/rustup-home" "/workspace/cargo-home/bin/cargo" "+1.69.0" "fetch" "--manifest-path" "Cargo.toml", kill_on_drop: false }`
[INFO] [stderr]  Downloading crates ...
[INFO] [stderr]   Downloaded quote v1.0.9
[INFO] [stderr]   Downloaded num-rational v0.4.0
[INFO] [stderr]   Downloaded num-iter v0.1.42
[INFO] [stderr]   Downloaded num-complex v0.4.0
[INFO] [stderr]   Downloaded num-integer v0.1.44
[INFO] [stderr]   Downloaded futures-util v0.3.16
[INFO] [stderr]   Downloaded backtrace v0.3.61
[INFO] [stderr]   Downloaded instant v0.1.10
[INFO] [stderr]   Downloaded addr2line v0.16.0
[INFO] [stderr]   Downloaded cc v1.0.69
[INFO] [stderr]   Downloaded crossterm_winapi v0.6.2
[INFO] [stderr]   Downloaded futures-macro v0.3.16
[INFO] [stderr]   Downloaded serde_derive v1.0.129
[INFO] [stderr]   Downloaded serde v1.0.129
[INFO] [stderr]   Downloaded rustc-demangle v0.1.21
[INFO] [stderr]   Downloaded futures-task v0.3.16
[INFO] [stderr]   Downloaded crossterm v0.18.2
[INFO] [stderr]   Downloaded ppv-lite86 v0.2.10
[INFO] [stderr]   Downloaded futures-executor v0.3.16
[INFO] [stderr]   Downloaded futures-channel v0.3.16
[INFO] [stderr]   Downloaded syn v1.0.75
[INFO] [stderr]   Downloaded proc-macro-hack v0.5.19
[INFO] [stderr]   Downloaded futures v0.3.16
[INFO] [stderr]   Downloaded bytes v1.1.0
[INFO] [stderr]   Downloaded num_cpus v1.13.0
[INFO] [stderr]   Downloaded pin-project-lite v0.2.7
[INFO] [stderr]   Downloaded proc-macro2 v1.0.28
[INFO] [stderr]   Downloaded tokio-macros v1.3.0
[INFO] [stderr]   Downloaded miniz_oxide v0.4.4
[INFO] [stderr]   Downloaded object v0.26.2
[INFO] [stderr]   Downloaded smallvec v1.6.1
[INFO] [stderr]   Downloaded mio v0.7.13
[INFO] [stderr]   Downloaded signal-hook v0.1.17
[INFO] [stderr]   Downloaded futures-core v0.3.16
[INFO] [stderr]   Downloaded futures-io v0.3.16
[INFO] [stderr]   Downloaded futures-sink v0.3.16
[INFO] [stderr]   Downloaded slab v0.4.4
[INFO] [stderr]   Downloaded num-bigint v0.4.1
[INFO] [stderr]   Downloaded tokio v1.10.1
[INFO] [stderr]   Downloaded gimli v0.25.0
[INFO] [stderr]   Downloaded libc v0.2.101
[INFO] [stderr]   Downloaded gardiz v0.1.1
[INFO] [stderr]   Downloaded priority-queue v1.1.1
[INFO] running `Command { std: "docker" "create" "-v" "/var/lib/crater-agent-workspace/builds/worker-4-tc1/target:/opt/rustwide/target:rw,Z" "-v" "/var/lib/crater-agent-workspace/builds/worker-4-tc1/source:/opt/rustwide/workdir:ro,Z" "-v" "/var/lib/crater-agent-workspace/cargo-home:/opt/rustwide/cargo-home:ro,Z" "-v" "/var/lib/crater-agent-workspace/rustup-home:/opt/rustwide/rustup-home:ro,Z" "-e" "SOURCE_DIR=/opt/rustwide/workdir" "-e" "CARGO_TARGET_DIR=/opt/rustwide/target" "-e" "CARGO_HOME=/opt/rustwide/cargo-home" "-e" "RUSTUP_HOME=/opt/rustwide/rustup-home" "-w" "/opt/rustwide/workdir" "-m" "1610612736" "--user" "0:0" "--network" "none" "ghcr.io/rust-lang/crates-build-env/linux@sha256:5ff2268d62e97bff2cde7d5815dd6ed5b47097566f13b8d0ca110b04b60e07ed" "/opt/rustwide/cargo-home/bin/cargo" "+1.69.0" "metadata" "--no-deps" "--format-version=1", kill_on_drop: false }`
[INFO] [stdout] 7a4ed68202ccf3ce17eaecf69871b94cd9838ac1f207468ea28e91fec3efeecb
[INFO] running `Command { std: "docker" "start" "-a" "7a4ed68202ccf3ce17eaecf69871b94cd9838ac1f207468ea28e91fec3efeecb", kill_on_drop: false }`
[INFO] running `Command { std: "docker" "inspect" "7a4ed68202ccf3ce17eaecf69871b94cd9838ac1f207468ea28e91fec3efeecb", kill_on_drop: false }`
[INFO] running `Command { std: "docker" "rm" "-f" "7a4ed68202ccf3ce17eaecf69871b94cd9838ac1f207468ea28e91fec3efeecb", kill_on_drop: false }`
[INFO] [stdout] 7a4ed68202ccf3ce17eaecf69871b94cd9838ac1f207468ea28e91fec3efeecb
[INFO] running `Command { std: "docker" "create" "-v" "/var/lib/crater-agent-workspace/builds/worker-4-tc1/target:/opt/rustwide/target:rw,Z" "-v" "/var/lib/crater-agent-workspace/builds/worker-4-tc1/source:/opt/rustwide/workdir:ro,Z" "-v" "/var/lib/crater-agent-workspace/cargo-home:/opt/rustwide/cargo-home:ro,Z" "-v" "/var/lib/crater-agent-workspace/rustup-home:/opt/rustwide/rustup-home:ro,Z" "-e" "SOURCE_DIR=/opt/rustwide/workdir" "-e" "CARGO_TARGET_DIR=/opt/rustwide/target" "-e" "CARGO_INCREMENTAL=0" "-e" "RUST_BACKTRACE=full" "-e" "RUSTFLAGS=--cap-lints=warn" "-e" "RUSTDOCFLAGS=--cap-lints=warn" "-e" "CARGO_HOME=/opt/rustwide/cargo-home" "-e" "RUSTUP_HOME=/opt/rustwide/rustup-home" "-w" "/opt/rustwide/workdir" "-m" "1610612736" "--user" "0:0" "--network" "none" "ghcr.io/rust-lang/crates-build-env/linux@sha256:5ff2268d62e97bff2cde7d5815dd6ed5b47097566f13b8d0ca110b04b60e07ed" "/opt/rustwide/cargo-home/bin/cargo" "+1.69.0" "build" "--frozen" "--message-format=json", kill_on_drop: false }`
[INFO] [stdout] 46e4b38d19591fae714a46e2b2c1e94bab41c2c92b73b1fff82240ed700a89d9
[INFO] running `Command { std: "docker" "start" "-a" "46e4b38d19591fae714a46e2b2c1e94bab41c2c92b73b1fff82240ed700a89d9", kill_on_drop: false }`
[INFO] [stderr]    Compiling autocfg v1.0.1
[INFO] [stderr]    Compiling proc-macro2 v1.0.28
[INFO] [stderr]    Compiling libc v0.2.101
[INFO] [stderr]    Compiling unicode-xid v0.2.2
[INFO] [stderr]    Compiling syn v1.0.75
[INFO] [stderr]    Compiling proc-macro-hack v0.5.19
[INFO] [stderr]    Compiling futures-core v0.3.16
[INFO] [stderr]    Compiling memchr v2.4.1
[INFO] [stderr]    Compiling futures-task v0.3.16
[INFO] [stderr]    Compiling log v0.4.14
[INFO] [stderr]    Compiling futures-channel v0.3.16
[INFO] [stderr]    Compiling futures-macro v0.3.16
[INFO] [stderr]    Compiling futures-util v0.3.16
[INFO] [stderr]    Compiling parking_lot_core v0.8.5
[INFO] [stderr]    Compiling pin-project-lite v0.2.7
[INFO] [stderr]    Compiling futures-sink v0.3.16
[INFO] [stderr]    Compiling quote v1.0.9
[INFO] [stderr]    Compiling instant v0.1.10
[INFO] [stderr]    Compiling smallvec v1.6.1
[INFO] [stderr]    Compiling slab v0.4.4
[INFO] [stderr]    Compiling futures-io v0.3.16
[INFO] [stderr]    Compiling lock_api v0.4.5
[INFO] [stderr]    Compiling mio v0.7.13
[INFO] [stderr]    Compiling signal-hook-registry v1.4.0
[INFO] [stderr]    Compiling tokio v1.10.1
[INFO] [stderr]    Compiling num_cpus v1.13.0
[INFO] [stderr]    Compiling bytes v1.1.0
[INFO] [stderr]    Compiling unicode-segmentation v1.8.0
[INFO] [stderr]    Compiling parking_lot v0.11.2
[INFO] [stderr]    Compiling signal-hook v0.1.17
[INFO] [stderr]    Compiling crossterm v0.18.2
[INFO] [stderr]    Compiling tokio-macros v1.3.0
[INFO] [stderr]    Compiling futures-executor v0.3.16
[INFO] [stderr]    Compiling futures v0.3.16
[INFO] [stderr]    Compiling andiskaz v0.2.0 (/opt/rustwide/workdir)
[INFO] [stdout] warning: field `guard` is never read
[INFO] [stdout]    --> src/terminal.rs:335:5
[INFO] [stdout]     |
[INFO] [stdout] 333 | pub struct TerminalGuard<'terminal> {
[INFO] [stdout]     |            ------------- field in this struct
[INFO] [stdout] 334 |     /// Synchronization lock for application (exclusive).
[INFO] [stdout] 335 |     guard: AppSyncGuard<'terminal>,
[INFO] [stdout]     |     ^^^^^
[INFO] [stdout]     |
[INFO] [stdout]     = note: `TerminalGuard` has a derived impl for the trait `Debug`, but this is intentionally ignored during dead code analysis
[INFO] [stdout]     = note: `#[warn(dead_code)]` on by default
[INFO] [stdout] 
[INFO] [stdout] 
[INFO] [stdout] warning: field `inner` is never read
[INFO] [stdout]    --> src/terminal.rs:456:5
[INFO] [stdout]     |
[INFO] [stdout] 454 | pub(crate) struct ServiceSyncGuard<'shared> {
[INFO] [stdout]     |                   ---------------- field in this struct
[INFO] [stdout] 455 |     /// Inner lock guard.
[INFO] [stdout] 456 |     inner: RwLockReadGuard<'shared, ()>,
[INFO] [stdout]     |     ^^^^^
[INFO] [stdout]     |
[INFO] [stdout]     = note: `ServiceSyncGuard` has a derived impl for the trait `Debug`, but this is intentionally ignored during dead code analysis
[INFO] [stdout] 
[INFO] [stdout] 
[INFO] [stdout] warning: field `inner` is never read
[INFO] [stdout]    --> src/terminal.rs:463:5
[INFO] [stdout]     |
[INFO] [stdout] 461 | pub(crate) struct AppSyncGuard<'shared> {
[INFO] [stdout]     |                   ------------ field in this struct
[INFO] [stdout] 462 |     /// Inner lock guard.
[INFO] [stdout] 463 |     inner: RwLockWriteGuard<'shared, ()>,
[INFO] [stdout]     |     ^^^^^
[INFO] [stdout]     |
[INFO] [stdout]     = note: `AppSyncGuard` has a derived impl for the trait `Debug`, but this is intentionally ignored during dead code analysis
[INFO] [stdout] 
[INFO] [stdout] 
[INFO] [stdout] warning: 3 warnings emitted
[INFO] [stdout] 
[INFO] [stdout] 
[INFO] [stderr]     Finished dev [unoptimized + debuginfo] target(s) in 12.65s
[INFO] running `Command { std: "docker" "inspect" "46e4b38d19591fae714a46e2b2c1e94bab41c2c92b73b1fff82240ed700a89d9", kill_on_drop: false }`
[INFO] running `Command { std: "docker" "rm" "-f" "46e4b38d19591fae714a46e2b2c1e94bab41c2c92b73b1fff82240ed700a89d9", kill_on_drop: false }`
[INFO] [stdout] 46e4b38d19591fae714a46e2b2c1e94bab41c2c92b73b1fff82240ed700a89d9
[INFO] running `Command { std: "docker" "create" "-v" "/var/lib/crater-agent-workspace/builds/worker-4-tc1/target:/opt/rustwide/target:rw,Z" "-v" "/var/lib/crater-agent-workspace/builds/worker-4-tc1/source:/opt/rustwide/workdir:ro,Z" "-v" "/var/lib/crater-agent-workspace/cargo-home:/opt/rustwide/cargo-home:ro,Z" "-v" "/var/lib/crater-agent-workspace/rustup-home:/opt/rustwide/rustup-home:ro,Z" "-e" "SOURCE_DIR=/opt/rustwide/workdir" "-e" "CARGO_TARGET_DIR=/opt/rustwide/target" "-e" "CARGO_INCREMENTAL=0" "-e" "RUST_BACKTRACE=full" "-e" "RUSTFLAGS=--cap-lints=warn" "-e" "RUSTDOCFLAGS=--cap-lints=warn" "-e" "CARGO_HOME=/opt/rustwide/cargo-home" "-e" "RUSTUP_HOME=/opt/rustwide/rustup-home" "-w" "/opt/rustwide/workdir" "-m" "1610612736" "--user" "0:0" "--network" "none" "ghcr.io/rust-lang/crates-build-env/linux@sha256:5ff2268d62e97bff2cde7d5815dd6ed5b47097566f13b8d0ca110b04b60e07ed" "/opt/rustwide/cargo-home/bin/cargo" "+1.69.0" "test" "--frozen" "--no-run" "--message-format=json", kill_on_drop: false }`
[INFO] [stdout] 22e113a4fb05181d75aa6099d444032328838050220d8012cc38786bc7c4cffd
[INFO] running `Command { std: "docker" "start" "-a" "22e113a4fb05181d75aa6099d444032328838050220d8012cc38786bc7c4cffd", kill_on_drop: false }`
[INFO] [stderr]    Compiling getrandom v0.1.16
[INFO] [stderr]    Compiling miniz_oxide v0.4.4
[INFO] [stderr]    Compiling cc v1.0.69
[INFO] [stderr]    Compiling ppv-lite86 v0.2.10
[INFO] [stderr]    Compiling gimli v0.25.0
[INFO] [stderr]    Compiling adler v1.0.2
[INFO] [stderr]    Compiling object v0.26.2
[INFO] [stderr]    Compiling rustc-demangle v0.1.21
[INFO] [stderr]    Compiling rand_core v0.5.1
[INFO] [stdout] warning: field `guard` is never read
[INFO] [stdout]    --> src/terminal.rs:335:5
[INFO] [stdout]     |
[INFO] [stdout] 333 | pub struct TerminalGuard<'terminal> {
[INFO] [stdout]     |            ------------- field in this struct
[INFO] [stdout] 334 |     /// Synchronization lock for application (exclusive).
[INFO] [stdout] 335 |     guard: AppSyncGuard<'terminal>,
[INFO] [stdout]     |     ^^^^^
[INFO] [stdout]     |
[INFO] [stdout]     = note: `TerminalGuard` has a derived impl for the trait `Debug`, but this is intentionally ignored during dead code analysis
[INFO] [stdout]     = note: `#[warn(dead_code)]` on by default
[INFO] [stdout] 
[INFO] [stdout] 
[INFO] [stdout] warning: field `inner` is never read
[INFO] [stdout]    --> src/terminal.rs:456:5
[INFO] [stdout]     |
[INFO] [stdout] 454 | pub(crate) struct ServiceSyncGuard<'shared> {
[INFO] [stdout]     |                   ---------------- field in this struct
[INFO] [stdout] 455 |     /// Inner lock guard.
[INFO] [stdout] 456 |     inner: RwLockReadGuard<'shared, ()>,
[INFO] [stdout]     |     ^^^^^
[INFO] [stdout]     |
[INFO] [stdout]     = note: `ServiceSyncGuard` has a derived impl for the trait `Debug`, but this is intentionally ignored during dead code analysis
[INFO] [stdout] 
[INFO] [stdout] 
[INFO] [stdout] warning: field `inner` is never read
[INFO] [stdout]    --> src/terminal.rs:463:5
[INFO] [stdout]     |
[INFO] [stdout] 461 | pub(crate) struct AppSyncGuard<'shared> {
[INFO] [stdout]     |                   ------------ field in this struct
[INFO] [stdout] 462 |     /// Inner lock guard.
[INFO] [stdout] 463 |     inner: RwLockWriteGuard<'shared, ()>,
[INFO] [stdout]     |     ^^^^^
[INFO] [stdout]     |
[INFO] [stdout]     = note: `AppSyncGuard` has a derived impl for the trait `Debug`, but this is intentionally ignored during dead code analysis
[INFO] [stdout] 
[INFO] [stdout] 
[INFO] [stdout] warning: 3 warnings emitted
[INFO] [stdout] 
[INFO] [stdout] 
[INFO] [stderr]    Compiling rand_chacha v0.2.2
[INFO] [stderr]    Compiling backtrace v0.3.61
[INFO] [stderr]    Compiling rand v0.7.3
[INFO] [stderr]    Compiling addr2line v0.16.0
[INFO] [stderr]    Compiling andiskaz v0.2.0 (/opt/rustwide/workdir)
[INFO] [stdout] error[E0433]: failed to resolve: use of undeclared crate or module `gardiz`
[INFO] [stdout]  --> examples/snakegame/snake.rs:9:5
[INFO] [stdout]   |
[INFO] [stdout] 9 | use gardiz::{direc::Direction, rect::Rect};
[INFO] [stdout]   |     ^^^^^^ use of undeclared crate or module `gardiz`
[INFO] [stdout] 
[INFO] [stdout] 
[INFO] [stdout] error[E0433]: failed to resolve: use of undeclared crate or module `gardiz`
[INFO] [stdout]  --> examples/snakegame/food.rs:9:5
[INFO] [stdout]   |
[INFO] [stdout] 9 | use gardiz::rect::Rect;
[INFO] [stdout]   |     ^^^^^^ use of undeclared crate or module `gardiz`
[INFO] [stdout] 
[INFO] [stdout] 
[INFO] [stdout] error[E0433]: failed to resolve: use of undeclared crate or module `gardiz`
[INFO] [stdout]   --> examples/snakegame/game.rs:16:5
[INFO] [stdout]    |
[INFO] [stdout] 16 | use gardiz::{direc::Direction, rect::Rect};
[INFO] [stdout]    |     ^^^^^^ use of undeclared crate or module `gardiz`
[INFO] [stdout] 
[INFO] [stdout] 
[INFO] [stdout] error[E0599]: no method named `checked_move` found for struct `Vec2` in the current scope
[INFO] [stdout]   --> examples/snakegame/snake.rs:63:41
[INFO] [stdout]    |
[INFO] [stdout] 63 |         let new_head = self.segments[0].checked_move(self.direction)?;
[INFO] [stdout]    |                                         ^^^^^^^^^^^^ method not found in `Vec2`
[INFO] [stdout] 
[INFO] [stdout] 
[INFO] [stdout] error: aborting due to 4 previous errors
[INFO] [stdout] 
[INFO] [stdout] 
[INFO] [stdout] Some errors have detailed explanations: E0433, E0599.
[INFO] [stdout] 
[INFO] [stdout] For more information about an error, try `rustc --explain E0433`.
[INFO] [stdout] 
[INFO] [stderr] error: could not compile `andiskaz` due to 5 previous errors
[INFO] [stderr] warning: build failed, waiting for other jobs to finish...
[INFO] [stdout] warning: field `guard` is never read
[INFO] [stdout]    --> src/terminal.rs:335:5
[INFO] [stdout]     |
[INFO] [stdout] 333 | pub struct TerminalGuard<'terminal> {
[INFO] [stdout]     |            ------------- field in this struct
[INFO] [stdout] 334 |     /// Synchronization lock for application (exclusive).
[INFO] [stdout] 335 |     guard: AppSyncGuard<'terminal>,
[INFO] [stdout]     |     ^^^^^
[INFO] [stdout]     |
[INFO] [stdout]     = note: `TerminalGuard` has a derived impl for the trait `Debug`, but this is intentionally ignored during dead code analysis
[INFO] [stdout]     = note: `#[warn(dead_code)]` on by default
[INFO] [stdout] 
[INFO] [stdout] 
[INFO] [stdout] warning: field `inner` is never read
[INFO] [stdout]    --> src/terminal.rs:456:5
[INFO] [stdout]     |
[INFO] [stdout] 454 | pub(crate) struct ServiceSyncGuard<'shared> {
[INFO] [stdout]     |                   ---------------- field in this struct
[INFO] [stdout] 455 |     /// Inner lock guard.
[INFO] [stdout] 456 |     inner: RwLockReadGuard<'shared, ()>,
[INFO] [stdout]     |     ^^^^^
[INFO] [stdout]     |
[INFO] [stdout]     = note: `ServiceSyncGuard` has a derived impl for the trait `Debug`, but this is intentionally ignored during dead code analysis
[INFO] [stdout] 
[INFO] [stdout] 
[INFO] [stdout] warning: field `inner` is never read
[INFO] [stdout]    --> src/terminal.rs:463:5
[INFO] [stdout]     |
[INFO] [stdout] 461 | pub(crate) struct AppSyncGuard<'shared> {
[INFO] [stdout]     |                   ------------ field in this struct
[INFO] [stdout] 462 |     /// Inner lock guard.
[INFO] [stdout] 463 |     inner: RwLockWriteGuard<'shared, ()>,
[INFO] [stdout]     |     ^^^^^
[INFO] [stdout]     |
[INFO] [stdout]     = note: `AppSyncGuard` has a derived impl for the trait `Debug`, but this is intentionally ignored during dead code analysis
[INFO] [stdout] 
[INFO] [stdout] 
[INFO] [stdout] warning: 3 warnings emitted
[INFO] [stdout] 
[INFO] [stdout] 
[INFO] running `Command { std: "docker" "inspect" "22e113a4fb05181d75aa6099d444032328838050220d8012cc38786bc7c4cffd", kill_on_drop: false }`
[INFO] running `Command { std: "docker" "rm" "-f" "22e113a4fb05181d75aa6099d444032328838050220d8012cc38786bc7c4cffd", kill_on_drop: false }`
[INFO] [stdout] 22e113a4fb05181d75aa6099d444032328838050220d8012cc38786bc7c4cffd
