[INFO] fetching crate amcl 0.2.0...
[INFO] testing amcl-0.2.0 against 1.69.0 for beta-1.70-1
[INFO] extracting crate amcl 0.2.0 into /workspace/builds/worker-0-tc1/source
[INFO] validating manifest of crates.io crate amcl 0.2.0 on toolchain 1.69.0
[INFO] running `Command { std: CARGO_HOME="/workspace/cargo-home" RUSTUP_HOME="/workspace/rustup-home" "/workspace/cargo-home/bin/cargo" "+1.69.0" "metadata" "--manifest-path" "Cargo.toml" "--no-deps", kill_on_drop: false }`
[INFO] started tweaking crates.io crate amcl 0.2.0
[INFO] finished tweaking crates.io crate amcl 0.2.0
[INFO] tweaked toml for crates.io crate amcl 0.2.0 written to /workspace/builds/worker-0-tc1/source/Cargo.toml
[INFO] running `Command { std: CARGO_HOME="/workspace/cargo-home" RUSTUP_HOME="/workspace/rustup-home" __CARGO_TEST_CHANNEL_OVERRIDE_DO_NOT_USE_THIS="nightly" "/workspace/cargo-home/bin/cargo" "+1.69.0" "generate-lockfile" "--manifest-path" "Cargo.toml" "-Zno-index-update", kill_on_drop: false }`
[INFO] running `Command { std: CARGO_HOME="/workspace/cargo-home" RUSTUP_HOME="/workspace/rustup-home" "/workspace/cargo-home/bin/cargo" "+1.69.0" "fetch" "--manifest-path" "Cargo.toml", kill_on_drop: false }`
[INFO] running `Command { std: "docker" "create" "-v" "/var/lib/crater-agent-workspace/builds/worker-0-tc1/target:/opt/rustwide/target:rw,Z" "-v" "/var/lib/crater-agent-workspace/builds/worker-0-tc1/source:/opt/rustwide/workdir:ro,Z" "-v" "/var/lib/crater-agent-workspace/cargo-home:/opt/rustwide/cargo-home:ro,Z" "-v" "/var/lib/crater-agent-workspace/rustup-home:/opt/rustwide/rustup-home:ro,Z" "-e" "SOURCE_DIR=/opt/rustwide/workdir" "-e" "CARGO_TARGET_DIR=/opt/rustwide/target" "-e" "CARGO_HOME=/opt/rustwide/cargo-home" "-e" "RUSTUP_HOME=/opt/rustwide/rustup-home" "-w" "/opt/rustwide/workdir" "-m" "1610612736" "--user" "0:0" "--network" "none" "ghcr.io/rust-lang/crates-build-env/linux@sha256:5ff2268d62e97bff2cde7d5815dd6ed5b47097566f13b8d0ca110b04b60e07ed" "/opt/rustwide/cargo-home/bin/cargo" "+1.69.0" "metadata" "--no-deps" "--format-version=1", kill_on_drop: false }`
[INFO] [stdout] 994bd835b058e58a263832ec8f7972971c15092f5d3cb9fda80e696df3f64796
[INFO] running `Command { std: "docker" "start" "-a" "994bd835b058e58a263832ec8f7972971c15092f5d3cb9fda80e696df3f64796", kill_on_drop: false }`
[INFO] running `Command { std: "docker" "inspect" "994bd835b058e58a263832ec8f7972971c15092f5d3cb9fda80e696df3f64796", kill_on_drop: false }`
[INFO] running `Command { std: "docker" "rm" "-f" "994bd835b058e58a263832ec8f7972971c15092f5d3cb9fda80e696df3f64796", kill_on_drop: false }`
[INFO] [stdout] 994bd835b058e58a263832ec8f7972971c15092f5d3cb9fda80e696df3f64796
[INFO] running `Command { std: "docker" "create" "-v" "/var/lib/crater-agent-workspace/builds/worker-0-tc1/target:/opt/rustwide/target:rw,Z" "-v" "/var/lib/crater-agent-workspace/builds/worker-0-tc1/source:/opt/rustwide/workdir:ro,Z" "-v" "/var/lib/crater-agent-workspace/cargo-home:/opt/rustwide/cargo-home:ro,Z" "-v" "/var/lib/crater-agent-workspace/rustup-home:/opt/rustwide/rustup-home:ro,Z" "-e" "SOURCE_DIR=/opt/rustwide/workdir" "-e" "CARGO_TARGET_DIR=/opt/rustwide/target" "-e" "CARGO_INCREMENTAL=0" "-e" "RUST_BACKTRACE=full" "-e" "RUSTFLAGS=--cap-lints=warn" "-e" "RUSTDOCFLAGS=--cap-lints=warn" "-e" "CARGO_HOME=/opt/rustwide/cargo-home" "-e" "RUSTUP_HOME=/opt/rustwide/rustup-home" "-w" "/opt/rustwide/workdir" "-m" "1610612736" "--user" "0:0" "--network" "none" "ghcr.io/rust-lang/crates-build-env/linux@sha256:5ff2268d62e97bff2cde7d5815dd6ed5b47097566f13b8d0ca110b04b60e07ed" "/opt/rustwide/cargo-home/bin/cargo" "+1.69.0" "build" "--frozen" "--message-format=json", kill_on_drop: false }`
[INFO] [stdout] 0eb900507c861ec916aa7f2cda5f10841ac92eef098ac2f9a60949d7c7b9a406
[INFO] running `Command { std: "docker" "start" "-a" "0eb900507c861ec916aa7f2cda5f10841ac92eef098ac2f9a60949d7c7b9a406", kill_on_drop: false }`
[INFO] [stderr]    Compiling amcl v0.2.0 (/opt/rustwide/workdir)
[INFO] [stdout] warning: unnecessary parentheses around assigned value
[INFO] [stdout]   --> src/nhs.rs:32:23
[INFO] [stdout]    |
[INFO] [stdout] 32 | const DEGREE: usize = (1 << LGN);
[INFO] [stdout]    |                       ^        ^
[INFO] [stdout]    |
[INFO] [stdout]    = note: `#[warn(unused_parens)]` on by default
[INFO] [stdout] help: remove these parentheses
[INFO] [stdout]    |
[INFO] [stdout] 32 - const DEGREE: usize = (1 << LGN);
[INFO] [stdout] 32 + const DEGREE: usize = 1 << LGN;
[INFO] [stdout]    |
[INFO] [stdout] 
[INFO] [stdout] 
[INFO] [stdout] warning: variant `NOT_SPECIAL` should have an upper camel case name
[INFO] [stdout]  --> src/types.rs:3:5
[INFO] [stdout]   |
[INFO] [stdout] 3 |     NOT_SPECIAL,
[INFO] [stdout]   |     ^^^^^^^^^^^ help: convert the identifier to upper camel case: `NotSpecial`
[INFO] [stdout]   |
[INFO] [stdout]   = note: `#[warn(non_camel_case_types)]` on by default
[INFO] [stdout] 
[INFO] [stdout] 
[INFO] [stdout] warning: variant `PSEUDO_MERSENNE` should have an upper camel case name
[INFO] [stdout]  --> src/types.rs:4:5
[INFO] [stdout]   |
[INFO] [stdout] 4 |     PSEUDO_MERSENNE,
[INFO] [stdout]   |     ^^^^^^^^^^^^^^^ help: convert the identifier to upper camel case: `PseudoMersenne`
[INFO] [stdout] 
[INFO] [stdout] 
[INFO] [stdout] warning: variant `MONTGOMERY_FRIENDLY` should have an upper camel case name
[INFO] [stdout]  --> src/types.rs:5:5
[INFO] [stdout]   |
[INFO] [stdout] 5 |     MONTGOMERY_FRIENDLY,
[INFO] [stdout]   |     ^^^^^^^^^^^^^^^^^^^ help: convert the identifier to upper camel case: `MontgomeryFriendly`
[INFO] [stdout] 
[INFO] [stdout] 
[INFO] [stdout] warning: variant `GENERALISED_MERSENNE` should have an upper camel case name
[INFO] [stdout]  --> src/types.rs:6:5
[INFO] [stdout]   |
[INFO] [stdout] 6 |     GENERALISED_MERSENNE,
[INFO] [stdout]   |     ^^^^^^^^^^^^^^^^^^^^ help: convert the identifier to upper camel case: `GeneralisedMersenne`
[INFO] [stdout] 
[INFO] [stdout] 
[INFO] [stdout] warning: variant `D_TYPE` should have an upper camel case name
[INFO] [stdout]   --> src/types.rs:26:5
[INFO] [stdout]    |
[INFO] [stdout] 26 |     D_TYPE,
[INFO] [stdout]    |     ^^^^^^ help: convert the identifier to upper camel case: `DType`
[INFO] [stdout] 
[INFO] [stdout] 
[INFO] [stdout] warning: variant `M_TYPE` should have an upper camel case name
[INFO] [stdout]   --> src/types.rs:27:5
[INFO] [stdout]    |
[INFO] [stdout] 27 |     M_TYPE,
[INFO] [stdout]    |     ^^^^^^ help: convert the identifier to upper camel case: `MType`
[INFO] [stdout] 
[INFO] [stdout] 
[INFO] [stdout] warning: unnecessary parentheses around assigned value
[INFO] [stdout]   --> src/./big.rs:33:25
[INFO] [stdout]    |
[INFO] [stdout] 33 | pub const NLEN: usize = (1 + ((8 * MODBYTES - 1) / BASEBITS));
[INFO] [stdout]    |                         ^                                   ^
[INFO] [stdout]    |
[INFO] [stdout] help: remove these parentheses
[INFO] [stdout]    |
[INFO] [stdout] 33 - pub const NLEN: usize = (1 + ((8 * MODBYTES - 1) / BASEBITS));
[INFO] [stdout] 33 + pub const NLEN: usize = 1 + ((8 * MODBYTES - 1) / BASEBITS);
[INFO] [stdout]    |
[INFO] [stdout] 
[INFO] [stdout] 
[INFO] [stdout] warning: unnecessary parentheses around assigned value
[INFO] [stdout]   --> src/./big.rs:35:26
[INFO] [stdout]    |
[INFO] [stdout] 35 | pub const BMASK: Chunk = ((1 << BASEBITS) - 1);
[INFO] [stdout]    |                          ^                   ^
[INFO] [stdout]    |
[INFO] [stdout] help: remove these parentheses
[INFO] [stdout]    |
[INFO] [stdout] 35 - pub const BMASK: Chunk = ((1 << BASEBITS) - 1);
[INFO] [stdout] 35 + pub const BMASK: Chunk = (1 << BASEBITS) - 1;
[INFO] [stdout]    |
[INFO] [stdout] 
[INFO] [stdout] 
[INFO] [stdout] warning: unnecessary parentheses around assigned value
[INFO] [stdout]   --> src/./big.rs:36:26
[INFO] [stdout]    |
[INFO] [stdout] 36 | pub const HBITS: usize = (BASEBITS / 2);
[INFO] [stdout]    |                          ^            ^
[INFO] [stdout]    |
[INFO] [stdout] help: remove these parentheses
[INFO] [stdout]    |
[INFO] [stdout] 36 - pub const HBITS: usize = (BASEBITS / 2);
[INFO] [stdout] 36 + pub const HBITS: usize = BASEBITS / 2;
[INFO] [stdout]    |
[INFO] [stdout] 
[INFO] [stdout] 
[INFO] [stdout] warning: unnecessary parentheses around assigned value
[INFO] [stdout]   --> src/./big.rs:37:26
[INFO] [stdout]    |
[INFO] [stdout] 37 | pub const HMASK: Chunk = ((1 << HBITS) - 1);
[INFO] [stdout]    |                          ^                ^
[INFO] [stdout]    |
[INFO] [stdout] help: remove these parentheses
[INFO] [stdout]    |
[INFO] [stdout] 37 - pub const HMASK: Chunk = ((1 << HBITS) - 1);
[INFO] [stdout] 37 + pub const HMASK: Chunk = (1 << HBITS) - 1;
[INFO] [stdout]    |
[INFO] [stdout] 
[INFO] [stdout] 
[INFO] [stdout] warning: unnecessary parentheses around assigned value
[INFO] [stdout]   --> src/./big.rs:38:28
[INFO] [stdout]    |
[INFO] [stdout] 38 | pub const NEXCESS: isize = (1 << ((arch::CHUNK) - BASEBITS - 1));
[INFO] [stdout]    |                            ^                                   ^
[INFO] [stdout]    |
[INFO] [stdout] help: remove these parentheses
[INFO] [stdout]    |
[INFO] [stdout] 38 - pub const NEXCESS: isize = (1 << ((arch::CHUNK) - BASEBITS - 1));
[INFO] [stdout] 38 + pub const NEXCESS: isize = 1 << ((arch::CHUNK) - BASEBITS - 1);
[INFO] [stdout]    |
[INFO] [stdout] 
[INFO] [stdout] 
[INFO] [stdout] warning: unnecessary parentheses around assigned value
[INFO] [stdout]   --> src/./big.rs:39:28
[INFO] [stdout]    |
[INFO] [stdout] 39 | pub const BIGBITS: usize = (MODBYTES * 8);
[INFO] [stdout]    |                            ^            ^
[INFO] [stdout]    |
[INFO] [stdout] help: remove these parentheses
[INFO] [stdout]    |
[INFO] [stdout] 39 - pub const BIGBITS: usize = (MODBYTES * 8);
[INFO] [stdout] 39 + pub const BIGBITS: usize = MODBYTES * 8;
[INFO] [stdout]    |
[INFO] [stdout] 
[INFO] [stdout] 
[INFO] [stdout] warning: unnecessary parentheses around assigned value
[INFO] [stdout]   --> src/./fp.rs:57:25
[INFO] [stdout]    |
[INFO] [stdout] 57 | pub const FEXCESS:i32 = (((1 as i32)<<SH)-1);
[INFO] [stdout]    |                         ^                  ^
[INFO] [stdout]    |
[INFO] [stdout] help: remove these parentheses
[INFO] [stdout]    |
[INFO] [stdout] 57 - pub const FEXCESS:i32 = (((1 as i32)<<SH)-1);
[INFO] [stdout] 57 + pub const FEXCESS:i32 = ((1 as i32)<<SH)-1;
[INFO] [stdout]    |
[INFO] [stdout] 
[INFO] [stdout] 
[INFO] [stdout] warning: constant `GCM_ENCRYPTING` is never used
[INFO] [stdout]   --> src/gcm.rs:25:7
[INFO] [stdout]    |
[INFO] [stdout] 25 | const GCM_ENCRYPTING: usize = 0;
[INFO] [stdout]    |       ^^^^^^^^^^^^^^
[INFO] [stdout]    |
[INFO] [stdout]    = note: `#[warn(dead_code)]` on by default
[INFO] [stdout] 
[INFO] [stdout] 
[INFO] [stdout] warning: constant `GCM_DECRYPTING` is never used
[INFO] [stdout]   --> src/gcm.rs:26:7
[INFO] [stdout]    |
[INFO] [stdout] 26 | const GCM_DECRYPTING: usize = 1;
[INFO] [stdout]    |       ^^^^^^^^^^^^^^
[INFO] [stdout] 
[INFO] [stdout] 
[INFO] [stdout] warning: 16 warnings emitted
[INFO] [stdout] 
[INFO] [stdout] 
[INFO] [stderr]     Finished dev [unoptimized + debuginfo] target(s) in 1.73s
[INFO] running `Command { std: "docker" "inspect" "0eb900507c861ec916aa7f2cda5f10841ac92eef098ac2f9a60949d7c7b9a406", kill_on_drop: false }`
[INFO] running `Command { std: "docker" "rm" "-f" "0eb900507c861ec916aa7f2cda5f10841ac92eef098ac2f9a60949d7c7b9a406", kill_on_drop: false }`
[INFO] [stdout] 0eb900507c861ec916aa7f2cda5f10841ac92eef098ac2f9a60949d7c7b9a406
[INFO] running `Command { std: "docker" "create" "-v" "/var/lib/crater-agent-workspace/builds/worker-0-tc1/target:/opt/rustwide/target:rw,Z" "-v" "/var/lib/crater-agent-workspace/builds/worker-0-tc1/source:/opt/rustwide/workdir:ro,Z" "-v" "/var/lib/crater-agent-workspace/cargo-home:/opt/rustwide/cargo-home:ro,Z" "-v" "/var/lib/crater-agent-workspace/rustup-home:/opt/rustwide/rustup-home:ro,Z" "-e" "SOURCE_DIR=/opt/rustwide/workdir" "-e" "CARGO_TARGET_DIR=/opt/rustwide/target" "-e" "CARGO_INCREMENTAL=0" "-e" "RUST_BACKTRACE=full" "-e" "RUSTFLAGS=--cap-lints=warn" "-e" "RUSTDOCFLAGS=--cap-lints=warn" "-e" "CARGO_HOME=/opt/rustwide/cargo-home" "-e" "RUSTUP_HOME=/opt/rustwide/rustup-home" "-w" "/opt/rustwide/workdir" "-m" "1610612736" "--user" "0:0" "--network" "none" "ghcr.io/rust-lang/crates-build-env/linux@sha256:5ff2268d62e97bff2cde7d5815dd6ed5b47097566f13b8d0ca110b04b60e07ed" "/opt/rustwide/cargo-home/bin/cargo" "+1.69.0" "test" "--frozen" "--no-run" "--message-format=json", kill_on_drop: false }`
[INFO] [stdout] 5d9d2da805a16b430a37d97532aac8be437e5f5407992ccadd04e5185e5e1b3a
[INFO] running `Command { std: "docker" "start" "-a" "5d9d2da805a16b430a37d97532aac8be437e5f5407992ccadd04e5185e5e1b3a", kill_on_drop: false }`
[INFO] [stderr]    Compiling amcl v0.2.0 (/opt/rustwide/workdir)
[INFO] [stdout] warning: unnecessary parentheses around assigned value
[INFO] [stdout]   --> src/nhs.rs:32:23
[INFO] [stdout]    |
[INFO] [stdout] 32 | const DEGREE: usize = (1 << LGN);
[INFO] [stdout]    |                       ^        ^
[INFO] [stdout]    |
[INFO] [stdout]    = note: `#[warn(unused_parens)]` on by default
[INFO] [stdout] help: remove these parentheses
[INFO] [stdout]    |
[INFO] [stdout] 32 - const DEGREE: usize = (1 << LGN);
[INFO] [stdout] 32 + const DEGREE: usize = 1 << LGN;
[INFO] [stdout]    |
[INFO] [stdout] 
[INFO] [stdout] 
[INFO] [stdout] warning: variant `NOT_SPECIAL` should have an upper camel case name
[INFO] [stdout]  --> src/types.rs:3:5
[INFO] [stdout]   |
[INFO] [stdout] 3 |     NOT_SPECIAL,
[INFO] [stdout]   |     ^^^^^^^^^^^ help: convert the identifier to upper camel case: `NotSpecial`
[INFO] [stdout]   |
[INFO] [stdout]   = note: `#[warn(non_camel_case_types)]` on by default
[INFO] [stdout] 
[INFO] [stdout] 
[INFO] [stdout] warning: variant `PSEUDO_MERSENNE` should have an upper camel case name
[INFO] [stdout]  --> src/types.rs:4:5
[INFO] [stdout]   |
[INFO] [stdout] 4 |     PSEUDO_MERSENNE,
[INFO] [stdout]   |     ^^^^^^^^^^^^^^^ help: convert the identifier to upper camel case: `PseudoMersenne`
[INFO] [stdout] 
[INFO] [stdout] 
[INFO] [stdout] warning: variant `MONTGOMERY_FRIENDLY` should have an upper camel case name
[INFO] [stdout]  --> src/types.rs:5:5
[INFO] [stdout]   |
[INFO] [stdout] 5 |     MONTGOMERY_FRIENDLY,
[INFO] [stdout]   |     ^^^^^^^^^^^^^^^^^^^ help: convert the identifier to upper camel case: `MontgomeryFriendly`
[INFO] [stdout] 
[INFO] [stdout] 
[INFO] [stdout] warning: variant `GENERALISED_MERSENNE` should have an upper camel case name
[INFO] [stdout]  --> src/types.rs:6:5
[INFO] [stdout]   |
[INFO] [stdout] 6 |     GENERALISED_MERSENNE,
[INFO] [stdout]   |     ^^^^^^^^^^^^^^^^^^^^ help: convert the identifier to upper camel case: `GeneralisedMersenne`
[INFO] [stdout] 
[INFO] [stdout] 
[INFO] [stdout] warning: variant `D_TYPE` should have an upper camel case name
[INFO] [stdout]   --> src/types.rs:26:5
[INFO] [stdout]    |
[INFO] [stdout] 26 |     D_TYPE,
[INFO] [stdout]    |     ^^^^^^ help: convert the identifier to upper camel case: `DType`
[INFO] [stdout] 
[INFO] [stdout] 
[INFO] [stdout] warning: variant `M_TYPE` should have an upper camel case name
[INFO] [stdout]   --> src/types.rs:27:5
[INFO] [stdout]    |
[INFO] [stdout] 27 |     M_TYPE,
[INFO] [stdout]    |     ^^^^^^ help: convert the identifier to upper camel case: `MType`
[INFO] [stdout] 
[INFO] [stdout] 
[INFO] [stdout] warning: unnecessary parentheses around assigned value
[INFO] [stdout]   --> src/./big.rs:33:25
[INFO] [stdout]    |
[INFO] [stdout] 33 | pub const NLEN: usize = (1 + ((8 * MODBYTES - 1) / BASEBITS));
[INFO] [stdout]    |                         ^                                   ^
[INFO] [stdout]    |
[INFO] [stdout] help: remove these parentheses
[INFO] [stdout]    |
[INFO] [stdout] 33 - pub const NLEN: usize = (1 + ((8 * MODBYTES - 1) / BASEBITS));
[INFO] [stdout] 33 + pub const NLEN: usize = 1 + ((8 * MODBYTES - 1) / BASEBITS);
[INFO] [stdout]    |
[INFO] [stdout] 
[INFO] [stdout] 
[INFO] [stdout] warning: unnecessary parentheses around assigned value
[INFO] [stdout]   --> src/./big.rs:35:26
[INFO] [stdout]    |
[INFO] [stdout] 35 | pub const BMASK: Chunk = ((1 << BASEBITS) - 1);
[INFO] [stdout]    |                          ^                   ^
[INFO] [stdout]    |
[INFO] [stdout] help: remove these parentheses
[INFO] [stdout]    |
[INFO] [stdout] 35 - pub const BMASK: Chunk = ((1 << BASEBITS) - 1);
[INFO] [stdout] 35 + pub const BMASK: Chunk = (1 << BASEBITS) - 1;
[INFO] [stdout]    |
[INFO] [stdout] 
[INFO] [stdout] 
[INFO] [stdout] warning: unnecessary parentheses around assigned value
[INFO] [stdout]   --> src/./big.rs:36:26
[INFO] [stdout]    |
[INFO] [stdout] 36 | pub const HBITS: usize = (BASEBITS / 2);
[INFO] [stdout]    |                          ^            ^
[INFO] [stdout]    |
[INFO] [stdout] help: remove these parentheses
[INFO] [stdout]    |
[INFO] [stdout] 36 - pub const HBITS: usize = (BASEBITS / 2);
[INFO] [stdout] 36 + pub const HBITS: usize = BASEBITS / 2;
[INFO] [stdout]    |
[INFO] [stdout] 
[INFO] [stdout] 
[INFO] [stdout] warning: unnecessary parentheses around assigned value
[INFO] [stdout]   --> src/./big.rs:37:26
[INFO] [stdout]    |
[INFO] [stdout] 37 | pub const HMASK: Chunk = ((1 << HBITS) - 1);
[INFO] [stdout]    |                          ^                ^
[INFO] [stdout]    |
[INFO] [stdout] help: remove these parentheses
[INFO] [stdout]    |
[INFO] [stdout] 37 - pub const HMASK: Chunk = ((1 << HBITS) - 1);
[INFO] [stdout] 37 + pub const HMASK: Chunk = (1 << HBITS) - 1;
[INFO] [stdout]    |
[INFO] [stdout] 
[INFO] [stdout] 
[INFO] [stdout] warning: unnecessary parentheses around assigned value
[INFO] [stdout]   --> src/./big.rs:38:28
[INFO] [stdout]    |
[INFO] [stdout] 38 | pub const NEXCESS: isize = (1 << ((arch::CHUNK) - BASEBITS - 1));
[INFO] [stdout]    |                            ^                                   ^
[INFO] [stdout]    |
[INFO] [stdout] help: remove these parentheses
[INFO] [stdout]    |
[INFO] [stdout] 38 - pub const NEXCESS: isize = (1 << ((arch::CHUNK) - BASEBITS - 1));
[INFO] [stdout] 38 + pub const NEXCESS: isize = 1 << ((arch::CHUNK) - BASEBITS - 1);
[INFO] [stdout]    |
[INFO] [stdout] 
[INFO] [stdout] 
[INFO] [stdout] warning: unnecessary parentheses around assigned value
[INFO] [stdout]   --> src/./big.rs:39:28
[INFO] [stdout]    |
[INFO] [stdout] 39 | pub const BIGBITS: usize = (MODBYTES * 8);
[INFO] [stdout]    |                            ^            ^
[INFO] [stdout]    |
[INFO] [stdout] help: remove these parentheses
[INFO] [stdout]    |
[INFO] [stdout] 39 - pub const BIGBITS: usize = (MODBYTES * 8);
[INFO] [stdout] 39 + pub const BIGBITS: usize = MODBYTES * 8;
[INFO] [stdout]    |
[INFO] [stdout] 
[INFO] [stdout] 
[INFO] [stdout] warning: unnecessary parentheses around assigned value
[INFO] [stdout]   --> src/./fp.rs:57:25
[INFO] [stdout]    |
[INFO] [stdout] 57 | pub const FEXCESS:i32 = (((1 as i32)<<SH)-1);
[INFO] [stdout]    |                         ^                  ^
[INFO] [stdout]    |
[INFO] [stdout] help: remove these parentheses
[INFO] [stdout]    |
[INFO] [stdout] 57 - pub const FEXCESS:i32 = (((1 as i32)<<SH)-1);
[INFO] [stdout] 57 + pub const FEXCESS:i32 = ((1 as i32)<<SH)-1;
[INFO] [stdout]    |
[INFO] [stdout] 
[INFO] [stdout] 
[INFO] [stdout] warning: constant `GCM_ENCRYPTING` is never used
[INFO] [stdout]   --> src/gcm.rs:25:7
[INFO] [stdout]    |
[INFO] [stdout] 25 | const GCM_ENCRYPTING: usize = 0;
[INFO] [stdout]    |       ^^^^^^^^^^^^^^
[INFO] [stdout]    |
[INFO] [stdout]    = note: `#[warn(dead_code)]` on by default
[INFO] [stdout] 
[INFO] [stdout] 
[INFO] [stdout] warning: constant `GCM_DECRYPTING` is never used
[INFO] [stdout]   --> src/gcm.rs:26:7
[INFO] [stdout]    |
[INFO] [stdout] 26 | const GCM_DECRYPTING: usize = 1;
[INFO] [stdout]    |       ^^^^^^^^^^^^^^
[INFO] [stdout] 
[INFO] [stdout] 
[INFO] [stdout] warning: 16 warnings emitted
[INFO] [stdout] 
[INFO] [stdout] 
[INFO] [stdout] error[E0432]: unresolved import `amcl::ed25519`
[INFO] [stdout]   --> tests/BenchtestALL.rs:36:12
[INFO] [stdout]    |
[INFO] [stdout] 36 |     use amcl::ed25519::big;
[INFO] [stdout]    |               ^^^^^^^ could not find `ed25519` in `amcl`
[INFO] [stdout] 
[INFO] [stdout] 
[INFO] [stdout] error[E0432]: unresolved import `amcl::ed25519`
[INFO] [stdout]   --> tests/BenchtestALL.rs:37:12
[INFO] [stdout]    |
[INFO] [stdout] 37 |     use amcl::ed25519::ecp;
[INFO] [stdout]    |               ^^^^^^^ could not find `ed25519` in `amcl`
[INFO] [stdout] 
[INFO] [stdout] 
[INFO] [stdout] error[E0432]: unresolved import `amcl::bls383`
[INFO] [stdout]   --> tests/TestBLS.rs:66:15
[INFO] [stdout]    |
[INFO] [stdout] 66 |     use amcl::bls383::bls;
[INFO] [stdout]    |               ^^^^^^ could not find `bls383` in `amcl`
[INFO] [stdout] 
[INFO] [stdout] 
[INFO] [stdout] error[E0432]: unresolved import `amcl::bls24`
[INFO] [stdout]    --> tests/TestBLS.rs:100:15
[INFO] [stdout]     |
[INFO] [stdout] 100 |     use amcl::bls24::bls192;
[INFO] [stdout]     |               ^^^^^ could not find `bls24` in `amcl`
[INFO] [stdout] 
[INFO] [stdout] 
[INFO] [stdout] error[E0432]: unresolved import `amcl::bls48`
[INFO] [stdout]    --> tests/TestBLS.rs:134:15
[INFO] [stdout]     |
[INFO] [stdout] 134 |     use amcl::bls48::bls256;
[INFO] [stdout]     |               ^^^^^ could not find `bls48` in `amcl`
[INFO] [stdout] 
[INFO] [stdout] 
[INFO] [stdout] error[E0432]: unresolved import `amcl::ed25519`
[INFO] [stdout]   --> tests/BenchtestALL.rs:38:12
[INFO] [stdout]    |
[INFO] [stdout] 38 |     use amcl::ed25519::fp;
[INFO] [stdout]    |               ^^^^^^^ could not find `ed25519` in `amcl`
[INFO] [stdout] 
[INFO] [stdout] 
[INFO] [stdout] error[E0432]: unresolved import `amcl::ed25519`
[INFO] [stdout]   --> tests/BenchtestALL.rs:39:12
[INFO] [stdout]    |
[INFO] [stdout] 39 |     use amcl::ed25519::rom;
[INFO] [stdout]    |               ^^^^^^^ could not find `ed25519` in `amcl`
[INFO] [stdout] 
[INFO] [stdout] 
[INFO] [stdout] error[E0432]: unresolved import `amcl::nist256`
[INFO] [stdout]   --> tests/BenchtestALL.rs:99:12
[INFO] [stdout]    |
[INFO] [stdout] 99 |     use amcl::nist256::big;
[INFO] [stdout]    |               ^^^^^^^ could not find `nist256` in `amcl`
[INFO] [stdout] 
[INFO] [stdout] 
[INFO] [stdout] error[E0432]: unresolved import `amcl::nist256`
[INFO] [stdout]    --> tests/BenchtestALL.rs:100:12
[INFO] [stdout]     |
[INFO] [stdout] 100 |     use amcl::nist256::ecp;
[INFO] [stdout]     |               ^^^^^^^ could not find `nist256` in `amcl`
[INFO] [stdout] 
[INFO] [stdout] 
[INFO] [stdout] error[E0432]: unresolved import `amcl::nist256`
[INFO] [stdout]    --> tests/BenchtestALL.rs:101:12
[INFO] [stdout]     |
[INFO] [stdout] 101 |     use amcl::nist256::fp;
[INFO] [stdout]     |               ^^^^^^^ could not find `nist256` in `amcl`
[INFO] [stdout] 
[INFO] [stdout] 
[INFO] [stdout] error[E0432]: unresolved import `amcl::nist256`
[INFO] [stdout]    --> tests/BenchtestALL.rs:102:12
[INFO] [stdout]     |
[INFO] [stdout] 102 |     use amcl::nist256::rom;
[INFO] [stdout]     |               ^^^^^^^ could not find `nist256` in `amcl`
[INFO] [stdout] 
[INFO] [stdout] 
[INFO] [stdout] error[E0432]: unresolved import `amcl::goldilocks`
[INFO] [stdout]    --> tests/BenchtestALL.rs:162:12
[INFO] [stdout]     |
[INFO] [stdout] 162 |     use amcl::goldilocks::big;
[INFO] [stdout]     |               ^^^^^^^^^^ could not find `goldilocks` in `amcl`
[INFO] [stdout] 
[INFO] [stdout] 
[INFO] [stdout] error[E0432]: unresolved import `amcl::goldilocks`
[INFO] [stdout]    --> tests/BenchtestALL.rs:163:12
[INFO] [stdout]     |
[INFO] [stdout] 163 |     use amcl::goldilocks::ecp;
[INFO] [stdout]     |               ^^^^^^^^^^ could not find `goldilocks` in `amcl`
[INFO] [stdout] 
[INFO] [stdout] 
[INFO] [stdout] error[E0432]: unresolved import `amcl::goldilocks`
[INFO] [stdout]    --> tests/BenchtestALL.rs:164:12
[INFO] [stdout]     |
[INFO] [stdout] 164 |     use amcl::goldilocks::fp;
[INFO] [stdout]     |               ^^^^^^^^^^ could not find `goldilocks` in `amcl`
[INFO] [stdout] 
[INFO] [stdout] 
[INFO] [stdout] error[E0432]: unresolved import `amcl::goldilocks`
[INFO] [stdout]    --> tests/BenchtestALL.rs:165:12
[INFO] [stdout]     |
[INFO] [stdout] 165 |     use amcl::goldilocks::rom;
[INFO] [stdout]     |               ^^^^^^^^^^ could not find `goldilocks` in `amcl`
[INFO] [stdout] 
[INFO] [stdout] 
[INFO] [stdout] error[E0432]: unresolved import `amcl::bls383`
[INFO] [stdout]    --> tests/BenchtestALL.rs:385:12
[INFO] [stdout]     |
[INFO] [stdout] 385 |     use amcl::bls383::big;
[INFO] [stdout]     |               ^^^^^^ could not find `bls383` in `amcl`
[INFO] [stdout] 
[INFO] [stdout] 
[INFO] [stdout] error[E0432]: unresolved import `amcl::bls383`
[INFO] [stdout]    --> tests/BenchtestALL.rs:386:12
[INFO] [stdout]     |
[INFO] [stdout] 386 |     use amcl::bls383::ecp;
[INFO] [stdout]     |               ^^^^^^ could not find `bls383` in `amcl`
[INFO] [stdout] 
[INFO] [stdout] 
[INFO] [stdout] error[E0432]: unresolved import `amcl::bls383`
[INFO] [stdout]    --> tests/BenchtestALL.rs:387:12
[INFO] [stdout]     |
[INFO] [stdout] 387 |     use amcl::bls383::ecp2;
[INFO] [stdout]     |               ^^^^^^ could not find `bls383` in `amcl`
[INFO] [stdout] 
[INFO] [stdout] 
[INFO] [stdout] error[E0432]: unresolved import `amcl::bls383`
[INFO] [stdout]    --> tests/BenchtestALL.rs:388:12
[INFO] [stdout]     |
[INFO] [stdout] 388 |     use amcl::bls383::fp;
[INFO] [stdout]     |               ^^^^^^ could not find `bls383` in `amcl`
[INFO] [stdout] 
[INFO] [stdout] 
[INFO] [stdout] error[E0432]: unresolved import `amcl::bls383`
[INFO] [stdout]    --> tests/BenchtestALL.rs:389:12
[INFO] [stdout]     |
[INFO] [stdout] 389 |     use amcl::bls383::pair;
[INFO] [stdout]     |               ^^^^^^ could not find `bls383` in `amcl`
[INFO] [stdout] 
[INFO] [stdout] 
[INFO] [stdout] error[E0432]: unresolved import `amcl::bls383`
[INFO] [stdout]    --> tests/BenchtestALL.rs:390:12
[INFO] [stdout]     |
[INFO] [stdout] 390 |     use amcl::bls383::rom;
[INFO] [stdout]     |               ^^^^^^ could not find `bls383` in `amcl`
[INFO] [stdout] 
[INFO] [stdout] 
[INFO] [stdout] error[E0432]: unresolved import `amcl::bls24`
[INFO] [stdout]    --> tests/BenchtestALL.rs:545:12
[INFO] [stdout]     |
[INFO] [stdout] 545 |     use amcl::bls24::big;
[INFO] [stdout]     |               ^^^^^ could not find `bls24` in `amcl`
[INFO] [stdout] 
[INFO] [stdout] 
[INFO] [stdout] error[E0432]: unresolved import `amcl::bls24`
[INFO] [stdout]    --> tests/BenchtestALL.rs:546:12
[INFO] [stdout]     |
[INFO] [stdout] 546 |     use amcl::bls24::ecp;
[INFO] [stdout]     |               ^^^^^ could not find `bls24` in `amcl`
[INFO] [stdout] 
[INFO] [stdout] 
[INFO] [stdout] error[E0432]: unresolved import `amcl::bls24`
[INFO] [stdout]    --> tests/BenchtestALL.rs:547:12
[INFO] [stdout]     |
[INFO] [stdout] 547 |     use amcl::bls24::ecp4;
[INFO] [stdout]     |               ^^^^^ could not find `bls24` in `amcl`
[INFO] [stdout] 
[INFO] [stdout] 
[INFO] [stdout] error[E0432]: unresolved import `amcl::bls24`
[INFO] [stdout]    --> tests/BenchtestALL.rs:548:12
[INFO] [stdout]     |
[INFO] [stdout] 548 |     use amcl::bls24::fp;
[INFO] [stdout]     |               ^^^^^ could not find `bls24` in `amcl`
[INFO] [stdout] 
[INFO] [stdout] 
[INFO] [stdout] error[E0432]: unresolved import `amcl::bls24`
[INFO] [stdout]    --> tests/BenchtestALL.rs:549:12
[INFO] [stdout]     |
[INFO] [stdout] 549 |     use amcl::bls24::pair192;
[INFO] [stdout]     |               ^^^^^ could not find `bls24` in `amcl`
[INFO] [stdout] 
[INFO] [stdout] 
[INFO] [stdout] error[E0432]: unresolved import `amcl::bls24`
[INFO] [stdout]    --> tests/BenchtestALL.rs:550:12
[INFO] [stdout]     |
[INFO] [stdout] 550 |     use amcl::bls24::rom;
[INFO] [stdout]     |               ^^^^^ could not find `bls24` in `amcl`
[INFO] [stdout] 
[INFO] [stdout] 
[INFO] [stdout] error[E0432]: unresolved import `amcl::bls48`
[INFO] [stdout]    --> tests/BenchtestALL.rs:705:12
[INFO] [stdout]     |
[INFO] [stdout] 705 |     use amcl::bls48::big;
[INFO] [stdout]     |               ^^^^^ could not find `bls48` in `amcl`
[INFO] [stdout] 
[INFO] [stdout] 
[INFO] [stdout] error[E0432]: unresolved import `amcl::bls48`
[INFO] [stdout]    --> tests/BenchtestALL.rs:706:12
[INFO] [stdout]     |
[INFO] [stdout] 706 |     use amcl::bls48::ecp;
[INFO] [stdout]     |               ^^^^^ could not find `bls48` in `amcl`
[INFO] [stdout] 
[INFO] [stdout] 
[INFO] [stdout] error[E0432]: unresolved import `amcl::ed25519`
[INFO] [stdout]   --> tests/TestALL.rs:37:15
[INFO] [stdout]    |
[INFO] [stdout] 37 |     use amcl::ed25519::ecdh;
[INFO] [stdout]    |               ^^^^^^^ could not find `ed25519` in `amcl`
[INFO] [stdout] 
[INFO] [stdout] 
[INFO] [stdout] error[E0432]: unresolved import `amcl::bls48`
[INFO] [stdout]    --> tests/BenchtestALL.rs:707:12
[INFO] [stdout]     |
[INFO] [stdout] 707 |     use amcl::bls48::ecp8;
[INFO] [stdout]     |               ^^^^^ could not find `bls48` in `amcl`
[INFO] [stdout] 
[INFO] [stdout] 
[INFO] [stdout] error[E0432]: unresolved import `amcl::bls48`
[INFO] [stdout]    --> tests/BenchtestALL.rs:708:12
[INFO] [stdout]     |
[INFO] [stdout] 708 |     use amcl::bls48::fp;
[INFO] [stdout]     |               ^^^^^ could not find `bls48` in `amcl`
[INFO] [stdout] 
[INFO] [stdout] 
[INFO] [stdout] error[E0432]: unresolved import `amcl::bls48`
[INFO] [stdout]    --> tests/BenchtestALL.rs:709:12
[INFO] [stdout]     |
[INFO] [stdout] 709 |     use amcl::bls48::pair256;
[INFO] [stdout]     |               ^^^^^ could not find `bls48` in `amcl`
[INFO] [stdout] 
[INFO] [stdout] 
[INFO] [stdout] error[E0432]: unresolved import `amcl::bls48`
[INFO] [stdout]    --> tests/BenchtestALL.rs:710:12
[INFO] [stdout]     |
[INFO] [stdout] 710 |     use amcl::bls48::rom;
[INFO] [stdout]     |               ^^^^^ could not find `bls48` in `amcl`
[INFO] [stdout] 
[INFO] [stdout] 
[INFO] [stdout] error[E0432]: unresolved import `amcl::rsa2048`
[INFO] [stdout]    --> tests/BenchtestALL.rs:864:12
[INFO] [stdout]     |
[INFO] [stdout] 864 |     use amcl::rsa2048::ff;
[INFO] [stdout]     |               ^^^^^^^ could not find `rsa2048` in `amcl`
[INFO] [stdout] 
[INFO] [stdout] 
[INFO] [stdout] error[E0432]: unresolved import `amcl::rsa2048`
[INFO] [stdout]    --> tests/BenchtestALL.rs:865:12
[INFO] [stdout]     |
[INFO] [stdout] 865 |     use amcl::rsa2048::rsa;
[INFO] [stdout]     |               ^^^^^^^ could not find `rsa2048` in `amcl`
[INFO] [stdout] 
[INFO] [stdout] 
[INFO] [stdout] error[E0432]: unresolved import `amcl::ed25519`
[INFO] [stdout]   --> tests/TestALL.rs:38:15
[INFO] [stdout]    |
[INFO] [stdout] 38 |     use amcl::ed25519::ecp;
[INFO] [stdout]    |               ^^^^^^^ could not find `ed25519` in `amcl`
[INFO] [stdout] 
[INFO] [stdout] 
[INFO] [stdout] error[E0432]: unresolved import `amcl::nist256`
[INFO] [stdout]    --> tests/TestALL.rs:188:15
[INFO] [stdout]     |
[INFO] [stdout] 188 |     use amcl::nist256::ecdh;
[INFO] [stdout]     |               ^^^^^^^ could not find `nist256` in `amcl`
[INFO] [stdout] 
[INFO] [stdout] 
[INFO] [stdout] error[E0432]: unresolved import `amcl::nist256`
[INFO] [stdout]    --> tests/TestALL.rs:189:15
[INFO] [stdout]     |
[INFO] [stdout] 189 |     use amcl::nist256::ecp;
[INFO] [stdout]     |               ^^^^^^^ could not find `nist256` in `amcl`
[INFO] [stdout] 
[INFO] [stdout] 
[INFO] [stdout] error[E0432]: unresolved import `amcl::goldilocks`
[INFO] [stdout]    --> tests/TestALL.rs:339:15
[INFO] [stdout]     |
[INFO] [stdout] 339 |     use amcl::goldilocks::ecdh;
[INFO] [stdout]     |               ^^^^^^^^^^ could not find `goldilocks` in `amcl`
[INFO] [stdout] 
[INFO] [stdout] 
[INFO] [stdout] error[E0432]: unresolved import `amcl::goldilocks`
[INFO] [stdout]    --> tests/TestALL.rs:340:15
[INFO] [stdout]     |
[INFO] [stdout] 340 |     use amcl::goldilocks::ecp;
[INFO] [stdout]     |               ^^^^^^^^^^ could not find `goldilocks` in `amcl`
[INFO] [stdout] 
[INFO] [stdout] 
[INFO] [stdout] error[E0432]: unresolved import `amcl::bls383`
[INFO] [stdout]    --> tests/TestALL.rs:711:15
[INFO] [stdout]     |
[INFO] [stdout] 711 |     use amcl::bls383::ecp;
[INFO] [stdout]     |               ^^^^^^ could not find `bls383` in `amcl`
[INFO] [stdout] 
[INFO] [stdout] 
[INFO] [stdout] error[E0432]: unresolved import `amcl::bls383`
[INFO] [stdout]    --> tests/TestALL.rs:712:15
[INFO] [stdout]     |
[INFO] [stdout] 712 |     use amcl::bls383::mpin;
[INFO] [stdout]     |               ^^^^^^ could not find `bls383` in `amcl`
[INFO] [stdout] 
[INFO] [stdout] 
[INFO] [stdout] error[E0432]: unresolved import `amcl::bls24`
[INFO] [stdout]    --> tests/TestALL.rs:932:15
[INFO] [stdout]     |
[INFO] [stdout] 932 |     use amcl::bls24::ecp;
[INFO] [stdout]     |               ^^^^^ could not find `bls24` in `amcl`
[INFO] [stdout] 
[INFO] [stdout] 
[INFO] [stdout] error[E0432]: unresolved import `amcl::bls24`
[INFO] [stdout]    --> tests/TestALL.rs:933:15
[INFO] [stdout]     |
[INFO] [stdout] 933 |     use amcl::bls24::mpin192;
[INFO] [stdout]     |               ^^^^^ could not find `bls24` in `amcl`
[INFO] [stdout] 
[INFO] [stdout] 
[INFO] [stdout] error[E0432]: unresolved import `amcl::bls48`
[INFO] [stdout]     --> tests/TestALL.rs:1154:15
[INFO] [stdout]      |
[INFO] [stdout] 1154 |     use amcl::bls48::ecp;
[INFO] [stdout]      |               ^^^^^ could not find `bls48` in `amcl`
[INFO] [stdout] 
[INFO] [stdout] 
[INFO] [stdout] error[E0432]: unresolved import `amcl::bls48`
[INFO] [stdout]     --> tests/TestALL.rs:1155:15
[INFO] [stdout]      |
[INFO] [stdout] 1155 |     use amcl::bls48::mpin256;
[INFO] [stdout]      |               ^^^^^ could not find `bls48` in `amcl`
[INFO] [stdout] 
[INFO] [stdout] 
[INFO] [stdout] error[E0432]: unresolved import `amcl::rsa2048`
[INFO] [stdout]     --> tests/TestALL.rs:1376:15
[INFO] [stdout]      |
[INFO] [stdout] 1376 |     use amcl::rsa2048::ff;
[INFO] [stdout]      |               ^^^^^^^ could not find `rsa2048` in `amcl`
[INFO] [stdout] 
[INFO] [stdout] 
[INFO] [stdout] error[E0432]: unresolved import `amcl::rsa2048`
[INFO] [stdout]     --> tests/TestALL.rs:1377:15
[INFO] [stdout]      |
[INFO] [stdout] 1377 |     use amcl::rsa2048::rsa;
[INFO] [stdout]      |               ^^^^^^^ could not find `rsa2048` in `amcl`
[INFO] [stdout] 
[INFO] [stdout] 
[INFO] [stdout] note: erroneous constant used
[INFO] [stdout]   --> tests/TestBLS.rs:71:21
[INFO] [stdout]    |
[INFO] [stdout] 71 |     let mut s: [u8; BGS] = [0; BGS];
[INFO] [stdout]    |                     ^^^
[INFO] [stdout] 
[INFO] [stdout] 
[INFO] [stdout] note: erroneous constant used
[INFO] [stdout]   --> tests/TestBLS.rs:74:28
[INFO] [stdout]    |
[INFO] [stdout] 74 |     const G2S: usize = 4 * BFS; /* Group 2 Size */
[INFO] [stdout]    |                            ^^^
[INFO] [stdout] 
[INFO] [stdout] 
[INFO] [stdout] note: erroneous constant used
[INFO] [stdout]   --> tests/TestBLS.rs:76:21
[INFO] [stdout]    |
[INFO] [stdout] 76 |     let mut w: [u8; G2S] = [0; G2S];
[INFO] [stdout]    |                     ^^^
[INFO] [stdout] 
[INFO] [stdout] 
[INFO] [stdout] note: erroneous constant used
[INFO] [stdout]   --> tests/TestBLS.rs:73:24
[INFO] [stdout]    |
[INFO] [stdout] 73 |     const G1S: usize = BFS + 1; /* Group 1 Size */
[INFO] [stdout]    |                        ^^^
[INFO] [stdout] 
[INFO] [stdout] 
[INFO] [stdout] note: erroneous constant used
[INFO] [stdout]   --> tests/TestBLS.rs:77:23
[INFO] [stdout]    |
[INFO] [stdout] 77 |     let mut sig: [u8; G1S] = [0; G1S];
[INFO] [stdout]    |                       ^^^
[INFO] [stdout] 
[INFO] [stdout] 
[INFO] [stdout] note: erroneous constant used
[INFO] [stdout]   --> tests/TestBLS.rs:71:32
[INFO] [stdout]    |
[INFO] [stdout] 71 |     let mut s: [u8; BGS] = [0; BGS];
[INFO] [stdout]    |                                ^^^
[INFO] [stdout] 
[INFO] [stdout] 
[INFO] [stdout] note: erroneous constant used
[INFO] [stdout]   --> tests/TestBLS.rs:76:32
[INFO] [stdout]    |
[INFO] [stdout] 76 |     let mut w: [u8; G2S] = [0; G2S];
[INFO] [stdout]    |                                ^^^
[INFO] [stdout] 
[INFO] [stdout] 
[INFO] [stdout] note: erroneous constant used
[INFO] [stdout]   --> tests/TestBLS.rs:77:34
[INFO] [stdout]    |
[INFO] [stdout] 77 |     let mut sig: [u8; G1S] = [0; G1S];
[INFO] [stdout]    |                                  ^^^
[INFO] [stdout] 
[INFO] [stdout] 
[INFO] [stdout] note: erroneous constant used
[INFO] [stdout]    --> tests/TestBLS.rs:105:21
[INFO] [stdout]     |
[INFO] [stdout] 105 |     let mut s: [u8; BGS] = [0; BGS];
[INFO] [stdout]     |                     ^^^
[INFO] [stdout] 
[INFO] [stdout] 
[INFO] [stdout] note: erroneous constant used
[INFO] [stdout]    --> tests/TestBLS.rs:108:28
[INFO] [stdout]     |
[INFO] [stdout] 108 |     const G2S: usize = 8 * BFS; /* Group 2 Size */
[INFO] [stdout]     |                            ^^^
[INFO] [stdout] 
[INFO] [stdout] 
[INFO] [stdout] note: erroneous constant used
[INFO] [stdout]    --> tests/TestBLS.rs:110:21
[INFO] [stdout]     |
[INFO] [stdout] 110 |     let mut w: [u8; G2S] = [0; G2S];
[INFO] [stdout]     |                     ^^^
[INFO] [stdout] 
[INFO] [stdout] 
[INFO] [stdout] note: erroneous constant used
[INFO] [stdout]    --> tests/TestBLS.rs:107:24
[INFO] [stdout]     |
[INFO] [stdout] 107 |     const G1S: usize = BFS + 1; /* Group 1 Size */
[INFO] [stdout]     |                        ^^^
[INFO] [stdout] 
[INFO] [stdout] 
[INFO] [stdout] note: erroneous constant used
[INFO] [stdout]    --> tests/TestBLS.rs:111:23
[INFO] [stdout]     |
[INFO] [stdout] 111 |     let mut sig: [u8; G1S] = [0; G1S];
[INFO] [stdout]     |                       ^^^
[INFO] [stdout] 
[INFO] [stdout] 
[INFO] [stdout] note: erroneous constant used
[INFO] [stdout]    --> tests/TestBLS.rs:105:32
[INFO] [stdout]     |
[INFO] [stdout] 105 |     let mut s: [u8; BGS] = [0; BGS];
[INFO] [stdout]     |                                ^^^
[INFO] [stdout] 
[INFO] [stdout] 
[INFO] [stdout] note: erroneous constant used
[INFO] [stdout]    --> tests/TestBLS.rs:110:32
[INFO] [stdout]     |
[INFO] [stdout] 110 |     let mut w: [u8; G2S] = [0; G2S];
[INFO] [stdout]     |                                ^^^
[INFO] [stdout] 
[INFO] [stdout] 
[INFO] [stdout] note: erroneous constant used
[INFO] [stdout]    --> tests/TestBLS.rs:111:34
[INFO] [stdout]     |
[INFO] [stdout] 111 |     let mut sig: [u8; G1S] = [0; G1S];
[INFO] [stdout]     |                                  ^^^
[INFO] [stdout] 
[INFO] [stdout] 
[INFO] [stdout] note: erroneous constant used
[INFO] [stdout]    --> tests/TestBLS.rs:139:21
[INFO] [stdout]     |
[INFO] [stdout] 139 |     let mut s: [u8; BGS] = [0; BGS];
[INFO] [stdout]     |                     ^^^
[INFO] [stdout] 
[INFO] [stdout] 
[INFO] [stdout] note: erroneous constant used
[INFO] [stdout]   --> tests/TestALL.rs:48:22
[INFO] [stdout]    |
[INFO] [stdout] 48 |     let mut s1: [u8; EGS] = [0; EGS];
[INFO] [stdout]    |                      ^^^
[INFO] [stdout] 
[INFO] [stdout] 
[INFO] [stdout] note: erroneous constant used
[INFO] [stdout]    --> tests/TestBLS.rs:142:29
[INFO] [stdout]     |
[INFO] [stdout] 142 |     const G2S: usize = 16 * BFS; /* Group 2 Size */
[INFO] [stdout]     |                             ^^^
[INFO] [stdout] 
[INFO] [stdout] 
[INFO] [stdout] note: erroneous constant used
[INFO] [stdout]    --> tests/TestBLS.rs:144:21
[INFO] [stdout]     |
[INFO] [stdout] 144 |     let mut w: [u8; G2S] = [0; G2S];
[INFO] [stdout]     |                     ^^^
[INFO] [stdout] 
[INFO] [stdout] 
[INFO] [stdout] note: erroneous constant used
[INFO] [stdout]    --> tests/TestBLS.rs:141:24
[INFO] [stdout]     |
[INFO] [stdout] 141 |     const G1S: usize = BFS + 1; /* Group 1 Size */
[INFO] [stdout]     |                        ^^^
[INFO] [stdout] 
[INFO] [stdout] 
[INFO] [stdout] note: erroneous constant used
[INFO] [stdout]    --> tests/TestBLS.rs:145:23
[INFO] [stdout]     |
[INFO] [stdout] 145 |     let mut sig: [u8; G1S] = [0; G1S];
[INFO] [stdout]     |                       ^^^
[INFO] [stdout] 
[INFO] [stdout] 
[INFO] [stdout] note: erroneous constant used
[INFO] [stdout]    --> tests/TestBLS.rs:139:32
[INFO] [stdout]     |
[INFO] [stdout] 139 |     let mut s: [u8; BGS] = [0; BGS];
[INFO] [stdout]     |                                ^^^
[INFO] [stdout] 
[INFO] [stdout] 
[INFO] [stdout] note: erroneous constant used
[INFO] [stdout]    --> tests/TestBLS.rs:144:32
[INFO] [stdout]     |
[INFO] [stdout] 144 |     let mut w: [u8; G2S] = [0; G2S];
[INFO] [stdout]     |                                ^^^
[INFO] [stdout] 
[INFO] [stdout] 
[INFO] [stdout] note: erroneous constant used
[INFO] [stdout]    --> tests/TestBLS.rs:145:34
[INFO] [stdout]     |
[INFO] [stdout] 145 |     let mut sig: [u8; G1S] = [0; G1S];
[INFO] [stdout]     |                                  ^^^
[INFO] [stdout] 
[INFO] [stdout] 
[INFO] [stdout] note: erroneous constant used
[INFO] [stdout]   --> tests/TestALL.rs:49:26
[INFO] [stdout]    |
[INFO] [stdout] 49 |     let mut w0: [u8; 2 * EFS + 1] = [0; 2 * EFS + 1];
[INFO] [stdout]    |                          ^^^
[INFO] [stdout] 
[INFO] [stdout] 
[INFO] [stdout] note: erroneous constant used
[INFO] [stdout]   --> tests/TestALL.rs:50:26
[INFO] [stdout]    |
[INFO] [stdout] 50 |     let mut w1: [u8; 2 * EFS + 1] = [0; 2 * EFS + 1];
[INFO] [stdout]    |                          ^^^
[INFO] [stdout] 
[INFO] [stdout] 
[INFO] [stdout] note: erroneous constant used
[INFO] [stdout]   --> tests/TestALL.rs:51:22
[INFO] [stdout]    |
[INFO] [stdout] 51 |     let mut z0: [u8; EFS] = [0; EFS];
[INFO] [stdout]    |                      ^^^
[INFO] [stdout] 
[INFO] [stdout] 
[INFO] [stdout] note: erroneous constant used
[INFO] [stdout]   --> tests/TestALL.rs:52:22
[INFO] [stdout]    |
[INFO] [stdout] 52 |     let mut z1: [u8; EFS] = [0; EFS];
[INFO] [stdout]    |                      ^^^
[INFO] [stdout] 
[INFO] [stdout] 
[INFO] [stdout] note: erroneous constant used
[INFO] [stdout]   --> tests/TestALL.rs:53:23
[INFO] [stdout]    |
[INFO] [stdout] 53 |     let mut key: [u8; EAS] = [0; EAS];
[INFO] [stdout]    |                       ^^^
[INFO] [stdout] 
[INFO] [stdout] 
[INFO] [stdout] warning: crate `TestNHS` should have a snake case name
[INFO] [stdout]   |
[INFO] [stdout]   = help: convert the identifier to snake case: `test_nhs`
[INFO] [stdout]   = note: `#[warn(non_snake_case)]` on by default
[INFO] [stdout] 
[INFO] [stdout] 
[INFO] [stdout] note: erroneous constant used
[INFO] [stdout]   --> tests/TestALL.rs:54:22
[INFO] [stdout]    |
[INFO] [stdout] 54 |     let mut cs: [u8; EGS] = [0; EGS];
[INFO] [stdout]    |                      ^^^
[INFO] [stdout] 
[INFO] [stdout] 
[INFO] [stdout] note: erroneous constant used
[INFO] [stdout]   --> tests/TestALL.rs:55:22
[INFO] [stdout]    |
[INFO] [stdout] 55 |     let mut ds: [u8; EGS] = [0; EGS];
[INFO] [stdout]    |                      ^^^
[INFO] [stdout] 
[INFO] [stdout] 
[INFO] [stdout] note: erroneous constant used
[INFO] [stdout]   --> tests/TestALL.rs:59:25
[INFO] [stdout]    |
[INFO] [stdout] 59 |     let mut v: [u8; 2 * EFS + 1] = [0; 2 * EFS + 1];
[INFO] [stdout]    |                         ^^^
[INFO] [stdout] 
[INFO] [stdout] 
[INFO] [stdout] note: erroneous constant used
[INFO] [stdout]   --> tests/TestALL.rs:69:22
[INFO] [stdout]    |
[INFO] [stdout] 69 |     let mut s0: [u8; EFS] = [0; EGS];
[INFO] [stdout]    |                      ^^^
[INFO] [stdout] 
[INFO] [stdout] 
[INFO] [stdout] note: erroneous constant used
[INFO] [stdout]   --> tests/TestALL.rs:48:33
[INFO] [stdout]    |
[INFO] [stdout] 48 |     let mut s1: [u8; EGS] = [0; EGS];
[INFO] [stdout]    |                                 ^^^
[INFO] [stdout] 
[INFO] [stdout] 
[INFO] [stdout] note: erroneous constant used
[INFO] [stdout]   --> tests/TestALL.rs:49:45
[INFO] [stdout]    |
[INFO] [stdout] 49 |     let mut w0: [u8; 2 * EFS + 1] = [0; 2 * EFS + 1];
[INFO] [stdout]    |                                             ^^^
[INFO] [stdout] 
[INFO] [stdout] 
[INFO] [stdout] note: erroneous constant used
[INFO] [stdout]   --> tests/TestALL.rs:50:45
[INFO] [stdout]    |
[INFO] [stdout] 50 |     let mut w1: [u8; 2 * EFS + 1] = [0; 2 * EFS + 1];
[INFO] [stdout]    |                                             ^^^
[INFO] [stdout] 
[INFO] [stdout] 
[INFO] [stdout] note: erroneous constant used
[INFO] [stdout]   --> tests/TestALL.rs:51:33
[INFO] [stdout]    |
[INFO] [stdout] 51 |     let mut z0: [u8; EFS] = [0; EFS];
[INFO] [stdout]    |                                 ^^^
[INFO] [stdout] 
[INFO] [stdout] 
[INFO] [stdout] note: erroneous constant used
[INFO] [stdout]   --> tests/TestALL.rs:52:33
[INFO] [stdout]    |
[INFO] [stdout] 52 |     let mut z1: [u8; EFS] = [0; EFS];
[INFO] [stdout]    |                                 ^^^
[INFO] [stdout] 
[INFO] [stdout] 
[INFO] [stdout] note: erroneous constant used
[INFO] [stdout]   --> tests/TestALL.rs:53:34
[INFO] [stdout]    |
[INFO] [stdout] 53 |     let mut key: [u8; EAS] = [0; EAS];
[INFO] [stdout]    |                                  ^^^
[INFO] [stdout] 
[INFO] [stdout] 
[INFO] [stdout] note: erroneous constant used
[INFO] [stdout]   --> tests/TestALL.rs:54:33
[INFO] [stdout]    |
[INFO] [stdout] 54 |     let mut cs: [u8; EGS] = [0; EGS];
[INFO] [stdout]    |                                 ^^^
[INFO] [stdout] 
[INFO] [stdout] 
[INFO] [stdout] note: erroneous constant used
[INFO] [stdout]   --> tests/TestALL.rs:55:33
[INFO] [stdout]    |
[INFO] [stdout] 55 |     let mut ds: [u8; EGS] = [0; EGS];
[INFO] [stdout]    |                                 ^^^
[INFO] [stdout] 
[INFO] [stdout] 
[INFO] [stdout] note: erroneous constant used
[INFO] [stdout]   --> tests/TestALL.rs:59:44
[INFO] [stdout]    |
[INFO] [stdout] 59 |     let mut v: [u8; 2 * EFS + 1] = [0; 2 * EFS + 1];
[INFO] [stdout]    |                                            ^^^
[INFO] [stdout] 
[INFO] [stdout] 
[INFO] [stdout] note: erroneous constant used
[INFO] [stdout]   --> tests/TestALL.rs:69:33
[INFO] [stdout]    |
[INFO] [stdout] 69 |     let mut s0: [u8; EFS] = [0; EGS];
[INFO] [stdout]    |                                 ^^^
[INFO] [stdout] 
[INFO] [stdout] 
[INFO] [stdout] error: aborting due to 3 previous errors
[INFO] [stdout] 
[INFO] [stdout] 
[INFO] [stdout] For more information about this error, try `rustc --explain E0432`.
[INFO] [stdout] 
[INFO] [stderr] error: could not compile `amcl` due to 4 previous errors
[INFO] [stderr] warning: build failed, waiting for other jobs to finish...
[INFO] [stdout] error[E0277]: the size for values of type `[u8]` cannot be known at compilation time
[INFO] [stdout]    --> tests/TestALL.rs:142:21
[INFO] [stdout]     |
[INFO] [stdout] 142 |         if let Some(mut c) = cc {
[INFO] [stdout]     |                     ^^^^^ doesn't have a size known at compile-time
[INFO] [stdout]     |
[INFO] [stdout]     = help: the trait `Sized` is not implemented for `[u8]`
[INFO] [stdout]     = note: all local variables must have a statically known size
[INFO] [stdout]     = help: unsized locals are gated as an unstable feature
[INFO] [stdout] 
[INFO] [stdout] 
[INFO] [stdout] error[E0277]: the size for values of type `[u8]` cannot be known at compilation time
[INFO] [stdout]    --> tests/TestALL.rs:142:16
[INFO] [stdout]     |
[INFO] [stdout] 142 |         if let Some(mut c) = cc {
[INFO] [stdout]     |                ^^^^^^^^^^^ doesn't have a size known at compile-time
[INFO] [stdout]     |
[INFO] [stdout]     = help: the trait `Sized` is not implemented for `[u8]`
[INFO] [stdout] note: required by a bound in `Some`
[INFO] [stdout]    --> /rustc/84c898d65adf2f39a5a98507f1fe0ce10a2b8dbc/library/core/src/option.rs:571:5
[INFO] [stdout] 
[INFO] [stdout] 
[INFO] [stdout] error[E0277]: the size for values of type `[u8]` cannot be known at compilation time
[INFO] [stdout]    --> tests/TestALL.rs:152:25
[INFO] [stdout]     |
[INFO] [stdout] 152 |             if let Some(rm) = mm {
[INFO] [stdout]     |                         ^^ doesn't have a size known at compile-time
[INFO] [stdout]     |
[INFO] [stdout]     = help: the trait `Sized` is not implemented for `[u8]`
[INFO] [stdout]     = note: all local variables must have a statically known size
[INFO] [stdout]     = help: unsized locals are gated as an unstable feature
[INFO] [stdout] 
[INFO] [stdout] 
[INFO] [stdout] error[E0277]: the size for values of type `[u8]` cannot be known at compilation time
[INFO] [stdout]    --> tests/TestALL.rs:152:20
[INFO] [stdout]     |
[INFO] [stdout] 152 |             if let Some(rm) = mm {
[INFO] [stdout]     |                    ^^^^^^^^ doesn't have a size known at compile-time
[INFO] [stdout]     |
[INFO] [stdout]     = help: the trait `Sized` is not implemented for `[u8]`
[INFO] [stdout] note: required by a bound in `Some`
[INFO] [stdout]    --> /rustc/84c898d65adf2f39a5a98507f1fe0ce10a2b8dbc/library/core/src/option.rs:571:5
[INFO] [stdout] 
[INFO] [stdout] 
[INFO] [stdout] note: erroneous constant used
[INFO] [stdout]    --> tests/TestALL.rs:199:22
[INFO] [stdout]     |
[INFO] [stdout] 199 |     let mut s1: [u8; EGS] = [0; EGS];
[INFO] [stdout]     |                      ^^^
[INFO] [stdout] 
[INFO] [stdout] 
[INFO] [stdout] note: erroneous constant used
[INFO] [stdout]    --> tests/TestALL.rs:200:26
[INFO] [stdout]     |
[INFO] [stdout] 200 |     let mut w0: [u8; 2 * EFS + 1] = [0; 2 * EFS + 1];
[INFO] [stdout]     |                          ^^^
[INFO] [stdout] 
[INFO] [stdout] 
[INFO] [stdout] note: erroneous constant used
[INFO] [stdout]    --> tests/TestALL.rs:201:26
[INFO] [stdout]     |
[INFO] [stdout] 201 |     let mut w1: [u8; 2 * EFS + 1] = [0; 2 * EFS + 1];
[INFO] [stdout]     |                          ^^^
[INFO] [stdout] 
[INFO] [stdout] 
[INFO] [stdout] note: erroneous constant used
[INFO] [stdout]    --> tests/TestALL.rs:202:22
[INFO] [stdout]     |
[INFO] [stdout] 202 |     let mut z0: [u8; EFS] = [0; EFS];
[INFO] [stdout]     |                      ^^^
[INFO] [stdout] 
[INFO] [stdout] 
[INFO] [stdout] note: erroneous constant used
[INFO] [stdout]    --> tests/TestALL.rs:203:22
[INFO] [stdout]     |
[INFO] [stdout] 203 |     let mut z1: [u8; EFS] = [0; EFS];
[INFO] [stdout]     |                      ^^^
[INFO] [stdout] 
[INFO] [stdout] 
[INFO] [stdout] note: erroneous constant used
[INFO] [stdout]    --> tests/TestALL.rs:204:23
[INFO] [stdout]     |
[INFO] [stdout] 204 |     let mut key: [u8; EAS] = [0; EAS];
[INFO] [stdout]     |                       ^^^
[INFO] [stdout] 
[INFO] [stdout] 
[INFO] [stdout] note: erroneous constant used
[INFO] [stdout]    --> tests/TestALL.rs:205:22
[INFO] [stdout]     |
[INFO] [stdout] 205 |     let mut cs: [u8; EGS] = [0; EGS];
[INFO] [stdout]     |                      ^^^
[INFO] [stdout] 
[INFO] [stdout] 
[INFO] [stdout] note: erroneous constant used
[INFO] [stdout]    --> tests/TestALL.rs:206:22
[INFO] [stdout]     |
[INFO] [stdout] 206 |     let mut ds: [u8; EGS] = [0; EGS];
[INFO] [stdout]     |                      ^^^
[INFO] [stdout] 
[INFO] [stdout] 
[INFO] [stdout] note: erroneous constant used
[INFO] [stdout]    --> tests/TestALL.rs:210:25
[INFO] [stdout]     |
[INFO] [stdout] 210 |     let mut v: [u8; 2 * EFS + 1] = [0; 2 * EFS + 1];
[INFO] [stdout]     |                         ^^^
[INFO] [stdout] 
[INFO] [stdout] 
[INFO] [stdout] note: erroneous constant used
[INFO] [stdout]    --> tests/TestALL.rs:220:22
[INFO] [stdout]     |
[INFO] [stdout] 220 |     let mut s0: [u8; EFS] = [0; EGS];
[INFO] [stdout]     |                      ^^^
[INFO] [stdout] 
[INFO] [stdout] 
[INFO] [stdout] note: erroneous constant used
[INFO] [stdout]    --> tests/TestALL.rs:199:33
[INFO] [stdout]     |
[INFO] [stdout] 199 |     let mut s1: [u8; EGS] = [0; EGS];
[INFO] [stdout]     |                                 ^^^
[INFO] [stdout] 
[INFO] [stdout] 
[INFO] [stdout] note: erroneous constant used
[INFO] [stdout]    --> tests/TestALL.rs:200:45
[INFO] [stdout]     |
[INFO] [stdout] 200 |     let mut w0: [u8; 2 * EFS + 1] = [0; 2 * EFS + 1];
[INFO] [stdout]     |                                             ^^^
[INFO] [stdout] 
[INFO] [stdout] 
[INFO] [stdout] note: erroneous constant used
[INFO] [stdout]    --> tests/TestALL.rs:201:45
[INFO] [stdout]     |
[INFO] [stdout] 201 |     let mut w1: [u8; 2 * EFS + 1] = [0; 2 * EFS + 1];
[INFO] [stdout]     |                                             ^^^
[INFO] [stdout] 
[INFO] [stdout] 
[INFO] [stdout] note: erroneous constant used
[INFO] [stdout]    --> tests/TestALL.rs:202:33
[INFO] [stdout]     |
[INFO] [stdout] 202 |     let mut z0: [u8; EFS] = [0; EFS];
[INFO] [stdout]     |                                 ^^^
[INFO] [stdout] 
[INFO] [stdout] 
[INFO] [stdout] note: erroneous constant used
[INFO] [stdout]    --> tests/TestALL.rs:203:33
[INFO] [stdout]     |
[INFO] [stdout] 203 |     let mut z1: [u8; EFS] = [0; EFS];
[INFO] [stdout]     |                                 ^^^
[INFO] [stdout] 
[INFO] [stdout] 
[INFO] [stdout] note: erroneous constant used
[INFO] [stdout]    --> tests/TestALL.rs:204:34
[INFO] [stdout]     |
[INFO] [stdout] 204 |     let mut key: [u8; EAS] = [0; EAS];
[INFO] [stdout]     |                                  ^^^
[INFO] [stdout] 
[INFO] [stdout] 
[INFO] [stdout] note: erroneous constant used
[INFO] [stdout]    --> tests/TestALL.rs:205:33
[INFO] [stdout]     |
[INFO] [stdout] 205 |     let mut cs: [u8; EGS] = [0; EGS];
[INFO] [stdout]     |                                 ^^^
[INFO] [stdout] 
[INFO] [stdout] 
[INFO] [stdout] note: erroneous constant used
[INFO] [stdout]    --> tests/TestALL.rs:206:33
[INFO] [stdout]     |
[INFO] [stdout] 206 |     let mut ds: [u8; EGS] = [0; EGS];
[INFO] [stdout]     |                                 ^^^
[INFO] [stdout] 
[INFO] [stdout] 
[INFO] [stdout] note: erroneous constant used
[INFO] [stdout]    --> tests/TestALL.rs:210:44
[INFO] [stdout]     |
[INFO] [stdout] 210 |     let mut v: [u8; 2 * EFS + 1] = [0; 2 * EFS + 1];
[INFO] [stdout]     |                                            ^^^
[INFO] [stdout] 
[INFO] [stdout] 
[INFO] [stdout] note: erroneous constant used
[INFO] [stdout]    --> tests/TestALL.rs:220:33
[INFO] [stdout]     |
[INFO] [stdout] 220 |     let mut s0: [u8; EFS] = [0; EGS];
[INFO] [stdout]     |                                 ^^^
[INFO] [stdout] 
[INFO] [stdout] 
[INFO] [stdout] warning: unnecessary parentheses around assigned value
[INFO] [stdout]   --> src/nhs.rs:32:23
[INFO] [stdout]    |
[INFO] [stdout] 32 | const DEGREE: usize = (1 << LGN);
[INFO] [stdout]    |                       ^        ^
[INFO] [stdout]    |
[INFO] [stdout]    = note: `#[warn(unused_parens)]` on by default
[INFO] [stdout] help: remove these parentheses
[INFO] [stdout]    |
[INFO] [stdout] 32 - const DEGREE: usize = (1 << LGN);
[INFO] [stdout] 32 + const DEGREE: usize = 1 << LGN;
[INFO] [stdout]    |
[INFO] [stdout] 
[INFO] [stdout] 
[INFO] [stdout] warning: variant `NOT_SPECIAL` should have an upper camel case name
[INFO] [stdout]  --> src/types.rs:3:5
[INFO] [stdout]   |
[INFO] [stdout] 3 |     NOT_SPECIAL,
[INFO] [stdout]   |     ^^^^^^^^^^^ help: convert the identifier to upper camel case: `NotSpecial`
[INFO] [stdout]   |
[INFO] [stdout]   = note: `#[warn(non_camel_case_types)]` on by default
[INFO] [stdout] 
[INFO] [stdout] 
[INFO] [stdout] warning: variant `PSEUDO_MERSENNE` should have an upper camel case name
[INFO] [stdout]  --> src/types.rs:4:5
[INFO] [stdout]   |
[INFO] [stdout] 4 |     PSEUDO_MERSENNE,
[INFO] [stdout]   |     ^^^^^^^^^^^^^^^ help: convert the identifier to upper camel case: `PseudoMersenne`
[INFO] [stdout] 
[INFO] [stdout] 
[INFO] [stdout] warning: variant `MONTGOMERY_FRIENDLY` should have an upper camel case name
[INFO] [stdout]  --> src/types.rs:5:5
[INFO] [stdout]   |
[INFO] [stdout] 5 |     MONTGOMERY_FRIENDLY,
[INFO] [stdout]   |     ^^^^^^^^^^^^^^^^^^^ help: convert the identifier to upper camel case: `MontgomeryFriendly`
[INFO] [stdout] 
[INFO] [stdout] 
[INFO] [stdout] warning: variant `GENERALISED_MERSENNE` should have an upper camel case name
[INFO] [stdout]  --> src/types.rs:6:5
[INFO] [stdout]   |
[INFO] [stdout] 6 |     GENERALISED_MERSENNE,
[INFO] [stdout]   |     ^^^^^^^^^^^^^^^^^^^^ help: convert the identifier to upper camel case: `GeneralisedMersenne`
[INFO] [stdout] 
[INFO] [stdout] 
[INFO] [stdout] warning: variant `D_TYPE` should have an upper camel case name
[INFO] [stdout]   --> src/types.rs:26:5
[INFO] [stdout]    |
[INFO] [stdout] 26 |     D_TYPE,
[INFO] [stdout]    |     ^^^^^^ help: convert the identifier to upper camel case: `DType`
[INFO] [stdout] 
[INFO] [stdout] 
[INFO] [stdout] warning: variant `M_TYPE` should have an upper camel case name
[INFO] [stdout]   --> src/types.rs:27:5
[INFO] [stdout]    |
[INFO] [stdout] 27 |     M_TYPE,
[INFO] [stdout]    |     ^^^^^^ help: convert the identifier to upper camel case: `MType`
[INFO] [stdout] 
[INFO] [stdout] 
[INFO] [stdout] error[E0277]: the size for values of type `[u8]` cannot be known at compilation time
[INFO] [stdout]    --> tests/TestALL.rs:293:21
[INFO] [stdout]     |
[INFO] [stdout] 293 |         if let Some(mut c) = cc {
[INFO] [stdout]     |                     ^^^^^ doesn't have a size known at compile-time
[INFO] [stdout]     |
[INFO] [stdout]     = help: the trait `Sized` is not implemented for `[u8]`
[INFO] [stdout]     = note: all local variables must have a statically known size
[INFO] [stdout]     = help: unsized locals are gated as an unstable feature
[INFO] [stdout] 
[INFO] [stdout] 
[INFO] [stdout] error[E0277]: the size for values of type `[u8]` cannot be known at compilation time
[INFO] [stdout]    --> tests/TestALL.rs:293:16
[INFO] [stdout]     |
[INFO] [stdout] 293 |         if let Some(mut c) = cc {
[INFO] [stdout]     |                ^^^^^^^^^^^ doesn't have a size known at compile-time
[INFO] [stdout]     |
[INFO] [stdout]     = help: the trait `Sized` is not implemented for `[u8]`
[INFO] [stdout] note: required by a bound in `Some`
[INFO] [stdout]    --> /rustc/84c898d65adf2f39a5a98507f1fe0ce10a2b8dbc/library/core/src/option.rs:571:5
[INFO] [stdout] 
[INFO] [stdout] 
[INFO] [stdout] warning: unnecessary parentheses around assigned value
[INFO] [stdout]   --> src/./big.rs:33:25
[INFO] [stdout]    |
[INFO] [stdout] 33 | pub const NLEN: usize = (1 + ((8 * MODBYTES - 1) / BASEBITS));
[INFO] [stdout]    |                         ^                                   ^
[INFO] [stdout]    |
[INFO] [stdout] help: remove these parentheses
[INFO] [stdout]    |
[INFO] [stdout] 33 - pub const NLEN: usize = (1 + ((8 * MODBYTES - 1) / BASEBITS));
[INFO] [stdout] 33 + pub const NLEN: usize = 1 + ((8 * MODBYTES - 1) / BASEBITS);
[INFO] [stdout]    |
[INFO] [stdout] 
[INFO] [stdout] 
[INFO] [stdout] warning: unnecessary parentheses around assigned value
[INFO] [stdout]   --> src/./big.rs:35:26
[INFO] [stdout]    |
[INFO] [stdout] 35 | pub const BMASK: Chunk = ((1 << BASEBITS) - 1);
[INFO] [stdout]    |                          ^                   ^
[INFO] [stdout]    |
[INFO] [stdout] help: remove these parentheses
[INFO] [stdout]    |
[INFO] [stdout] 35 - pub const BMASK: Chunk = ((1 << BASEBITS) - 1);
[INFO] [stdout] 35 + pub const BMASK: Chunk = (1 << BASEBITS) - 1;
[INFO] [stdout]    |
[INFO] [stdout] 
[INFO] [stdout] 
[INFO] [stdout] warning: unnecessary parentheses around assigned value
[INFO] [stdout]   --> src/./big.rs:36:26
[INFO] [stdout]    |
[INFO] [stdout] 36 | pub const HBITS: usize = (BASEBITS / 2);
[INFO] [stdout]    |                          ^            ^
[INFO] [stdout]    |
[INFO] [stdout] help: remove these parentheses
[INFO] [stdout]    |
[INFO] [stdout] 36 - pub const HBITS: usize = (BASEBITS / 2);
[INFO] [stdout] 36 + pub const HBITS: usize = BASEBITS / 2;
[INFO] [stdout]    |
[INFO] [stdout] 
[INFO] [stdout] 
[INFO] [stdout] warning: unnecessary parentheses around assigned value
[INFO] [stdout]   --> src/./big.rs:37:26
[INFO] [stdout]    |
[INFO] [stdout] 37 | pub const HMASK: Chunk = ((1 << HBITS) - 1);
[INFO] [stdout]    |                          ^                ^
[INFO] [stdout]    |
[INFO] [stdout] help: remove these parentheses
[INFO] [stdout]    |
[INFO] [stdout] 37 - pub const HMASK: Chunk = ((1 << HBITS) - 1);
[INFO] [stdout] 37 + pub const HMASK: Chunk = (1 << HBITS) - 1;
[INFO] [stdout]    |
[INFO] [stdout] 
[INFO] [stdout] 
[INFO] [stdout] warning: unnecessary parentheses around assigned value
[INFO] [stdout]   --> src/./big.rs:38:28
[INFO] [stdout]    |
[INFO] [stdout] 38 | pub const NEXCESS: isize = (1 << ((arch::CHUNK) - BASEBITS - 1));
[INFO] [stdout]    |                            ^                                   ^
[INFO] [stdout]    |
[INFO] [stdout] help: remove these parentheses
[INFO] [stdout]    |
[INFO] [stdout] 38 - pub const NEXCESS: isize = (1 << ((arch::CHUNK) - BASEBITS - 1));
[INFO] [stdout] 38 + pub const NEXCESS: isize = 1 << ((arch::CHUNK) - BASEBITS - 1);
[INFO] [stdout]    |
[INFO] [stdout] 
[INFO] [stdout] 
[INFO] [stdout] warning: unnecessary parentheses around assigned value
[INFO] [stdout]   --> src/./big.rs:39:28
[INFO] [stdout]    |
[INFO] [stdout] 39 | pub const BIGBITS: usize = (MODBYTES * 8);
[INFO] [stdout]    |                            ^            ^
[INFO] [stdout]    |
[INFO] [stdout] help: remove these parentheses
[INFO] [stdout]    |
[INFO] [stdout] 39 - pub const BIGBITS: usize = (MODBYTES * 8);
[INFO] [stdout] 39 + pub const BIGBITS: usize = MODBYTES * 8;
[INFO] [stdout]    |
[INFO] [stdout] 
[INFO] [stdout] 
[INFO] [stdout] warning: unnecessary parentheses around assigned value
[INFO] [stdout]   --> src/./fp.rs:57:25
[INFO] [stdout]    |
[INFO] [stdout] 57 | pub const FEXCESS:i32 = (((1 as i32)<<SH)-1);
[INFO] [stdout]    |                         ^                  ^
[INFO] [stdout]    |
[INFO] [stdout] help: remove these parentheses
[INFO] [stdout]    |
[INFO] [stdout] 57 - pub const FEXCESS:i32 = (((1 as i32)<<SH)-1);
[INFO] [stdout] 57 + pub const FEXCESS:i32 = ((1 as i32)<<SH)-1;
[INFO] [stdout]    |
[INFO] [stdout] 
[INFO] [stdout] 
[INFO] [stdout] error[E0277]: the size for values of type `[u8]` cannot be known at compilation time
[INFO] [stdout]    --> tests/TestALL.rs:303:25
[INFO] [stdout]     |
[INFO] [stdout] 303 |             if let Some(rm) = mm {
[INFO] [stdout]     |                         ^^ doesn't have a size known at compile-time
[INFO] [stdout]     |
[INFO] [stdout]     = help: the trait `Sized` is not implemented for `[u8]`
[INFO] [stdout]     = note: all local variables must have a statically known size
[INFO] [stdout]     = help: unsized locals are gated as an unstable feature
[INFO] [stdout] 
[INFO] [stdout] 
[INFO] [stdout] error[E0277]: the size for values of type `[u8]` cannot be known at compilation time
[INFO] [stdout]    --> tests/TestALL.rs:303:20
[INFO] [stdout]     |
[INFO] [stdout] 303 |             if let Some(rm) = mm {
[INFO] [stdout]     |                    ^^^^^^^^ doesn't have a size known at compile-time
[INFO] [stdout]     |
[INFO] [stdout]     = help: the trait `Sized` is not implemented for `[u8]`
[INFO] [stdout] note: required by a bound in `Some`
[INFO] [stdout]    --> /rustc/84c898d65adf2f39a5a98507f1fe0ce10a2b8dbc/library/core/src/option.rs:571:5
[INFO] [stdout] 
[INFO] [stdout] 
[INFO] [stdout] note: erroneous constant used
[INFO] [stdout]    --> tests/TestALL.rs:350:22
[INFO] [stdout]     |
[INFO] [stdout] 350 |     let mut s1: [u8; EGS] = [0; EGS];
[INFO] [stdout]     |                      ^^^
[INFO] [stdout] 
[INFO] [stdout] 
[INFO] [stdout] note: erroneous constant used
[INFO] [stdout]    --> tests/TestALL.rs:351:26
[INFO] [stdout]     |
[INFO] [stdout] 351 |     let mut w0: [u8; 2 * EFS + 1] = [0; 2 * EFS + 1];
[INFO] [stdout]     |                          ^^^
[INFO] [stdout] 
[INFO] [stdout] 
[INFO] [stdout] note: erroneous constant used
[INFO] [stdout]    --> tests/TestALL.rs:352:26
[INFO] [stdout]     |
[INFO] [stdout] 352 |     let mut w1: [u8; 2 * EFS + 1] = [0; 2 * EFS + 1];
[INFO] [stdout]     |                          ^^^
[INFO] [stdout] 
[INFO] [stdout] 
[INFO] [stdout] note: erroneous constant used
[INFO] [stdout]    --> tests/TestALL.rs:353:22
[INFO] [stdout]     |
[INFO] [stdout] 353 |     let mut z0: [u8; EFS] = [0; EFS];
[INFO] [stdout]     |                      ^^^
[INFO] [stdout] 
[INFO] [stdout] 
[INFO] [stdout] note: erroneous constant used
[INFO] [stdout]    --> tests/TestALL.rs:354:22
[INFO] [stdout]     |
[INFO] [stdout] 354 |     let mut z1: [u8; EFS] = [0; EFS];
[INFO] [stdout]     |                      ^^^
[INFO] [stdout] 
[INFO] [stdout] 
[INFO] [stdout] note: erroneous constant used
[INFO] [stdout]    --> tests/TestALL.rs:355:23
[INFO] [stdout]     |
[INFO] [stdout] 355 |     let mut key: [u8; EAS] = [0; EAS];
[INFO] [stdout]     |                       ^^^
[INFO] [stdout] 
[INFO] [stdout] 
[INFO] [stdout] note: erroneous constant used
[INFO] [stdout]    --> tests/TestALL.rs:356:22
[INFO] [stdout]     |
[INFO] [stdout] 356 |     let mut cs: [u8; EGS] = [0; EGS];
[INFO] [stdout]     |                      ^^^
[INFO] [stdout] 
[INFO] [stdout] 
[INFO] [stdout] note: erroneous constant used
[INFO] [stdout]    --> tests/TestALL.rs:357:22
[INFO] [stdout]     |
[INFO] [stdout] 357 |     let mut ds: [u8; EGS] = [0; EGS];
[INFO] [stdout]     |                      ^^^
[INFO] [stdout] 
[INFO] [stdout] 
[INFO] [stdout] note: erroneous constant used
[INFO] [stdout]    --> tests/TestALL.rs:361:25
[INFO] [stdout]     |
[INFO] [stdout] 361 |     let mut v: [u8; 2 * EFS + 1] = [0; 2 * EFS + 1];
[INFO] [stdout]     |                         ^^^
[INFO] [stdout] 
[INFO] [stdout] 
[INFO] [stdout] note: erroneous constant used
[INFO] [stdout]    --> tests/TestALL.rs:371:22
[INFO] [stdout]     |
[INFO] [stdout] 371 |     let mut s0: [u8; EFS] = [0; EGS];
[INFO] [stdout]     |                      ^^^
[INFO] [stdout] 
[INFO] [stdout] 
[INFO] [stdout] note: erroneous constant used
[INFO] [stdout]    --> tests/TestALL.rs:350:33
[INFO] [stdout]     |
[INFO] [stdout] 350 |     let mut s1: [u8; EGS] = [0; EGS];
[INFO] [stdout]     |                                 ^^^
[INFO] [stdout] 
[INFO] [stdout] 
[INFO] [stdout] note: erroneous constant used
[INFO] [stdout]    --> tests/TestALL.rs:351:45
[INFO] [stdout]     |
[INFO] [stdout] 351 |     let mut w0: [u8; 2 * EFS + 1] = [0; 2 * EFS + 1];
[INFO] [stdout]     |                                             ^^^
[INFO] [stdout] 
[INFO] [stdout] 
[INFO] [stdout] note: erroneous constant used
[INFO] [stdout]    --> tests/TestALL.rs:352:45
[INFO] [stdout]     |
[INFO] [stdout] 352 |     let mut w1: [u8; 2 * EFS + 1] = [0; 2 * EFS + 1];
[INFO] [stdout]     |                                             ^^^
[INFO] [stdout] 
[INFO] [stdout] 
[INFO] [stdout] note: erroneous constant used
[INFO] [stdout]    --> tests/TestALL.rs:353:33
[INFO] [stdout]     |
[INFO] [stdout] 353 |     let mut z0: [u8; EFS] = [0; EFS];
[INFO] [stdout]     |                                 ^^^
[INFO] [stdout] 
[INFO] [stdout] 
[INFO] [stdout] note: erroneous constant used
[INFO] [stdout]    --> tests/TestALL.rs:354:33
[INFO] [stdout]     |
[INFO] [stdout] 354 |     let mut z1: [u8; EFS] = [0; EFS];
[INFO] [stdout]     |                                 ^^^
[INFO] [stdout] 
[INFO] [stdout] 
[INFO] [stdout] note: erroneous constant used
[INFO] [stdout]    --> tests/TestALL.rs:355:34
[INFO] [stdout]     |
[INFO] [stdout] 355 |     let mut key: [u8; EAS] = [0; EAS];
[INFO] [stdout]     |                                  ^^^
[INFO] [stdout] 
[INFO] [stdout] 
[INFO] [stdout] note: erroneous constant used
[INFO] [stdout]    --> tests/TestALL.rs:356:33
[INFO] [stdout]     |
[INFO] [stdout] 356 |     let mut cs: [u8; EGS] = [0; EGS];
[INFO] [stdout]     |                                 ^^^
[INFO] [stdout] 
[INFO] [stdout] 
[INFO] [stdout] note: erroneous constant used
[INFO] [stdout]    --> tests/TestALL.rs:357:33
[INFO] [stdout]     |
[INFO] [stdout] 357 |     let mut ds: [u8; EGS] = [0; EGS];
[INFO] [stdout]     |                                 ^^^
[INFO] [stdout] 
[INFO] [stdout] 
[INFO] [stdout] note: erroneous constant used
[INFO] [stdout]    --> tests/TestALL.rs:361:44
[INFO] [stdout]     |
[INFO] [stdout] 361 |     let mut v: [u8; 2 * EFS + 1] = [0; 2 * EFS + 1];
[INFO] [stdout]     |                                            ^^^
[INFO] [stdout] 
[INFO] [stdout] 
[INFO] [stdout] note: erroneous constant used
[INFO] [stdout]    --> tests/TestALL.rs:371:33
[INFO] [stdout]     |
[INFO] [stdout] 371 |     let mut s0: [u8; EFS] = [0; EGS];
[INFO] [stdout]     |                                 ^^^
[INFO] [stdout] 
[INFO] [stdout] 
[INFO] [stdout] error[E0277]: the size for values of type `[u8]` cannot be known at compilation time
[INFO] [stdout]    --> tests/TestALL.rs:444:21
[INFO] [stdout]     |
[INFO] [stdout] 444 |         if let Some(mut c) = cc {
[INFO] [stdout]     |                     ^^^^^ doesn't have a size known at compile-time
[INFO] [stdout]     |
[INFO] [stdout]     = help: the trait `Sized` is not implemented for `[u8]`
[INFO] [stdout]     = note: all local variables must have a statically known size
[INFO] [stdout]     = help: unsized locals are gated as an unstable feature
[INFO] [stdout] 
[INFO] [stdout] 
[INFO] [stdout] error[E0277]: the size for values of type `[u8]` cannot be known at compilation time
[INFO] [stdout]    --> tests/TestALL.rs:444:16
[INFO] [stdout]     |
[INFO] [stdout] 444 |         if let Some(mut c) = cc {
[INFO] [stdout]     |                ^^^^^^^^^^^ doesn't have a size known at compile-time
[INFO] [stdout]     |
[INFO] [stdout]     = help: the trait `Sized` is not implemented for `[u8]`
[INFO] [stdout] note: required by a bound in `Some`
[INFO] [stdout]    --> /rustc/84c898d65adf2f39a5a98507f1fe0ce10a2b8dbc/library/core/src/option.rs:571:5
[INFO] [stdout] 
[INFO] [stdout] 
[INFO] [stdout] error[E0277]: the size for values of type `[u8]` cannot be known at compilation time
[INFO] [stdout]    --> tests/TestALL.rs:454:25
[INFO] [stdout]     |
[INFO] [stdout] 454 |             if let Some(rm) = mm {
[INFO] [stdout]     |                         ^^ doesn't have a size known at compile-time
[INFO] [stdout]     |
[INFO] [stdout]     = help: the trait `Sized` is not implemented for `[u8]`
[INFO] [stdout]     = note: all local variables must have a statically known size
[INFO] [stdout]     = help: unsized locals are gated as an unstable feature
[INFO] [stdout] 
[INFO] [stdout] 
[INFO] [stdout] error[E0277]: the size for values of type `[u8]` cannot be known at compilation time
[INFO] [stdout]    --> tests/TestALL.rs:454:20
[INFO] [stdout]     |
[INFO] [stdout] 454 |             if let Some(rm) = mm {
[INFO] [stdout]     |                    ^^^^^^^^ doesn't have a size known at compile-time
[INFO] [stdout]     |
[INFO] [stdout]     = help: the trait `Sized` is not implemented for `[u8]`
[INFO] [stdout] note: required by a bound in `Some`
[INFO] [stdout]    --> /rustc/84c898d65adf2f39a5a98507f1fe0ce10a2b8dbc/library/core/src/option.rs:571:5
[INFO] [stdout] 
[INFO] [stdout] 
[INFO] [stdout] note: erroneous constant used
[INFO] [stdout]    --> tests/TestALL.rs:721:21
[INFO] [stdout]     |
[INFO] [stdout] 721 |     let mut s: [u8; EGS] = [0; EGS];
[INFO] [stdout]     |                     ^^^
[INFO] [stdout] 
[INFO] [stdout] 
[INFO] [stdout] error: aborting due to 32 previous errors
[INFO] [stdout] 
[INFO] [stdout] 
[INFO] [stdout] For more information about this error, try `rustc --explain E0432`.
[INFO] [stdout] 
[INFO] [stdout] note: erroneous constant used
[INFO] [stdout]    --> tests/TestALL.rs:722:23
[INFO] [stdout]     |
[INFO] [stdout] 722 |     const RM: usize = EFS as usize;
[INFO] [stdout]     |                       ^^^
[INFO] [stdout] 
[INFO] [stdout] 
[INFO] [stdout] note: erroneous constant used
[INFO] [stdout]    --> tests/TestALL.rs:723:24
[INFO] [stdout]     |
[INFO] [stdout] 723 |     let mut hcid: [u8; RM] = [0; RM];
[INFO] [stdout]     |                        ^^
[INFO] [stdout] 
[INFO] [stdout] 
[INFO] [stdout] note: erroneous constant used
[INFO] [stdout]    --> tests/TestALL.rs:724:24
[INFO] [stdout]     |
[INFO] [stdout] 724 |     let mut hsid: [u8; RM] = [0; RM];
[INFO] [stdout]     |                        ^^
[INFO] [stdout] 
[INFO] [stdout] 
[INFO] [stdout] note: erroneous constant used
[INFO] [stdout]    --> tests/TestALL.rs:727:28
[INFO] [stdout]     |
[INFO] [stdout] 727 |     const G2S: usize = 4 * EFS; /* Group 2 Size */
[INFO] [stdout]     |                            ^^^
[INFO] [stdout] 
[INFO] [stdout] 
[INFO] [stdout] note: erroneous constant used
[INFO] [stdout]    --> tests/TestALL.rs:730:23
[INFO] [stdout]     |
[INFO] [stdout] 730 |     let mut sst: [u8; G2S] = [0; G2S];
[INFO] [stdout]     |                       ^^^
[INFO] [stdout] 
[INFO] [stdout] 
[INFO] [stdout] note: erroneous constant used
[INFO] [stdout]    --> tests/TestALL.rs:726:28
[INFO] [stdout]     |
[INFO] [stdout] 726 |     const G1S: usize = 2 * EFS + 1; /* Group 1 Size */
[INFO] [stdout]     |                            ^^^
[INFO] [stdout] 
[INFO] [stdout] 
[INFO] [stdout] note: erroneous constant used
[INFO] [stdout]    --> tests/TestALL.rs:731:25
[INFO] [stdout]     |
[INFO] [stdout] 731 |     let mut token: [u8; G1S] = [0; G1S];
[INFO] [stdout]     |                         ^^^
[INFO] [stdout] 
[INFO] [stdout] 
[INFO] [stdout] note: erroneous constant used
[INFO] [stdout]    --> tests/TestALL.rs:732:26
[INFO] [stdout]     |
[INFO] [stdout] 732 |     let mut permit: [u8; G1S] = [0; G1S];
[INFO] [stdout]     |                          ^^^
[INFO] [stdout] 
[INFO] [stdout] 
[INFO] [stdout] note: erroneous constant used
[INFO] [stdout]    --> tests/TestALL.rs:733:27
[INFO] [stdout]     |
[INFO] [stdout] 733 |     let mut g1: [u8; 12 * EFS] = [0; 12 * EFS];
[INFO] [stdout]     |                           ^^^
[INFO] [stdout] 
[INFO] [stdout] 
[INFO] [stdout] note: erroneous constant used
[INFO] [stdout]    --> tests/TestALL.rs:734:27
[INFO] [stdout]     |
[INFO] [stdout] 734 |     let mut g2: [u8; 12 * EFS] = [0; 12 * EFS];
[INFO] [stdout]     |                           ^^^
[INFO] [stdout] 
[INFO] [stdout] 
[INFO] [stdout] note: erroneous constant used
[INFO] [stdout]    --> tests/TestALL.rs:735:23
[INFO] [stdout]     |
[INFO] [stdout] 735 |     let mut xid: [u8; G1S] = [0; G1S];
[INFO] [stdout]     |                       ^^^
[INFO] [stdout] 
[INFO] [stdout] 
[INFO] [stdout] note: erroneous constant used
[INFO] [stdout]    --> tests/TestALL.rs:736:24
[INFO] [stdout]     |
[INFO] [stdout] 736 |     let mut xcid: [u8; G1S] = [0; G1S];
[INFO] [stdout]     |                        ^^^
[INFO] [stdout] 
[INFO] [stdout] 
[INFO] [stderr] error: could not compile `amcl` due to 33 previous errors
[INFO] [stdout] note: erroneous constant used
[INFO] [stdout]    --> tests/TestALL.rs:737:21
[INFO] [stdout]     |
[INFO] [stdout] 737 |     let mut x: [u8; EGS] = [0; EGS];
[INFO] [stdout]     |                     ^^^
[INFO] [stdout] 
[INFO] [stdout] 
[INFO] [stdout] note: erroneous constant used
[INFO] [stdout]    --> tests/TestALL.rs:738:21
[INFO] [stdout]     |
[INFO] [stdout] 738 |     let mut y: [u8; EGS] = [0; EGS];
[INFO] [stdout]     |                     ^^^
[INFO] [stdout] 
[INFO] [stdout] 
[INFO] [stdout] note: erroneous constant used
[INFO] [stdout]    --> tests/TestALL.rs:739:23
[INFO] [stdout]     |
[INFO] [stdout] 739 |     let mut sec: [u8; G1S] = [0; G1S];
[INFO] [stdout]     |                       ^^^
[INFO] [stdout] 
[INFO] [stdout] 
[INFO] [stdout] note: erroneous constant used
[INFO] [stdout]    --> tests/TestALL.rs:740:21
[INFO] [stdout]     |
[INFO] [stdout] 740 |     let mut r: [u8; EGS] = [0; EGS];
[INFO] [stdout]     |                     ^^^
[INFO] [stdout] 
[INFO] [stdout] 
[INFO] [stdout] note: erroneous constant used
[INFO] [stdout]    --> tests/TestALL.rs:741:21
[INFO] [stdout]     |
[INFO] [stdout] 741 |     let mut z: [u8; G1S] = [0; G1S];
[INFO] [stdout]     |                     ^^^
[INFO] [stdout] 
[INFO] [stdout] 
[INFO] [stdout] note: erroneous constant used
[INFO] [stdout]    --> tests/TestALL.rs:742:23
[INFO] [stdout]     |
[INFO] [stdout] 742 |     let mut hid: [u8; G1S] = [0; G1S];
[INFO] [stdout]     |                       ^^^
[INFO] [stdout] 
[INFO] [stdout] 
[INFO] [stdout] note: erroneous constant used
[INFO] [stdout]    --> tests/TestALL.rs:743:24
[INFO] [stdout]     |
[INFO] [stdout] 743 |     let mut htid: [u8; G1S] = [0; G1S];
[INFO] [stdout]     |                        ^^^
[INFO] [stdout] 
[INFO] [stdout] 
[INFO] [stdout] note: erroneous constant used
[INFO] [stdout]    --> tests/TestALL.rs:744:24
[INFO] [stdout]     |
[INFO] [stdout] 744 |     let mut rhid: [u8; G1S] = [0; G1S];
[INFO] [stdout]     |                        ^^^
[INFO] [stdout] 
[INFO] [stdout] 
[INFO] [stdout] note: erroneous constant used
[INFO] [stdout]    --> tests/TestALL.rs:745:21
[INFO] [stdout]     |
[INFO] [stdout] 745 |     let mut w: [u8; EGS] = [0; EGS];
[INFO] [stdout]     |                     ^^^
[INFO] [stdout] 
[INFO] [stdout] 
[INFO] [stdout] note: erroneous constant used
[INFO] [stdout]    --> tests/TestALL.rs:746:21
[INFO] [stdout]     |
[INFO] [stdout] 746 |     let mut t: [u8; G1S] = [0; G1S];
[INFO] [stdout]     |                     ^^^
[INFO] [stdout] 
[INFO] [stdout] 
[INFO] [stdout] note: erroneous constant used
[INFO] [stdout]    --> tests/TestALL.rs:747:26
[INFO] [stdout]     |
[INFO] [stdout] 747 |     let mut e: [u8; 12 * EFS] = [0; 12 * EFS];
[INFO] [stdout]     |                          ^^^
[INFO] [stdout] 
[INFO] [stdout] 
[INFO] [stdout] note: erroneous constant used
[INFO] [stdout]    --> tests/TestALL.rs:748:26
[INFO] [stdout]     |
[INFO] [stdout] 748 |     let mut f: [u8; 12 * EFS] = [0; 12 * EFS];
[INFO] [stdout]     |                          ^^^
[INFO] [stdout] 
[INFO] [stdout] 
[INFO] [stdout] note: erroneous constant used
[INFO] [stdout]    --> tests/TestALL.rs:749:21
[INFO] [stdout]     |
[INFO] [stdout] 749 |     let mut h: [u8; RM] = [0; RM];
[INFO] [stdout]     |                     ^^
[INFO] [stdout] 
[INFO] [stdout] 
[INFO] [stdout] note: erroneous constant used
[INFO] [stdout]    --> tests/TestALL.rs:750:22
[INFO] [stdout]     |
[INFO] [stdout] 750 |     let mut ck: [u8; EAS] = [0; EAS];
[INFO] [stdout]     |                      ^^^
[INFO] [stdout] 
[INFO] [stdout] 
[INFO] [stdout] note: erroneous constant used
[INFO] [stdout]    --> tests/TestALL.rs:751:22
[INFO] [stdout]     |
[INFO] [stdout] 751 |     let mut sk: [u8; EAS] = [0; EAS];
[INFO] [stdout]     |                      ^^^
[INFO] [stdout] 
[INFO] [stdout] 
[INFO] [stdout] note: erroneous constant used
[INFO] [stdout]    --> tests/TestALL.rs:721:32
[INFO] [stdout]     |
[INFO] [stdout] 721 |     let mut s: [u8; EGS] = [0; EGS];
[INFO] [stdout]     |                                ^^^
[INFO] [stdout] 
[INFO] [stdout] 
[INFO] [stdout] note: erroneous constant used
[INFO] [stdout]    --> tests/TestALL.rs:723:34
[INFO] [stdout]     |
[INFO] [stdout] 723 |     let mut hcid: [u8; RM] = [0; RM];
[INFO] [stdout]     |                                  ^^
[INFO] [stdout] 
[INFO] [stdout] 
[INFO] [stdout] note: erroneous constant used
[INFO] [stdout]    --> tests/TestALL.rs:724:34
[INFO] [stdout]     |
[INFO] [stdout] 724 |     let mut hsid: [u8; RM] = [0; RM];
[INFO] [stdout]     |                                  ^^
[INFO] [stdout] 
[INFO] [stdout] 
[INFO] [stdout] note: erroneous constant used
[INFO] [stdout]    --> tests/TestALL.rs:730:34
[INFO] [stdout]     |
[INFO] [stdout] 730 |     let mut sst: [u8; G2S] = [0; G2S];
[INFO] [stdout]     |                                  ^^^
[INFO] [stdout] 
[INFO] [stdout] 
[INFO] [stdout] note: erroneous constant used
[INFO] [stdout]    --> tests/TestALL.rs:731:36
[INFO] [stdout]     |
[INFO] [stdout] 731 |     let mut token: [u8; G1S] = [0; G1S];
[INFO] [stdout]     |                                    ^^^
[INFO] [stdout] 
[INFO] [stdout] 
[INFO] [stdout] note: erroneous constant used
[INFO] [stdout]    --> tests/TestALL.rs:732:37
[INFO] [stdout]     |
[INFO] [stdout] 732 |     let mut permit: [u8; G1S] = [0; G1S];
[INFO] [stdout]     |                                     ^^^
[INFO] [stdout] 
[INFO] [stdout] 
[INFO] [stdout] note: erroneous constant used
[INFO] [stdout]    --> tests/TestALL.rs:733:43
[INFO] [stdout]     |
[INFO] [stdout] 733 |     let mut g1: [u8; 12 * EFS] = [0; 12 * EFS];
[INFO] [stdout]     |                                           ^^^
[INFO] [stdout] 
[INFO] [stdout] 
[INFO] [stdout] note: erroneous constant used
[INFO] [stdout]    --> tests/TestALL.rs:734:43
[INFO] [stdout]     |
[INFO] [stdout] 734 |     let mut g2: [u8; 12 * EFS] = [0; 12 * EFS];
[INFO] [stdout]     |                                           ^^^
[INFO] [stdout] 
[INFO] [stdout] 
[INFO] [stdout] note: erroneous constant used
[INFO] [stdout]    --> tests/TestALL.rs:735:34
[INFO] [stdout]     |
[INFO] [stdout] 735 |     let mut xid: [u8; G1S] = [0; G1S];
[INFO] [stdout]     |                                  ^^^
[INFO] [stdout] 
[INFO] [stdout] 
[INFO] [stdout] note: erroneous constant used
[INFO] [stdout]    --> tests/TestALL.rs:736:35
[INFO] [stdout]     |
[INFO] [stdout] 736 |     let mut xcid: [u8; G1S] = [0; G1S];
[INFO] [stdout]     |                                   ^^^
[INFO] [stdout] 
[INFO] [stdout] 
[INFO] [stdout] note: erroneous constant used
[INFO] [stdout]    --> tests/TestALL.rs:737:32
[INFO] [stdout]     |
[INFO] [stdout] 737 |     let mut x: [u8; EGS] = [0; EGS];
[INFO] [stdout]     |                                ^^^
[INFO] [stdout] 
[INFO] [stdout] 
[INFO] [stdout] note: erroneous constant used
[INFO] [stdout]    --> tests/TestALL.rs:738:32
[INFO] [stdout]     |
[INFO] [stdout] 738 |     let mut y: [u8; EGS] = [0; EGS];
[INFO] [stdout]     |                                ^^^
[INFO] [stdout] 
[INFO] [stdout] 
[INFO] [stdout] note: erroneous constant used
[INFO] [stdout]    --> tests/TestALL.rs:739:34
[INFO] [stdout]     |
[INFO] [stdout] 739 |     let mut sec: [u8; G1S] = [0; G1S];
[INFO] [stdout]     |                                  ^^^
[INFO] [stdout] 
[INFO] [stdout] 
[INFO] [stdout] note: erroneous constant used
[INFO] [stdout]    --> tests/TestALL.rs:740:32
[INFO] [stdout]     |
[INFO] [stdout] 740 |     let mut r: [u8; EGS] = [0; EGS];
[INFO] [stdout]     |                                ^^^
[INFO] [stdout] 
[INFO] [stdout] 
[INFO] [stdout] note: erroneous constant used
[INFO] [stdout]    --> tests/TestALL.rs:741:32
[INFO] [stdout]     |
[INFO] [stdout] 741 |     let mut z: [u8; G1S] = [0; G1S];
[INFO] [stdout]     |                                ^^^
[INFO] [stdout] 
[INFO] [stdout] 
[INFO] [stdout] note: erroneous constant used
[INFO] [stdout]    --> tests/TestALL.rs:742:34
[INFO] [stdout]     |
[INFO] [stdout] 742 |     let mut hid: [u8; G1S] = [0; G1S];
[INFO] [stdout]     |                                  ^^^
[INFO] [stdout] 
[INFO] [stdout] 
[INFO] [stdout] note: erroneous constant used
[INFO] [stdout]    --> tests/TestALL.rs:743:35
[INFO] [stdout]     |
[INFO] [stdout] 743 |     let mut htid: [u8; G1S] = [0; G1S];
[INFO] [stdout]     |                                   ^^^
[INFO] [stdout] 
[INFO] [stdout] 
[INFO] [stdout] note: erroneous constant used
[INFO] [stdout]    --> tests/TestALL.rs:744:35
[INFO] [stdout]     |
[INFO] [stdout] 744 |     let mut rhid: [u8; G1S] = [0; G1S];
[INFO] [stdout]     |                                   ^^^
[INFO] [stdout] 
[INFO] [stdout] 
[INFO] [stdout] note: erroneous constant used
[INFO] [stdout]    --> tests/TestALL.rs:745:32
[INFO] [stdout]     |
[INFO] [stdout] 745 |     let mut w: [u8; EGS] = [0; EGS];
[INFO] [stdout]     |                                ^^^
[INFO] [stdout] 
[INFO] [stdout] 
[INFO] [stdout] note: erroneous constant used
[INFO] [stdout]    --> tests/TestALL.rs:746:32
[INFO] [stdout]     |
[INFO] [stdout] 746 |     let mut t: [u8; G1S] = [0; G1S];
[INFO] [stdout]     |                                ^^^
[INFO] [stdout] 
[INFO] [stdout] 
[INFO] [stdout] note: erroneous constant used
[INFO] [stdout]    --> tests/TestALL.rs:747:42
[INFO] [stdout]     |
[INFO] [stdout] 747 |     let mut e: [u8; 12 * EFS] = [0; 12 * EFS];
[INFO] [stdout]     |                                          ^^^
[INFO] [stdout] 
[INFO] [stdout] 
[INFO] [stdout] note: erroneous constant used
[INFO] [stdout]    --> tests/TestALL.rs:748:42
[INFO] [stdout]     |
[INFO] [stdout] 748 |     let mut f: [u8; 12 * EFS] = [0; 12 * EFS];
[INFO] [stdout]     |                                          ^^^
[INFO] [stdout] 
[INFO] [stdout] 
[INFO] [stdout] note: erroneous constant used
[INFO] [stdout]    --> tests/TestALL.rs:749:31
[INFO] [stdout]     |
[INFO] [stdout] 749 |     let mut h: [u8; RM] = [0; RM];
[INFO] [stdout]     |                               ^^
[INFO] [stdout] 
[INFO] [stdout] 
[INFO] [stdout] note: erroneous constant used
[INFO] [stdout]    --> tests/TestALL.rs:750:33
[INFO] [stdout]     |
[INFO] [stdout] 750 |     let mut ck: [u8; EAS] = [0; EAS];
[INFO] [stdout]     |                                 ^^^
[INFO] [stdout] 
[INFO] [stdout] 
[INFO] [stdout] note: erroneous constant used
[INFO] [stdout]    --> tests/TestALL.rs:751:33
[INFO] [stdout]     |
[INFO] [stdout] 751 |     let mut sk: [u8; EAS] = [0; EAS];
[INFO] [stdout]     |                                 ^^^
[INFO] [stdout] 
[INFO] [stdout] 
[INFO] [stdout] note: erroneous constant used
[INFO] [stdout]    --> tests/TestALL.rs:943:21
[INFO] [stdout]     |
[INFO] [stdout] 943 |     let mut s: [u8; EGS] = [0; EGS];
[INFO] [stdout]     |                     ^^^
[INFO] [stdout] 
[INFO] [stdout] 
[INFO] [stdout] note: erroneous constant used
[INFO] [stdout]    --> tests/TestALL.rs:944:23
[INFO] [stdout]     |
[INFO] [stdout] 944 |     const RM: usize = EFS as usize;
[INFO] [stdout]     |                       ^^^
[INFO] [stdout] 
[INFO] [stdout] 
[INFO] [stdout] note: erroneous constant used
[INFO] [stdout]    --> tests/TestALL.rs:945:24
[INFO] [stdout]     |
[INFO] [stdout] 945 |     let mut hcid: [u8; RM] = [0; RM];
[INFO] [stdout]     |                        ^^
[INFO] [stdout] 
[INFO] [stdout] 
[INFO] [stdout] note: erroneous constant used
[INFO] [stdout]    --> tests/TestALL.rs:946:24
[INFO] [stdout]     |
[INFO] [stdout] 946 |     let mut hsid: [u8; RM] = [0; RM];
[INFO] [stdout]     |                        ^^
[INFO] [stdout] 
[INFO] [stdout] 
[INFO] [stdout] note: erroneous constant used
[INFO] [stdout]    --> tests/TestALL.rs:949:28
[INFO] [stdout]     |
[INFO] [stdout] 949 |     const G2S: usize = 8 * EFS; /* Group 2 Size */
[INFO] [stdout]     |                            ^^^
[INFO] [stdout] 
[INFO] [stdout] 
[INFO] [stdout] note: erroneous constant used
[INFO] [stdout]    --> tests/TestALL.rs:952:23
[INFO] [stdout]     |
[INFO] [stdout] 952 |     let mut sst: [u8; G2S] = [0; G2S];
[INFO] [stdout]     |                       ^^^
[INFO] [stdout] 
[INFO] [stdout] 
[INFO] [stdout] note: erroneous constant used
[INFO] [stdout]    --> tests/TestALL.rs:948:28
[INFO] [stdout]     |
[INFO] [stdout] 948 |     const G1S: usize = 2 * EFS + 1; /* Group 1 Size */
[INFO] [stdout]     |                            ^^^
[INFO] [stdout] 
[INFO] [stdout] 
[INFO] [stdout] note: erroneous constant used
[INFO] [stdout]    --> tests/TestALL.rs:953:25
[INFO] [stdout]     |
[INFO] [stdout] 953 |     let mut token: [u8; G1S] = [0; G1S];
[INFO] [stdout]     |                         ^^^
[INFO] [stdout] 
[INFO] [stdout] 
[INFO] [stdout] note: erroneous constant used
[INFO] [stdout]    --> tests/TestALL.rs:954:26
[INFO] [stdout]     |
[INFO] [stdout] 954 |     let mut permit: [u8; G1S] = [0; G1S];
[INFO] [stdout]     |                          ^^^
[INFO] [stdout] 
[INFO] [stdout] 
[INFO] [stdout] note: erroneous constant used
[INFO] [stdout]    --> tests/TestALL.rs:955:27
[INFO] [stdout]     |
[INFO] [stdout] 955 |     let mut g1: [u8; 24 * EFS] = [0; 24 * EFS];
[INFO] [stdout]     |                           ^^^
[INFO] [stdout] 
[INFO] [stdout] 
[INFO] [stdout] note: erroneous constant used
[INFO] [stdout]    --> tests/TestALL.rs:956:27
[INFO] [stdout]     |
[INFO] [stdout] 956 |     let mut g2: [u8; 24 * EFS] = [0; 24 * EFS];
[INFO] [stdout]     |                           ^^^
[INFO] [stdout] 
[INFO] [stdout] 
[INFO] [stdout] note: erroneous constant used
[INFO] [stdout]    --> tests/TestALL.rs:957:23
[INFO] [stdout]     |
[INFO] [stdout] 957 |     let mut xid: [u8; G1S] = [0; G1S];
[INFO] [stdout]     |                       ^^^
[INFO] [stdout] 
[INFO] [stdout] 
[INFO] [stdout] note: erroneous constant used
[INFO] [stdout]    --> tests/TestALL.rs:958:24
[INFO] [stdout]     |
[INFO] [stdout] 958 |     let mut xcid: [u8; G1S] = [0; G1S];
[INFO] [stdout]     |                        ^^^
[INFO] [stdout] 
[INFO] [stdout] 
[INFO] [stdout] note: erroneous constant used
[INFO] [stdout]    --> tests/TestALL.rs:959:21
[INFO] [stdout]     |
[INFO] [stdout] 959 |     let mut x: [u8; EGS] = [0; EGS];
[INFO] [stdout]     |                     ^^^
[INFO] [stdout] 
[INFO] [stdout] 
[INFO] [stdout] note: erroneous constant used
[INFO] [stdout]    --> tests/TestALL.rs:960:21
[INFO] [stdout]     |
[INFO] [stdout] 960 |     let mut y: [u8; EGS] = [0; EGS];
[INFO] [stdout]     |                     ^^^
[INFO] [stdout] 
[INFO] [stdout] 
[INFO] [stdout] note: erroneous constant used
[INFO] [stdout]    --> tests/TestALL.rs:961:23
[INFO] [stdout]     |
[INFO] [stdout] 961 |     let mut sec: [u8; G1S] = [0; G1S];
[INFO] [stdout]     |                       ^^^
[INFO] [stdout] 
[INFO] [stdout] 
[INFO] [stdout] note: erroneous constant used
[INFO] [stdout]    --> tests/TestALL.rs:962:21
[INFO] [stdout]     |
[INFO] [stdout] 962 |     let mut r: [u8; EGS] = [0; EGS];
[INFO] [stdout]     |                     ^^^
[INFO] [stdout] 
[INFO] [stdout] 
[INFO] [stdout] note: erroneous constant used
[INFO] [stdout]    --> tests/TestALL.rs:963:21
[INFO] [stdout]     |
[INFO] [stdout] 963 |     let mut z: [u8; G1S] = [0; G1S];
[INFO] [stdout]     |                     ^^^
[INFO] [stdout] 
[INFO] [stdout] 
[INFO] [stdout] note: erroneous constant used
[INFO] [stdout]    --> tests/TestALL.rs:964:23
[INFO] [stdout]     |
[INFO] [stdout] 964 |     let mut hid: [u8; G1S] = [0; G1S];
[INFO] [stdout]     |                       ^^^
[INFO] [stdout] 
[INFO] [stdout] 
[INFO] [stdout] note: erroneous constant used
[INFO] [stdout]    --> tests/TestALL.rs:965:24
[INFO] [stdout]     |
[INFO] [stdout] 965 |     let mut htid: [u8; G1S] = [0; G1S];
[INFO] [stdout]     |                        ^^^
[INFO] [stdout] 
[INFO] [stdout] 
[INFO] [stdout] note: erroneous constant used
[INFO] [stdout]    --> tests/TestALL.rs:966:24
[INFO] [stdout]     |
[INFO] [stdout] 966 |     let mut rhid: [u8; G1S] = [0; G1S];
[INFO] [stdout]     |                        ^^^
[INFO] [stdout] 
[INFO] [stdout] 
[INFO] [stdout] note: erroneous constant used
[INFO] [stdout]    --> tests/TestALL.rs:967:21
[INFO] [stdout]     |
[INFO] [stdout] 967 |     let mut w: [u8; EGS] = [0; EGS];
[INFO] [stdout]     |                     ^^^
[INFO] [stdout] 
[INFO] [stdout] 
[INFO] [stdout] note: erroneous constant used
[INFO] [stdout]    --> tests/TestALL.rs:968:21
[INFO] [stdout]     |
[INFO] [stdout] 968 |     let mut t: [u8; G1S] = [0; G1S];
[INFO] [stdout]     |                     ^^^
[INFO] [stdout] 
[INFO] [stdout] 
[INFO] [stdout] note: erroneous constant used
[INFO] [stdout]    --> tests/TestALL.rs:969:26
[INFO] [stdout]     |
[INFO] [stdout] 969 |     let mut e: [u8; 24 * EFS] = [0; 24 * EFS];
[INFO] [stdout]     |                          ^^^
[INFO] [stdout] 
[INFO] [stdout] 
[INFO] [stdout] note: erroneous constant used
[INFO] [stdout]    --> tests/TestALL.rs:970:26
[INFO] [stdout]     |
[INFO] [stdout] 970 |     let mut f: [u8; 24 * EFS] = [0; 24 * EFS];
[INFO] [stdout]     |                          ^^^
[INFO] [stdout] 
[INFO] [stdout] 
[INFO] [stdout] note: erroneous constant used
[INFO] [stdout]    --> tests/TestALL.rs:971:21
[INFO] [stdout]     |
[INFO] [stdout] 971 |     let mut h: [u8; RM] = [0; RM];
[INFO] [stdout]     |                     ^^
[INFO] [stdout] 
[INFO] [stdout] 
[INFO] [stdout] note: erroneous constant used
[INFO] [stdout]    --> tests/TestALL.rs:972:22
[INFO] [stdout]     |
[INFO] [stdout] 972 |     let mut ck: [u8; EAS] = [0; EAS];
[INFO] [stdout]     |                      ^^^
[INFO] [stdout] 
[INFO] [stdout] 
[INFO] [stdout] note: erroneous constant used
[INFO] [stdout]    --> tests/TestALL.rs:973:22
[INFO] [stdout]     |
[INFO] [stdout] 973 |     let mut sk: [u8; EAS] = [0; EAS];
[INFO] [stdout]     |                      ^^^
[INFO] [stdout] 
[INFO] [stdout] 
[INFO] [stdout] note: erroneous constant used
[INFO] [stdout]    --> tests/TestALL.rs:943:32
[INFO] [stdout]     |
[INFO] [stdout] 943 |     let mut s: [u8; EGS] = [0; EGS];
[INFO] [stdout]     |                                ^^^
[INFO] [stdout] 
[INFO] [stdout] 
[INFO] [stdout] note: erroneous constant used
[INFO] [stdout]    --> tests/TestALL.rs:945:34
[INFO] [stdout]     |
[INFO] [stdout] 945 |     let mut hcid: [u8; RM] = [0; RM];
[INFO] [stdout]     |                                  ^^
[INFO] [stdout] 
[INFO] [stdout] 
[INFO] [stdout] note: erroneous constant used
[INFO] [stdout]    --> tests/TestALL.rs:946:34
[INFO] [stdout]     |
[INFO] [stdout] 946 |     let mut hsid: [u8; RM] = [0; RM];
[INFO] [stdout]     |                                  ^^
[INFO] [stdout] 
[INFO] [stdout] 
[INFO] [stdout] note: erroneous constant used
[INFO] [stdout]    --> tests/TestALL.rs:952:34
[INFO] [stdout]     |
[INFO] [stdout] 952 |     let mut sst: [u8; G2S] = [0; G2S];
[INFO] [stdout]     |                                  ^^^
[INFO] [stdout] 
[INFO] [stdout] 
[INFO] [stdout] note: erroneous constant used
[INFO] [stdout]    --> tests/TestALL.rs:953:36
[INFO] [stdout]     |
[INFO] [stdout] 953 |     let mut token: [u8; G1S] = [0; G1S];
[INFO] [stdout]     |                                    ^^^
[INFO] [stdout] 
[INFO] [stdout] 
[INFO] [stdout] note: erroneous constant used
[INFO] [stdout]    --> tests/TestALL.rs:954:37
[INFO] [stdout]     |
[INFO] [stdout] 954 |     let mut permit: [u8; G1S] = [0; G1S];
[INFO] [stdout]     |                                     ^^^
[INFO] [stdout] 
[INFO] [stdout] 
[INFO] [stdout] note: erroneous constant used
[INFO] [stdout]    --> tests/TestALL.rs:955:43
[INFO] [stdout]     |
[INFO] [stdout] 955 |     let mut g1: [u8; 24 * EFS] = [0; 24 * EFS];
[INFO] [stdout]     |                                           ^^^
[INFO] [stdout] 
[INFO] [stdout] 
[INFO] [stdout] note: erroneous constant used
[INFO] [stdout]    --> tests/TestALL.rs:956:43
[INFO] [stdout]     |
[INFO] [stdout] 956 |     let mut g2: [u8; 24 * EFS] = [0; 24 * EFS];
[INFO] [stdout]     |                                           ^^^
[INFO] [stdout] 
[INFO] [stdout] 
[INFO] [stdout] note: erroneous constant used
[INFO] [stdout]    --> tests/TestALL.rs:957:34
[INFO] [stdout]     |
[INFO] [stdout] 957 |     let mut xid: [u8; G1S] = [0; G1S];
[INFO] [stdout]     |                                  ^^^
[INFO] [stdout] 
[INFO] [stdout] 
[INFO] [stdout] note: erroneous constant used
[INFO] [stdout]    --> tests/TestALL.rs:958:35
[INFO] [stdout]     |
[INFO] [stdout] 958 |     let mut xcid: [u8; G1S] = [0; G1S];
[INFO] [stdout]     |                                   ^^^
[INFO] [stdout] 
[INFO] [stdout] 
[INFO] [stdout] note: erroneous constant used
[INFO] [stdout]    --> tests/TestALL.rs:959:32
[INFO] [stdout]     |
[INFO] [stdout] 959 |     let mut x: [u8; EGS] = [0; EGS];
[INFO] [stdout]     |                                ^^^
[INFO] [stdout] 
[INFO] [stdout] 
[INFO] [stdout] note: erroneous constant used
[INFO] [stdout]    --> tests/TestALL.rs:960:32
[INFO] [stdout]     |
[INFO] [stdout] 960 |     let mut y: [u8; EGS] = [0; EGS];
[INFO] [stdout]     |                                ^^^
[INFO] [stdout] 
[INFO] [stdout] 
[INFO] [stdout] note: erroneous constant used
[INFO] [stdout]    --> tests/TestALL.rs:961:34
[INFO] [stdout]     |
[INFO] [stdout] 961 |     let mut sec: [u8; G1S] = [0; G1S];
[INFO] [stdout]     |                                  ^^^
[INFO] [stdout] 
[INFO] [stdout] 
[INFO] [stdout] note: erroneous constant used
[INFO] [stdout]    --> tests/TestALL.rs:962:32
[INFO] [stdout]     |
[INFO] [stdout] 962 |     let mut r: [u8; EGS] = [0; EGS];
[INFO] [stdout]     |                                ^^^
[INFO] [stdout] 
[INFO] [stdout] 
[INFO] [stdout] note: erroneous constant used
[INFO] [stdout]    --> tests/TestALL.rs:963:32
[INFO] [stdout]     |
[INFO] [stdout] 963 |     let mut z: [u8; G1S] = [0; G1S];
[INFO] [stdout]     |                                ^^^
[INFO] [stdout] 
[INFO] [stdout] 
[INFO] [stdout] note: erroneous constant used
[INFO] [stdout]    --> tests/TestALL.rs:964:34
[INFO] [stdout]     |
[INFO] [stdout] 964 |     let mut hid: [u8; G1S] = [0; G1S];
[INFO] [stdout]     |                                  ^^^
[INFO] [stdout] 
[INFO] [stdout] 
[INFO] [stdout] note: erroneous constant used
[INFO] [stdout]    --> tests/TestALL.rs:965:35
[INFO] [stdout]     |
[INFO] [stdout] 965 |     let mut htid: [u8; G1S] = [0; G1S];
[INFO] [stdout]     |                                   ^^^
[INFO] [stdout] 
[INFO] [stdout] 
[INFO] [stdout] note: erroneous constant used
[INFO] [stdout]    --> tests/TestALL.rs:966:35
[INFO] [stdout]     |
[INFO] [stdout] 966 |     let mut rhid: [u8; G1S] = [0; G1S];
[INFO] [stdout]     |                                   ^^^
[INFO] [stdout] 
[INFO] [stdout] 
[INFO] [stdout] note: erroneous constant used
[INFO] [stdout]    --> tests/TestALL.rs:967:32
[INFO] [stdout]     |
[INFO] [stdout] 967 |     let mut w: [u8; EGS] = [0; EGS];
[INFO] [stdout]     |                                ^^^
[INFO] [stdout] 
[INFO] [stdout] 
[INFO] [stdout] note: erroneous constant used
[INFO] [stdout]    --> tests/TestALL.rs:968:32
[INFO] [stdout]     |
[INFO] [stdout] 968 |     let mut t: [u8; G1S] = [0; G1S];
[INFO] [stdout]     |                                ^^^
[INFO] [stdout] 
[INFO] [stdout] 
[INFO] [stdout] note: erroneous constant used
[INFO] [stdout]    --> tests/TestALL.rs:969:42
[INFO] [stdout]     |
[INFO] [stdout] 969 |     let mut e: [u8; 24 * EFS] = [0; 24 * EFS];
[INFO] [stdout]     |                                          ^^^
[INFO] [stdout] 
[INFO] [stdout] 
[INFO] [stdout] note: erroneous constant used
[INFO] [stdout]    --> tests/TestALL.rs:970:42
[INFO] [stdout]     |
[INFO] [stdout] 970 |     let mut f: [u8; 24 * EFS] = [0; 24 * EFS];
[INFO] [stdout]     |                                          ^^^
[INFO] [stdout] 
[INFO] [stdout] 
[INFO] [stdout] note: erroneous constant used
[INFO] [stdout]    --> tests/TestALL.rs:971:31
[INFO] [stdout]     |
[INFO] [stdout] 971 |     let mut h: [u8; RM] = [0; RM];
[INFO] [stdout]     |                               ^^
[INFO] [stdout] 
[INFO] [stdout] 
[INFO] [stdout] note: erroneous constant used
[INFO] [stdout]    --> tests/TestALL.rs:972:33
[INFO] [stdout]     |
[INFO] [stdout] 972 |     let mut ck: [u8; EAS] = [0; EAS];
[INFO] [stdout]     |                                 ^^^
[INFO] [stdout] 
[INFO] [stdout] 
[INFO] [stdout] note: erroneous constant used
[INFO] [stdout]    --> tests/TestALL.rs:973:33
[INFO] [stdout]     |
[INFO] [stdout] 973 |     let mut sk: [u8; EAS] = [0; EAS];
[INFO] [stdout]     |                                 ^^^
[INFO] [stdout] 
[INFO] [stdout] 
[INFO] [stdout] note: erroneous constant used
[INFO] [stdout]     --> tests/TestALL.rs:1165:21
[INFO] [stdout]      |
[INFO] [stdout] 1165 |     let mut s: [u8; EGS] = [0; EGS];
[INFO] [stdout]      |                     ^^^
[INFO] [stdout] 
[INFO] [stdout] 
[INFO] [stdout] note: erroneous constant used
[INFO] [stdout]     --> tests/TestALL.rs:1166:23
[INFO] [stdout]      |
[INFO] [stdout] 1166 |     const RM: usize = EFS as usize;
[INFO] [stdout]      |                       ^^^
[INFO] [stdout] 
[INFO] [stdout] 
[INFO] [stdout] note: erroneous constant used
[INFO] [stdout]     --> tests/TestALL.rs:1167:24
[INFO] [stdout]      |
[INFO] [stdout] 1167 |     let mut hcid: [u8; RM] = [0; RM];
[INFO] [stdout]      |                        ^^
[INFO] [stdout] 
[INFO] [stdout] 
[INFO] [stdout] note: erroneous constant used
[INFO] [stdout]     --> tests/TestALL.rs:1168:24
[INFO] [stdout]      |
[INFO] [stdout] 1168 |     let mut hsid: [u8; RM] = [0; RM];
[INFO] [stdout]      |                        ^^
[INFO] [stdout] 
[INFO] [stdout] 
[INFO] [stdout] note: erroneous constant used
[INFO] [stdout]     --> tests/TestALL.rs:1171:29
[INFO] [stdout]      |
[INFO] [stdout] 1171 |     const G2S: usize = 16 * EFS; /* Group 2 Size */
[INFO] [stdout]      |                             ^^^
[INFO] [stdout] 
[INFO] [stdout] 
[INFO] [stdout] note: erroneous constant used
[INFO] [stdout]     --> tests/TestALL.rs:1174:23
[INFO] [stdout]      |
[INFO] [stdout] 1174 |     let mut sst: [u8; G2S] = [0; G2S];
[INFO] [stdout]      |                       ^^^
[INFO] [stdout] 
[INFO] [stdout] 
[INFO] [stdout] note: erroneous constant used
[INFO] [stdout]     --> tests/TestALL.rs:1170:28
[INFO] [stdout]      |
[INFO] [stdout] 1170 |     const G1S: usize = 2 * EFS + 1; /* Group 1 Size */
[INFO] [stdout]      |                            ^^^
[INFO] [stdout] 
[INFO] [stdout] 
[INFO] [stdout] note: erroneous constant used
[INFO] [stdout]     --> tests/TestALL.rs:1175:25
[INFO] [stdout]      |
[INFO] [stdout] 1175 |     let mut token: [u8; G1S] = [0; G1S];
[INFO] [stdout]      |                         ^^^
[INFO] [stdout] 
[INFO] [stdout] 
[INFO] [stdout] note: erroneous constant used
[INFO] [stdout]     --> tests/TestALL.rs:1176:26
[INFO] [stdout]      |
[INFO] [stdout] 1176 |     let mut permit: [u8; G1S] = [0; G1S];
[INFO] [stdout]      |                          ^^^
[INFO] [stdout] 
[INFO] [stdout] 
[INFO] [stdout] note: erroneous constant used
[INFO] [stdout]     --> tests/TestALL.rs:1177:27
[INFO] [stdout]      |
[INFO] [stdout] 1177 |     let mut g1: [u8; 48 * EFS] = [0; 48 * EFS];
[INFO] [stdout]      |                           ^^^
[INFO] [stdout] 
[INFO] [stdout] 
[INFO] [stdout] note: erroneous constant used
[INFO] [stdout]     --> tests/TestALL.rs:1178:27
[INFO] [stdout]      |
[INFO] [stdout] 1178 |     let mut g2: [u8; 48 * EFS] = [0; 48 * EFS];
[INFO] [stdout]      |                           ^^^
[INFO] [stdout] 
[INFO] [stdout] 
[INFO] [stdout] note: erroneous constant used
[INFO] [stdout]     --> tests/TestALL.rs:1179:23
[INFO] [stdout]      |
[INFO] [stdout] 1179 |     let mut xid: [u8; G1S] = [0; G1S];
[INFO] [stdout]      |                       ^^^
[INFO] [stdout] 
[INFO] [stdout] 
[INFO] [stdout] note: erroneous constant used
[INFO] [stdout]     --> tests/TestALL.rs:1180:24
[INFO] [stdout]      |
[INFO] [stdout] 1180 |     let mut xcid: [u8; G1S] = [0; G1S];
[INFO] [stdout]      |                        ^^^
[INFO] [stdout] 
[INFO] [stdout] 
[INFO] [stdout] note: erroneous constant used
[INFO] [stdout]     --> tests/TestALL.rs:1181:21
[INFO] [stdout]      |
[INFO] [stdout] 1181 |     let mut x: [u8; EGS] = [0; EGS];
[INFO] [stdout]      |                     ^^^
[INFO] [stdout] 
[INFO] [stdout] 
[INFO] [stdout] note: erroneous constant used
[INFO] [stdout]     --> tests/TestALL.rs:1182:21
[INFO] [stdout]      |
[INFO] [stdout] 1182 |     let mut y: [u8; EGS] = [0; EGS];
[INFO] [stdout]      |                     ^^^
[INFO] [stdout] 
[INFO] [stdout] 
[INFO] [stdout] note: erroneous constant used
[INFO] [stdout]     --> tests/TestALL.rs:1183:23
[INFO] [stdout]      |
[INFO] [stdout] 1183 |     let mut sec: [u8; G1S] = [0; G1S];
[INFO] [stdout]      |                       ^^^
[INFO] [stdout] 
[INFO] [stdout] 
[INFO] [stdout] note: erroneous constant used
[INFO] [stdout]     --> tests/TestALL.rs:1184:21
[INFO] [stdout]      |
[INFO] [stdout] 1184 |     let mut r: [u8; EGS] = [0; EGS];
[INFO] [stdout]      |                     ^^^
[INFO] [stdout] 
[INFO] [stdout] 
[INFO] [stdout] note: erroneous constant used
[INFO] [stdout]     --> tests/TestALL.rs:1185:21
[INFO] [stdout]      |
[INFO] [stdout] 1185 |     let mut z: [u8; G1S] = [0; G1S];
[INFO] [stdout]      |                     ^^^
[INFO] [stdout] 
[INFO] [stdout] 
[INFO] [stdout] note: erroneous constant used
[INFO] [stdout]     --> tests/TestALL.rs:1186:23
[INFO] [stdout]      |
[INFO] [stdout] 1186 |     let mut hid: [u8; G1S] = [0; G1S];
[INFO] [stdout]      |                       ^^^
[INFO] [stdout] 
[INFO] [stdout] 
[INFO] [stdout] note: erroneous constant used
[INFO] [stdout]     --> tests/TestALL.rs:1187:24
[INFO] [stdout]      |
[INFO] [stdout] 1187 |     let mut htid: [u8; G1S] = [0; G1S];
[INFO] [stdout]      |                        ^^^
[INFO] [stdout] 
[INFO] [stdout] 
[INFO] [stdout] note: erroneous constant used
[INFO] [stdout]     --> tests/TestALL.rs:1188:24
[INFO] [stdout]      |
[INFO] [stdout] 1188 |     let mut rhid: [u8; G1S] = [0; G1S];
[INFO] [stdout]      |                        ^^^
[INFO] [stdout] 
[INFO] [stdout] 
[INFO] [stdout] note: erroneous constant used
[INFO] [stdout]     --> tests/TestALL.rs:1189:21
[INFO] [stdout]      |
[INFO] [stdout] 1189 |     let mut w: [u8; EGS] = [0; EGS];
[INFO] [stdout]      |                     ^^^
[INFO] [stdout] 
[INFO] [stdout] 
[INFO] [stdout] note: erroneous constant used
[INFO] [stdout]     --> tests/TestALL.rs:1190:21
[INFO] [stdout]      |
[INFO] [stdout] 1190 |     let mut t: [u8; G1S] = [0; G1S];
[INFO] [stdout]      |                     ^^^
[INFO] [stdout] 
[INFO] [stdout] 
[INFO] [stdout] note: erroneous constant used
[INFO] [stdout]     --> tests/TestALL.rs:1191:26
[INFO] [stdout]      |
[INFO] [stdout] 1191 |     let mut e: [u8; 48 * EFS] = [0; 48 * EFS];
[INFO] [stdout]      |                          ^^^
[INFO] [stdout] 
[INFO] [stdout] 
[INFO] [stdout] note: erroneous constant used
[INFO] [stdout]     --> tests/TestALL.rs:1192:26
[INFO] [stdout]      |
[INFO] [stdout] 1192 |     let mut f: [u8; 48 * EFS] = [0; 48 * EFS];
[INFO] [stdout]      |                          ^^^
[INFO] [stdout] 
[INFO] [stdout] 
[INFO] [stdout] note: erroneous constant used
[INFO] [stdout]     --> tests/TestALL.rs:1193:21
[INFO] [stdout]      |
[INFO] [stdout] 1193 |     let mut h: [u8; RM] = [0; RM];
[INFO] [stdout]      |                     ^^
[INFO] [stdout] 
[INFO] [stdout] 
[INFO] [stdout] note: erroneous constant used
[INFO] [stdout]     --> tests/TestALL.rs:1194:22
[INFO] [stdout]      |
[INFO] [stdout] 1194 |     let mut ck: [u8; EAS] = [0; EAS];
[INFO] [stdout]      |                      ^^^
[INFO] [stdout] 
[INFO] [stdout] 
[INFO] [stdout] note: erroneous constant used
[INFO] [stdout]     --> tests/TestALL.rs:1195:22
[INFO] [stdout]      |
[INFO] [stdout] 1195 |     let mut sk: [u8; EAS] = [0; EAS];
[INFO] [stdout]      |                      ^^^
[INFO] [stdout] 
[INFO] [stdout] 
[INFO] [stdout] note: erroneous constant used
[INFO] [stdout]     --> tests/TestALL.rs:1165:32
[INFO] [stdout]      |
[INFO] [stdout] 1165 |     let mut s: [u8; EGS] = [0; EGS];
[INFO] [stdout]      |                                ^^^
[INFO] [stdout] 
[INFO] [stdout] 
[INFO] [stdout] note: erroneous constant used
[INFO] [stdout]     --> tests/TestALL.rs:1167:34
[INFO] [stdout]      |
[INFO] [stdout] 1167 |     let mut hcid: [u8; RM] = [0; RM];
[INFO] [stdout]      |                                  ^^
[INFO] [stdout] 
[INFO] [stdout] 
[INFO] [stdout] note: erroneous constant used
[INFO] [stdout]     --> tests/TestALL.rs:1168:34
[INFO] [stdout]      |
[INFO] [stdout] 1168 |     let mut hsid: [u8; RM] = [0; RM];
[INFO] [stdout]      |                                  ^^
[INFO] [stdout] 
[INFO] [stdout] 
[INFO] [stdout] note: erroneous constant used
[INFO] [stdout]     --> tests/TestALL.rs:1174:34
[INFO] [stdout]      |
[INFO] [stdout] 1174 |     let mut sst: [u8; G2S] = [0; G2S];
[INFO] [stdout]      |                                  ^^^
[INFO] [stdout] 
[INFO] [stdout] 
[INFO] [stdout] note: erroneous constant used
[INFO] [stdout]     --> tests/TestALL.rs:1175:36
[INFO] [stdout]      |
[INFO] [stdout] 1175 |     let mut token: [u8; G1S] = [0; G1S];
[INFO] [stdout]      |                                    ^^^
[INFO] [stdout] 
[INFO] [stdout] 
[INFO] [stdout] note: erroneous constant used
[INFO] [stdout]     --> tests/TestALL.rs:1176:37
[INFO] [stdout]      |
[INFO] [stdout] 1176 |     let mut permit: [u8; G1S] = [0; G1S];
[INFO] [stdout]      |                                     ^^^
[INFO] [stdout] 
[INFO] [stdout] 
[INFO] [stdout] note: erroneous constant used
[INFO] [stdout]     --> tests/TestALL.rs:1177:43
[INFO] [stdout]      |
[INFO] [stdout] 1177 |     let mut g1: [u8; 48 * EFS] = [0; 48 * EFS];
[INFO] [stdout]      |                                           ^^^
[INFO] [stdout] 
[INFO] [stdout] 
[INFO] [stdout] note: erroneous constant used
[INFO] [stdout]     --> tests/TestALL.rs:1178:43
[INFO] [stdout]      |
[INFO] [stdout] 1178 |     let mut g2: [u8; 48 * EFS] = [0; 48 * EFS];
[INFO] [stdout]      |                                           ^^^
[INFO] [stdout] 
[INFO] [stdout] 
[INFO] [stdout] note: erroneous constant used
[INFO] [stdout]     --> tests/TestALL.rs:1179:34
[INFO] [stdout]      |
[INFO] [stdout] 1179 |     let mut xid: [u8; G1S] = [0; G1S];
[INFO] [stdout]      |                                  ^^^
[INFO] [stdout] 
[INFO] [stdout] 
[INFO] [stdout] note: erroneous constant used
[INFO] [stdout]     --> tests/TestALL.rs:1180:35
[INFO] [stdout]      |
[INFO] [stdout] 1180 |     let mut xcid: [u8; G1S] = [0; G1S];
[INFO] [stdout]      |                                   ^^^
[INFO] [stdout] 
[INFO] [stdout] 
[INFO] [stdout] note: erroneous constant used
[INFO] [stdout]     --> tests/TestALL.rs:1181:32
[INFO] [stdout]      |
[INFO] [stdout] 1181 |     let mut x: [u8; EGS] = [0; EGS];
[INFO] [stdout]      |                                ^^^
[INFO] [stdout] 
[INFO] [stdout] 
[INFO] [stdout] note: erroneous constant used
[INFO] [stdout]     --> tests/TestALL.rs:1182:32
[INFO] [stdout]      |
[INFO] [stdout] 1182 |     let mut y: [u8; EGS] = [0; EGS];
[INFO] [stdout]      |                                ^^^
[INFO] [stdout] 
[INFO] [stdout] 
[INFO] [stdout] note: erroneous constant used
[INFO] [stdout]     --> tests/TestALL.rs:1183:34
[INFO] [stdout]      |
[INFO] [stdout] 1183 |     let mut sec: [u8; G1S] = [0; G1S];
[INFO] [stdout]      |                                  ^^^
[INFO] [stdout] 
[INFO] [stdout] 
[INFO] [stdout] note: erroneous constant used
[INFO] [stdout]     --> tests/TestALL.rs:1184:32
[INFO] [stdout]      |
[INFO] [stdout] 1184 |     let mut r: [u8; EGS] = [0; EGS];
[INFO] [stdout]      |                                ^^^
[INFO] [stdout] 
[INFO] [stdout] 
[INFO] [stdout] note: erroneous constant used
[INFO] [stdout]     --> tests/TestALL.rs:1185:32
[INFO] [stdout]      |
[INFO] [stdout] 1185 |     let mut z: [u8; G1S] = [0; G1S];
[INFO] [stdout]      |                                ^^^
[INFO] [stdout] 
[INFO] [stdout] 
[INFO] [stdout] note: erroneous constant used
[INFO] [stdout]     --> tests/TestALL.rs:1186:34
[INFO] [stdout]      |
[INFO] [stdout] 1186 |     let mut hid: [u8; G1S] = [0; G1S];
[INFO] [stdout]      |                                  ^^^
[INFO] [stdout] 
[INFO] [stdout] 
[INFO] [stdout] note: erroneous constant used
[INFO] [stdout]     --> tests/TestALL.rs:1187:35
[INFO] [stdout]      |
[INFO] [stdout] 1187 |     let mut htid: [u8; G1S] = [0; G1S];
[INFO] [stdout]      |                                   ^^^
[INFO] [stdout] 
[INFO] [stdout] 
[INFO] [stdout] note: erroneous constant used
[INFO] [stdout]     --> tests/TestALL.rs:1188:35
[INFO] [stdout]      |
[INFO] [stdout] 1188 |     let mut rhid: [u8; G1S] = [0; G1S];
[INFO] [stdout]      |                                   ^^^
[INFO] [stdout] 
[INFO] [stdout] 
[INFO] [stdout] note: erroneous constant used
[INFO] [stdout]     --> tests/TestALL.rs:1189:32
[INFO] [stdout]      |
[INFO] [stdout] 1189 |     let mut w: [u8; EGS] = [0; EGS];
[INFO] [stdout]      |                                ^^^
[INFO] [stdout] 
[INFO] [stdout] 
[INFO] [stdout] note: erroneous constant used
[INFO] [stdout]     --> tests/TestALL.rs:1190:32
[INFO] [stdout]      |
[INFO] [stdout] 1190 |     let mut t: [u8; G1S] = [0; G1S];
[INFO] [stdout]      |                                ^^^
[INFO] [stdout] 
[INFO] [stdout] 
[INFO] [stdout] note: erroneous constant used
[INFO] [stdout]     --> tests/TestALL.rs:1191:42
[INFO] [stdout]      |
[INFO] [stdout] 1191 |     let mut e: [u8; 48 * EFS] = [0; 48 * EFS];
[INFO] [stdout]      |                                          ^^^
[INFO] [stdout] 
[INFO] [stdout] 
[INFO] [stdout] note: erroneous constant used
[INFO] [stdout]     --> tests/TestALL.rs:1192:42
[INFO] [stdout]      |
[INFO] [stdout] 1192 |     let mut f: [u8; 48 * EFS] = [0; 48 * EFS];
[INFO] [stdout]      |                                          ^^^
[INFO] [stdout] 
[INFO] [stdout] 
[INFO] [stdout] note: erroneous constant used
[INFO] [stdout]     --> tests/TestALL.rs:1193:31
[INFO] [stdout]      |
[INFO] [stdout] 1193 |     let mut h: [u8; RM] = [0; RM];
[INFO] [stdout]      |                               ^^
[INFO] [stdout] 
[INFO] [stdout] 
[INFO] [stdout] note: erroneous constant used
[INFO] [stdout]     --> tests/TestALL.rs:1194:33
[INFO] [stdout]      |
[INFO] [stdout] 1194 |     let mut ck: [u8; EAS] = [0; EAS];
[INFO] [stdout]      |                                 ^^^
[INFO] [stdout] 
[INFO] [stdout] 
[INFO] [stdout] note: erroneous constant used
[INFO] [stdout]     --> tests/TestALL.rs:1195:33
[INFO] [stdout]      |
[INFO] [stdout] 1195 |     let mut sk: [u8; EAS] = [0; EAS];
[INFO] [stdout]      |                                 ^^^
[INFO] [stdout] 
[INFO] [stdout] 
[INFO] [stdout] note: erroneous constant used
[INFO] [stdout]     --> tests/TestALL.rs:1386:22
[INFO] [stdout]      |
[INFO] [stdout] 1386 |     let mut ml: [u8; RFS] = [0; RFS];
[INFO] [stdout]      |                      ^^^
[INFO] [stdout] 
[INFO] [stdout] 
[INFO] [stdout] note: erroneous constant used
[INFO] [stdout]     --> tests/TestALL.rs:1387:22
[INFO] [stdout]      |
[INFO] [stdout] 1387 |     let mut ms: [u8; RFS] = [0; RFS];
[INFO] [stdout]      |                      ^^^
[INFO] [stdout] 
[INFO] [stdout] 
[INFO] [stdout] note: erroneous constant used
[INFO] [stdout]     --> tests/TestALL.rs:1388:21
[INFO] [stdout]      |
[INFO] [stdout] 1388 |     let mut c: [u8; RFS] = [0; RFS];
[INFO] [stdout]      |                     ^^^
[INFO] [stdout] 
[INFO] [stdout] 
[INFO] [stdout] note: erroneous constant used
[INFO] [stdout]     --> tests/TestALL.rs:1389:21
[INFO] [stdout]      |
[INFO] [stdout] 1389 |     let mut s: [u8; RFS] = [0; RFS];
[INFO] [stdout]      |                     ^^^
[INFO] [stdout] 
[INFO] [stdout] 
[INFO] [stdout] note: erroneous constant used
[INFO] [stdout]     --> tests/TestALL.rs:1390:21
[INFO] [stdout]      |
[INFO] [stdout] 1390 |     let mut e: [u8; RFS] = [0; RFS];
[INFO] [stdout]      |                     ^^^
[INFO] [stdout] 
[INFO] [stdout] 
[INFO] [stdout] note: erroneous constant used
[INFO] [stdout]     --> tests/TestALL.rs:1386:33
[INFO] [stdout]      |
[INFO] [stdout] 1386 |     let mut ml: [u8; RFS] = [0; RFS];
[INFO] [stdout]      |                                 ^^^
[INFO] [stdout] 
[INFO] [stdout] 
[INFO] [stdout] note: erroneous constant used
[INFO] [stdout]     --> tests/TestALL.rs:1387:33
[INFO] [stdout]      |
[INFO] [stdout] 1387 |     let mut ms: [u8; RFS] = [0; RFS];
[INFO] [stdout]      |                                 ^^^
[INFO] [stdout] 
[INFO] [stdout] 
[INFO] [stdout] note: erroneous constant used
[INFO] [stdout]     --> tests/TestALL.rs:1388:32
[INFO] [stdout]      |
[INFO] [stdout] 1388 |     let mut c: [u8; RFS] = [0; RFS];
[INFO] [stdout]      |                                ^^^
[INFO] [stdout] 
[INFO] [stdout] 
[INFO] [stdout] note: erroneous constant used
[INFO] [stdout]     --> tests/TestALL.rs:1389:32
[INFO] [stdout]      |
[INFO] [stdout] 1389 |     let mut s: [u8; RFS] = [0; RFS];
[INFO] [stdout]      |                                ^^^
[INFO] [stdout] 
[INFO] [stdout] 
[INFO] [stdout] note: erroneous constant used
[INFO] [stdout]     --> tests/TestALL.rs:1390:32
[INFO] [stdout]      |
[INFO] [stdout] 1390 |     let mut e: [u8; RFS] = [0; RFS];
[INFO] [stdout]      |                                ^^^
[INFO] [stdout] 
[INFO] [stdout] 
[INFO] [stdout] error: aborting due to 26 previous errors
[INFO] [stdout] 
[INFO] [stdout] 
[INFO] [stdout] Some errors have detailed explanations: E0277, E0432.
[INFO] [stdout] 
[INFO] [stdout] For more information about an error, try `rustc --explain E0277`.
[INFO] [stdout] 
[INFO] [stderr] error: could not compile `amcl` due to 27 previous errors
[INFO] [stdout] warning: 1 warning emitted
[INFO] [stdout] 
[INFO] [stdout] 
[INFO] [stdout] warning: constant `GCM_ENCRYPTING` is never used
[INFO] [stdout]   --> src/gcm.rs:25:7
[INFO] [stdout]    |
[INFO] [stdout] 25 | const GCM_ENCRYPTING: usize = 0;
[INFO] [stdout]    |       ^^^^^^^^^^^^^^
[INFO] [stdout]    |
[INFO] [stdout]    = note: `#[warn(dead_code)]` on by default
[INFO] [stdout] 
[INFO] [stdout] 
[INFO] [stdout] warning: constant `GCM_DECRYPTING` is never used
[INFO] [stdout]   --> src/gcm.rs:26:7
[INFO] [stdout]    |
[INFO] [stdout] 26 | const GCM_DECRYPTING: usize = 1;
[INFO] [stdout]    |       ^^^^^^^^^^^^^^
[INFO] [stdout] 
[INFO] [stdout] 
[INFO] [stdout] warning: 16 warnings emitted
[INFO] [stdout] 
[INFO] [stdout] 
[INFO] running `Command { std: "docker" "inspect" "5d9d2da805a16b430a37d97532aac8be437e5f5407992ccadd04e5185e5e1b3a", kill_on_drop: false }`
[INFO] running `Command { std: "docker" "rm" "-f" "5d9d2da805a16b430a37d97532aac8be437e5f5407992ccadd04e5185e5e1b3a", kill_on_drop: false }`
[INFO] [stdout] 5d9d2da805a16b430a37d97532aac8be437e5f5407992ccadd04e5185e5e1b3a
