[INFO] fetching crate alpm-rs 0.1.24...
[INFO] testing alpm-rs-0.1.24 against 1.69.0 for beta-1.70-1
[INFO] extracting crate alpm-rs 0.1.24 into /workspace/builds/worker-4-tc1/source
[INFO] validating manifest of crates.io crate alpm-rs 0.1.24 on toolchain 1.69.0
[INFO] running `Command { std: CARGO_HOME="/workspace/cargo-home" RUSTUP_HOME="/workspace/rustup-home" "/workspace/cargo-home/bin/cargo" "+1.69.0" "metadata" "--manifest-path" "Cargo.toml" "--no-deps", kill_on_drop: false }`
[INFO] started tweaking crates.io crate alpm-rs 0.1.24
[INFO] finished tweaking crates.io crate alpm-rs 0.1.24
[INFO] tweaked toml for crates.io crate alpm-rs 0.1.24 written to /workspace/builds/worker-4-tc1/source/Cargo.toml
[INFO] running `Command { std: CARGO_HOME="/workspace/cargo-home" RUSTUP_HOME="/workspace/rustup-home" __CARGO_TEST_CHANNEL_OVERRIDE_DO_NOT_USE_THIS="nightly" "/workspace/cargo-home/bin/cargo" "+1.69.0" "generate-lockfile" "--manifest-path" "Cargo.toml" "-Zno-index-update", kill_on_drop: false }`
[INFO] running `Command { std: CARGO_HOME="/workspace/cargo-home" RUSTUP_HOME="/workspace/rustup-home" "/workspace/cargo-home/bin/cargo" "+1.69.0" "fetch" "--manifest-path" "Cargo.toml", kill_on_drop: false }`
[INFO] running `Command { std: "docker" "create" "-v" "/var/lib/crater-agent-workspace/builds/worker-4-tc1/target:/opt/rustwide/target:rw,Z" "-v" "/var/lib/crater-agent-workspace/builds/worker-4-tc1/source:/opt/rustwide/workdir:ro,Z" "-v" "/var/lib/crater-agent-workspace/cargo-home:/opt/rustwide/cargo-home:ro,Z" "-v" "/var/lib/crater-agent-workspace/rustup-home:/opt/rustwide/rustup-home:ro,Z" "-e" "SOURCE_DIR=/opt/rustwide/workdir" "-e" "CARGO_TARGET_DIR=/opt/rustwide/target" "-e" "CARGO_HOME=/opt/rustwide/cargo-home" "-e" "RUSTUP_HOME=/opt/rustwide/rustup-home" "-w" "/opt/rustwide/workdir" "-m" "1610612736" "--user" "0:0" "--network" "none" "ghcr.io/rust-lang/crates-build-env/linux@sha256:5ff2268d62e97bff2cde7d5815dd6ed5b47097566f13b8d0ca110b04b60e07ed" "/opt/rustwide/cargo-home/bin/cargo" "+1.69.0" "metadata" "--no-deps" "--format-version=1", kill_on_drop: false }`
[INFO] [stdout] 5deec371419aabe2077a978516bcfaa40daab6834ee612c5af712faa8f72bd7a
[INFO] running `Command { std: "docker" "start" "-a" "5deec371419aabe2077a978516bcfaa40daab6834ee612c5af712faa8f72bd7a", kill_on_drop: false }`
[INFO] running `Command { std: "docker" "inspect" "5deec371419aabe2077a978516bcfaa40daab6834ee612c5af712faa8f72bd7a", kill_on_drop: false }`
[INFO] running `Command { std: "docker" "rm" "-f" "5deec371419aabe2077a978516bcfaa40daab6834ee612c5af712faa8f72bd7a", kill_on_drop: false }`
[INFO] [stdout] 5deec371419aabe2077a978516bcfaa40daab6834ee612c5af712faa8f72bd7a
[INFO] running `Command { std: "docker" "create" "-v" "/var/lib/crater-agent-workspace/builds/worker-4-tc1/target:/opt/rustwide/target:rw,Z" "-v" "/var/lib/crater-agent-workspace/builds/worker-4-tc1/source:/opt/rustwide/workdir:ro,Z" "-v" "/var/lib/crater-agent-workspace/cargo-home:/opt/rustwide/cargo-home:ro,Z" "-v" "/var/lib/crater-agent-workspace/rustup-home:/opt/rustwide/rustup-home:ro,Z" "-e" "SOURCE_DIR=/opt/rustwide/workdir" "-e" "CARGO_TARGET_DIR=/opt/rustwide/target" "-e" "CARGO_INCREMENTAL=0" "-e" "RUST_BACKTRACE=full" "-e" "RUSTFLAGS=--cap-lints=warn" "-e" "RUSTDOCFLAGS=--cap-lints=warn" "-e" "CARGO_HOME=/opt/rustwide/cargo-home" "-e" "RUSTUP_HOME=/opt/rustwide/rustup-home" "-w" "/opt/rustwide/workdir" "-m" "1610612736" "--user" "0:0" "--network" "none" "ghcr.io/rust-lang/crates-build-env/linux@sha256:5ff2268d62e97bff2cde7d5815dd6ed5b47097566f13b8d0ca110b04b60e07ed" "/opt/rustwide/cargo-home/bin/cargo" "+1.69.0" "build" "--frozen" "--message-format=json", kill_on_drop: false }`
[INFO] [stdout] b11ac78de685206a89ba72355ab8e05b9aad3fdb1bcd3a5275f35c7369eb218a
[INFO] running `Command { std: "docker" "start" "-a" "b11ac78de685206a89ba72355ab8e05b9aad3fdb1bcd3a5275f35c7369eb218a", kill_on_drop: false }`
[INFO] [stderr]    Compiling libc v0.2.142
[INFO] [stderr]    Compiling alpm-rs v0.1.24 (/opt/rustwide/workdir)
[INFO] [stdout] warning: unnecessary parentheses around assigned value
[INFO] [stdout]  --> src/enums.rs:5:37
[INFO] [stdout]   |
[INFO] [stdout] 5 | pub const ALPM_LOG_WARNING : i32 =  (1 << 1);
[INFO] [stdout]   |                                     ^      ^
[INFO] [stdout]   |
[INFO] [stdout]   = note: `#[warn(unused_parens)]` on by default
[INFO] [stdout] help: remove these parentheses
[INFO] [stdout]   |
[INFO] [stdout] 5 - pub const ALPM_LOG_WARNING : i32 =  (1 << 1);
[INFO] [stdout] 5 + pub const ALPM_LOG_WARNING : i32 =  1 << 1;
[INFO] [stdout]   |
[INFO] [stdout] 
[INFO] [stdout] 
[INFO] [stdout] warning: unnecessary parentheses around assigned value
[INFO] [stdout]  --> src/enums.rs:6:35
[INFO] [stdout]   |
[INFO] [stdout] 6 | pub const ALPM_LOG_DEBUG :  i32 = (1 << 2);
[INFO] [stdout]   |                                   ^      ^
[INFO] [stdout]   |
[INFO] [stdout] help: remove these parentheses
[INFO] [stdout]   |
[INFO] [stdout] 6 - pub const ALPM_LOG_DEBUG :  i32 = (1 << 2);
[INFO] [stdout] 6 + pub const ALPM_LOG_DEBUG :  i32 = 1 << 2;
[INFO] [stdout]   |
[INFO] [stdout] 
[INFO] [stdout] 
[INFO] [stdout] warning: unnecessary parentheses around assigned value
[INFO] [stdout]  --> src/enums.rs:7:37
[INFO] [stdout]   |
[INFO] [stdout] 7 | pub const ALPM_LOG_FUNCTION : i32 = (1 << 3);
[INFO] [stdout]   |                                     ^      ^
[INFO] [stdout]   |
[INFO] [stdout] help: remove these parentheses
[INFO] [stdout]   |
[INFO] [stdout] 7 - pub const ALPM_LOG_FUNCTION : i32 = (1 << 3);
[INFO] [stdout] 7 + pub const ALPM_LOG_FUNCTION : i32 = 1 << 3;
[INFO] [stdout]   |
[INFO] [stdout] 
[INFO] [stdout] 
[INFO] [stdout] warning: unnecessary parentheses around assigned value
[INFO] [stdout]   --> src/enums.rs:10:45
[INFO] [stdout]    |
[INFO] [stdout] 10 | pub const ALPM_PKG_VALIDATION_NONE : i32 =  (1 << 0);
[INFO] [stdout]    |                                             ^      ^
[INFO] [stdout]    |
[INFO] [stdout] help: remove these parentheses
[INFO] [stdout]    |
[INFO] [stdout] 10 - pub const ALPM_PKG_VALIDATION_NONE : i32 =  (1 << 0);
[INFO] [stdout] 10 + pub const ALPM_PKG_VALIDATION_NONE : i32 =  1 << 0;
[INFO] [stdout]    |
[INFO] [stdout] 
[INFO] [stdout] 
[INFO] [stdout] warning: unnecessary parentheses around assigned value
[INFO] [stdout]   --> src/enums.rs:11:47
[INFO] [stdout]    |
[INFO] [stdout] 11 | pub const ALPM_PKG_VALIDATION_MD5SUM :  i32 = (1 << 1);
[INFO] [stdout]    |                                               ^      ^
[INFO] [stdout]    |
[INFO] [stdout] help: remove these parentheses
[INFO] [stdout]    |
[INFO] [stdout] 11 - pub const ALPM_PKG_VALIDATION_MD5SUM :  i32 = (1 << 1);
[INFO] [stdout] 11 + pub const ALPM_PKG_VALIDATION_MD5SUM :  i32 = 1 << 1;
[INFO] [stdout]    |
[INFO] [stdout] 
[INFO] [stdout] 
[INFO] [stdout] warning: unnecessary parentheses around assigned value
[INFO] [stdout]   --> src/enums.rs:12:49
[INFO] [stdout]    |
[INFO] [stdout] 12 | pub const ALPM_PKG_VALIDATION_SHA256SUM : i32 = (1 << 2);
[INFO] [stdout]    |                                                 ^      ^
[INFO] [stdout]    |
[INFO] [stdout] help: remove these parentheses
[INFO] [stdout]    |
[INFO] [stdout] 12 - pub const ALPM_PKG_VALIDATION_SHA256SUM : i32 = (1 << 2);
[INFO] [stdout] 12 + pub const ALPM_PKG_VALIDATION_SHA256SUM : i32 = 1 << 2;
[INFO] [stdout]    |
[INFO] [stdout] 
[INFO] [stdout] 
[INFO] [stdout] warning: unnecessary parentheses around assigned value
[INFO] [stdout]   --> src/enums.rs:13:49
[INFO] [stdout]    |
[INFO] [stdout] 13 | pub const ALPM_PKG_VALIDATION_SIGNATURE : i32 = (1 << 3);
[INFO] [stdout]    |                                                 ^      ^
[INFO] [stdout]    |
[INFO] [stdout] help: remove these parentheses
[INFO] [stdout]    |
[INFO] [stdout] 13 - pub const ALPM_PKG_VALIDATION_SIGNATURE : i32 = (1 << 3);
[INFO] [stdout] 13 + pub const ALPM_PKG_VALIDATION_SIGNATURE : i32 = 1 << 3;
[INFO] [stdout]    |
[INFO] [stdout] 
[INFO] [stdout] 
[INFO] [stdout] warning: unnecessary parentheses around assigned value
[INFO] [stdout]   --> src/enums.rs:38:51
[INFO] [stdout]    |
[INFO] [stdout] 38 | pub const ALPM_QUESTION_INSTALL_IGNOREPKG : i32 = (1 << 0);
[INFO] [stdout]    |                                                   ^      ^
[INFO] [stdout]    |
[INFO] [stdout] help: remove these parentheses
[INFO] [stdout]    |
[INFO] [stdout] 38 - pub const ALPM_QUESTION_INSTALL_IGNOREPKG : i32 = (1 << 0);
[INFO] [stdout] 38 + pub const ALPM_QUESTION_INSTALL_IGNOREPKG : i32 = 1 << 0;
[INFO] [stdout]    |
[INFO] [stdout] 
[INFO] [stdout] 
[INFO] [stdout] warning: unnecessary parentheses around assigned value
[INFO] [stdout]   --> src/enums.rs:39:45
[INFO] [stdout]    |
[INFO] [stdout] 39 | pub const ALPM_QUESTION_REPLACE_PKG : i32 = (1 << 1);
[INFO] [stdout]    |                                             ^      ^
[INFO] [stdout]    |
[INFO] [stdout] help: remove these parentheses
[INFO] [stdout]    |
[INFO] [stdout] 39 - pub const ALPM_QUESTION_REPLACE_PKG : i32 = (1 << 1);
[INFO] [stdout] 39 + pub const ALPM_QUESTION_REPLACE_PKG : i32 = 1 << 1;
[INFO] [stdout]    |
[INFO] [stdout] 
[INFO] [stdout] 
[INFO] [stdout] warning: unnecessary parentheses around assigned value
[INFO] [stdout]   --> src/enums.rs:40:46
[INFO] [stdout]    |
[INFO] [stdout] 40 | pub const ALPM_QUESTION_CONFLICT_PKG : i32 = (1 << 2);
[INFO] [stdout]    |                                              ^      ^
[INFO] [stdout]    |
[INFO] [stdout] help: remove these parentheses
[INFO] [stdout]    |
[INFO] [stdout] 40 - pub const ALPM_QUESTION_CONFLICT_PKG : i32 = (1 << 2);
[INFO] [stdout] 40 + pub const ALPM_QUESTION_CONFLICT_PKG : i32 = 1 << 2;
[INFO] [stdout]    |
[INFO] [stdout] 
[INFO] [stdout] 
[INFO] [stdout] warning: unnecessary parentheses around assigned value
[INFO] [stdout]   --> src/enums.rs:41:47
[INFO] [stdout]    |
[INFO] [stdout] 41 | pub const ALPM_QUESTION_CORRUPTED_PKG : i32 = (1 << 3);
[INFO] [stdout]    |                                               ^      ^
[INFO] [stdout]    |
[INFO] [stdout] help: remove these parentheses
[INFO] [stdout]    |
[INFO] [stdout] 41 - pub const ALPM_QUESTION_CORRUPTED_PKG : i32 = (1 << 3);
[INFO] [stdout] 41 + pub const ALPM_QUESTION_CORRUPTED_PKG : i32 = 1 << 3;
[INFO] [stdout]    |
[INFO] [stdout] 
[INFO] [stdout] 
[INFO] [stdout] warning: unnecessary parentheses around assigned value
[INFO] [stdout]   --> src/enums.rs:42:45
[INFO] [stdout]    |
[INFO] [stdout] 42 | pub const ALPM_QUESTION_REMOVE_PKGS : i32 = (1 << 4);
[INFO] [stdout]    |                                             ^      ^
[INFO] [stdout]    |
[INFO] [stdout] help: remove these parentheses
[INFO] [stdout]    |
[INFO] [stdout] 42 - pub const ALPM_QUESTION_REMOVE_PKGS : i32 = (1 << 4);
[INFO] [stdout] 42 + pub const ALPM_QUESTION_REMOVE_PKGS : i32 = 1 << 4;
[INFO] [stdout]    |
[INFO] [stdout] 
[INFO] [stdout] 
[INFO] [stdout] warning: unnecessary parentheses around assigned value
[INFO] [stdout]   --> src/enums.rs:43:49
[INFO] [stdout]    |
[INFO] [stdout] 43 | pub const ALPM_QUESTION_SELECT_PROVIDER : i32 = (1 << 5);
[INFO] [stdout]    |                                                 ^      ^
[INFO] [stdout]    |
[INFO] [stdout] help: remove these parentheses
[INFO] [stdout]    |
[INFO] [stdout] 43 - pub const ALPM_QUESTION_SELECT_PROVIDER : i32 = (1 << 5);
[INFO] [stdout] 43 + pub const ALPM_QUESTION_SELECT_PROVIDER : i32 = 1 << 5;
[INFO] [stdout]    |
[INFO] [stdout] 
[INFO] [stdout] 
[INFO] [stdout] warning: unnecessary parentheses around assigned value
[INFO] [stdout]   --> src/enums.rs:44:44
[INFO] [stdout]    |
[INFO] [stdout] 44 | pub const ALPM_QUESTION_IMPORT_KEY : i32 = (1 << 6);
[INFO] [stdout]    |                                            ^      ^
[INFO] [stdout]    |
[INFO] [stdout] help: remove these parentheses
[INFO] [stdout]    |
[INFO] [stdout] 44 - pub const ALPM_QUESTION_IMPORT_KEY : i32 = (1 << 6);
[INFO] [stdout] 44 + pub const ALPM_QUESTION_IMPORT_KEY : i32 = 1 << 6;
[INFO] [stdout]    |
[INFO] [stdout] 
[INFO] [stdout] 
[INFO] [stdout] warning: unnecessary parentheses around assigned value
[INFO] [stdout]   --> src/enums.rs:48:41
[INFO] [stdout]    |
[INFO] [stdout] 48 | pub const ALPM_TRANS_FLAG_FORCE : i32 = (1 << 1);
[INFO] [stdout]    |                                         ^      ^
[INFO] [stdout]    |
[INFO] [stdout] help: remove these parentheses
[INFO] [stdout]    |
[INFO] [stdout] 48 - pub const ALPM_TRANS_FLAG_FORCE : i32 = (1 << 1);
[INFO] [stdout] 48 + pub const ALPM_TRANS_FLAG_FORCE : i32 = 1 << 1;
[INFO] [stdout]    |
[INFO] [stdout] 
[INFO] [stdout] 
[INFO] [stdout] warning: unnecessary parentheses around assigned value
[INFO] [stdout]   --> src/enums.rs:50:42
[INFO] [stdout]    |
[INFO] [stdout] 50 | pub const ALPM_TRANS_FLAG_NOSAVE : i32 = (1 << 2);
[INFO] [stdout]    |                                          ^      ^
[INFO] [stdout]    |
[INFO] [stdout] help: remove these parentheses
[INFO] [stdout]    |
[INFO] [stdout] 50 - pub const ALPM_TRANS_FLAG_NOSAVE : i32 = (1 << 2);
[INFO] [stdout] 50 + pub const ALPM_TRANS_FLAG_NOSAVE : i32 = 1 << 2;
[INFO] [stdout]    |
[INFO] [stdout] 
[INFO] [stdout] 
[INFO] [stdout] warning: unnecessary parentheses around assigned value
[INFO] [stdout]   --> src/enums.rs:52:48
[INFO] [stdout]    |
[INFO] [stdout] 52 | pub const ALPM_TRANS_FLAG_NODEPVERSION : i32 = (1 << 3);
[INFO] [stdout]    |                                                ^      ^
[INFO] [stdout]    |
[INFO] [stdout] help: remove these parentheses
[INFO] [stdout]    |
[INFO] [stdout] 52 - pub const ALPM_TRANS_FLAG_NODEPVERSION : i32 = (1 << 3);
[INFO] [stdout] 52 + pub const ALPM_TRANS_FLAG_NODEPVERSION : i32 = 1 << 3;
[INFO] [stdout]    |
[INFO] [stdout] 
[INFO] [stdout] 
[INFO] [stdout] warning: unnecessary parentheses around assigned value
[INFO] [stdout]   --> src/enums.rs:54:43
[INFO] [stdout]    |
[INFO] [stdout] 54 | pub const ALPM_TRANS_FLAG_CASCADE : i32 = (1 << 4);
[INFO] [stdout]    |                                           ^      ^
[INFO] [stdout]    |
[INFO] [stdout] help: remove these parentheses
[INFO] [stdout]    |
[INFO] [stdout] 54 - pub const ALPM_TRANS_FLAG_CASCADE : i32 = (1 << 4);
[INFO] [stdout] 54 + pub const ALPM_TRANS_FLAG_CASCADE : i32 = 1 << 4;
[INFO] [stdout]    |
[INFO] [stdout] 
[INFO] [stdout] 
[INFO] [stdout] warning: unnecessary parentheses around assigned value
[INFO] [stdout]   --> src/enums.rs:56:43
[INFO] [stdout]    |
[INFO] [stdout] 56 | pub const ALPM_TRANS_FLAG_RECURSE : i32 = (1 << 5);
[INFO] [stdout]    |                                           ^      ^
[INFO] [stdout]    |
[INFO] [stdout] help: remove these parentheses
[INFO] [stdout]    |
[INFO] [stdout] 56 - pub const ALPM_TRANS_FLAG_RECURSE : i32 = (1 << 5);
[INFO] [stdout] 56 + pub const ALPM_TRANS_FLAG_RECURSE : i32 = 1 << 5;
[INFO] [stdout]    |
[INFO] [stdout] 
[INFO] [stdout] 
[INFO] [stdout] warning: unnecessary parentheses around assigned value
[INFO] [stdout]   --> src/enums.rs:58:42
[INFO] [stdout]    |
[INFO] [stdout] 58 | pub const ALPM_TRANS_FLAG_DBONLY : i32 = (1 << 6);
[INFO] [stdout]    |                                          ^      ^
[INFO] [stdout]    |
[INFO] [stdout] help: remove these parentheses
[INFO] [stdout]    |
[INFO] [stdout] 58 - pub const ALPM_TRANS_FLAG_DBONLY : i32 = (1 << 6);
[INFO] [stdout] 58 + pub const ALPM_TRANS_FLAG_DBONLY : i32 = 1 << 6;
[INFO] [stdout]    |
[INFO] [stdout] 
[INFO] [stdout] 
[INFO] [stdout] warning: unnecessary parentheses around assigned value
[INFO] [stdout]   --> src/enums.rs:61:43
[INFO] [stdout]    |
[INFO] [stdout] 61 | pub const ALPM_TRANS_FLAG_ALLDEPS : i32 = (1 << 8);
[INFO] [stdout]    |                                           ^      ^
[INFO] [stdout]    |
[INFO] [stdout] help: remove these parentheses
[INFO] [stdout]    |
[INFO] [stdout] 61 - pub const ALPM_TRANS_FLAG_ALLDEPS : i32 = (1 << 8);
[INFO] [stdout] 61 + pub const ALPM_TRANS_FLAG_ALLDEPS : i32 = 1 << 8;
[INFO] [stdout]    |
[INFO] [stdout] 
[INFO] [stdout] 
[INFO] [stdout] warning: unnecessary parentheses around assigned value
[INFO] [stdout]   --> src/enums.rs:63:48
[INFO] [stdout]    |
[INFO] [stdout] 63 | pub const ALPM_TRANS_FLAG_DOWNLOADONLY : i32 = (1 << 9);
[INFO] [stdout]    |                                                ^      ^
[INFO] [stdout]    |
[INFO] [stdout] help: remove these parentheses
[INFO] [stdout]    |
[INFO] [stdout] 63 - pub const ALPM_TRANS_FLAG_DOWNLOADONLY : i32 = (1 << 9);
[INFO] [stdout] 63 + pub const ALPM_TRANS_FLAG_DOWNLOADONLY : i32 = 1 << 9;
[INFO] [stdout]    |
[INFO] [stdout] 
[INFO] [stdout] 
[INFO] [stdout] warning: unnecessary parentheses around assigned value
[INFO] [stdout]   --> src/enums.rs:65:47
[INFO] [stdout]    |
[INFO] [stdout] 65 | pub const ALPM_TRANS_FLAG_NOSCRIPTLET : i32 = (1 << 10);
[INFO] [stdout]    |                                               ^       ^
[INFO] [stdout]    |
[INFO] [stdout] help: remove these parentheses
[INFO] [stdout]    |
[INFO] [stdout] 65 - pub const ALPM_TRANS_FLAG_NOSCRIPTLET : i32 = (1 << 10);
[INFO] [stdout] 65 + pub const ALPM_TRANS_FLAG_NOSCRIPTLET : i32 = 1 << 10;
[INFO] [stdout]    |
[INFO] [stdout] 
[INFO] [stdout] 
[INFO] [stdout] warning: unnecessary parentheses around assigned value
[INFO] [stdout]   --> src/enums.rs:67:47
[INFO] [stdout]    |
[INFO] [stdout] 67 | pub const ALPM_TRANS_FLAG_NOCONFLICTS : i32 = (1 << 11);
[INFO] [stdout]    |                                               ^       ^
[INFO] [stdout]    |
[INFO] [stdout] help: remove these parentheses
[INFO] [stdout]    |
[INFO] [stdout] 67 - pub const ALPM_TRANS_FLAG_NOCONFLICTS : i32 = (1 << 11);
[INFO] [stdout] 67 + pub const ALPM_TRANS_FLAG_NOCONFLICTS : i32 = 1 << 11;
[INFO] [stdout]    |
[INFO] [stdout] 
[INFO] [stdout] 
[INFO] [stdout] warning: unnecessary parentheses around assigned value
[INFO] [stdout]   --> src/enums.rs:70:42
[INFO] [stdout]    |
[INFO] [stdout] 70 | pub const ALPM_TRANS_FLAG_NEEDED : i32 = (1 << 13);
[INFO] [stdout]    |                                          ^       ^
[INFO] [stdout]    |
[INFO] [stdout] help: remove these parentheses
[INFO] [stdout]    |
[INFO] [stdout] 70 - pub const ALPM_TRANS_FLAG_NEEDED : i32 = (1 << 13);
[INFO] [stdout] 70 + pub const ALPM_TRANS_FLAG_NEEDED : i32 = 1 << 13;
[INFO] [stdout]    |
[INFO] [stdout] 
[INFO] [stdout] 
[INFO] [stdout] warning: unnecessary parentheses around assigned value
[INFO] [stdout]   --> src/enums.rs:72:47
[INFO] [stdout]    |
[INFO] [stdout] 72 | pub const ALPM_TRANS_FLAG_ALLEXPLICIT : i32 = (1 << 14);
[INFO] [stdout]    |                                               ^       ^
[INFO] [stdout]    |
[INFO] [stdout] help: remove these parentheses
[INFO] [stdout]    |
[INFO] [stdout] 72 - pub const ALPM_TRANS_FLAG_ALLEXPLICIT : i32 = (1 << 14);
[INFO] [stdout] 72 + pub const ALPM_TRANS_FLAG_ALLEXPLICIT : i32 = 1 << 14;
[INFO] [stdout]    |
[INFO] [stdout] 
[INFO] [stdout] 
[INFO] [stdout] warning: unnecessary parentheses around assigned value
[INFO] [stdout]   --> src/enums.rs:74:44
[INFO] [stdout]    |
[INFO] [stdout] 74 | pub const ALPM_TRANS_FLAG_UNNEEDED : i32 = (1 << 15);
[INFO] [stdout]    |                                            ^       ^
[INFO] [stdout]    |
[INFO] [stdout] help: remove these parentheses
[INFO] [stdout]    |
[INFO] [stdout] 74 - pub const ALPM_TRANS_FLAG_UNNEEDED : i32 = (1 << 15);
[INFO] [stdout] 74 + pub const ALPM_TRANS_FLAG_UNNEEDED : i32 = 1 << 15;
[INFO] [stdout]    |
[INFO] [stdout] 
[INFO] [stdout] 
[INFO] [stdout] warning: unnecessary parentheses around assigned value
[INFO] [stdout]   --> src/enums.rs:76:46
[INFO] [stdout]    |
[INFO] [stdout] 76 | pub const ALPM_TRANS_FLAG_RECURSEALL : i32 = (1 << 16);
[INFO] [stdout]    |                                              ^       ^
[INFO] [stdout]    |
[INFO] [stdout] help: remove these parentheses
[INFO] [stdout]    |
[INFO] [stdout] 76 - pub const ALPM_TRANS_FLAG_RECURSEALL : i32 = (1 << 16);
[INFO] [stdout] 76 + pub const ALPM_TRANS_FLAG_RECURSEALL : i32 = 1 << 16;
[INFO] [stdout]    |
[INFO] [stdout] 
[INFO] [stdout] 
[INFO] [stdout] warning: unnecessary parentheses around assigned value
[INFO] [stdout]   --> src/enums.rs:78:42
[INFO] [stdout]    |
[INFO] [stdout] 78 | pub const ALPM_TRANS_FLAG_NOLOCK : i32 = (1 << 17);
[INFO] [stdout]    |                                          ^       ^
[INFO] [stdout]    |
[INFO] [stdout] help: remove these parentheses
[INFO] [stdout]    |
[INFO] [stdout] 78 - pub const ALPM_TRANS_FLAG_NOLOCK : i32 = (1 << 17);
[INFO] [stdout] 78 + pub const ALPM_TRANS_FLAG_NOLOCK : i32 = 1 << 17;
[INFO] [stdout]    |
[INFO] [stdout] 
[INFO] [stdout] 
[INFO] [stdout] warning: trait objects without an explicit `dyn` are deprecated
[INFO] [stdout]   --> src/callbacks.rs:34:20
[INFO] [stdout]    |
[INFO] [stdout] 34 | type LogCallback = Fn(i32, String);
[INFO] [stdout]    |                    ^^^^^^^^^^^^^^^
[INFO] [stdout]    |
[INFO] [stdout]    = warning: this is accepted in the current edition (Rust 2018) but is a hard error in Rust 2021!
[INFO] [stdout]    = note: for more information, see <https://doc.rust-lang.org/nightly/edition-guide/rust-2021/warnings-promoted-to-error.html>
[INFO] [stdout]    = note: `#[warn(bare_trait_objects)]` on by default
[INFO] [stdout] help: use `dyn`
[INFO] [stdout]    |
[INFO] [stdout] 34 | type LogCallback = dyn Fn(i32, String);
[INFO] [stdout]    |                    +++
[INFO] [stdout] 
[INFO] [stdout] 
[INFO] [stdout] warning: trait objects without an explicit `dyn` are deprecated
[INFO] [stdout]   --> src/callbacks.rs:35:25
[INFO] [stdout]    |
[INFO] [stdout] 35 | type DownloadCallback = Fn(&str, i64, i64);
[INFO] [stdout]    |                         ^^^^^^^^^^^^^^^^^^
[INFO] [stdout]    |
[INFO] [stdout]    = warning: this is accepted in the current edition (Rust 2018) but is a hard error in Rust 2021!
[INFO] [stdout]    = note: for more information, see <https://doc.rust-lang.org/nightly/edition-guide/rust-2021/warnings-promoted-to-error.html>
[INFO] [stdout] help: use `dyn`
[INFO] [stdout]    |
[INFO] [stdout] 35 | type DownloadCallback = dyn Fn(&str, i64, i64);
[INFO] [stdout]    |                         +++
[INFO] [stdout] 
[INFO] [stdout] 
[INFO] [stdout] warning: trait objects without an explicit `dyn` are deprecated
[INFO] [stdout]   --> src/callbacks.rs:36:25
[INFO] [stdout]    |
[INFO] [stdout] 36 | type QuestionCallback = Fn(QuestionArgs);
[INFO] [stdout]    |                         ^^^^^^^^^^^^^^^^
[INFO] [stdout]    |
[INFO] [stdout]    = warning: this is accepted in the current edition (Rust 2018) but is a hard error in Rust 2021!
[INFO] [stdout]    = note: for more information, see <https://doc.rust-lang.org/nightly/edition-guide/rust-2021/warnings-promoted-to-error.html>
[INFO] [stdout] help: use `dyn`
[INFO] [stdout]    |
[INFO] [stdout] 36 | type QuestionCallback = dyn Fn(QuestionArgs);
[INFO] [stdout]    |                         +++
[INFO] [stdout] 
[INFO] [stdout] 
[INFO] [stdout] warning: trait objects without an explicit `dyn` are deprecated
[INFO] [stdout]   --> src/error.rs:31:32
[INFO] [stdout]    |
[INFO] [stdout] 31 |     fn cause(&self) -> Option<&error::Error> {
[INFO] [stdout]    |                                ^^^^^^^^^^^^
[INFO] [stdout]    |
[INFO] [stdout]    = warning: this is accepted in the current edition (Rust 2018) but is a hard error in Rust 2021!
[INFO] [stdout]    = note: for more information, see <https://doc.rust-lang.org/nightly/edition-guide/rust-2021/warnings-promoted-to-error.html>
[INFO] [stdout] help: use `dyn`
[INFO] [stdout]    |
[INFO] [stdout] 31 |     fn cause(&self) -> Option<&dyn error::Error> {
[INFO] [stdout]    |                                +++
[INFO] [stdout] 
[INFO] [stdout] 
[INFO] [stdout] warning: 33 warnings emitted
[INFO] [stdout] 
[INFO] [stdout] 
[INFO] [stderr]     Finished dev [unoptimized + debuginfo] target(s) in 0.90s
[INFO] running `Command { std: "docker" "inspect" "b11ac78de685206a89ba72355ab8e05b9aad3fdb1bcd3a5275f35c7369eb218a", kill_on_drop: false }`
[INFO] running `Command { std: "docker" "rm" "-f" "b11ac78de685206a89ba72355ab8e05b9aad3fdb1bcd3a5275f35c7369eb218a", kill_on_drop: false }`
[INFO] [stdout] b11ac78de685206a89ba72355ab8e05b9aad3fdb1bcd3a5275f35c7369eb218a
[INFO] running `Command { std: "docker" "create" "-v" "/var/lib/crater-agent-workspace/builds/worker-4-tc1/target:/opt/rustwide/target:rw,Z" "-v" "/var/lib/crater-agent-workspace/builds/worker-4-tc1/source:/opt/rustwide/workdir:ro,Z" "-v" "/var/lib/crater-agent-workspace/cargo-home:/opt/rustwide/cargo-home:ro,Z" "-v" "/var/lib/crater-agent-workspace/rustup-home:/opt/rustwide/rustup-home:ro,Z" "-e" "SOURCE_DIR=/opt/rustwide/workdir" "-e" "CARGO_TARGET_DIR=/opt/rustwide/target" "-e" "CARGO_INCREMENTAL=0" "-e" "RUST_BACKTRACE=full" "-e" "RUSTFLAGS=--cap-lints=warn" "-e" "RUSTDOCFLAGS=--cap-lints=warn" "-e" "CARGO_HOME=/opt/rustwide/cargo-home" "-e" "RUSTUP_HOME=/opt/rustwide/rustup-home" "-w" "/opt/rustwide/workdir" "-m" "1610612736" "--user" "0:0" "--network" "none" "ghcr.io/rust-lang/crates-build-env/linux@sha256:5ff2268d62e97bff2cde7d5815dd6ed5b47097566f13b8d0ca110b04b60e07ed" "/opt/rustwide/cargo-home/bin/cargo" "+1.69.0" "test" "--frozen" "--no-run" "--message-format=json", kill_on_drop: false }`
[INFO] [stdout] f5ae6708b6a4e4cf558d09ee07e90a1103576d0009f0fe71727632861b14db7e
[INFO] running `Command { std: "docker" "start" "-a" "f5ae6708b6a4e4cf558d09ee07e90a1103576d0009f0fe71727632861b14db7e", kill_on_drop: false }`
[INFO] [stdout] warning: unnecessary parentheses around assigned value
[INFO] [stdout]  --> src/enums.rs:5:37
[INFO] [stdout]   |
[INFO] [stdout] 5 | pub const ALPM_LOG_WARNING : i32 =  (1 << 1);
[INFO] [stdout]   |                                     ^      ^
[INFO] [stdout]   |
[INFO] [stdout]   = note: `#[warn(unused_parens)]` on by default
[INFO] [stdout] help: remove these parentheses
[INFO] [stdout]   |
[INFO] [stdout] 5 - pub const ALPM_LOG_WARNING : i32 =  (1 << 1);
[INFO] [stdout] 5 + pub const ALPM_LOG_WARNING : i32 =  1 << 1;
[INFO] [stdout]   |
[INFO] [stdout] 
[INFO] [stdout] 
[INFO] [stdout] warning: unnecessary parentheses around assigned value
[INFO] [stdout]  --> src/enums.rs:6:35
[INFO] [stdout]   |
[INFO] [stdout] 6 | pub const ALPM_LOG_DEBUG :  i32 = (1 << 2);
[INFO] [stdout]   |                                   ^      ^
[INFO] [stdout]   |
[INFO] [stdout] help: remove these parentheses
[INFO] [stdout]   |
[INFO] [stdout] 6 - pub const ALPM_LOG_DEBUG :  i32 = (1 << 2);
[INFO] [stdout] 6 + pub const ALPM_LOG_DEBUG :  i32 = 1 << 2;
[INFO] [stdout]   |
[INFO] [stdout] 
[INFO] [stdout] 
[INFO] [stdout] warning: unnecessary parentheses around assigned value
[INFO] [stdout]  --> src/enums.rs:7:37
[INFO] [stdout]   |
[INFO] [stdout] 7 | pub const ALPM_LOG_FUNCTION : i32 = (1 << 3);
[INFO] [stdout]   |                                     ^      ^
[INFO] [stdout]   |
[INFO] [stdout] help: remove these parentheses
[INFO] [stdout]   |
[INFO] [stdout] 7 - pub const ALPM_LOG_FUNCTION : i32 = (1 << 3);
[INFO] [stdout] 7 + pub const ALPM_LOG_FUNCTION : i32 = 1 << 3;
[INFO] [stdout]   |
[INFO] [stdout] 
[INFO] [stdout] 
[INFO] [stdout] warning: unnecessary parentheses around assigned value
[INFO] [stdout]   --> src/enums.rs:10:45
[INFO] [stdout]    |
[INFO] [stdout] 10 | pub const ALPM_PKG_VALIDATION_NONE : i32 =  (1 << 0);
[INFO] [stdout]    |                                             ^      ^
[INFO] [stdout]    |
[INFO] [stdout] help: remove these parentheses
[INFO] [stdout]    |
[INFO] [stdout] 10 - pub const ALPM_PKG_VALIDATION_NONE : i32 =  (1 << 0);
[INFO] [stdout] 10 + pub const ALPM_PKG_VALIDATION_NONE : i32 =  1 << 0;
[INFO] [stdout]    |
[INFO] [stdout] 
[INFO] [stdout] 
[INFO] [stdout] warning: unnecessary parentheses around assigned value
[INFO] [stdout]   --> src/enums.rs:11:47
[INFO] [stdout]    |
[INFO] [stdout] 11 | pub const ALPM_PKG_VALIDATION_MD5SUM :  i32 = (1 << 1);
[INFO] [stdout]    |                                               ^      ^
[INFO] [stdout]    |
[INFO] [stdout] help: remove these parentheses
[INFO] [stdout]    |
[INFO] [stdout] 11 - pub const ALPM_PKG_VALIDATION_MD5SUM :  i32 = (1 << 1);
[INFO] [stdout] 11 + pub const ALPM_PKG_VALIDATION_MD5SUM :  i32 = 1 << 1;
[INFO] [stdout]    |
[INFO] [stdout] 
[INFO] [stdout] 
[INFO] [stdout] warning: unnecessary parentheses around assigned value
[INFO] [stdout]   --> src/enums.rs:12:49
[INFO] [stdout]    |
[INFO] [stdout] 12 | pub const ALPM_PKG_VALIDATION_SHA256SUM : i32 = (1 << 2);
[INFO] [stdout]    |                                                 ^      ^
[INFO] [stdout]    |
[INFO] [stdout] help: remove these parentheses
[INFO] [stdout]    |
[INFO] [stdout] 12 - pub const ALPM_PKG_VALIDATION_SHA256SUM : i32 = (1 << 2);
[INFO] [stdout] 12 + pub const ALPM_PKG_VALIDATION_SHA256SUM : i32 = 1 << 2;
[INFO] [stdout]    |
[INFO] [stdout] 
[INFO] [stdout] 
[INFO] [stdout] warning: unnecessary parentheses around assigned value
[INFO] [stdout]   --> src/enums.rs:13:49
[INFO] [stdout]    |
[INFO] [stdout] 13 | pub const ALPM_PKG_VALIDATION_SIGNATURE : i32 = (1 << 3);
[INFO] [stdout]    |                                                 ^      ^
[INFO] [stdout]    |
[INFO] [stdout] help: remove these parentheses
[INFO] [stdout]    |
[INFO] [stdout] 13 - pub const ALPM_PKG_VALIDATION_SIGNATURE : i32 = (1 << 3);
[INFO] [stdout] 13 + pub const ALPM_PKG_VALIDATION_SIGNATURE : i32 = 1 << 3;
[INFO] [stdout]    |
[INFO] [stdout] 
[INFO] [stdout] 
[INFO] [stdout] warning: unnecessary parentheses around assigned value
[INFO] [stdout]   --> src/enums.rs:38:51
[INFO] [stdout]    |
[INFO] [stdout] 38 | pub const ALPM_QUESTION_INSTALL_IGNOREPKG : i32 = (1 << 0);
[INFO] [stdout]    |                                                   ^      ^
[INFO] [stdout]    |
[INFO] [stdout] help: remove these parentheses
[INFO] [stdout]    |
[INFO] [stdout] 38 - pub const ALPM_QUESTION_INSTALL_IGNOREPKG : i32 = (1 << 0);
[INFO] [stdout] 38 + pub const ALPM_QUESTION_INSTALL_IGNOREPKG : i32 = 1 << 0;
[INFO] [stdout]    |
[INFO] [stdout] 
[INFO] [stdout] 
[INFO] [stdout] warning: unnecessary parentheses around assigned value
[INFO] [stdout]   --> src/enums.rs:39:45
[INFO] [stdout]    |
[INFO] [stdout] 39 | pub const ALPM_QUESTION_REPLACE_PKG : i32 = (1 << 1);
[INFO] [stdout]    |                                             ^      ^
[INFO] [stdout]    |
[INFO] [stdout] help: remove these parentheses
[INFO] [stdout]    |
[INFO] [stdout] 39 - pub const ALPM_QUESTION_REPLACE_PKG : i32 = (1 << 1);
[INFO] [stdout] 39 + pub const ALPM_QUESTION_REPLACE_PKG : i32 = 1 << 1;
[INFO] [stdout]    |
[INFO] [stdout] 
[INFO] [stdout] 
[INFO] [stdout] warning: unnecessary parentheses around assigned value
[INFO] [stdout]   --> src/enums.rs:40:46
[INFO] [stdout]    |
[INFO] [stdout] 40 | pub const ALPM_QUESTION_CONFLICT_PKG : i32 = (1 << 2);
[INFO] [stdout]    |                                              ^      ^
[INFO] [stdout]    |
[INFO] [stdout] help: remove these parentheses
[INFO] [stdout]    |
[INFO] [stdout] 40 - pub const ALPM_QUESTION_CONFLICT_PKG : i32 = (1 << 2);
[INFO] [stdout] 40 + pub const ALPM_QUESTION_CONFLICT_PKG : i32 = 1 << 2;
[INFO] [stdout]    |
[INFO] [stdout] 
[INFO] [stdout] 
[INFO] [stdout] warning: unnecessary parentheses around assigned value
[INFO] [stdout]   --> src/enums.rs:41:47
[INFO] [stdout]    |
[INFO] [stdout] 41 | pub const ALPM_QUESTION_CORRUPTED_PKG : i32 = (1 << 3);
[INFO] [stdout]    |                                               ^      ^
[INFO] [stdout]    |
[INFO] [stdout] help: remove these parentheses
[INFO] [stdout]    |
[INFO] [stdout] 41 - pub const ALPM_QUESTION_CORRUPTED_PKG : i32 = (1 << 3);
[INFO] [stdout] 41 + pub const ALPM_QUESTION_CORRUPTED_PKG : i32 = 1 << 3;
[INFO] [stdout]    |
[INFO] [stdout] 
[INFO] [stdout] 
[INFO] [stdout] warning: unnecessary parentheses around assigned value
[INFO] [stdout]   --> src/enums.rs:42:45
[INFO] [stdout]    |
[INFO] [stdout] 42 | pub const ALPM_QUESTION_REMOVE_PKGS : i32 = (1 << 4);
[INFO] [stdout]    |                                             ^      ^
[INFO] [stdout]    |
[INFO] [stdout] help: remove these parentheses
[INFO] [stdout]    |
[INFO] [stdout] 42 - pub const ALPM_QUESTION_REMOVE_PKGS : i32 = (1 << 4);
[INFO] [stdout] 42 + pub const ALPM_QUESTION_REMOVE_PKGS : i32 = 1 << 4;
[INFO] [stdout]    |
[INFO] [stdout] 
[INFO] [stdout] 
[INFO] [stdout] warning: unnecessary parentheses around assigned value
[INFO] [stdout]   --> src/enums.rs:43:49
[INFO] [stdout]    |
[INFO] [stdout] 43 | pub const ALPM_QUESTION_SELECT_PROVIDER : i32 = (1 << 5);
[INFO] [stdout]    |                                                 ^      ^
[INFO] [stdout]    |
[INFO] [stdout] help: remove these parentheses
[INFO] [stdout]    |
[INFO] [stdout] 43 - pub const ALPM_QUESTION_SELECT_PROVIDER : i32 = (1 << 5);
[INFO] [stdout] 43 + pub const ALPM_QUESTION_SELECT_PROVIDER : i32 = 1 << 5;
[INFO] [stdout]    |
[INFO] [stdout] 
[INFO] [stdout] 
[INFO] [stdout] warning: unnecessary parentheses around assigned value
[INFO] [stdout]   --> src/enums.rs:44:44
[INFO] [stdout]    |
[INFO] [stdout] 44 | pub const ALPM_QUESTION_IMPORT_KEY : i32 = (1 << 6);
[INFO] [stdout]    |                                            ^      ^
[INFO] [stdout]    |
[INFO] [stdout] help: remove these parentheses
[INFO] [stdout]    |
[INFO] [stdout] 44 - pub const ALPM_QUESTION_IMPORT_KEY : i32 = (1 << 6);
[INFO] [stdout] 44 + pub const ALPM_QUESTION_IMPORT_KEY : i32 = 1 << 6;
[INFO] [stdout]    |
[INFO] [stdout] 
[INFO] [stdout] 
[INFO] [stdout] warning: unnecessary parentheses around assigned value
[INFO] [stdout]   --> src/enums.rs:48:41
[INFO] [stdout]    |
[INFO] [stdout] 48 | pub const ALPM_TRANS_FLAG_FORCE : i32 = (1 << 1);
[INFO] [stdout]    |                                         ^      ^
[INFO] [stdout]    |
[INFO] [stdout] help: remove these parentheses
[INFO] [stdout]    |
[INFO] [stdout] 48 - pub const ALPM_TRANS_FLAG_FORCE : i32 = (1 << 1);
[INFO] [stdout] 48 + pub const ALPM_TRANS_FLAG_FORCE : i32 = 1 << 1;
[INFO] [stdout]    |
[INFO] [stdout] 
[INFO] [stdout] 
[INFO] [stdout] warning: unnecessary parentheses around assigned value
[INFO] [stdout]   --> src/enums.rs:50:42
[INFO] [stdout]    |
[INFO] [stdout] 50 | pub const ALPM_TRANS_FLAG_NOSAVE : i32 = (1 << 2);
[INFO] [stdout]    |                                          ^      ^
[INFO] [stdout]    |
[INFO] [stdout] help: remove these parentheses
[INFO] [stdout]    |
[INFO] [stdout] 50 - pub const ALPM_TRANS_FLAG_NOSAVE : i32 = (1 << 2);
[INFO] [stdout] 50 + pub const ALPM_TRANS_FLAG_NOSAVE : i32 = 1 << 2;
[INFO] [stdout]    |
[INFO] [stdout] 
[INFO] [stdout] 
[INFO] [stdout] warning: unnecessary parentheses around assigned value
[INFO] [stdout]   --> src/enums.rs:52:48
[INFO] [stdout]    |
[INFO] [stdout] 52 | pub const ALPM_TRANS_FLAG_NODEPVERSION : i32 = (1 << 3);
[INFO] [stdout]    |                                                ^      ^
[INFO] [stdout]    |
[INFO] [stdout] help: remove these parentheses
[INFO] [stdout]    |
[INFO] [stdout] 52 - pub const ALPM_TRANS_FLAG_NODEPVERSION : i32 = (1 << 3);
[INFO] [stdout] 52 + pub const ALPM_TRANS_FLAG_NODEPVERSION : i32 = 1 << 3;
[INFO] [stdout]    |
[INFO] [stdout] 
[INFO] [stdout] 
[INFO] [stdout] warning: unnecessary parentheses around assigned value
[INFO] [stdout]   --> src/enums.rs:54:43
[INFO] [stdout]    |
[INFO] [stdout] 54 | pub const ALPM_TRANS_FLAG_CASCADE : i32 = (1 << 4);
[INFO] [stdout]    |                                           ^      ^
[INFO] [stdout]    |
[INFO] [stdout] help: remove these parentheses
[INFO] [stdout]    |
[INFO] [stdout] 54 - pub const ALPM_TRANS_FLAG_CASCADE : i32 = (1 << 4);
[INFO] [stdout] 54 + pub const ALPM_TRANS_FLAG_CASCADE : i32 = 1 << 4;
[INFO] [stdout]    |
[INFO] [stdout] 
[INFO] [stdout] 
[INFO] [stdout] warning: unnecessary parentheses around assigned value
[INFO] [stdout]   --> src/enums.rs:56:43
[INFO] [stdout]    |
[INFO] [stdout] 56 | pub const ALPM_TRANS_FLAG_RECURSE : i32 = (1 << 5);
[INFO] [stdout]    |                                           ^      ^
[INFO] [stdout]    |
[INFO] [stdout] help: remove these parentheses
[INFO] [stdout]    |
[INFO] [stdout] 56 - pub const ALPM_TRANS_FLAG_RECURSE : i32 = (1 << 5);
[INFO] [stdout] 56 + pub const ALPM_TRANS_FLAG_RECURSE : i32 = 1 << 5;
[INFO] [stdout]    |
[INFO] [stdout] 
[INFO] [stdout] 
[INFO] [stdout] warning: unnecessary parentheses around assigned value
[INFO] [stdout]   --> src/enums.rs:58:42
[INFO] [stdout]    |
[INFO] [stdout] 58 | pub const ALPM_TRANS_FLAG_DBONLY : i32 = (1 << 6);
[INFO] [stdout]    |                                          ^      ^
[INFO] [stdout]    |
[INFO] [stdout] help: remove these parentheses
[INFO] [stdout]    |
[INFO] [stdout] 58 - pub const ALPM_TRANS_FLAG_DBONLY : i32 = (1 << 6);
[INFO] [stdout] 58 + pub const ALPM_TRANS_FLAG_DBONLY : i32 = 1 << 6;
[INFO] [stdout]    |
[INFO] [stdout] 
[INFO] [stdout] 
[INFO] [stdout] warning: unnecessary parentheses around assigned value
[INFO] [stdout]   --> src/enums.rs:61:43
[INFO] [stdout]    |
[INFO] [stdout] 61 | pub const ALPM_TRANS_FLAG_ALLDEPS : i32 = (1 << 8);
[INFO] [stdout]    |                                           ^      ^
[INFO] [stdout]    |
[INFO] [stdout] help: remove these parentheses
[INFO] [stdout]    |
[INFO] [stdout] 61 - pub const ALPM_TRANS_FLAG_ALLDEPS : i32 = (1 << 8);
[INFO] [stdout] 61 + pub const ALPM_TRANS_FLAG_ALLDEPS : i32 = 1 << 8;
[INFO] [stdout]    |
[INFO] [stdout] 
[INFO] [stdout] 
[INFO] [stdout] warning: unnecessary parentheses around assigned value
[INFO] [stdout]   --> src/enums.rs:63:48
[INFO] [stdout]    |
[INFO] [stdout] 63 | pub const ALPM_TRANS_FLAG_DOWNLOADONLY : i32 = (1 << 9);
[INFO] [stdout]    |                                                ^      ^
[INFO] [stdout]    |
[INFO] [stdout] help: remove these parentheses
[INFO] [stdout]    |
[INFO] [stdout] 63 - pub const ALPM_TRANS_FLAG_DOWNLOADONLY : i32 = (1 << 9);
[INFO] [stdout] 63 + pub const ALPM_TRANS_FLAG_DOWNLOADONLY : i32 = 1 << 9;
[INFO] [stdout]    |
[INFO] [stdout] 
[INFO] [stdout] 
[INFO] [stdout] warning: unnecessary parentheses around assigned value
[INFO] [stdout]   --> src/enums.rs:65:47
[INFO] [stdout]    |
[INFO] [stdout] 65 | pub const ALPM_TRANS_FLAG_NOSCRIPTLET : i32 = (1 << 10);
[INFO] [stdout]    |                                               ^       ^
[INFO] [stdout]    |
[INFO] [stdout] help: remove these parentheses
[INFO] [stdout]    |
[INFO] [stdout] 65 - pub const ALPM_TRANS_FLAG_NOSCRIPTLET : i32 = (1 << 10);
[INFO] [stdout] 65 + pub const ALPM_TRANS_FLAG_NOSCRIPTLET : i32 = 1 << 10;
[INFO] [stdout]    |
[INFO] [stdout] 
[INFO] [stdout] 
[INFO] [stdout] warning: unnecessary parentheses around assigned value
[INFO] [stdout]   --> src/enums.rs:67:47
[INFO] [stdout]    |
[INFO] [stdout] 67 | pub const ALPM_TRANS_FLAG_NOCONFLICTS : i32 = (1 << 11);
[INFO] [stdout]    |                                               ^       ^
[INFO] [stdout]    |
[INFO] [stdout] help: remove these parentheses
[INFO] [stdout]    |
[INFO] [stdout] 67 - pub const ALPM_TRANS_FLAG_NOCONFLICTS : i32 = (1 << 11);
[INFO] [stdout] 67 + pub const ALPM_TRANS_FLAG_NOCONFLICTS : i32 = 1 << 11;
[INFO] [stdout]    |
[INFO] [stdout] 
[INFO] [stdout] 
[INFO] [stdout] warning: unnecessary parentheses around assigned value
[INFO] [stdout]   --> src/enums.rs:70:42
[INFO] [stdout]    |
[INFO] [stdout] 70 | pub const ALPM_TRANS_FLAG_NEEDED : i32 = (1 << 13);
[INFO] [stdout]    |                                          ^       ^
[INFO] [stdout]    |
[INFO] [stdout] help: remove these parentheses
[INFO] [stdout]    |
[INFO] [stdout] 70 - pub const ALPM_TRANS_FLAG_NEEDED : i32 = (1 << 13);
[INFO] [stdout] 70 + pub const ALPM_TRANS_FLAG_NEEDED : i32 = 1 << 13;
[INFO] [stdout]    |
[INFO] [stdout] 
[INFO] [stdout] 
[INFO] [stdout] warning: unnecessary parentheses around assigned value
[INFO] [stdout]   --> src/enums.rs:72:47
[INFO] [stdout]    |
[INFO] [stdout] 72 | pub const ALPM_TRANS_FLAG_ALLEXPLICIT : i32 = (1 << 14);
[INFO] [stdout]    |                                               ^       ^
[INFO] [stdout]    |
[INFO] [stdout] help: remove these parentheses
[INFO] [stdout]    |
[INFO] [stdout] 72 - pub const ALPM_TRANS_FLAG_ALLEXPLICIT : i32 = (1 << 14);
[INFO] [stdout] 72 + pub const ALPM_TRANS_FLAG_ALLEXPLICIT : i32 = 1 << 14;
[INFO] [stdout]    |
[INFO] [stdout] 
[INFO] [stdout] 
[INFO] [stdout] warning: unnecessary parentheses around assigned value
[INFO] [stdout]   --> src/enums.rs:74:44
[INFO] [stdout]    |
[INFO] [stdout] 74 | pub const ALPM_TRANS_FLAG_UNNEEDED : i32 = (1 << 15);
[INFO] [stdout]    |                                            ^       ^
[INFO] [stdout]    |
[INFO] [stdout] help: remove these parentheses
[INFO] [stdout]    |
[INFO] [stdout] 74 - pub const ALPM_TRANS_FLAG_UNNEEDED : i32 = (1 << 15);
[INFO] [stdout] 74 + pub const ALPM_TRANS_FLAG_UNNEEDED : i32 = 1 << 15;
[INFO] [stdout]    |
[INFO] [stdout] 
[INFO] [stdout] 
[INFO] [stdout] warning: unnecessary parentheses around assigned value
[INFO] [stdout]   --> src/enums.rs:76:46
[INFO] [stdout]    |
[INFO] [stdout] 76 | pub const ALPM_TRANS_FLAG_RECURSEALL : i32 = (1 << 16);
[INFO] [stdout]    |                                              ^       ^
[INFO] [stdout]    |
[INFO] [stdout] help: remove these parentheses
[INFO] [stdout]    |
[INFO] [stdout] 76 - pub const ALPM_TRANS_FLAG_RECURSEALL : i32 = (1 << 16);
[INFO] [stdout] 76 + pub const ALPM_TRANS_FLAG_RECURSEALL : i32 = 1 << 16;
[INFO] [stdout]    |
[INFO] [stdout] 
[INFO] [stdout] 
[INFO] [stdout] warning: unnecessary parentheses around assigned value
[INFO] [stdout]   --> src/enums.rs:78:42
[INFO] [stdout]    |
[INFO] [stdout] 78 | pub const ALPM_TRANS_FLAG_NOLOCK : i32 = (1 << 17);
[INFO] [stdout]    |                                          ^       ^
[INFO] [stdout]    |
[INFO] [stdout] help: remove these parentheses
[INFO] [stdout]    |
[INFO] [stdout] 78 - pub const ALPM_TRANS_FLAG_NOLOCK : i32 = (1 << 17);
[INFO] [stdout] 78 + pub const ALPM_TRANS_FLAG_NOLOCK : i32 = 1 << 17;
[INFO] [stdout]    |
[INFO] [stdout] 
[INFO] [stdout] 
[INFO] [stdout] warning: trait objects without an explicit `dyn` are deprecated
[INFO] [stdout]   --> src/callbacks.rs:34:20
[INFO] [stdout]    |
[INFO] [stdout] 34 | type LogCallback = Fn(i32, String);
[INFO] [stdout]    |                    ^^^^^^^^^^^^^^^
[INFO] [stdout]    |
[INFO] [stdout]    = warning: this is accepted in the current edition (Rust 2018) but is a hard error in Rust 2021!
[INFO] [stdout]    = note: for more information, see <https://doc.rust-lang.org/nightly/edition-guide/rust-2021/warnings-promoted-to-error.html>
[INFO] [stdout]    = note: `#[warn(bare_trait_objects)]` on by default
[INFO] [stdout] help: use `dyn`
[INFO] [stdout]    |
[INFO] [stdout] 34 | type LogCallback = dyn Fn(i32, String);
[INFO] [stdout]    |                    +++
[INFO] [stdout] 
[INFO] [stdout] 
[INFO] [stdout] warning: trait objects without an explicit `dyn` are deprecated
[INFO] [stdout]   --> src/callbacks.rs:35:25
[INFO] [stdout]    |
[INFO] [stdout] 35 | type DownloadCallback = Fn(&str, i64, i64);
[INFO] [stdout]    |                         ^^^^^^^^^^^^^^^^^^
[INFO] [stdout]    |
[INFO] [stdout]    = warning: this is accepted in the current edition (Rust 2018) but is a hard error in Rust 2021!
[INFO] [stdout]    = note: for more information, see <https://doc.rust-lang.org/nightly/edition-guide/rust-2021/warnings-promoted-to-error.html>
[INFO] [stdout] help: use `dyn`
[INFO] [stdout]    |
[INFO] [stdout] 35 | type DownloadCallback = dyn Fn(&str, i64, i64);
[INFO] [stdout]    |                         +++
[INFO] [stdout] 
[INFO] [stdout] 
[INFO] [stdout] warning: trait objects without an explicit `dyn` are deprecated
[INFO] [stdout]   --> src/callbacks.rs:36:25
[INFO] [stdout]    |
[INFO] [stdout] 36 | type QuestionCallback = Fn(QuestionArgs);
[INFO] [stdout]    |                         ^^^^^^^^^^^^^^^^
[INFO] [stdout]    |
[INFO] [stdout]    = warning: this is accepted in the current edition (Rust 2018) but is a hard error in Rust 2021!
[INFO] [stdout]    = note: for more information, see <https://doc.rust-lang.org/nightly/edition-guide/rust-2021/warnings-promoted-to-error.html>
[INFO] [stdout] help: use `dyn`
[INFO] [stdout]    |
[INFO] [stdout] 36 | type QuestionCallback = dyn Fn(QuestionArgs);
[INFO] [stdout]    |                         +++
[INFO] [stdout] 
[INFO] [stdout] 
[INFO] [stdout] warning: trait objects without an explicit `dyn` are deprecated
[INFO] [stdout]   --> src/error.rs:31:32
[INFO] [stdout]    |
[INFO] [stdout] 31 |     fn cause(&self) -> Option<&error::Error> {
[INFO] [stdout]    |                                ^^^^^^^^^^^^
[INFO] [stdout]    |
[INFO] [stdout]    = warning: this is accepted in the current edition (Rust 2018) but is a hard error in Rust 2021!
[INFO] [stdout]    = note: for more information, see <https://doc.rust-lang.org/nightly/edition-guide/rust-2021/warnings-promoted-to-error.html>
[INFO] [stdout] help: use `dyn`
[INFO] [stdout]    |
[INFO] [stdout] 31 |     fn cause(&self) -> Option<&dyn error::Error> {
[INFO] [stdout]    |                                +++
[INFO] [stdout] 
[INFO] [stdout] 
[INFO] [stdout] warning: 33 warnings emitted
[INFO] [stdout] 
[INFO] [stdout] 
[INFO] [stderr]    Compiling alpm-rs v0.1.24 (/opt/rustwide/workdir)
[INFO] [stdout] warning: unnecessary parentheses around assigned value
[INFO] [stdout]  --> src/enums.rs:5:37
[INFO] [stdout]   |
[INFO] [stdout] 5 | pub const ALPM_LOG_WARNING : i32 =  (1 << 1);
[INFO] [stdout]   |                                     ^      ^
[INFO] [stdout]   |
[INFO] [stdout]   = note: `#[warn(unused_parens)]` on by default
[INFO] [stdout] help: remove these parentheses
[INFO] [stdout]   |
[INFO] [stdout] 5 - pub const ALPM_LOG_WARNING : i32 =  (1 << 1);
[INFO] [stdout] 5 + pub const ALPM_LOG_WARNING : i32 =  1 << 1;
[INFO] [stdout]   |
[INFO] [stdout] 
[INFO] [stdout] 
[INFO] [stdout] warning: unnecessary parentheses around assigned value
[INFO] [stdout]  --> src/enums.rs:6:35
[INFO] [stdout]   |
[INFO] [stdout] 6 | pub const ALPM_LOG_DEBUG :  i32 = (1 << 2);
[INFO] [stdout]   |                                   ^      ^
[INFO] [stdout]   |
[INFO] [stdout] help: remove these parentheses
[INFO] [stdout]   |
[INFO] [stdout] 6 - pub const ALPM_LOG_DEBUG :  i32 = (1 << 2);
[INFO] [stdout] 6 + pub const ALPM_LOG_DEBUG :  i32 = 1 << 2;
[INFO] [stdout]   |
[INFO] [stdout] 
[INFO] [stdout] 
[INFO] [stdout] warning: unnecessary parentheses around assigned value
[INFO] [stdout]  --> src/enums.rs:7:37
[INFO] [stdout]   |
[INFO] [stdout] 7 | pub const ALPM_LOG_FUNCTION : i32 = (1 << 3);
[INFO] [stdout]   |                                     ^      ^
[INFO] [stdout]   |
[INFO] [stdout] help: remove these parentheses
[INFO] [stdout]   |
[INFO] [stdout] 7 - pub const ALPM_LOG_FUNCTION : i32 = (1 << 3);
[INFO] [stdout] 7 + pub const ALPM_LOG_FUNCTION : i32 = 1 << 3;
[INFO] [stdout]   |
[INFO] [stdout] 
[INFO] [stdout] 
[INFO] [stdout] warning: unnecessary parentheses around assigned value
[INFO] [stdout]   --> src/enums.rs:10:45
[INFO] [stdout]    |
[INFO] [stdout] 10 | pub const ALPM_PKG_VALIDATION_NONE : i32 =  (1 << 0);
[INFO] [stdout]    |                                             ^      ^
[INFO] [stdout]    |
[INFO] [stdout] help: remove these parentheses
[INFO] [stdout]    |
[INFO] [stdout] 10 - pub const ALPM_PKG_VALIDATION_NONE : i32 =  (1 << 0);
[INFO] [stdout] 10 + pub const ALPM_PKG_VALIDATION_NONE : i32 =  1 << 0;
[INFO] [stdout]    |
[INFO] [stdout] 
[INFO] [stdout] 
[INFO] [stdout] warning: unnecessary parentheses around assigned value
[INFO] [stdout]   --> src/enums.rs:11:47
[INFO] [stdout]    |
[INFO] [stdout] 11 | pub const ALPM_PKG_VALIDATION_MD5SUM :  i32 = (1 << 1);
[INFO] [stdout]    |                                               ^      ^
[INFO] [stdout]    |
[INFO] [stdout] help: remove these parentheses
[INFO] [stdout]    |
[INFO] [stdout] 11 - pub const ALPM_PKG_VALIDATION_MD5SUM :  i32 = (1 << 1);
[INFO] [stdout] 11 + pub const ALPM_PKG_VALIDATION_MD5SUM :  i32 = 1 << 1;
[INFO] [stdout]    |
[INFO] [stdout] 
[INFO] [stdout] 
[INFO] [stdout] warning: unnecessary parentheses around assigned value
[INFO] [stdout]   --> src/enums.rs:12:49
[INFO] [stdout]    |
[INFO] [stdout] 12 | pub const ALPM_PKG_VALIDATION_SHA256SUM : i32 = (1 << 2);
[INFO] [stdout]    |                                                 ^      ^
[INFO] [stdout]    |
[INFO] [stdout] help: remove these parentheses
[INFO] [stdout]    |
[INFO] [stdout] 12 - pub const ALPM_PKG_VALIDATION_SHA256SUM : i32 = (1 << 2);
[INFO] [stdout] 12 + pub const ALPM_PKG_VALIDATION_SHA256SUM : i32 = 1 << 2;
[INFO] [stdout]    |
[INFO] [stdout] 
[INFO] [stdout] 
[INFO] [stdout] warning: unnecessary parentheses around assigned value
[INFO] [stdout]   --> src/enums.rs:13:49
[INFO] [stdout]    |
[INFO] [stdout] 13 | pub const ALPM_PKG_VALIDATION_SIGNATURE : i32 = (1 << 3);
[INFO] [stdout]    |                                                 ^      ^
[INFO] [stdout]    |
[INFO] [stdout] help: remove these parentheses
[INFO] [stdout]    |
[INFO] [stdout] 13 - pub const ALPM_PKG_VALIDATION_SIGNATURE : i32 = (1 << 3);
[INFO] [stdout] 13 + pub const ALPM_PKG_VALIDATION_SIGNATURE : i32 = 1 << 3;
[INFO] [stdout]    |
[INFO] [stdout] 
[INFO] [stdout] 
[INFO] [stdout] warning: unnecessary parentheses around assigned value
[INFO] [stdout]   --> src/enums.rs:38:51
[INFO] [stdout]    |
[INFO] [stdout] 38 | pub const ALPM_QUESTION_INSTALL_IGNOREPKG : i32 = (1 << 0);
[INFO] [stdout]    |                                                   ^      ^
[INFO] [stdout]    |
[INFO] [stdout] help: remove these parentheses
[INFO] [stdout]    |
[INFO] [stdout] 38 - pub const ALPM_QUESTION_INSTALL_IGNOREPKG : i32 = (1 << 0);
[INFO] [stdout] 38 + pub const ALPM_QUESTION_INSTALL_IGNOREPKG : i32 = 1 << 0;
[INFO] [stdout]    |
[INFO] [stdout] 
[INFO] [stdout] 
[INFO] [stdout] warning: unnecessary parentheses around assigned value
[INFO] [stdout]   --> src/enums.rs:39:45
[INFO] [stdout]    |
[INFO] [stdout] 39 | pub const ALPM_QUESTION_REPLACE_PKG : i32 = (1 << 1);
[INFO] [stdout]    |                                             ^      ^
[INFO] [stdout]    |
[INFO] [stdout] help: remove these parentheses
[INFO] [stdout]    |
[INFO] [stdout] 39 - pub const ALPM_QUESTION_REPLACE_PKG : i32 = (1 << 1);
[INFO] [stdout] 39 + pub const ALPM_QUESTION_REPLACE_PKG : i32 = 1 << 1;
[INFO] [stdout]    |
[INFO] [stdout] 
[INFO] [stdout] 
[INFO] [stdout] warning: unnecessary parentheses around assigned value
[INFO] [stdout]   --> src/enums.rs:40:46
[INFO] [stdout]    |
[INFO] [stdout] 40 | pub const ALPM_QUESTION_CONFLICT_PKG : i32 = (1 << 2);
[INFO] [stdout]    |                                              ^      ^
[INFO] [stdout]    |
[INFO] [stdout] help: remove these parentheses
[INFO] [stdout]    |
[INFO] [stdout] 40 - pub const ALPM_QUESTION_CONFLICT_PKG : i32 = (1 << 2);
[INFO] [stdout] 40 + pub const ALPM_QUESTION_CONFLICT_PKG : i32 = 1 << 2;
[INFO] [stdout]    |
[INFO] [stdout] 
[INFO] [stdout] 
[INFO] [stdout] warning: unnecessary parentheses around assigned value
[INFO] [stdout]   --> src/enums.rs:41:47
[INFO] [stdout]    |
[INFO] [stdout] 41 | pub const ALPM_QUESTION_CORRUPTED_PKG : i32 = (1 << 3);
[INFO] [stdout]    |                                               ^      ^
[INFO] [stdout]    |
[INFO] [stdout] help: remove these parentheses
[INFO] [stdout]    |
[INFO] [stdout] 41 - pub const ALPM_QUESTION_CORRUPTED_PKG : i32 = (1 << 3);
[INFO] [stdout] 41 + pub const ALPM_QUESTION_CORRUPTED_PKG : i32 = 1 << 3;
[INFO] [stdout]    |
[INFO] [stdout] 
[INFO] [stdout] 
[INFO] [stdout] warning: unnecessary parentheses around assigned value
[INFO] [stdout]   --> src/enums.rs:42:45
[INFO] [stdout]    |
[INFO] [stdout] 42 | pub const ALPM_QUESTION_REMOVE_PKGS : i32 = (1 << 4);
[INFO] [stdout]    |                                             ^      ^
[INFO] [stdout]    |
[INFO] [stdout] help: remove these parentheses
[INFO] [stdout]    |
[INFO] [stdout] 42 - pub const ALPM_QUESTION_REMOVE_PKGS : i32 = (1 << 4);
[INFO] [stdout] 42 + pub const ALPM_QUESTION_REMOVE_PKGS : i32 = 1 << 4;
[INFO] [stdout]    |
[INFO] [stdout] 
[INFO] [stdout] 
[INFO] [stdout] warning: unnecessary parentheses around assigned value
[INFO] [stdout]   --> src/enums.rs:43:49
[INFO] [stdout]    |
[INFO] [stdout] 43 | pub const ALPM_QUESTION_SELECT_PROVIDER : i32 = (1 << 5);
[INFO] [stdout]    |                                                 ^      ^
[INFO] [stdout]    |
[INFO] [stdout] help: remove these parentheses
[INFO] [stdout]    |
[INFO] [stdout] 43 - pub const ALPM_QUESTION_SELECT_PROVIDER : i32 = (1 << 5);
[INFO] [stdout] 43 + pub const ALPM_QUESTION_SELECT_PROVIDER : i32 = 1 << 5;
[INFO] [stdout]    |
[INFO] [stdout] 
[INFO] [stdout] 
[INFO] [stdout] warning: unnecessary parentheses around assigned value
[INFO] [stdout]   --> src/enums.rs:44:44
[INFO] [stdout]    |
[INFO] [stdout] 44 | pub const ALPM_QUESTION_IMPORT_KEY : i32 = (1 << 6);
[INFO] [stdout]    |                                            ^      ^
[INFO] [stdout]    |
[INFO] [stdout] help: remove these parentheses
[INFO] [stdout]    |
[INFO] [stdout] 44 - pub const ALPM_QUESTION_IMPORT_KEY : i32 = (1 << 6);
[INFO] [stdout] 44 + pub const ALPM_QUESTION_IMPORT_KEY : i32 = 1 << 6;
[INFO] [stdout]    |
[INFO] [stdout] 
[INFO] [stdout] 
[INFO] [stdout] warning: unnecessary parentheses around assigned value
[INFO] [stdout]   --> src/enums.rs:48:41
[INFO] [stdout]    |
[INFO] [stdout] 48 | pub const ALPM_TRANS_FLAG_FORCE : i32 = (1 << 1);
[INFO] [stdout]    |                                         ^      ^
[INFO] [stdout]    |
[INFO] [stdout] help: remove these parentheses
[INFO] [stdout]    |
[INFO] [stdout] 48 - pub const ALPM_TRANS_FLAG_FORCE : i32 = (1 << 1);
[INFO] [stdout] 48 + pub const ALPM_TRANS_FLAG_FORCE : i32 = 1 << 1;
[INFO] [stdout]    |
[INFO] [stdout] 
[INFO] [stdout] 
[INFO] [stdout] warning: unnecessary parentheses around assigned value
[INFO] [stdout]   --> src/enums.rs:50:42
[INFO] [stdout]    |
[INFO] [stdout] 50 | pub const ALPM_TRANS_FLAG_NOSAVE : i32 = (1 << 2);
[INFO] [stdout]    |                                          ^      ^
[INFO] [stdout]    |
[INFO] [stdout] help: remove these parentheses
[INFO] [stdout]    |
[INFO] [stdout] 50 - pub const ALPM_TRANS_FLAG_NOSAVE : i32 = (1 << 2);
[INFO] [stdout] 50 + pub const ALPM_TRANS_FLAG_NOSAVE : i32 = 1 << 2;
[INFO] [stdout]    |
[INFO] [stdout] 
[INFO] [stdout] 
[INFO] [stdout] warning: unnecessary parentheses around assigned value
[INFO] [stdout]   --> src/enums.rs:52:48
[INFO] [stdout]    |
[INFO] [stdout] 52 | pub const ALPM_TRANS_FLAG_NODEPVERSION : i32 = (1 << 3);
[INFO] [stdout]    |                                                ^      ^
[INFO] [stdout]    |
[INFO] [stdout] help: remove these parentheses
[INFO] [stdout]    |
[INFO] [stdout] 52 - pub const ALPM_TRANS_FLAG_NODEPVERSION : i32 = (1 << 3);
[INFO] [stdout] 52 + pub const ALPM_TRANS_FLAG_NODEPVERSION : i32 = 1 << 3;
[INFO] [stdout]    |
[INFO] [stdout] 
[INFO] [stdout] 
[INFO] [stdout] warning: unnecessary parentheses around assigned value
[INFO] [stdout]   --> src/enums.rs:54:43
[INFO] [stdout]    |
[INFO] [stdout] 54 | pub const ALPM_TRANS_FLAG_CASCADE : i32 = (1 << 4);
[INFO] [stdout]    |                                           ^      ^
[INFO] [stdout]    |
[INFO] [stdout] help: remove these parentheses
[INFO] [stdout]    |
[INFO] [stdout] 54 - pub const ALPM_TRANS_FLAG_CASCADE : i32 = (1 << 4);
[INFO] [stdout] 54 + pub const ALPM_TRANS_FLAG_CASCADE : i32 = 1 << 4;
[INFO] [stdout]    |
[INFO] [stdout] 
[INFO] [stdout] 
[INFO] [stdout] warning: unnecessary parentheses around assigned value
[INFO] [stdout]   --> src/enums.rs:56:43
[INFO] [stdout]    |
[INFO] [stdout] 56 | pub const ALPM_TRANS_FLAG_RECURSE : i32 = (1 << 5);
[INFO] [stdout]    |                                           ^      ^
[INFO] [stdout]    |
[INFO] [stdout] help: remove these parentheses
[INFO] [stdout]    |
[INFO] [stdout] 56 - pub const ALPM_TRANS_FLAG_RECURSE : i32 = (1 << 5);
[INFO] [stdout] 56 + pub const ALPM_TRANS_FLAG_RECURSE : i32 = 1 << 5;
[INFO] [stdout]    |
[INFO] [stdout] 
[INFO] [stdout] 
[INFO] [stdout] warning: unnecessary parentheses around assigned value
[INFO] [stdout]   --> src/enums.rs:58:42
[INFO] [stdout]    |
[INFO] [stdout] 58 | pub const ALPM_TRANS_FLAG_DBONLY : i32 = (1 << 6);
[INFO] [stdout]    |                                          ^      ^
[INFO] [stdout]    |
[INFO] [stdout] help: remove these parentheses
[INFO] [stdout]    |
[INFO] [stdout] 58 - pub const ALPM_TRANS_FLAG_DBONLY : i32 = (1 << 6);
[INFO] [stdout] 58 + pub const ALPM_TRANS_FLAG_DBONLY : i32 = 1 << 6;
[INFO] [stdout]    |
[INFO] [stdout] 
[INFO] [stdout] 
[INFO] [stdout] warning: unnecessary parentheses around assigned value
[INFO] [stdout]   --> src/enums.rs:61:43
[INFO] [stdout]    |
[INFO] [stdout] 61 | pub const ALPM_TRANS_FLAG_ALLDEPS : i32 = (1 << 8);
[INFO] [stdout]    |                                           ^      ^
[INFO] [stdout]    |
[INFO] [stdout] help: remove these parentheses
[INFO] [stdout]    |
[INFO] [stdout] 61 - pub const ALPM_TRANS_FLAG_ALLDEPS : i32 = (1 << 8);
[INFO] [stdout] 61 + pub const ALPM_TRANS_FLAG_ALLDEPS : i32 = 1 << 8;
[INFO] [stdout]    |
[INFO] [stdout] 
[INFO] [stdout] 
[INFO] [stdout] warning: unnecessary parentheses around assigned value
[INFO] [stdout]   --> src/enums.rs:63:48
[INFO] [stdout]    |
[INFO] [stdout] 63 | pub const ALPM_TRANS_FLAG_DOWNLOADONLY : i32 = (1 << 9);
[INFO] [stdout]    |                                                ^      ^
[INFO] [stdout]    |
[INFO] [stdout] help: remove these parentheses
[INFO] [stdout]    |
[INFO] [stdout] 63 - pub const ALPM_TRANS_FLAG_DOWNLOADONLY : i32 = (1 << 9);
[INFO] [stdout] 63 + pub const ALPM_TRANS_FLAG_DOWNLOADONLY : i32 = 1 << 9;
[INFO] [stdout]    |
[INFO] [stdout] 
[INFO] [stdout] 
[INFO] [stdout] warning: unnecessary parentheses around assigned value
[INFO] [stdout]   --> src/enums.rs:65:47
[INFO] [stdout]    |
[INFO] [stdout] 65 | pub const ALPM_TRANS_FLAG_NOSCRIPTLET : i32 = (1 << 10);
[INFO] [stdout]    |                                               ^       ^
[INFO] [stdout]    |
[INFO] [stdout] help: remove these parentheses
[INFO] [stdout]    |
[INFO] [stdout] 65 - pub const ALPM_TRANS_FLAG_NOSCRIPTLET : i32 = (1 << 10);
[INFO] [stdout] 65 + pub const ALPM_TRANS_FLAG_NOSCRIPTLET : i32 = 1 << 10;
[INFO] [stdout]    |
[INFO] [stdout] 
[INFO] [stdout] 
[INFO] [stdout] warning: unnecessary parentheses around assigned value
[INFO] [stdout]   --> src/enums.rs:67:47
[INFO] [stdout]    |
[INFO] [stdout] 67 | pub const ALPM_TRANS_FLAG_NOCONFLICTS : i32 = (1 << 11);
[INFO] [stdout]    |                                               ^       ^
[INFO] [stdout]    |
[INFO] [stdout] help: remove these parentheses
[INFO] [stdout]    |
[INFO] [stdout] 67 - pub const ALPM_TRANS_FLAG_NOCONFLICTS : i32 = (1 << 11);
[INFO] [stdout] 67 + pub const ALPM_TRANS_FLAG_NOCONFLICTS : i32 = 1 << 11;
[INFO] [stdout]    |
[INFO] [stdout] 
[INFO] [stdout] 
[INFO] [stdout] warning: unnecessary parentheses around assigned value
[INFO] [stdout]   --> src/enums.rs:70:42
[INFO] [stdout]    |
[INFO] [stdout] 70 | pub const ALPM_TRANS_FLAG_NEEDED : i32 = (1 << 13);
[INFO] [stdout]    |                                          ^       ^
[INFO] [stdout]    |
[INFO] [stdout] help: remove these parentheses
[INFO] [stdout]    |
[INFO] [stdout] 70 - pub const ALPM_TRANS_FLAG_NEEDED : i32 = (1 << 13);
[INFO] [stdout] 70 + pub const ALPM_TRANS_FLAG_NEEDED : i32 = 1 << 13;
[INFO] [stdout]    |
[INFO] [stdout] 
[INFO] [stdout] 
[INFO] [stdout] warning: unnecessary parentheses around assigned value
[INFO] [stdout]   --> src/enums.rs:72:47
[INFO] [stdout]    |
[INFO] [stdout] 72 | pub const ALPM_TRANS_FLAG_ALLEXPLICIT : i32 = (1 << 14);
[INFO] [stdout]    |                                               ^       ^
[INFO] [stdout]    |
[INFO] [stdout] help: remove these parentheses
[INFO] [stdout]    |
[INFO] [stdout] 72 - pub const ALPM_TRANS_FLAG_ALLEXPLICIT : i32 = (1 << 14);
[INFO] [stdout] 72 + pub const ALPM_TRANS_FLAG_ALLEXPLICIT : i32 = 1 << 14;
[INFO] [stdout]    |
[INFO] [stdout] 
[INFO] [stdout] 
[INFO] [stdout] warning: unnecessary parentheses around assigned value
[INFO] [stdout]   --> src/enums.rs:74:44
[INFO] [stdout]    |
[INFO] [stdout] 74 | pub const ALPM_TRANS_FLAG_UNNEEDED : i32 = (1 << 15);
[INFO] [stdout]    |                                            ^       ^
[INFO] [stdout]    |
[INFO] [stdout] help: remove these parentheses
[INFO] [stdout]    |
[INFO] [stdout] 74 - pub const ALPM_TRANS_FLAG_UNNEEDED : i32 = (1 << 15);
[INFO] [stdout] 74 + pub const ALPM_TRANS_FLAG_UNNEEDED : i32 = 1 << 15;
[INFO] [stdout]    |
[INFO] [stdout] 
[INFO] [stdout] 
[INFO] [stdout] warning: unnecessary parentheses around assigned value
[INFO] [stdout]   --> src/enums.rs:76:46
[INFO] [stdout]    |
[INFO] [stdout] 76 | pub const ALPM_TRANS_FLAG_RECURSEALL : i32 = (1 << 16);
[INFO] [stdout]    |                                              ^       ^
[INFO] [stdout]    |
[INFO] [stdout] help: remove these parentheses
[INFO] [stdout]    |
[INFO] [stdout] 76 - pub const ALPM_TRANS_FLAG_RECURSEALL : i32 = (1 << 16);
[INFO] [stdout] 76 + pub const ALPM_TRANS_FLAG_RECURSEALL : i32 = 1 << 16;
[INFO] [stdout]    |
[INFO] [stdout] 
[INFO] [stdout] 
[INFO] [stdout] warning: unnecessary parentheses around assigned value
[INFO] [stdout]   --> src/enums.rs:78:42
[INFO] [stdout]    |
[INFO] [stdout] 78 | pub const ALPM_TRANS_FLAG_NOLOCK : i32 = (1 << 17);
[INFO] [stdout]    |                                          ^       ^
[INFO] [stdout]    |
[INFO] [stdout] help: remove these parentheses
[INFO] [stdout]    |
[INFO] [stdout] 78 - pub const ALPM_TRANS_FLAG_NOLOCK : i32 = (1 << 17);
[INFO] [stdout] 78 + pub const ALPM_TRANS_FLAG_NOLOCK : i32 = 1 << 17;
[INFO] [stdout]    |
[INFO] [stdout] 
[INFO] [stdout] 
[INFO] [stdout] warning: trait objects without an explicit `dyn` are deprecated
[INFO] [stdout]   --> src/callbacks.rs:34:20
[INFO] [stdout]    |
[INFO] [stdout] 34 | type LogCallback = Fn(i32, String);
[INFO] [stdout]    |                    ^^^^^^^^^^^^^^^
[INFO] [stdout]    |
[INFO] [stdout]    = warning: this is accepted in the current edition (Rust 2018) but is a hard error in Rust 2021!
[INFO] [stdout]    = note: for more information, see <https://doc.rust-lang.org/nightly/edition-guide/rust-2021/warnings-promoted-to-error.html>
[INFO] [stdout]    = note: `#[warn(bare_trait_objects)]` on by default
[INFO] [stdout] help: use `dyn`
[INFO] [stdout]    |
[INFO] [stdout] 34 | type LogCallback = dyn Fn(i32, String);
[INFO] [stdout]    |                    +++
[INFO] [stdout] 
[INFO] [stdout] 
[INFO] [stdout] warning: trait objects without an explicit `dyn` are deprecated
[INFO] [stdout]   --> src/callbacks.rs:35:25
[INFO] [stdout]    |
[INFO] [stdout] 35 | type DownloadCallback = Fn(&str, i64, i64);
[INFO] [stdout]    |                         ^^^^^^^^^^^^^^^^^^
[INFO] [stdout]    |
[INFO] [stdout]    = warning: this is accepted in the current edition (Rust 2018) but is a hard error in Rust 2021!
[INFO] [stdout]    = note: for more information, see <https://doc.rust-lang.org/nightly/edition-guide/rust-2021/warnings-promoted-to-error.html>
[INFO] [stdout] help: use `dyn`
[INFO] [stdout]    |
[INFO] [stdout] 35 | type DownloadCallback = dyn Fn(&str, i64, i64);
[INFO] [stdout]    |                         +++
[INFO] [stdout] 
[INFO] [stdout] 
[INFO] [stdout] warning: trait objects without an explicit `dyn` are deprecated
[INFO] [stdout]   --> src/callbacks.rs:36:25
[INFO] [stdout]    |
[INFO] [stdout] 36 | type QuestionCallback = Fn(QuestionArgs);
[INFO] [stdout]    |                         ^^^^^^^^^^^^^^^^
[INFO] [stdout]    |
[INFO] [stdout]    = warning: this is accepted in the current edition (Rust 2018) but is a hard error in Rust 2021!
[INFO] [stdout]    = note: for more information, see <https://doc.rust-lang.org/nightly/edition-guide/rust-2021/warnings-promoted-to-error.html>
[INFO] [stdout] help: use `dyn`
[INFO] [stdout]    |
[INFO] [stdout] 36 | type QuestionCallback = dyn Fn(QuestionArgs);
[INFO] [stdout]    |                         +++
[INFO] [stdout] 
[INFO] [stdout] 
[INFO] [stdout] warning: trait objects without an explicit `dyn` are deprecated
[INFO] [stdout]   --> src/error.rs:31:32
[INFO] [stdout]    |
[INFO] [stdout] 31 |     fn cause(&self) -> Option<&error::Error> {
[INFO] [stdout]    |                                ^^^^^^^^^^^^
[INFO] [stdout]    |
[INFO] [stdout]    = warning: this is accepted in the current edition (Rust 2018) but is a hard error in Rust 2021!
[INFO] [stdout]    = note: for more information, see <https://doc.rust-lang.org/nightly/edition-guide/rust-2021/warnings-promoted-to-error.html>
[INFO] [stdout] help: use `dyn`
[INFO] [stdout]    |
[INFO] [stdout] 31 |     fn cause(&self) -> Option<&dyn error::Error> {
[INFO] [stdout]    |                                +++
[INFO] [stdout] 
[INFO] [stdout] 
[INFO] [stdout] error: linking with `cc` failed: exit status: 1
[INFO] [stdout]   |
[INFO] [stdout]   = note: LC_ALL="C" PATH="/opt/rustwide/rustup-home/toolchains/1.69.0-x86_64-unknown-linux-gnu/lib/rustlib/x86_64-unknown-linux-gnu/bin:/opt/rustwide/cargo-home/bin:/usr/local/sbin:/usr/local/bin:/usr/sbin:/usr/bin:/sbin:/bin" VSLANG="1033" "cc" "-m64" "/tmp/rustcq41Iim/symbols.o" "/opt/rustwide/target/debug/deps/types-ab3a18593ae0667c.types.c66a8e9d-cgu.0.rcgu.o" "/opt/rustwide/target/debug/deps/types-ab3a18593ae0667c.types.c66a8e9d-cgu.1.rcgu.o" "/opt/rustwide/target/debug/deps/types-ab3a18593ae0667c.types.c66a8e9d-cgu.10.rcgu.o" "/opt/rustwide/target/debug/deps/types-ab3a18593ae0667c.types.c66a8e9d-cgu.11.rcgu.o" "/opt/rustwide/target/debug/deps/types-ab3a18593ae0667c.types.c66a8e9d-cgu.12.rcgu.o" "/opt/rustwide/target/debug/deps/types-ab3a18593ae0667c.types.c66a8e9d-cgu.13.rcgu.o" "/opt/rustwide/target/debug/deps/types-ab3a18593ae0667c.types.c66a8e9d-cgu.14.rcgu.o" "/opt/rustwide/target/debug/deps/types-ab3a18593ae0667c.types.c66a8e9d-cgu.15.rcgu.o" "/opt/rustwide/target/debug/deps/types-ab3a18593ae0667c.types.c66a8e9d-cgu.2.rcgu.o" "/opt/rustwide/target/debug/deps/types-ab3a18593ae0667c.types.c66a8e9d-cgu.3.rcgu.o" "/opt/rustwide/target/debug/deps/types-ab3a18593ae0667c.types.c66a8e9d-cgu.4.rcgu.o" "/opt/rustwide/target/debug/deps/types-ab3a18593ae0667c.types.c66a8e9d-cgu.5.rcgu.o" "/opt/rustwide/target/debug/deps/types-ab3a18593ae0667c.types.c66a8e9d-cgu.6.rcgu.o" "/opt/rustwide/target/debug/deps/types-ab3a18593ae0667c.types.c66a8e9d-cgu.7.rcgu.o" "/opt/rustwide/target/debug/deps/types-ab3a18593ae0667c.types.c66a8e9d-cgu.8.rcgu.o" "/opt/rustwide/target/debug/deps/types-ab3a18593ae0667c.types.c66a8e9d-cgu.9.rcgu.o" "/opt/rustwide/target/debug/deps/types-ab3a18593ae0667c.3sqj1y7scv8anylm.rcgu.o" "-Wl,--as-needed" "-L" "/opt/rustwide/target/debug/deps" "-L" "/opt/rustwide/rustup-home/toolchains/1.69.0-x86_64-unknown-linux-gnu/lib/rustlib/x86_64-unknown-linux-gnu/lib" "-Wl,-Bstatic" "/opt/rustwide/rustup-home/toolchains/1.69.0-x86_64-unknown-linux-gnu/lib/rustlib/x86_64-unknown-linux-gnu/lib/libtest-7791a6353d4a7929.rlib" "/opt/rustwide/rustup-home/toolchains/1.69.0-x86_64-unknown-linux-gnu/lib/rustlib/x86_64-unknown-linux-gnu/lib/libgetopts-7b17724e9ce90a72.rlib" "/opt/rustwide/rustup-home/toolchains/1.69.0-x86_64-unknown-linux-gnu/lib/rustlib/x86_64-unknown-linux-gnu/lib/libunicode_width-596f8ce9d30a755e.rlib" "/opt/rustwide/rustup-home/toolchains/1.69.0-x86_64-unknown-linux-gnu/lib/rustlib/x86_64-unknown-linux-gnu/lib/librustc_std_workspace_std-da04f86254de594f.rlib" "/opt/rustwide/target/debug/deps/libalpm_rs-5a1798687c33f5e1.rlib" "/opt/rustwide/target/debug/deps/liblibc-b7b14a0fe316ec96.rlib" "/opt/rustwide/rustup-home/toolchains/1.69.0-x86_64-unknown-linux-gnu/lib/rustlib/x86_64-unknown-linux-gnu/lib/libstd-89bc084783fdc439.rlib" "/opt/rustwide/rustup-home/toolchains/1.69.0-x86_64-unknown-linux-gnu/lib/rustlib/x86_64-unknown-linux-gnu/lib/libpanic_unwind-8bee4b287d4367c1.rlib" "/opt/rustwide/rustup-home/toolchains/1.69.0-x86_64-unknown-linux-gnu/lib/rustlib/x86_64-unknown-linux-gnu/lib/libobject-d61707aed80694c0.rlib" "/opt/rustwide/rustup-home/toolchains/1.69.0-x86_64-unknown-linux-gnu/lib/rustlib/x86_64-unknown-linux-gnu/lib/libmemchr-d85366256f22345b.rlib" "/opt/rustwide/rustup-home/toolchains/1.69.0-x86_64-unknown-linux-gnu/lib/rustlib/x86_64-unknown-linux-gnu/lib/libaddr2line-96069b86b8a8cae9.rlib" "/opt/rustwide/rustup-home/toolchains/1.69.0-x86_64-unknown-linux-gnu/lib/rustlib/x86_64-unknown-linux-gnu/lib/libgimli-d19d53abf68dfa6c.rlib" "/opt/rustwide/rustup-home/toolchains/1.69.0-x86_64-unknown-linux-gnu/lib/rustlib/x86_64-unknown-linux-gnu/lib/librustc_demangle-787cbccd19d64ac6.rlib" "/opt/rustwide/rustup-home/toolchains/1.69.0-x86_64-unknown-linux-gnu/lib/rustlib/x86_64-unknown-linux-gnu/lib/libstd_detect-b3837a36b830e0d0.rlib" "/opt/rustwide/rustup-home/toolchains/1.69.0-x86_64-unknown-linux-gnu/lib/rustlib/x86_64-unknown-linux-gnu/lib/libhashbrown-e3deb0e7e3f04966.rlib" "/opt/rustwide/rustup-home/toolchains/1.69.0-x86_64-unknown-linux-gnu/lib/rustlib/x86_64-unknown-linux-gnu/lib/libminiz_oxide-dabbb79c9815def4.rlib" "/opt/rustwide/rustup-home/toolchains/1.69.0-x86_64-unknown-linux-gnu/lib/rustlib/x86_64-unknown-linux-gnu/lib/libadler-305b01f34c9409f2.rlib" "/opt/rustwide/rustup-home/toolchains/1.69.0-x86_64-unknown-linux-gnu/lib/rustlib/x86_64-unknown-linux-gnu/lib/librustc_std_workspace_alloc-f833521df6074e73.rlib" "/opt/rustwide/rustup-home/toolchains/1.69.0-x86_64-unknown-linux-gnu/lib/rustlib/x86_64-unknown-linux-gnu/lib/libunwind-9ac333113350d171.rlib" "/opt/rustwide/rustup-home/toolchains/1.69.0-x86_64-unknown-linux-gnu/lib/rustlib/x86_64-unknown-linux-gnu/lib/libcfg_if-1c126114322d0eee.rlib" "/opt/rustwide/rustup-home/toolchains/1.69.0-x86_64-unknown-linux-gnu/lib/rustlib/x86_64-unknown-linux-gnu/lib/liblibc-bad9164fdeeecf92.rlib" "/opt/rustwide/rustup-home/toolchains/1.69.0-x86_64-unknown-linux-gnu/lib/rustlib/x86_64-unknown-linux-gnu/lib/liballoc-f9374b1e480fa681.rlib" "/opt/rustwide/rustup-home/toolchains/1.69.0-x86_64-unknown-linux-gnu/lib/rustlib/x86_64-unknown-linux-gnu/lib/librustc_std_workspace_core-207f06e41d9603af.rlib" "/opt/rustwide/rustup-home/toolchains/1.69.0-x86_64-unknown-linux-gnu/lib/rustlib/x86_64-unknown-linux-gnu/lib/libcore-7e2768e66e984e85.rlib" "/opt/rustwide/rustup-home/toolchains/1.69.0-x86_64-unknown-linux-gnu/lib/rustlib/x86_64-unknown-linux-gnu/lib/libcompiler_builtins-957b4aff41f8cd46.rlib" "-Wl,-Bdynamic" "-lalpm" "-lgcc_s" "-lutil" "-lrt" "-lpthread" "-lm" "-ldl" "-lc" "-Wl,--eh-frame-hdr" "-Wl,-z,noexecstack" "-L" "/opt/rustwide/rustup-home/toolchains/1.69.0-x86_64-unknown-linux-gnu/lib/rustlib/x86_64-unknown-linux-gnu/lib" "-o" "/opt/rustwide/target/debug/deps/types-ab3a18593ae0667c" "-Wl,--gc-sections" "-pie" "-Wl,-z,relro,-z,now" "-nodefaultlibs"
[INFO] [stdout]   = note: /usr/bin/ld: cannot find -lalpm: No such file or directory
[INFO] [stdout]           collect2: error: ld returned 1 exit status
[INFO] [stdout]           
[INFO] [stdout] 
[INFO] [stdout] 
[INFO] [stdout] error: aborting due to previous error
[INFO] [stdout] 
[INFO] [stdout] 
[INFO] [stderr] error: could not compile `alpm-rs` due to 2 previous errors
[INFO] [stderr] warning: build failed, waiting for other jobs to finish...
[INFO] [stdout] error: linking with `cc` failed: exit status: 1
[INFO] [stdout]   |
[INFO] [stdout]   = note: LC_ALL="C" PATH="/opt/rustwide/rustup-home/toolchains/1.69.0-x86_64-unknown-linux-gnu/lib/rustlib/x86_64-unknown-linux-gnu/bin:/opt/rustwide/cargo-home/bin:/usr/local/sbin:/usr/local/bin:/usr/sbin:/usr/bin:/sbin:/bin" VSLANG="1033" "cc" "-m64" "/tmp/rustcF1Qphy/symbols.o" "/opt/rustwide/target/debug/deps/alpm-0da9c8f9341085e4.alpm.1b9f292c-cgu.0.rcgu.o" "/opt/rustwide/target/debug/deps/alpm-0da9c8f9341085e4.alpm.1b9f292c-cgu.1.rcgu.o" "/opt/rustwide/target/debug/deps/alpm-0da9c8f9341085e4.alpm.1b9f292c-cgu.10.rcgu.o" "/opt/rustwide/target/debug/deps/alpm-0da9c8f9341085e4.alpm.1b9f292c-cgu.11.rcgu.o" "/opt/rustwide/target/debug/deps/alpm-0da9c8f9341085e4.alpm.1b9f292c-cgu.12.rcgu.o" "/opt/rustwide/target/debug/deps/alpm-0da9c8f9341085e4.alpm.1b9f292c-cgu.13.rcgu.o" "/opt/rustwide/target/debug/deps/alpm-0da9c8f9341085e4.alpm.1b9f292c-cgu.14.rcgu.o" "/opt/rustwide/target/debug/deps/alpm-0da9c8f9341085e4.alpm.1b9f292c-cgu.15.rcgu.o" "/opt/rustwide/target/debug/deps/alpm-0da9c8f9341085e4.alpm.1b9f292c-cgu.2.rcgu.o" "/opt/rustwide/target/debug/deps/alpm-0da9c8f9341085e4.alpm.1b9f292c-cgu.3.rcgu.o" "/opt/rustwide/target/debug/deps/alpm-0da9c8f9341085e4.alpm.1b9f292c-cgu.4.rcgu.o" "/opt/rustwide/target/debug/deps/alpm-0da9c8f9341085e4.alpm.1b9f292c-cgu.5.rcgu.o" "/opt/rustwide/target/debug/deps/alpm-0da9c8f9341085e4.alpm.1b9f292c-cgu.6.rcgu.o" "/opt/rustwide/target/debug/deps/alpm-0da9c8f9341085e4.alpm.1b9f292c-cgu.7.rcgu.o" "/opt/rustwide/target/debug/deps/alpm-0da9c8f9341085e4.alpm.1b9f292c-cgu.8.rcgu.o" "/opt/rustwide/target/debug/deps/alpm-0da9c8f9341085e4.alpm.1b9f292c-cgu.9.rcgu.o" "/opt/rustwide/target/debug/deps/alpm-0da9c8f9341085e4.4vmep1wmr6cnw8t5.rcgu.o" "-Wl,--as-needed" "-L" "/opt/rustwide/target/debug/deps" "-L" "/opt/rustwide/rustup-home/toolchains/1.69.0-x86_64-unknown-linux-gnu/lib/rustlib/x86_64-unknown-linux-gnu/lib" "-Wl,-Bstatic" "/opt/rustwide/target/debug/deps/libalpm_rs-5a1798687c33f5e1.rlib" "/opt/rustwide/target/debug/deps/liblibc-b7b14a0fe316ec96.rlib" "/opt/rustwide/rustup-home/toolchains/1.69.0-x86_64-unknown-linux-gnu/lib/rustlib/x86_64-unknown-linux-gnu/lib/libtest-7791a6353d4a7929.rlib" "/opt/rustwide/rustup-home/toolchains/1.69.0-x86_64-unknown-linux-gnu/lib/rustlib/x86_64-unknown-linux-gnu/lib/libgetopts-7b17724e9ce90a72.rlib" "/opt/rustwide/rustup-home/toolchains/1.69.0-x86_64-unknown-linux-gnu/lib/rustlib/x86_64-unknown-linux-gnu/lib/libunicode_width-596f8ce9d30a755e.rlib" "/opt/rustwide/rustup-home/toolchains/1.69.0-x86_64-unknown-linux-gnu/lib/rustlib/x86_64-unknown-linux-gnu/lib/librustc_std_workspace_std-da04f86254de594f.rlib" "/opt/rustwide/rustup-home/toolchains/1.69.0-x86_64-unknown-linux-gnu/lib/rustlib/x86_64-unknown-linux-gnu/lib/libstd-89bc084783fdc439.rlib" "/opt/rustwide/rustup-home/toolchains/1.69.0-x86_64-unknown-linux-gnu/lib/rustlib/x86_64-unknown-linux-gnu/lib/libpanic_unwind-8bee4b287d4367c1.rlib" "/opt/rustwide/rustup-home/toolchains/1.69.0-x86_64-unknown-linux-gnu/lib/rustlib/x86_64-unknown-linux-gnu/lib/libobject-d61707aed80694c0.rlib" "/opt/rustwide/rustup-home/toolchains/1.69.0-x86_64-unknown-linux-gnu/lib/rustlib/x86_64-unknown-linux-gnu/lib/libmemchr-d85366256f22345b.rlib" "/opt/rustwide/rustup-home/toolchains/1.69.0-x86_64-unknown-linux-gnu/lib/rustlib/x86_64-unknown-linux-gnu/lib/libaddr2line-96069b86b8a8cae9.rlib" "/opt/rustwide/rustup-home/toolchains/1.69.0-x86_64-unknown-linux-gnu/lib/rustlib/x86_64-unknown-linux-gnu/lib/libgimli-d19d53abf68dfa6c.rlib" "/opt/rustwide/rustup-home/toolchains/1.69.0-x86_64-unknown-linux-gnu/lib/rustlib/x86_64-unknown-linux-gnu/lib/librustc_demangle-787cbccd19d64ac6.rlib" "/opt/rustwide/rustup-home/toolchains/1.69.0-x86_64-unknown-linux-gnu/lib/rustlib/x86_64-unknown-linux-gnu/lib/libstd_detect-b3837a36b830e0d0.rlib" "/opt/rustwide/rustup-home/toolchains/1.69.0-x86_64-unknown-linux-gnu/lib/rustlib/x86_64-unknown-linux-gnu/lib/libhashbrown-e3deb0e7e3f04966.rlib" "/opt/rustwide/rustup-home/toolchains/1.69.0-x86_64-unknown-linux-gnu/lib/rustlib/x86_64-unknown-linux-gnu/lib/libminiz_oxide-dabbb79c9815def4.rlib" "/opt/rustwide/rustup-home/toolchains/1.69.0-x86_64-unknown-linux-gnu/lib/rustlib/x86_64-unknown-linux-gnu/lib/libadler-305b01f34c9409f2.rlib" "/opt/rustwide/rustup-home/toolchains/1.69.0-x86_64-unknown-linux-gnu/lib/rustlib/x86_64-unknown-linux-gnu/lib/librustc_std_workspace_alloc-f833521df6074e73.rlib" "/opt/rustwide/rustup-home/toolchains/1.69.0-x86_64-unknown-linux-gnu/lib/rustlib/x86_64-unknown-linux-gnu/lib/libunwind-9ac333113350d171.rlib" "/opt/rustwide/rustup-home/toolchains/1.69.0-x86_64-unknown-linux-gnu/lib/rustlib/x86_64-unknown-linux-gnu/lib/libcfg_if-1c126114322d0eee.rlib" "/opt/rustwide/rustup-home/toolchains/1.69.0-x86_64-unknown-linux-gnu/lib/rustlib/x86_64-unknown-linux-gnu/lib/liblibc-bad9164fdeeecf92.rlib" "/opt/rustwide/rustup-home/toolchains/1.69.0-x86_64-unknown-linux-gnu/lib/rustlib/x86_64-unknown-linux-gnu/lib/liballoc-f9374b1e480fa681.rlib" "/opt/rustwide/rustup-home/toolchains/1.69.0-x86_64-unknown-linux-gnu/lib/rustlib/x86_64-unknown-linux-gnu/lib/librustc_std_workspace_core-207f06e41d9603af.rlib" "/opt/rustwide/rustup-home/toolchains/1.69.0-x86_64-unknown-linux-gnu/lib/rustlib/x86_64-unknown-linux-gnu/lib/libcore-7e2768e66e984e85.rlib" "/opt/rustwide/rustup-home/toolchains/1.69.0-x86_64-unknown-linux-gnu/lib/rustlib/x86_64-unknown-linux-gnu/lib/libcompiler_builtins-957b4aff41f8cd46.rlib" "-Wl,-Bdynamic" "-lalpm" "-lgcc_s" "-lutil" "-lrt" "-lpthread" "-lm" "-ldl" "-lc" "-Wl,--eh-frame-hdr" "-Wl,-z,noexecstack" "-L" "/opt/rustwide/rustup-home/toolchains/1.69.0-x86_64-unknown-linux-gnu/lib/rustlib/x86_64-unknown-linux-gnu/lib" "-o" "/opt/rustwide/target/debug/deps/alpm-0da9c8f9341085e4" "-Wl,--gc-sections" "-pie" "-Wl,-z,relro,-z,now" "-nodefaultlibs"
[INFO] [stdout]   = note: /usr/bin/ld: cannot find -lalpm: No such file or directory
[INFO] [stdout]           collect2: error: ld returned 1 exit status
[INFO] [stdout]           
[INFO] [stdout] 
[INFO] [stdout] 
[INFO] [stdout] error: aborting due to previous error
[INFO] [stdout] 
[INFO] [stdout] 
[INFO] [stdout] error: linking with `cc` failed: exit status: 1
[INFO] [stdout]   |
[INFO] [stdout]   = note: LC_ALL="C" PATH="/opt/rustwide/rustup-home/toolchains/1.69.0-x86_64-unknown-linux-gnu/lib/rustlib/x86_64-unknown-linux-gnu/bin:/opt/rustwide/cargo-home/bin:/usr/local/sbin:/usr/local/bin:/usr/sbin:/usr/bin:/sbin:/bin" VSLANG="1033" "cc" "-m64" "/tmp/rustc6thvCK/symbols.o" "/opt/rustwide/target/debug/deps/db-fd07eb8a72d5d422.db.e4226aa6-cgu.0.rcgu.o" "/opt/rustwide/target/debug/deps/db-fd07eb8a72d5d422.db.e4226aa6-cgu.1.rcgu.o" "/opt/rustwide/target/debug/deps/db-fd07eb8a72d5d422.db.e4226aa6-cgu.10.rcgu.o" "/opt/rustwide/target/debug/deps/db-fd07eb8a72d5d422.db.e4226aa6-cgu.11.rcgu.o" "/opt/rustwide/target/debug/deps/db-fd07eb8a72d5d422.db.e4226aa6-cgu.12.rcgu.o" "/opt/rustwide/target/debug/deps/db-fd07eb8a72d5d422.db.e4226aa6-cgu.13.rcgu.o" "/opt/rustwide/target/debug/deps/db-fd07eb8a72d5d422.db.e4226aa6-cgu.14.rcgu.o" "/opt/rustwide/target/debug/deps/db-fd07eb8a72d5d422.db.e4226aa6-cgu.15.rcgu.o" "/opt/rustwide/target/debug/deps/db-fd07eb8a72d5d422.db.e4226aa6-cgu.2.rcgu.o" "/opt/rustwide/target/debug/deps/db-fd07eb8a72d5d422.db.e4226aa6-cgu.3.rcgu.o" "/opt/rustwide/target/debug/deps/db-fd07eb8a72d5d422.db.e4226aa6-cgu.4.rcgu.o" "/opt/rustwide/target/debug/deps/db-fd07eb8a72d5d422.db.e4226aa6-cgu.5.rcgu.o" "/opt/rustwide/target/debug/deps/db-fd07eb8a72d5d422.db.e4226aa6-cgu.6.rcgu.o" "/opt/rustwide/target/debug/deps/db-fd07eb8a72d5d422.db.e4226aa6-cgu.7.rcgu.o" "/opt/rustwide/target/debug/deps/db-fd07eb8a72d5d422.db.e4226aa6-cgu.8.rcgu.o" "/opt/rustwide/target/debug/deps/db-fd07eb8a72d5d422.db.e4226aa6-cgu.9.rcgu.o" "/opt/rustwide/target/debug/deps/db-fd07eb8a72d5d422.1t8kjm1fvdk78zfh.rcgu.o" "-Wl,--as-needed" "-L" "/opt/rustwide/target/debug/deps" "-L" "/opt/rustwide/rustup-home/toolchains/1.69.0-x86_64-unknown-linux-gnu/lib/rustlib/x86_64-unknown-linux-gnu/lib" "-Wl,-Bstatic" "/opt/rustwide/target/debug/deps/libalpm_rs-5a1798687c33f5e1.rlib" "/opt/rustwide/target/debug/deps/liblibc-b7b14a0fe316ec96.rlib" "/opt/rustwide/rustup-home/toolchains/1.69.0-x86_64-unknown-linux-gnu/lib/rustlib/x86_64-unknown-linux-gnu/lib/libtest-7791a6353d4a7929.rlib" "/opt/rustwide/rustup-home/toolchains/1.69.0-x86_64-unknown-linux-gnu/lib/rustlib/x86_64-unknown-linux-gnu/lib/libgetopts-7b17724e9ce90a72.rlib" "/opt/rustwide/rustup-home/toolchains/1.69.0-x86_64-unknown-linux-gnu/lib/rustlib/x86_64-unknown-linux-gnu/lib/libunicode_width-596f8ce9d30a755e.rlib" "/opt/rustwide/rustup-home/toolchains/1.69.0-x86_64-unknown-linux-gnu/lib/rustlib/x86_64-unknown-linux-gnu/lib/librustc_std_workspace_std-da04f86254de594f.rlib" "/opt/rustwide/rustup-home/toolchains/1.69.0-x86_64-unknown-linux-gnu/lib/rustlib/x86_64-unknown-linux-gnu/lib/libstd-89bc084783fdc439.rlib" "/opt/rustwide/rustup-home/toolchains/1.69.0-x86_64-unknown-linux-gnu/lib/rustlib/x86_64-unknown-linux-gnu/lib/libpanic_unwind-8bee4b287d4367c1.rlib" "/opt/rustwide/rustup-home/toolchains/1.69.0-x86_64-unknown-linux-gnu/lib/rustlib/x86_64-unknown-linux-gnu/lib/libobject-d61707aed80694c0.rlib" "/opt/rustwide/rustup-home/toolchains/1.69.0-x86_64-unknown-linux-gnu/lib/rustlib/x86_64-unknown-linux-gnu/lib/libmemchr-d85366256f22345b.rlib" "/opt/rustwide/rustup-home/toolchains/1.69.0-x86_64-unknown-linux-gnu/lib/rustlib/x86_64-unknown-linux-gnu/lib/libaddr2line-96069b86b8a8cae9.rlib" "/opt/rustwide/rustup-home/toolchains/1.69.0-x86_64-unknown-linux-gnu/lib/rustlib/x86_64-unknown-linux-gnu/lib/libgimli-d19d53abf68dfa6c.rlib" "/opt/rustwide/rustup-home/toolchains/1.69.0-x86_64-unknown-linux-gnu/lib/rustlib/x86_64-unknown-linux-gnu/lib/librustc_demangle-787cbccd19d64ac6.rlib" "/opt/rustwide/rustup-home/toolchains/1.69.0-x86_64-unknown-linux-gnu/lib/rustlib/x86_64-unknown-linux-gnu/lib/libstd_detect-b3837a36b830e0d0.rlib" "/opt/rustwide/rustup-home/toolchains/1.69.0-x86_64-unknown-linux-gnu/lib/rustlib/x86_64-unknown-linux-gnu/lib/libhashbrown-e3deb0e7e3f04966.rlib" "/opt/rustwide/rustup-home/toolchains/1.69.0-x86_64-unknown-linux-gnu/lib/rustlib/x86_64-unknown-linux-gnu/lib/libminiz_oxide-dabbb79c9815def4.rlib" "/opt/rustwide/rustup-home/toolchains/1.69.0-x86_64-unknown-linux-gnu/lib/rustlib/x86_64-unknown-linux-gnu/lib/libadler-305b01f34c9409f2.rlib" "/opt/rustwide/rustup-home/toolchains/1.69.0-x86_64-unknown-linux-gnu/lib/rustlib/x86_64-unknown-linux-gnu/lib/librustc_std_workspace_alloc-f833521df6074e73.rlib" "/opt/rustwide/rustup-home/toolchains/1.69.0-x86_64-unknown-linux-gnu/lib/rustlib/x86_64-unknown-linux-gnu/lib/libunwind-9ac333113350d171.rlib" "/opt/rustwide/rustup-home/toolchains/1.69.0-x86_64-unknown-linux-gnu/lib/rustlib/x86_64-unknown-linux-gnu/lib/libcfg_if-1c126114322d0eee.rlib" "/opt/rustwide/rustup-home/toolchains/1.69.0-x86_64-unknown-linux-gnu/lib/rustlib/x86_64-unknown-linux-gnu/lib/liblibc-bad9164fdeeecf92.rlib" "/opt/rustwide/rustup-home/toolchains/1.69.0-x86_64-unknown-linux-gnu/lib/rustlib/x86_64-unknown-linux-gnu/lib/liballoc-f9374b1e480fa681.rlib" "/opt/rustwide/rustup-home/toolchains/1.69.0-x86_64-unknown-linux-gnu/lib/rustlib/x86_64-unknown-linux-gnu/lib/librustc_std_workspace_core-207f06e41d9603af.rlib" "/opt/rustwide/rustup-home/toolchains/1.69.0-x86_64-unknown-linux-gnu/lib/rustlib/x86_64-unknown-linux-gnu/lib/libcore-7e2768e66e984e85.rlib" "/opt/rustwide/rustup-home/toolchains/1.69.0-x86_64-unknown-linux-gnu/lib/rustlib/x86_64-unknown-linux-gnu/lib/libcompiler_builtins-957b4aff41f8cd46.rlib" "-Wl,-Bdynamic" "-lalpm" "-lgcc_s" "-lutil" "-lrt" "-lpthread" "-lm" "-ldl" "-lc" "-Wl,--eh-frame-hdr" "-Wl,-z,noexecstack" "-L" "/opt/rustwide/rustup-home/toolchains/1.69.0-x86_64-unknown-linux-gnu/lib/rustlib/x86_64-unknown-linux-gnu/lib" "-o" "/opt/rustwide/target/debug/deps/db-fd07eb8a72d5d422" "-Wl,--gc-sections" "-pie" "-Wl,-z,relro,-z,now" "-nodefaultlibs"
[INFO] [stdout]   = note: /usr/bin/ld: cannot find -lalpm: No such file or directory
[INFO] [stdout]           collect2: error: ld returned 1 exit status
[INFO] [stdout]           
[INFO] [stdout] 
[INFO] [stdout] 
[INFO] [stdout] error: aborting due to previous error
[INFO] [stdout] 
[INFO] [stdout] 
[INFO] [stderr] error: could not compile `alpm-rs` due to 2 previous errors
[INFO] [stderr] error: could not compile `alpm-rs` due to 2 previous errors
[INFO] [stdout] error: linking with `cc` failed: exit status: 1
[INFO] [stdout]   |
[INFO] [stdout]   = note: LC_ALL="C" PATH="/opt/rustwide/rustup-home/toolchains/1.69.0-x86_64-unknown-linux-gnu/lib/rustlib/x86_64-unknown-linux-gnu/bin:/opt/rustwide/cargo-home/bin:/usr/local/sbin:/usr/local/bin:/usr/sbin:/usr/bin:/sbin:/bin" VSLANG="1033" "cc" "-m64" "/tmp/rustcozYDyY/symbols.o" "/opt/rustwide/target/debug/deps/package-55f487c8e774e906.package.17139ae1-cgu.0.rcgu.o" "/opt/rustwide/target/debug/deps/package-55f487c8e774e906.package.17139ae1-cgu.1.rcgu.o" "/opt/rustwide/target/debug/deps/package-55f487c8e774e906.package.17139ae1-cgu.10.rcgu.o" "/opt/rustwide/target/debug/deps/package-55f487c8e774e906.package.17139ae1-cgu.11.rcgu.o" "/opt/rustwide/target/debug/deps/package-55f487c8e774e906.package.17139ae1-cgu.12.rcgu.o" "/opt/rustwide/target/debug/deps/package-55f487c8e774e906.package.17139ae1-cgu.13.rcgu.o" "/opt/rustwide/target/debug/deps/package-55f487c8e774e906.package.17139ae1-cgu.14.rcgu.o" "/opt/rustwide/target/debug/deps/package-55f487c8e774e906.package.17139ae1-cgu.15.rcgu.o" "/opt/rustwide/target/debug/deps/package-55f487c8e774e906.package.17139ae1-cgu.2.rcgu.o" "/opt/rustwide/target/debug/deps/package-55f487c8e774e906.package.17139ae1-cgu.3.rcgu.o" "/opt/rustwide/target/debug/deps/package-55f487c8e774e906.package.17139ae1-cgu.4.rcgu.o" "/opt/rustwide/target/debug/deps/package-55f487c8e774e906.package.17139ae1-cgu.5.rcgu.o" "/opt/rustwide/target/debug/deps/package-55f487c8e774e906.package.17139ae1-cgu.6.rcgu.o" "/opt/rustwide/target/debug/deps/package-55f487c8e774e906.package.17139ae1-cgu.7.rcgu.o" "/opt/rustwide/target/debug/deps/package-55f487c8e774e906.package.17139ae1-cgu.8.rcgu.o" "/opt/rustwide/target/debug/deps/package-55f487c8e774e906.package.17139ae1-cgu.9.rcgu.o" "/opt/rustwide/target/debug/deps/package-55f487c8e774e906.1970lgx2yaesya2i.rcgu.o" "-Wl,--as-needed" "-L" "/opt/rustwide/target/debug/deps" "-L" "/opt/rustwide/rustup-home/toolchains/1.69.0-x86_64-unknown-linux-gnu/lib/rustlib/x86_64-unknown-linux-gnu/lib" "-Wl,-Bstatic" "/opt/rustwide/rustup-home/toolchains/1.69.0-x86_64-unknown-linux-gnu/lib/rustlib/x86_64-unknown-linux-gnu/lib/libtest-7791a6353d4a7929.rlib" "/opt/rustwide/rustup-home/toolchains/1.69.0-x86_64-unknown-linux-gnu/lib/rustlib/x86_64-unknown-linux-gnu/lib/libgetopts-7b17724e9ce90a72.rlib" "/opt/rustwide/rustup-home/toolchains/1.69.0-x86_64-unknown-linux-gnu/lib/rustlib/x86_64-unknown-linux-gnu/lib/libunicode_width-596f8ce9d30a755e.rlib" "/opt/rustwide/rustup-home/toolchains/1.69.0-x86_64-unknown-linux-gnu/lib/rustlib/x86_64-unknown-linux-gnu/lib/librustc_std_workspace_std-da04f86254de594f.rlib" "/opt/rustwide/target/debug/deps/libalpm_rs-5a1798687c33f5e1.rlib" "/opt/rustwide/target/debug/deps/liblibc-b7b14a0fe316ec96.rlib" "/opt/rustwide/rustup-home/toolchains/1.69.0-x86_64-unknown-linux-gnu/lib/rustlib/x86_64-unknown-linux-gnu/lib/libstd-89bc084783fdc439.rlib" "/opt/rustwide/rustup-home/toolchains/1.69.0-x86_64-unknown-linux-gnu/lib/rustlib/x86_64-unknown-linux-gnu/lib/libpanic_unwind-8bee4b287d4367c1.rlib" "/opt/rustwide/rustup-home/toolchains/1.69.0-x86_64-unknown-linux-gnu/lib/rustlib/x86_64-unknown-linux-gnu/lib/libobject-d61707aed80694c0.rlib" "/opt/rustwide/rustup-home/toolchains/1.69.0-x86_64-unknown-linux-gnu/lib/rustlib/x86_64-unknown-linux-gnu/lib/libmemchr-d85366256f22345b.rlib" "/opt/rustwide/rustup-home/toolchains/1.69.0-x86_64-unknown-linux-gnu/lib/rustlib/x86_64-unknown-linux-gnu/lib/libaddr2line-96069b86b8a8cae9.rlib" "/opt/rustwide/rustup-home/toolchains/1.69.0-x86_64-unknown-linux-gnu/lib/rustlib/x86_64-unknown-linux-gnu/lib/libgimli-d19d53abf68dfa6c.rlib" "/opt/rustwide/rustup-home/toolchains/1.69.0-x86_64-unknown-linux-gnu/lib/rustlib/x86_64-unknown-linux-gnu/lib/librustc_demangle-787cbccd19d64ac6.rlib" "/opt/rustwide/rustup-home/toolchains/1.69.0-x86_64-unknown-linux-gnu/lib/rustlib/x86_64-unknown-linux-gnu/lib/libstd_detect-b3837a36b830e0d0.rlib" "/opt/rustwide/rustup-home/toolchains/1.69.0-x86_64-unknown-linux-gnu/lib/rustlib/x86_64-unknown-linux-gnu/lib/libhashbrown-e3deb0e7e3f04966.rlib" "/opt/rustwide/rustup-home/toolchains/1.69.0-x86_64-unknown-linux-gnu/lib/rustlib/x86_64-unknown-linux-gnu/lib/libminiz_oxide-dabbb79c9815def4.rlib" "/opt/rustwide/rustup-home/toolchains/1.69.0-x86_64-unknown-linux-gnu/lib/rustlib/x86_64-unknown-linux-gnu/lib/libadler-305b01f34c9409f2.rlib" "/opt/rustwide/rustup-home/toolchains/1.69.0-x86_64-unknown-linux-gnu/lib/rustlib/x86_64-unknown-linux-gnu/lib/librustc_std_workspace_alloc-f833521df6074e73.rlib" "/opt/rustwide/rustup-home/toolchains/1.69.0-x86_64-unknown-linux-gnu/lib/rustlib/x86_64-unknown-linux-gnu/lib/libunwind-9ac333113350d171.rlib" "/opt/rustwide/rustup-home/toolchains/1.69.0-x86_64-unknown-linux-gnu/lib/rustlib/x86_64-unknown-linux-gnu/lib/libcfg_if-1c126114322d0eee.rlib" "/opt/rustwide/rustup-home/toolchains/1.69.0-x86_64-unknown-linux-gnu/lib/rustlib/x86_64-unknown-linux-gnu/lib/liblibc-bad9164fdeeecf92.rlib" "/opt/rustwide/rustup-home/toolchains/1.69.0-x86_64-unknown-linux-gnu/lib/rustlib/x86_64-unknown-linux-gnu/lib/liballoc-f9374b1e480fa681.rlib" "/opt/rustwide/rustup-home/toolchains/1.69.0-x86_64-unknown-linux-gnu/lib/rustlib/x86_64-unknown-linux-gnu/lib/librustc_std_workspace_core-207f06e41d9603af.rlib" "/opt/rustwide/rustup-home/toolchains/1.69.0-x86_64-unknown-linux-gnu/lib/rustlib/x86_64-unknown-linux-gnu/lib/libcore-7e2768e66e984e85.rlib" "/opt/rustwide/rustup-home/toolchains/1.69.0-x86_64-unknown-linux-gnu/lib/rustlib/x86_64-unknown-linux-gnu/lib/libcompiler_builtins-957b4aff41f8cd46.rlib" "-Wl,-Bdynamic" "-lalpm" "-lgcc_s" "-lutil" "-lrt" "-lpthread" "-lm" "-ldl" "-lc" "-Wl,--eh-frame-hdr" "-Wl,-z,noexecstack" "-L" "/opt/rustwide/rustup-home/toolchains/1.69.0-x86_64-unknown-linux-gnu/lib/rustlib/x86_64-unknown-linux-gnu/lib" "-o" "/opt/rustwide/target/debug/deps/package-55f487c8e774e906" "-Wl,--gc-sections" "-pie" "-Wl,-z,relro,-z,now" "-nodefaultlibs"
[INFO] [stdout]   = note: /usr/bin/ld: cannot find -lalpm: No such file or directory
[INFO] [stdout]           collect2: error: ld returned 1 exit status
[INFO] [stdout]           
[INFO] [stdout] 
[INFO] [stdout] 
[INFO] [stdout] error: aborting due to previous error
[INFO] [stdout] 
[INFO] [stdout] 
[INFO] [stderr] error: could not compile `alpm-rs` due to 2 previous errors
[INFO] [stdout] error: linking with `cc` failed: exit status: 1
[INFO] [stdout]   |
[INFO] [stdout]   = note: LC_ALL="C" PATH="/opt/rustwide/rustup-home/toolchains/1.69.0-x86_64-unknown-linux-gnu/lib/rustlib/x86_64-unknown-linux-gnu/bin:/opt/rustwide/cargo-home/bin:/usr/local/sbin:/usr/local/bin:/usr/sbin:/usr/bin:/sbin:/bin" VSLANG="1033" "cc" "-m64" "/tmp/rustc4esePf/symbols.o" "/opt/rustwide/target/debug/deps/alpm_rs-3ebc91d3744dd8ac.alpm_rs.f4a43f16-cgu.0.rcgu.o" "/opt/rustwide/target/debug/deps/alpm_rs-3ebc91d3744dd8ac.alpm_rs.f4a43f16-cgu.1.rcgu.o" "/opt/rustwide/target/debug/deps/alpm_rs-3ebc91d3744dd8ac.alpm_rs.f4a43f16-cgu.2.rcgu.o" "/opt/rustwide/target/debug/deps/alpm_rs-3ebc91d3744dd8ac.alpm_rs.f4a43f16-cgu.3.rcgu.o" "/opt/rustwide/target/debug/deps/alpm_rs-3ebc91d3744dd8ac.alpm_rs.f4a43f16-cgu.4.rcgu.o" "/opt/rustwide/target/debug/deps/alpm_rs-3ebc91d3744dd8ac.alpm_rs.f4a43f16-cgu.5.rcgu.o" "/opt/rustwide/target/debug/deps/alpm_rs-3ebc91d3744dd8ac.alpm_rs.f4a43f16-cgu.6.rcgu.o" "/opt/rustwide/target/debug/deps/alpm_rs-3ebc91d3744dd8ac.5g1072awi9zd6dhz.rcgu.o" "-Wl,--as-needed" "-L" "/opt/rustwide/target/debug/deps" "-L" "/opt/rustwide/rustup-home/toolchains/1.69.0-x86_64-unknown-linux-gnu/lib/rustlib/x86_64-unknown-linux-gnu/lib" "-lalpm" "-Wl,-Bstatic" "/opt/rustwide/rustup-home/toolchains/1.69.0-x86_64-unknown-linux-gnu/lib/rustlib/x86_64-unknown-linux-gnu/lib/libtest-7791a6353d4a7929.rlib" "/opt/rustwide/rustup-home/toolchains/1.69.0-x86_64-unknown-linux-gnu/lib/rustlib/x86_64-unknown-linux-gnu/lib/libgetopts-7b17724e9ce90a72.rlib" "/opt/rustwide/rustup-home/toolchains/1.69.0-x86_64-unknown-linux-gnu/lib/rustlib/x86_64-unknown-linux-gnu/lib/libunicode_width-596f8ce9d30a755e.rlib" "/opt/rustwide/rustup-home/toolchains/1.69.0-x86_64-unknown-linux-gnu/lib/rustlib/x86_64-unknown-linux-gnu/lib/librustc_std_workspace_std-da04f86254de594f.rlib" "/opt/rustwide/target/debug/deps/liblibc-b7b14a0fe316ec96.rlib" "/opt/rustwide/rustup-home/toolchains/1.69.0-x86_64-unknown-linux-gnu/lib/rustlib/x86_64-unknown-linux-gnu/lib/libstd-89bc084783fdc439.rlib" "/opt/rustwide/rustup-home/toolchains/1.69.0-x86_64-unknown-linux-gnu/lib/rustlib/x86_64-unknown-linux-gnu/lib/libpanic_unwind-8bee4b287d4367c1.rlib" "/opt/rustwide/rustup-home/toolchains/1.69.0-x86_64-unknown-linux-gnu/lib/rustlib/x86_64-unknown-linux-gnu/lib/libobject-d61707aed80694c0.rlib" "/opt/rustwide/rustup-home/toolchains/1.69.0-x86_64-unknown-linux-gnu/lib/rustlib/x86_64-unknown-linux-gnu/lib/libmemchr-d85366256f22345b.rlib" "/opt/rustwide/rustup-home/toolchains/1.69.0-x86_64-unknown-linux-gnu/lib/rustlib/x86_64-unknown-linux-gnu/lib/libaddr2line-96069b86b8a8cae9.rlib" "/opt/rustwide/rustup-home/toolchains/1.69.0-x86_64-unknown-linux-gnu/lib/rustlib/x86_64-unknown-linux-gnu/lib/libgimli-d19d53abf68dfa6c.rlib" "/opt/rustwide/rustup-home/toolchains/1.69.0-x86_64-unknown-linux-gnu/lib/rustlib/x86_64-unknown-linux-gnu/lib/librustc_demangle-787cbccd19d64ac6.rlib" "/opt/rustwide/rustup-home/toolchains/1.69.0-x86_64-unknown-linux-gnu/lib/rustlib/x86_64-unknown-linux-gnu/lib/libstd_detect-b3837a36b830e0d0.rlib" "/opt/rustwide/rustup-home/toolchains/1.69.0-x86_64-unknown-linux-gnu/lib/rustlib/x86_64-unknown-linux-gnu/lib/libhashbrown-e3deb0e7e3f04966.rlib" "/opt/rustwide/rustup-home/toolchains/1.69.0-x86_64-unknown-linux-gnu/lib/rustlib/x86_64-unknown-linux-gnu/lib/libminiz_oxide-dabbb79c9815def4.rlib" "/opt/rustwide/rustup-home/toolchains/1.69.0-x86_64-unknown-linux-gnu/lib/rustlib/x86_64-unknown-linux-gnu/lib/libadler-305b01f34c9409f2.rlib" "/opt/rustwide/rustup-home/toolchains/1.69.0-x86_64-unknown-linux-gnu/lib/rustlib/x86_64-unknown-linux-gnu/lib/librustc_std_workspace_alloc-f833521df6074e73.rlib" "/opt/rustwide/rustup-home/toolchains/1.69.0-x86_64-unknown-linux-gnu/lib/rustlib/x86_64-unknown-linux-gnu/lib/libunwind-9ac333113350d171.rlib" "/opt/rustwide/rustup-home/toolchains/1.69.0-x86_64-unknown-linux-gnu/lib/rustlib/x86_64-unknown-linux-gnu/lib/libcfg_if-1c126114322d0eee.rlib" "/opt/rustwide/rustup-home/toolchains/1.69.0-x86_64-unknown-linux-gnu/lib/rustlib/x86_64-unknown-linux-gnu/lib/liblibc-bad9164fdeeecf92.rlib" "/opt/rustwide/rustup-home/toolchains/1.69.0-x86_64-unknown-linux-gnu/lib/rustlib/x86_64-unknown-linux-gnu/lib/liballoc-f9374b1e480fa681.rlib" "/opt/rustwide/rustup-home/toolchains/1.69.0-x86_64-unknown-linux-gnu/lib/rustlib/x86_64-unknown-linux-gnu/lib/librustc_std_workspace_core-207f06e41d9603af.rlib" "/opt/rustwide/rustup-home/toolchains/1.69.0-x86_64-unknown-linux-gnu/lib/rustlib/x86_64-unknown-linux-gnu/lib/libcore-7e2768e66e984e85.rlib" "/opt/rustwide/rustup-home/toolchains/1.69.0-x86_64-unknown-linux-gnu/lib/rustlib/x86_64-unknown-linux-gnu/lib/libcompiler_builtins-957b4aff41f8cd46.rlib" "-Wl,-Bdynamic" "-lgcc_s" "-lutil" "-lrt" "-lpthread" "-lm" "-ldl" "-lc" "-Wl,--eh-frame-hdr" "-Wl,-z,noexecstack" "-L" "/opt/rustwide/rustup-home/toolchains/1.69.0-x86_64-unknown-linux-gnu/lib/rustlib/x86_64-unknown-linux-gnu/lib" "-o" "/opt/rustwide/target/debug/deps/alpm_rs-3ebc91d3744dd8ac" "-Wl,--gc-sections" "-pie" "-Wl,-z,relro,-z,now" "-nodefaultlibs"
[INFO] [stdout]   = note: /usr/bin/ld: cannot find -lalpm: No such file or directory
[INFO] [stdout]           collect2: error: ld returned 1 exit status
[INFO] [stdout]           
[INFO] [stdout] 
[INFO] [stdout] 
[INFO] [stdout] error: aborting due to previous error; 33 warnings emitted
[INFO] [stdout] 
[INFO] [stdout] 
[INFO] [stderr] error: could not compile `alpm-rs` due to 2 previous errors; 33 warnings emitted
[INFO] running `Command { std: "docker" "inspect" "f5ae6708b6a4e4cf558d09ee07e90a1103576d0009f0fe71727632861b14db7e", kill_on_drop: false }`
[INFO] running `Command { std: "docker" "rm" "-f" "f5ae6708b6a4e4cf558d09ee07e90a1103576d0009f0fe71727632861b14db7e", kill_on_drop: false }`
[INFO] [stdout] f5ae6708b6a4e4cf558d09ee07e90a1103576d0009f0fe71727632861b14db7e
