[INFO] fetching crate aliyun-oss-client 0.11.6...
[INFO] testing aliyun-oss-client-0.11.6 against beta-2023-04-20 for beta-1.70-1
[INFO] extracting crate aliyun-oss-client 0.11.6 into /workspace/builds/worker-3-tc2/source
[INFO] validating manifest of crates.io crate aliyun-oss-client 0.11.6 on toolchain beta-2023-04-20
[INFO] running `Command { std: CARGO_HOME="/workspace/cargo-home" RUSTUP_HOME="/workspace/rustup-home" "/workspace/cargo-home/bin/cargo" "+beta-2023-04-20" "metadata" "--manifest-path" "Cargo.toml" "--no-deps", kill_on_drop: false }`
[INFO] started tweaking crates.io crate aliyun-oss-client 0.11.6
[INFO] removed 0 missing examples
[INFO] finished tweaking crates.io crate aliyun-oss-client 0.11.6
[INFO] tweaked toml for crates.io crate aliyun-oss-client 0.11.6 written to /workspace/builds/worker-3-tc2/source/Cargo.toml
[INFO] crate crates.io crate aliyun-oss-client 0.11.6 already has a lockfile, it will not be regenerated
[INFO] running `Command { std: CARGO_HOME="/workspace/cargo-home" RUSTUP_HOME="/workspace/rustup-home" "/workspace/cargo-home/bin/cargo" "+beta-2023-04-20" "fetch" "--manifest-path" "Cargo.toml", kill_on_drop: false }`
[INFO] [stderr]     Updating crates.io index
[INFO] [stderr]  Downloading crates ...
[INFO] [stderr]   Downloaded wasm-bindgen-macro v0.2.84
[INFO] [stderr]   Downloaded winreg v0.10.1
[INFO] [stderr]   Downloaded socket2 v0.4.9
[INFO] [stderr]   Downloaded generic-array v0.14.7
[INFO] [stderr]   Downloaded digest v0.10.6
[INFO] [stderr]   Downloaded thiserror-impl v1.0.40
[INFO] [stderr]   Downloaded tower-service v0.3.2
[INFO] [stderr]   Downloaded try-lock v0.2.4
[INFO] [stderr]   Downloaded itoa v1.0.6
[INFO] [stderr]   Downloaded unicode-ident v1.0.8
[INFO] [stderr]   Downloaded scratch v1.0.5
[INFO] [stderr]   Downloaded futures-channel v0.3.28
[INFO] [stderr]   Downloaded errno-dragonfly v0.1.2
[INFO] [stderr]   Downloaded tokio-native-tls v0.3.1
[INFO] [stderr]   Downloaded unicode-width v0.1.10
[INFO] [stderr]   Downloaded time v0.1.45
[INFO] [stderr]   Downloaded cxxbridge-macro v1.0.94
[INFO] [stderr]   Downloaded downcast v0.11.0
[INFO] [stderr]   Downloaded hmac v0.12.1
[INFO] [stderr]   Downloaded once_cell v1.17.1
[INFO] [stderr]   Downloaded async-stream v0.3.5
[INFO] [stderr]   Downloaded base64 v0.21.0
[INFO] [stderr]   Downloaded assert_matches v1.5.0
[INFO] [stderr]   Downloaded iana-time-zone-haiku v0.1.1
[INFO] [stderr]   Downloaded infer v0.11.0
[INFO] [stderr]   Downloaded mockall v0.11.4
[INFO] [stderr]   Downloaded link-cplusplus v1.0.8
[INFO] [stderr]   Downloaded predicates-tree v1.0.9
[INFO] [stderr]   Downloaded cxx-build v1.0.94
[INFO] [stderr]   Downloaded http-body v0.4.5
[INFO] [stderr]   Downloaded cxxbridge-flags v1.0.94
[INFO] [stderr]   Downloaded ryu v1.0.13
[INFO] [stderr]   Downloaded uuid v1.3.1
[INFO] [stderr]   Downloaded base64 v0.20.0
[INFO] [stderr]   Downloaded async-stream-impl v0.3.5
[INFO] [stderr]   Downloaded futures v0.3.28
[INFO] [stderr]   Downloaded iana-time-zone v0.1.56
[INFO] [stderr]   Downloaded async-trait v0.1.68
[INFO] [stderr]   Downloaded openssl v0.10.52
[INFO] [stderr]   Downloaded unicode-normalization v0.1.22
[INFO] [stderr]   Downloaded codespan-reporting v0.11.1
[INFO] [stderr]   Downloaded hashbrown v0.12.3
[INFO] [stderr]   Downloaded futures-util v0.3.28
[INFO] [stderr]   Downloaded cxx v1.0.94
[INFO] [stderr]   Downloaded fastrand v1.9.0
[INFO] [stderr]   Downloaded tinyvec_macros v0.1.1
[INFO] [stderr]   Downloaded errno v0.3.1
[INFO] [stderr]   Downloaded futures-macro v0.3.28
[INFO] [stderr]   Downloaded windows-sys v0.42.0
[INFO] [stderr]   Downloaded js-sys v0.3.61
[INFO] [stderr]   Downloaded windows_x86_64_gnu v0.48.0
[INFO] [stderr]   Downloaded wasm-bindgen v0.2.84
[INFO] [stderr]   Downloaded regex-syntax v0.7.1
[INFO] [stderr]   Downloaded tracing v0.1.38
[INFO] [stderr]   Downloaded windows_aarch64_gnullvm v0.42.2
[INFO] [stderr]   Downloaded windows_aarch64_gnullvm v0.48.0
[INFO] [stderr]   Downloaded windows_aarch64_msvc v0.42.2
[INFO] [stderr]   Downloaded windows_i686_gnu v0.42.2
[INFO] [stderr]   Downloaded windows_i686_msvc v0.42.2
[INFO] [stderr]   Downloaded windows_x86_64_gnullvm v0.42.2
[INFO] [stderr]   Downloaded libc v0.2.142
[INFO] [stderr]   Downloaded linux-raw-sys v0.3.4
[INFO] [stderr]   Downloaded windows_aarch64_msvc v0.48.0
[INFO] [stderr]   Downloaded windows_i686_gnu v0.48.0
[INFO] [stderr]   Downloaded windows_i686_msvc v0.48.0
[INFO] [stderr]   Downloaded idna v0.3.0
[INFO] [stderr]   Downloaded indexmap v1.9.3
[INFO] [stderr]   Downloaded url v2.3.1
[INFO] [stderr]   Downloaded form_urlencoded v1.1.0
[INFO] [stderr]   Downloaded android_system_properties v0.1.5
[INFO] [stderr]   Downloaded windows_x86_64_msvc v0.42.2
[INFO] [stderr]   Downloaded web-sys v0.3.61
[INFO] [stderr]   Downloaded windows_x86_64_msvc v0.48.0
[INFO] [stderr]   Downloaded termcolor v1.2.0
[INFO] [stderr]   Downloaded mockall_derive v0.11.4
[INFO] [stderr]   Downloaded regex v1.8.1
[INFO] [stderr]   Downloaded quick-xml v0.27.1
[INFO] [stderr]   Downloaded tracing-core v0.1.30
[INFO] [stderr]   Downloaded security-framework-sys v2.8.0
[INFO] [stderr]   Downloaded encoding_rs v0.8.32
[INFO] [stderr]   Downloaded tempfile v3.5.0
[INFO] [stderr]   Downloaded cfb v0.7.3
[INFO] [stderr]   Downloaded hyper v0.14.26
[INFO] [stderr]   Downloaded futures-io v0.3.28
[INFO] [stderr]   Downloaded futures-core v0.3.28
[INFO] [stderr]   Downloaded security-framework v2.8.2
[INFO] [stderr]   Downloaded chrono v0.4.24
[INFO] [stderr]   Downloaded fragile v2.0.0
[INFO] [stderr]   Downloaded http v0.2.9
[INFO] [stderr]   Downloaded mockall_double v0.3.0
[INFO] [stderr]   Downloaded tokio-util v0.7.8
[INFO] [stderr]   Downloaded ipnet v2.7.2
[INFO] [stderr]   Downloaded wasm-bindgen-futures v0.4.34
[INFO] [stderr]   Downloaded cpufeatures v0.2.7
[INFO] [stderr]   Downloaded hermit-abi v0.2.6
[INFO] [stderr]   Downloaded aho-corasick v1.0.1
[INFO] [stderr]   Downloaded bumpalo v3.12.1
[INFO] [stderr]   Downloaded wasm-bindgen-backend v0.2.84
[INFO] [stderr]   Downloaded quote v1.0.26
[INFO] [stderr]   Downloaded syn v2.0.15
[INFO] [stderr]   Downloaded native-tls v0.2.11
[INFO] [stderr]   Downloaded num_cpus v1.15.0
[INFO] [stderr]   Downloaded oss_derive v0.9.7
[INFO] [stderr]   Downloaded h2 v0.3.18
[INFO] [stderr]   Downloaded wasm-bindgen-shared v0.2.84
[INFO] [stderr]   Downloaded windows-targets v0.42.2
[INFO] [stderr]   Downloaded core-foundation-sys v0.8.4
[INFO] [stderr]   Downloaded block-buffer v0.10.4
[INFO] [stderr]   Downloaded mio v0.8.6
[INFO] [stderr]   Downloaded windows_x86_64_gnullvm v0.48.0
[INFO] [stderr]   Downloaded wasi v0.10.0+wasi-snapshot-preview1
[INFO] [stderr]   Downloaded serde v1.0.160
[INFO] [stderr]   Downloaded rustix v0.37.15
[INFO] [stderr]   Downloaded wasm-bindgen-macro-support v0.2.84
[INFO] [stderr]   Downloaded reqwest v0.11.16
[INFO] [stderr]   Downloaded windows-sys v0.45.0
[INFO] [stderr]   Downloaded sha1 v0.10.5
[INFO] [stderr]   Downloaded bytes v1.4.0
[INFO] [stderr]   Downloaded log v0.4.17
[INFO] [stderr]   Downloaded windows-sys v0.48.0
[INFO] [stderr]   Downloaded hermit-abi v0.3.1
[INFO] [stderr]   Downloaded syn v1.0.109
[INFO] [stderr]   Downloaded thiserror v1.0.40
[INFO] [stderr]   Downloaded wasi v0.11.0+wasi-snapshot-preview1
[INFO] [stderr]   Downloaded windows-targets v0.48.0
[INFO] [stderr]   Downloaded windows v0.48.0
[INFO] [stderr]   Downloaded redox_syscall v0.3.5
[INFO] [stderr]   Downloaded tinyvec v1.6.0
[INFO] [stderr]   Downloaded predicates-core v1.0.6
[INFO] [stderr]   Downloaded termtree v0.4.1
[INFO] [stderr]   Downloaded futures-task v0.3.28
[INFO] [stderr]   Downloaded futures-executor v0.3.28
[INFO] [stderr]   Downloaded either v1.8.1
[INFO] [stderr]   Downloaded futures-sink v0.3.28
[INFO] [stderr]   Downloaded cc v1.0.79
[INFO] [stderr]   Downloaded memchr v2.5.0
[INFO] [stderr]   Downloaded schannel v0.1.21
[INFO] [stderr]   Downloaded proc-macro2 v1.0.56
[INFO] [stderr]   Downloaded httparse v1.8.0
[INFO] [stderr]   Downloaded openssl-sys v0.9.87
[INFO] [stderr]   Downloaded tokio-macros v2.1.0
[INFO] [stderr]   Downloaded crypto-common v0.1.6
[INFO] [stderr]   Downloaded serde_json v1.0.96
[INFO] [stderr]   Downloaded predicates v2.1.5
[INFO] [stderr]   Downloaded openssl-macros v0.1.1
[INFO] [stderr]   Downloaded percent-encoding v2.2.0
[INFO] [stderr]   Downloaded unicode-bidi v0.3.13
[INFO] [stderr]   Downloaded typenum v1.16.0
[INFO] [stderr]   Downloaded tokio v1.28.0
[INFO] [stderr]   Downloaded slab v0.4.8
[INFO] [stderr]   Downloaded mime v0.3.17
[INFO] [stderr]   Downloaded io-lifetimes v1.0.10
[INFO] [stderr]   Downloaded windows_x86_64_gnu v0.42.2
[INFO] [stderr]   Downloaded itertools v0.10.5
[INFO] running `Command { std: "docker" "create" "-v" "/var/lib/crater-agent-workspace/builds/worker-3-tc2/target:/opt/rustwide/target:rw,Z" "-v" "/var/lib/crater-agent-workspace/builds/worker-3-tc2/source:/opt/rustwide/workdir:ro,Z" "-v" "/var/lib/crater-agent-workspace/cargo-home:/opt/rustwide/cargo-home:ro,Z" "-v" "/var/lib/crater-agent-workspace/rustup-home:/opt/rustwide/rustup-home:ro,Z" "-e" "SOURCE_DIR=/opt/rustwide/workdir" "-e" "CARGO_TARGET_DIR=/opt/rustwide/target" "-e" "CARGO_HOME=/opt/rustwide/cargo-home" "-e" "RUSTUP_HOME=/opt/rustwide/rustup-home" "-w" "/opt/rustwide/workdir" "-m" "1610612736" "--user" "0:0" "--network" "none" "ghcr.io/rust-lang/crates-build-env/linux@sha256:5ff2268d62e97bff2cde7d5815dd6ed5b47097566f13b8d0ca110b04b60e07ed" "/opt/rustwide/cargo-home/bin/cargo" "+beta-2023-04-20" "metadata" "--no-deps" "--format-version=1", kill_on_drop: false }`
[INFO] [stdout] 3c1af161024a232a9728587675016256e00babf4bd3a2fe89029eaf145d09fd2
[INFO] running `Command { std: "docker" "start" "-a" "3c1af161024a232a9728587675016256e00babf4bd3a2fe89029eaf145d09fd2", kill_on_drop: false }`
[INFO] running `Command { std: "docker" "inspect" "3c1af161024a232a9728587675016256e00babf4bd3a2fe89029eaf145d09fd2", kill_on_drop: false }`
[INFO] running `Command { std: "docker" "rm" "-f" "3c1af161024a232a9728587675016256e00babf4bd3a2fe89029eaf145d09fd2", kill_on_drop: false }`
[INFO] [stdout] 3c1af161024a232a9728587675016256e00babf4bd3a2fe89029eaf145d09fd2
[INFO] running `Command { std: "docker" "create" "-v" "/var/lib/crater-agent-workspace/builds/worker-3-tc2/target:/opt/rustwide/target:rw,Z" "-v" "/var/lib/crater-agent-workspace/builds/worker-3-tc2/source:/opt/rustwide/workdir:ro,Z" "-v" "/var/lib/crater-agent-workspace/cargo-home:/opt/rustwide/cargo-home:ro,Z" "-v" "/var/lib/crater-agent-workspace/rustup-home:/opt/rustwide/rustup-home:ro,Z" "-e" "SOURCE_DIR=/opt/rustwide/workdir" "-e" "CARGO_TARGET_DIR=/opt/rustwide/target" "-e" "CARGO_INCREMENTAL=0" "-e" "RUST_BACKTRACE=full" "-e" "RUSTFLAGS=--cap-lints=warn" "-e" "RUSTDOCFLAGS=--cap-lints=warn" "-e" "CARGO_HOME=/opt/rustwide/cargo-home" "-e" "RUSTUP_HOME=/opt/rustwide/rustup-home" "-w" "/opt/rustwide/workdir" "-m" "1610612736" "--user" "0:0" "--network" "none" "ghcr.io/rust-lang/crates-build-env/linux@sha256:5ff2268d62e97bff2cde7d5815dd6ed5b47097566f13b8d0ca110b04b60e07ed" "/opt/rustwide/cargo-home/bin/cargo" "+beta-2023-04-20" "build" "--frozen" "--message-format=json", kill_on_drop: false }`
[INFO] [stdout] 2b66940fff2395b093f497ba17cfaf54920890c023291c12a62df2210dcfd456
[INFO] running `Command { std: "docker" "start" "-a" "2b66940fff2395b093f497ba17cfaf54920890c023291c12a62df2210dcfd456", kill_on_drop: false }`
[INFO] [stderr]     Blocking waiting for file lock on package cache
[INFO] [stderr]    Compiling proc-macro2 v1.0.56
[INFO] [stderr]    Compiling quote v1.0.26
[INFO] [stderr]    Compiling unicode-ident v1.0.8
[INFO] [stderr]    Compiling libc v0.2.142
[INFO] [stderr]    Compiling pin-project-lite v0.2.9
[INFO] [stderr]    Compiling log v0.4.17
[INFO] [stderr]    Compiling futures-core v0.3.28
[INFO] [stderr]    Compiling pkg-config v0.3.26
[INFO] [stderr]    Compiling cc v1.0.79
[INFO] [stderr]    Compiling memchr v2.5.0
[INFO] [stderr]    Compiling once_cell v1.17.1
[INFO] [stderr]    Compiling slab v0.4.8
[INFO] [stderr]    Compiling bytes v1.4.0
[INFO] [stderr]    Compiling futures-channel v0.3.28
[INFO] [stderr]    Compiling futures-task v0.3.28
[INFO] [stderr]    Compiling futures-sink v0.3.28
[INFO] [stderr]    Compiling tokio v1.28.0
[INFO] [stderr]    Compiling typenum v1.16.0
[INFO] [stderr]    Compiling syn v2.0.15
[INFO] [stderr]    Compiling futures-util v0.3.28
[INFO] [stderr]    Compiling generic-array v0.14.7
[INFO] [stderr]    Compiling openssl-sys v0.9.87
[INFO] [stderr]    Compiling socket2 v0.4.9
[INFO] [stderr]    Compiling mio v0.8.6
[INFO] [stderr]    Compiling futures-io v0.3.28
[INFO] [stderr]    Compiling itoa v1.0.6
[INFO] [stderr]    Compiling tracing-core v0.1.30
[INFO] [stderr]    Compiling indexmap v1.9.3
[INFO] [stderr]    Compiling openssl v0.10.52
[INFO] [stderr]    Compiling http v0.2.9
[INFO] [stderr]    Compiling tracing v0.1.38
[INFO] [stderr]    Compiling httparse v1.8.0
[INFO] [stderr]    Compiling native-tls v0.2.11
[INFO] [stderr]    Compiling hashbrown v0.12.3
[INFO] [stderr]    Compiling tinyvec_macros v0.1.1
[INFO] [stderr]    Compiling num-traits v0.2.15
[INFO] [stderr]    Compiling tinyvec v1.6.0
[INFO] [stderr]    Compiling percent-encoding v2.2.0
[INFO] [stderr]    Compiling try-lock v0.2.4
[INFO] [stderr]    Compiling serde v1.0.160
[INFO] [stderr]    Compiling want v0.3.0
[INFO] [stderr]    Compiling form_urlencoded v1.1.0
[INFO] [stderr]    Compiling crypto-common v0.1.6
[INFO] [stderr]    Compiling block-buffer v0.10.4
[INFO] [stderr]    Compiling http-body v0.4.5
[INFO] [stderr]    Compiling unicode-normalization v0.1.22
[INFO] [stderr]    Compiling num-integer v0.1.45
[INFO] [stderr]    Compiling syn v1.0.109
[INFO] [stderr]    Compiling tower-service v0.3.2
[INFO] [stderr]    Compiling unicode-bidi v0.3.13
[INFO] [stderr]    Compiling digest v0.10.6
[INFO] [stderr]    Compiling idna v0.3.0
[INFO] [stderr]    Compiling uuid v1.3.1
[INFO] [stderr]    Compiling async-trait v0.1.68
[INFO] [stderr]    Compiling thiserror v1.0.40
[INFO] [stderr]    Compiling tokio-util v0.7.8
[INFO] [stderr]    Compiling ryu v1.0.13
[INFO] [stderr]    Compiling cfb v0.7.3
[INFO] [stderr]    Compiling url v2.3.1
[INFO] [stderr]    Compiling time v0.1.45
[INFO] [stderr]    Compiling encoding_rs v0.8.32
[INFO] [stderr]    Compiling futures-macro v0.3.28
[INFO] [stderr]    Compiling openssl-macros v0.1.1
[INFO] [stderr]    Compiling async-stream-impl v0.3.5
[INFO] [stderr]    Compiling thiserror-impl v1.0.40
[INFO] [stderr]    Compiling serde_urlencoded v0.7.1
[INFO] [stderr]    Compiling iana-time-zone v0.1.56
[INFO] [stderr]    Compiling aliyun-oss-client v0.11.6 (/opt/rustwide/workdir)
[INFO] [stderr]    Compiling ipnet v2.7.2
[INFO] [stderr]    Compiling cpufeatures v0.2.7
[INFO] [stderr]    Compiling mime v0.3.17
[INFO] [stderr]    Compiling base64 v0.21.0
[INFO] [stderr]    Compiling sha1 v0.10.5
[INFO] [stderr]    Compiling chrono v0.4.24
[INFO] [stderr]    Compiling async-stream v0.3.5
[INFO] [stderr]    Compiling infer v0.11.0
[INFO] [stderr]    Compiling hmac v0.12.1
[INFO] [stderr]    Compiling quick-xml v0.27.1
[INFO] [stderr]    Compiling base64 v0.20.0
[INFO] [stderr]    Compiling tokio-native-tls v0.3.1
[INFO] [stderr]    Compiling h2 v0.3.18
[INFO] [stderr]    Compiling futures-executor v0.3.28
[INFO] [stderr]    Compiling oss_derive v0.9.7
[INFO] [stderr]    Compiling futures v0.3.28
[INFO] [stderr]    Compiling hyper v0.14.26
[INFO] [stderr]    Compiling hyper-tls v0.5.0
[INFO] [stderr]    Compiling reqwest v0.11.16
[INFO] [stdout] warning: use of deprecated tuple variant `types::InnerQueryKey::Custom`: Please use QueryKey::new() replace it
[INFO] [stdout]     --> src/types.rs:1442:13
[INFO] [stdout]      |
[INFO] [stdout] 1442 |             Custom(str) => str.as_ref(),
[INFO] [stdout]      |             ^^^^^^
[INFO] [stdout]      |
[INFO] [stdout]      = note: `#[warn(deprecated)]` on by default
[INFO] [stdout] 
[INFO] [stdout] 
[INFO] [stdout] warning: use of deprecated tuple variant `types::InnerQueryKey::Custom`: Please use QueryKey::new() replace it
[INFO] [stdout]     --> src/types.rs:1529:13
[INFO] [stdout]      |
[INFO] [stdout] 1529 |             Custom(val)
[INFO] [stdout]      |             ^^^^^^
[INFO] [stdout] 
[INFO] [stdout] 
[INFO] [stdout] warning: use of deprecated tuple variant `types::InnerQueryKey::Custom`: Please use QueryKey::new() replace it
[INFO] [stdout]     --> src/types.rs:1567:13
[INFO] [stdout]      |
[INFO] [stdout] 1567 |             Custom(Cow::Owned(val.to_owned()))
[INFO] [stdout]      |             ^^^^^^
[INFO] [stdout] 
[INFO] [stdout] 
[INFO] [stdout] warning: use of deprecated field `types::InnerQueryKey::Custom::0`: Please use QueryKey::new() replace it
[INFO] [stdout]     --> src/types.rs:1442:20
[INFO] [stdout]      |
[INFO] [stdout] 1442 |             Custom(str) => str.as_ref(),
[INFO] [stdout]      |                    ^^^
[INFO] [stdout] 
[INFO] [stdout] 
[INFO] [stdout] warning: use of deprecated field `bucket::ListBuckets::buckets`: replace with to_vec()
[INFO] [stdout]   --> src/bucket.rs:62:32
[INFO] [stdout]    |
[INFO] [stdout] 62 |             .field("buckets", &self.buckets)
[INFO] [stdout]    |                                ^^^^^^^^^^^^
[INFO] [stdout] 
[INFO] [stdout] 
[INFO] [stdout] warning: use of deprecated field `bucket::ListBuckets::buckets`: replace with to_vec()
[INFO] [stdout]   --> src/bucket.rs:85:13
[INFO] [stdout]    |
[INFO] [stdout] 85 |             buckets: Vec::default(),
[INFO] [stdout]    |             ^^^^^^^^^^^^^^^^^^^^^^^
[INFO] [stdout] 
[INFO] [stdout] 
[INFO] [stdout] warning: use of deprecated field `bucket::ListBuckets::buckets`: replace with to_vec()
[INFO] [stdout]    --> src/bucket.rs:115:9
[INFO] [stdout]     |
[INFO] [stdout] 115 |         self.buckets
[INFO] [stdout]     |         ^^^^^^^^^^^^
[INFO] [stdout] 
[INFO] [stdout] 
[INFO] [stdout] warning: use of deprecated field `bucket::ListBuckets::buckets`: replace with to_vec()
[INFO] [stdout]    --> src/bucket.rs:386:9
[INFO] [stdout]     |
[INFO] [stdout] 386 |         self.buckets = list;
[INFO] [stdout]     |         ^^^^^^^^^^^^
[INFO] [stdout] 
[INFO] [stdout] 
[INFO] [stdout] warning: use of deprecated field `object::ObjectList::object_list`: replace with to_vec()
[INFO] [stdout]    --> src/object.rs:158:13
[INFO] [stdout]     |
[INFO] [stdout] 158 |             object_list: Vec::new(),
[INFO] [stdout]     |             ^^^^^^^^^^^^^^^^^^^^^^^
[INFO] [stdout] 
[INFO] [stdout] 
[INFO] [stdout] warning: use of deprecated field `object::ObjectList::object_list`: replace with to_vec()
[INFO] [stdout]    --> src/object.rs:218:13
[INFO] [stdout]     |
[INFO] [stdout] 218 |             object_list,
[INFO] [stdout]     |             ^^^^^^^^^^^
[INFO] [stdout] 
[INFO] [stdout] 
[INFO] [stdout] warning: use of deprecated field `object::ObjectList::object_list`: replace with to_vec()
[INFO] [stdout]    --> src/object.rs:286:9
[INFO] [stdout]     |
[INFO] [stdout] 286 |         self.object_list.into_iter()
[INFO] [stdout]     |         ^^^^^^^^^^^^^^^^
[INFO] [stdout] 
[INFO] [stdout] 
[INFO] [stdout] warning: use of deprecated field `object::ObjectList::object_list`: replace with to_vec()
[INFO] [stdout]    --> src/object.rs:455:9
[INFO] [stdout]     |
[INFO] [stdout] 455 |         self.object_list
[INFO] [stdout]     |         ^^^^^^^^^^^^^^^^
[INFO] [stdout] 
[INFO] [stdout] 
[INFO] [stdout] warning: use of deprecated field `object::ObjectList::object_list`: replace with to_vec()
[INFO] [stdout]    --> src/object.rs:460:9
[INFO] [stdout]     |
[INFO] [stdout] 460 |         self.object_list.len()
[INFO] [stdout]     |         ^^^^^^^^^^^^^^^^
[INFO] [stdout] 
[INFO] [stdout] 
[INFO] [stdout] warning: use of deprecated field `object::ObjectList::object_list`: replace with to_vec()
[INFO] [stdout]    --> src/object.rs:465:9
[INFO] [stdout]     |
[INFO] [stdout] 465 |         self.object_list.is_empty()
[INFO] [stdout]     |         ^^^^^^^^^^^^^^^^
[INFO] [stdout] 
[INFO] [stdout] 
[INFO] [stdout] warning: use of deprecated field `object::ObjectList::object_list`: replace with to_vec()
[INFO] [stdout]    --> src/object.rs:797:9
[INFO] [stdout]     |
[INFO] [stdout] 797 |         self.object_list = list;
[INFO] [stdout]     |         ^^^^^^^^^^^^^^^^
[INFO] [stdout] 
[INFO] [stdout] 
[INFO] [stdout] warning: use of deprecated method `decode::RefineObjectList::set_next_continuation_token`: Option is redundant, replace with set_next_continuation_token_str
[INFO] [stdout]    --> src/traits.rs:307:34
[INFO] [stdout]     |
[INFO] [stdout] 307 | ...                   self.set_next_continuation_token(
[INFO] [stdout]     |                            ^^^^^^^^^^^^^^^^^^^^^^^^^^^
[INFO] [stdout] 
[INFO] [stdout] 
[INFO] [stdout] warning: 16 warnings emitted
[INFO] [stdout] 
[INFO] [stdout] 
[INFO] [stderr]     Finished dev [unoptimized + debuginfo] target(s) in 24.25s
[INFO] running `Command { std: "docker" "inspect" "2b66940fff2395b093f497ba17cfaf54920890c023291c12a62df2210dcfd456", kill_on_drop: false }`
[INFO] running `Command { std: "docker" "rm" "-f" "2b66940fff2395b093f497ba17cfaf54920890c023291c12a62df2210dcfd456", kill_on_drop: false }`
[INFO] [stdout] 2b66940fff2395b093f497ba17cfaf54920890c023291c12a62df2210dcfd456
[INFO] running `Command { std: "docker" "create" "-v" "/var/lib/crater-agent-workspace/builds/worker-3-tc2/target:/opt/rustwide/target:rw,Z" "-v" "/var/lib/crater-agent-workspace/builds/worker-3-tc2/source:/opt/rustwide/workdir:ro,Z" "-v" "/var/lib/crater-agent-workspace/cargo-home:/opt/rustwide/cargo-home:ro,Z" "-v" "/var/lib/crater-agent-workspace/rustup-home:/opt/rustwide/rustup-home:ro,Z" "-e" "SOURCE_DIR=/opt/rustwide/workdir" "-e" "CARGO_TARGET_DIR=/opt/rustwide/target" "-e" "CARGO_INCREMENTAL=0" "-e" "RUST_BACKTRACE=full" "-e" "RUSTFLAGS=--cap-lints=warn" "-e" "RUSTDOCFLAGS=--cap-lints=warn" "-e" "CARGO_HOME=/opt/rustwide/cargo-home" "-e" "RUSTUP_HOME=/opt/rustwide/rustup-home" "-w" "/opt/rustwide/workdir" "-m" "1610612736" "--user" "0:0" "--network" "none" "ghcr.io/rust-lang/crates-build-env/linux@sha256:5ff2268d62e97bff2cde7d5815dd6ed5b47097566f13b8d0ca110b04b60e07ed" "/opt/rustwide/cargo-home/bin/cargo" "+beta-2023-04-20" "test" "--frozen" "--no-run" "--message-format=json", kill_on_drop: false }`
[INFO] [stdout] 739026d5567c39e4335ae44266ffd3b24457706cde3946af36be39c5b3865cd4
[INFO] running `Command { std: "docker" "start" "-a" "739026d5567c39e4335ae44266ffd3b24457706cde3946af36be39c5b3865cd4", kill_on_drop: false }`
[INFO] [stderr]    Compiling tokio v1.28.0
[INFO] [stderr]    Compiling tokio-macros v2.1.0
[INFO] [stderr]    Compiling num_cpus v1.15.0
[INFO] [stderr]    Compiling syn v1.0.109
[INFO] [stderr]    Compiling aho-corasick v1.0.1
[INFO] [stderr]    Compiling predicates-core v1.0.6
[INFO] [stderr]    Compiling regex-syntax v0.7.1
[INFO] [stderr]    Compiling either v1.8.1
[INFO] [stderr]    Compiling itertools v0.10.5
[INFO] [stderr]    Compiling float-cmp v0.9.0
[INFO] [stderr]    Compiling termtree v0.4.1
[INFO] [stderr]    Compiling normalize-line-endings v0.3.0
[INFO] [stderr]    Compiling difflib v0.4.0
[INFO] [stderr]    Compiling predicates-tree v1.0.9
[INFO] [stderr]    Compiling fragile v2.0.0
[INFO] [stderr]    Compiling downcast v0.11.0
[INFO] [stderr]    Compiling dotenv v0.15.0
[INFO] [stderr]    Compiling assert_matches v1.5.0
[INFO] [stderr]    Compiling regex v1.8.1
[INFO] [stderr]    Compiling predicates v2.1.5
[INFO] [stderr]    Compiling tokio-util v0.7.8
[INFO] [stderr]    Compiling tokio-native-tls v0.3.1
[INFO] [stderr]    Compiling h2 v0.3.18
[INFO] [stderr]    Compiling mockall_derive v0.11.4
[INFO] [stderr]    Compiling oss_derive v0.9.7
[INFO] [stderr]    Compiling mockall_double v0.3.0
[INFO] [stderr]    Compiling hyper v0.14.26
[INFO] [stderr]    Compiling mockall v0.11.4
[INFO] [stderr]    Compiling hyper-tls v0.5.0
[INFO] [stderr]    Compiling reqwest v0.11.16
[INFO] [stderr]    Compiling aliyun-oss-client v0.11.6 (/opt/rustwide/workdir)
[INFO] [stdout] warning: use of deprecated tuple variant `types::InnerQueryKey::Custom`: Please use QueryKey::new() replace it
[INFO] [stdout]     --> src/types.rs:1442:13
[INFO] [stdout]      |
[INFO] [stdout] 1442 |             Custom(str) => str.as_ref(),
[INFO] [stdout]      |             ^^^^^^
[INFO] [stdout]      |
[INFO] [stdout]      = note: `#[warn(deprecated)]` on by default
[INFO] [stdout] 
[INFO] [stdout] 
[INFO] [stdout] warning: use of deprecated tuple variant `types::InnerQueryKey::Custom`: Please use QueryKey::new() replace it
[INFO] [stdout]     --> src/types.rs:1529:13
[INFO] [stdout]      |
[INFO] [stdout] 1529 |             Custom(val)
[INFO] [stdout]      |             ^^^^^^
[INFO] [stdout] 
[INFO] [stdout] 
[INFO] [stdout] warning: use of deprecated tuple variant `types::InnerQueryKey::Custom`: Please use QueryKey::new() replace it
[INFO] [stdout]     --> src/types.rs:1567:13
[INFO] [stdout]      |
[INFO] [stdout] 1567 |             Custom(Cow::Owned(val.to_owned()))
[INFO] [stdout]      |             ^^^^^^
[INFO] [stdout] 
[INFO] [stdout] 
[INFO] [stdout] warning: use of deprecated field `types::InnerQueryKey::Custom::0`: Please use QueryKey::new() replace it
[INFO] [stdout]     --> src/types.rs:1442:20
[INFO] [stdout]      |
[INFO] [stdout] 1442 |             Custom(str) => str.as_ref(),
[INFO] [stdout]      |                    ^^^
[INFO] [stdout] 
[INFO] [stdout] 
[INFO] [stdout] warning: use of deprecated field `bucket::ListBuckets::buckets`: replace with to_vec()
[INFO] [stdout]   --> src/bucket.rs:62:32
[INFO] [stdout]    |
[INFO] [stdout] 62 |             .field("buckets", &self.buckets)
[INFO] [stdout]    |                                ^^^^^^^^^^^^
[INFO] [stdout] 
[INFO] [stdout] 
[INFO] [stdout] warning: use of deprecated field `bucket::ListBuckets::buckets`: replace with to_vec()
[INFO] [stdout]   --> src/bucket.rs:85:13
[INFO] [stdout]    |
[INFO] [stdout] 85 |             buckets: Vec::default(),
[INFO] [stdout]    |             ^^^^^^^^^^^^^^^^^^^^^^^
[INFO] [stdout] 
[INFO] [stdout] 
[INFO] [stdout] warning: use of deprecated field `bucket::ListBuckets::buckets`: replace with to_vec()
[INFO] [stdout]    --> src/bucket.rs:115:9
[INFO] [stdout]     |
[INFO] [stdout] 115 |         self.buckets
[INFO] [stdout]     |         ^^^^^^^^^^^^
[INFO] [stdout] 
[INFO] [stdout] 
[INFO] [stdout] warning: use of deprecated field `bucket::ListBuckets::buckets`: replace with to_vec()
[INFO] [stdout]    --> src/bucket.rs:386:9
[INFO] [stdout]     |
[INFO] [stdout] 386 |         self.buckets = list;
[INFO] [stdout]     |         ^^^^^^^^^^^^
[INFO] [stdout] 
[INFO] [stdout] 
[INFO] [stdout] warning: use of deprecated field `object::ObjectList::object_list`: replace with to_vec()
[INFO] [stdout]    --> src/object.rs:158:13
[INFO] [stdout]     |
[INFO] [stdout] 158 |             object_list: Vec::new(),
[INFO] [stdout]     |             ^^^^^^^^^^^^^^^^^^^^^^^
[INFO] [stdout] 
[INFO] [stdout] 
[INFO] [stdout] warning: use of deprecated field `object::ObjectList::object_list`: replace with to_vec()
[INFO] [stdout]    --> src/object.rs:218:13
[INFO] [stdout]     |
[INFO] [stdout] 218 |             object_list,
[INFO] [stdout]     |             ^^^^^^^^^^^
[INFO] [stdout] 
[INFO] [stdout] 
[INFO] [stdout] warning: use of deprecated field `object::ObjectList::object_list`: replace with to_vec()
[INFO] [stdout]    --> src/object.rs:286:9
[INFO] [stdout]     |
[INFO] [stdout] 286 |         self.object_list.into_iter()
[INFO] [stdout]     |         ^^^^^^^^^^^^^^^^
[INFO] [stdout] 
[INFO] [stdout] 
[INFO] [stdout] warning: use of deprecated field `object::ObjectList::object_list`: replace with to_vec()
[INFO] [stdout]    --> src/object.rs:455:9
[INFO] [stdout]     |
[INFO] [stdout] 455 |         self.object_list
[INFO] [stdout]     |         ^^^^^^^^^^^^^^^^
[INFO] [stdout] 
[INFO] [stdout] 
[INFO] [stdout] warning: use of deprecated field `object::ObjectList::object_list`: replace with to_vec()
[INFO] [stdout]    --> src/object.rs:460:9
[INFO] [stdout]     |
[INFO] [stdout] 460 |         self.object_list.len()
[INFO] [stdout]     |         ^^^^^^^^^^^^^^^^
[INFO] [stdout] 
[INFO] [stdout] 
[INFO] [stdout] warning: use of deprecated field `object::ObjectList::object_list`: replace with to_vec()
[INFO] [stdout]    --> src/object.rs:465:9
[INFO] [stdout]     |
[INFO] [stdout] 465 |         self.object_list.is_empty()
[INFO] [stdout]     |         ^^^^^^^^^^^^^^^^
[INFO] [stdout] 
[INFO] [stdout] 
[INFO] [stdout] warning: use of deprecated field `object::ObjectList::object_list`: replace with to_vec()
[INFO] [stdout]    --> src/object.rs:797:9
[INFO] [stdout]     |
[INFO] [stdout] 797 |         self.object_list = list;
[INFO] [stdout]     |         ^^^^^^^^^^^^^^^^
[INFO] [stdout] 
[INFO] [stdout] 
[INFO] [stdout] warning: use of deprecated method `decode::RefineObjectList::set_next_continuation_token`: Option is redundant, replace with set_next_continuation_token_str
[INFO] [stdout]    --> src/traits.rs:307:34
[INFO] [stdout]     |
[INFO] [stdout] 307 | ...                   self.set_next_continuation_token(
[INFO] [stdout]     |                            ^^^^^^^^^^^^^^^^^^^^^^^^^^^
[INFO] [stdout] 
[INFO] [stdout] 
[INFO] [stdout] warning: 16 warnings emitted
[INFO] [stdout] 
[INFO] [stdout] 
[INFO] [stdout] warning: use of deprecated method `aliyun_oss_client::object::ObjectList::<T, Item, E>::next_continuation_token`: Option is redundant, replace with next_continuation_token_str
[INFO] [stdout]   --> examples/object_stream.rs:19:21
[INFO] [stdout]    |
[INFO] [stdout] 19 |         object_list.next_continuation_token()
[INFO] [stdout]    |                     ^^^^^^^^^^^^^^^^^^^^^^^
[INFO] [stdout]    |
[INFO] [stdout]    = note: `#[warn(deprecated)]` on by default
[INFO] [stdout] 
[INFO] [stdout] 
[INFO] [stdout] warning: use of deprecated field `aliyun_oss_client::object::ObjectList::object_list`: replace with to_vec()
[INFO] [stdout]   --> examples/object_custom.rs:67:28
[INFO] [stdout]    |
[INFO] [stdout] 67 |     println!("list: {:?}", list.object_list);
[INFO] [stdout]    |                            ^^^^^^^^^^^^^^^^
[INFO] [stdout]    |
[INFO] [stdout]    = note: `#[warn(deprecated)]` on by default
[INFO] [stdout] 
[INFO] [stdout] 
[INFO] [stdout] warning: use of deprecated field `aliyun_oss_client::bucket::ListBuckets::buckets`: replace with to_vec()
[INFO] [stdout]   --> tests/integration_test.rs:42:23
[INFO] [stdout]    |
[INFO] [stdout] 42 |         let buckets = bucket_list.buckets;
[INFO] [stdout]    |                       ^^^^^^^^^^^^^^^^^^^
[INFO] [stdout]    |
[INFO] [stdout]    = note: `#[warn(deprecated)]` on by default
[INFO] [stdout] 
[INFO] [stdout] 
[INFO] [stdout] warning: use of deprecated tuple variant `types::InnerQueryKey::Custom`: Please use QueryKey::new() replace it
[INFO] [stdout]     --> src/types.rs:1442:13
[INFO] [stdout]      |
[INFO] [stdout] 1442 |             Custom(str) => str.as_ref(),
[INFO] [stdout]      |             ^^^^^^
[INFO] [stdout]      |
[INFO] [stdout]      = note: `#[warn(deprecated)]` on by default
[INFO] [stdout] 
[INFO] [stdout] 
[INFO] [stdout] warning: use of deprecated tuple variant `types::InnerQueryKey::Custom`: Please use QueryKey::new() replace it
[INFO] [stdout]     --> src/types.rs:1529:13
[INFO] [stdout]      |
[INFO] [stdout] 1529 |             Custom(val)
[INFO] [stdout]      |             ^^^^^^
[INFO] [stdout] 
[INFO] [stdout] 
[INFO] [stdout] warning: use of deprecated tuple variant `types::InnerQueryKey::Custom`: Please use QueryKey::new() replace it
[INFO] [stdout]     --> src/types.rs:1567:13
[INFO] [stdout]      |
[INFO] [stdout] 1567 |             Custom(Cow::Owned(val.to_owned()))
[INFO] [stdout]      |             ^^^^^^
[INFO] [stdout] 
[INFO] [stdout] 
[INFO] [stdout] warning: use of deprecated field `types::InnerQueryKey::Custom::0`: Please use QueryKey::new() replace it
[INFO] [stdout]     --> src/types.rs:1442:20
[INFO] [stdout]      |
[INFO] [stdout] 1442 |             Custom(str) => str.as_ref(),
[INFO] [stdout]      |                    ^^^
[INFO] [stdout] 
[INFO] [stdout] 
[INFO] [stdout] warning: use of deprecated field `bucket::ListBuckets::buckets`: replace with to_vec()
[INFO] [stdout]   --> src/bucket.rs:62:32
[INFO] [stdout]    |
[INFO] [stdout] 62 |             .field("buckets", &self.buckets)
[INFO] [stdout]    |                                ^^^^^^^^^^^^
[INFO] [stdout] 
[INFO] [stdout] 
[INFO] [stdout] warning: use of deprecated field `bucket::ListBuckets::buckets`: replace with to_vec()
[INFO] [stdout]   --> src/bucket.rs:85:13
[INFO] [stdout]    |
[INFO] [stdout] 85 |             buckets: Vec::default(),
[INFO] [stdout]    |             ^^^^^^^^^^^^^^^^^^^^^^^
[INFO] [stdout] 
[INFO] [stdout] 
[INFO] [stdout] warning: use of deprecated field `bucket::ListBuckets::buckets`: replace with to_vec()
[INFO] [stdout]    --> src/bucket.rs:115:9
[INFO] [stdout]     |
[INFO] [stdout] 115 |         self.buckets
[INFO] [stdout]     |         ^^^^^^^^^^^^
[INFO] [stdout] 
[INFO] [stdout] 
[INFO] [stdout] warning: use of deprecated field `bucket::ListBuckets::buckets`: replace with to_vec()
[INFO] [stdout]    --> src/bucket.rs:386:9
[INFO] [stdout]     |
[INFO] [stdout] 386 |         self.buckets = list;
[INFO] [stdout]     |         ^^^^^^^^^^^^
[INFO] [stdout] 
[INFO] [stdout] 
[INFO] [stdout] warning: use of deprecated field `object::ObjectList::object_list`: replace with to_vec()
[INFO] [stdout]    --> src/object.rs:158:13
[INFO] [stdout]     |
[INFO] [stdout] 158 |             object_list: Vec::new(),
[INFO] [stdout]     |             ^^^^^^^^^^^^^^^^^^^^^^^
[INFO] [stdout] 
[INFO] [stdout] 
[INFO] [stdout] warning: use of deprecated field `object::ObjectList::object_list`: replace with to_vec()
[INFO] [stdout]    --> src/object.rs:218:13
[INFO] [stdout]     |
[INFO] [stdout] 218 |             object_list,
[INFO] [stdout]     |             ^^^^^^^^^^^
[INFO] [stdout] 
[INFO] [stdout] 
[INFO] [stdout] warning: use of deprecated field `object::ObjectList::object_list`: replace with to_vec()
[INFO] [stdout]    --> src/object.rs:286:9
[INFO] [stdout]     |
[INFO] [stdout] 286 |         self.object_list.into_iter()
[INFO] [stdout]     |         ^^^^^^^^^^^^^^^^
[INFO] [stdout] 
[INFO] [stdout] 
[INFO] [stdout] warning: use of deprecated field `object::ObjectList::object_list`: replace with to_vec()
[INFO] [stdout]    --> src/object.rs:455:9
[INFO] [stdout]     |
[INFO] [stdout] 455 |         self.object_list
[INFO] [stdout]     |         ^^^^^^^^^^^^^^^^
[INFO] [stdout] 
[INFO] [stdout] 
[INFO] [stdout] warning: use of deprecated field `object::ObjectList::object_list`: replace with to_vec()
[INFO] [stdout]    --> src/object.rs:460:9
[INFO] [stdout]     |
[INFO] [stdout] 460 |         self.object_list.len()
[INFO] [stdout]     |         ^^^^^^^^^^^^^^^^
[INFO] [stdout] 
[INFO] [stdout] 
[INFO] [stdout] warning: use of deprecated field `object::ObjectList::object_list`: replace with to_vec()
[INFO] [stdout]    --> src/object.rs:465:9
[INFO] [stdout]     |
[INFO] [stdout] 465 |         self.object_list.is_empty()
[INFO] [stdout]     |         ^^^^^^^^^^^^^^^^
[INFO] [stdout] 
[INFO] [stdout] 
[INFO] [stdout] warning: use of deprecated field `object::ObjectList::object_list`: replace with to_vec()
[INFO] [stdout]    --> src/object.rs:797:9
[INFO] [stdout]     |
[INFO] [stdout] 797 |         self.object_list = list;
[INFO] [stdout]     |         ^^^^^^^^^^^^^^^^
[INFO] [stdout] 
[INFO] [stdout] 
[INFO] [stdout] warning: use of deprecated method `object::ObjectList::<T, Item, E>::next_continuation_token`: Option is redundant, replace with next_continuation_token_str
[INFO] [stdout]     --> src/object.rs:1315:28
[INFO] [stdout]      |
[INFO] [stdout] 1315 |         match &object_list.next_continuation_token() {
[INFO] [stdout]      |                            ^^^^^^^^^^^^^^^^^^^^^^^
[INFO] [stdout] 
[INFO] [stdout] 
[INFO] [stderr] error: could not compile `aliyun-oss-client` (lib test); 16 warnings emitted
[INFO] [stderr] 
[INFO] [stderr] Caused by:
[INFO] [stderr]   process didn't exit successfully: `rustc --crate-name aliyun_oss_client --edition=2021 src/lib.rs --error-format=json --json=diagnostic-rendered-ansi,artifacts,future-incompat --emit=dep-info,link -C embed-bitcode=no -C debuginfo=2 --test --cfg 'feature="async-stream"' --cfg 'feature="async-trait"' --cfg 'feature="auth"' --cfg 'feature="base64"' --cfg 'feature="chrono"' --cfg 'feature="core"' --cfg 'feature="decode"' --cfg 'feature="default"' --cfg 'feature="futures"' --cfg 'feature="futures-core"' --cfg 'feature="hmac"' --cfg 'feature="http"' --cfg 'feature="infer"' --cfg 'feature="oss_derive"' --cfg 'feature="put_file"' --cfg 'feature="quick-xml"' --cfg 'feature="reqwest"' --cfg 'feature="sha1"' --cfg 'feature="sts"' --cfg 'feature="thiserror"' -C metadata=b07e840cf755c667 -C extra-filename=-b07e840cf755c667 --out-dir /opt/rustwide/target/debug/deps -L dependency=/opt/rustwide/target/debug/deps --extern assert_matches=/opt/rustwide/target/debug/deps/libassert_matches-2cd30fe8136068d5.rlib --extern async_stream=/opt/rustwide/target/debug/deps/libasync_stream-3c5f351b706cf4cb.rlib --extern async_trait=/opt/rustwide/target/debug/deps/libasync_trait-d22fff991e6c7a38.so --extern base64=/opt/rustwide/target/debug/deps/libbase64-12ad5cb4aa468e86.rlib --extern chrono=/opt/rustwide/target/debug/deps/libchrono-b81622da92196194.rlib --extern dotenv=/opt/rustwide/target/debug/deps/libdotenv-125f133611da0722.rlib --extern futures=/opt/rustwide/target/debug/deps/libfutures-2b066740e82ca774.rlib --extern futures_core=/opt/rustwide/target/debug/deps/libfutures_core-63bdc54a682e7df4.rlib --extern hmac=/opt/rustwide/target/debug/deps/libhmac-9383effaca7ff2c8.rlib --extern http=/opt/rustwide/target/debug/deps/libhttp-df05c4d3a64fcb1b.rlib --extern infer=/opt/rustwide/target/debug/deps/libinfer-682ee605d4a23454.rlib --extern mockall=/opt/rustwide/target/debug/deps/libmockall-ad311a43cbde1e02.rlib --extern mockall_double=/opt/rustwide/target/debug/deps/libmockall_double-6986255eface28cc.so --extern oss_derive=/opt/rustwide/target/debug/deps/liboss_derive-8ddf76e14188b111.so --extern quick_xml=/opt/rustwide/target/debug/deps/libquick_xml-b6ef4b1078a854dc.rlib --extern reqwest=/opt/rustwide/target/debug/deps/libreqwest-05c1341c6cd6f779.rlib --extern sha1=/opt/rustwide/target/debug/deps/libsha1-c7e136ce95dc6307.rlib --extern thiserror=/opt/rustwide/target/debug/deps/libthiserror-ea25184d645ab08d.rlib --extern tokio=/opt/rustwide/target/debug/deps/libtokio-e294ff29eb7ddcc2.rlib --cap-lints=warn` (signal: 9, SIGKILL: kill)
[INFO] [stderr] warning: build failed, waiting for other jobs to finish...
[INFO] [stdout] error: linking with `cc` failed: exit status: 1
[INFO] [stdout]   |
[INFO] [stdout]   = note: LC_ALL="C" PATH="/opt/rustwide/rustup-home/toolchains/beta-2023-04-20-x86_64-unknown-linux-gnu/lib/rustlib/x86_64-unknown-linux-gnu/bin:/opt/rustwide/cargo-home/bin:/usr/local/sbin:/usr/local/bin:/usr/sbin:/usr/bin:/sbin:/bin" VSLANG="1033" "cc" "-m64" "/tmp/rustcxt18i1/symbols.o" "/opt/rustwide/target/debug/examples/parse_xml-e0596d77e32fccfb.parse_xml.7ec7e64d-cgu.0.rcgu.o" "/opt/rustwide/target/debug/examples/parse_xml-e0596d77e32fccfb.parse_xml.7ec7e64d-cgu.1.rcgu.o" "/opt/rustwide/target/debug/examples/parse_xml-e0596d77e32fccfb.parse_xml.7ec7e64d-cgu.10.rcgu.o" "/opt/rustwide/target/debug/examples/parse_xml-e0596d77e32fccfb.parse_xml.7ec7e64d-cgu.11.rcgu.o" "/opt/rustwide/target/debug/examples/parse_xml-e0596d77e32fccfb.parse_xml.7ec7e64d-cgu.12.rcgu.o" "/opt/rustwide/target/debug/examples/parse_xml-e0596d77e32fccfb.parse_xml.7ec7e64d-cgu.13.rcgu.o" "/opt/rustwide/target/debug/examples/parse_xml-e0596d77e32fccfb.parse_xml.7ec7e64d-cgu.14.rcgu.o" "/opt/rustwide/target/debug/examples/parse_xml-e0596d77e32fccfb.parse_xml.7ec7e64d-cgu.15.rcgu.o" "/opt/rustwide/target/debug/examples/parse_xml-e0596d77e32fccfb.parse_xml.7ec7e64d-cgu.2.rcgu.o" "/opt/rustwide/target/debug/examples/parse_xml-e0596d77e32fccfb.parse_xml.7ec7e64d-cgu.3.rcgu.o" "/opt/rustwide/target/debug/examples/parse_xml-e0596d77e32fccfb.parse_xml.7ec7e64d-cgu.4.rcgu.o" "/opt/rustwide/target/debug/examples/parse_xml-e0596d77e32fccfb.parse_xml.7ec7e64d-cgu.5.rcgu.o" "/opt/rustwide/target/debug/examples/parse_xml-e0596d77e32fccfb.parse_xml.7ec7e64d-cgu.6.rcgu.o" "/opt/rustwide/target/debug/examples/parse_xml-e0596d77e32fccfb.parse_xml.7ec7e64d-cgu.7.rcgu.o" "/opt/rustwide/target/debug/examples/parse_xml-e0596d77e32fccfb.parse_xml.7ec7e64d-cgu.8.rcgu.o" "/opt/rustwide/target/debug/examples/parse_xml-e0596d77e32fccfb.parse_xml.7ec7e64d-cgu.9.rcgu.o" "/opt/rustwide/target/debug/examples/parse_xml-e0596d77e32fccfb.5jp6jnc2qnswksy.rcgu.o" "-Wl,--as-needed" "-L" "/opt/rustwide/target/debug/deps" "-L" "/opt/rustwide/rustup-home/toolchains/beta-2023-04-20-x86_64-unknown-linux-gnu/lib/rustlib/x86_64-unknown-linux-gnu/lib" "-Wl,-Bstatic" "/opt/rustwide/target/debug/deps/libaliyun_oss_client-408eb86d688a1e03.rlib" "/opt/rustwide/target/debug/deps/libquick_xml-b6ef4b1078a854dc.rlib" "/opt/rustwide/target/debug/deps/libthiserror-ea25184d645ab08d.rlib" "/opt/rustwide/target/debug/deps/libinfer-682ee605d4a23454.rlib" "/opt/rustwide/target/debug/deps/libcfb-ff376f2484d7d21a.rlib" "/opt/rustwide/target/debug/deps/libuuid-e92c1f3500e38168.rlib" "/opt/rustwide/target/debug/deps/libbyteorder-614d7e4e7f7903e2.rlib" "/opt/rustwide/target/debug/deps/libasync_stream-3c5f351b706cf4cb.rlib" "/opt/rustwide/target/debug/deps/libsha1-c7e136ce95dc6307.rlib" "/opt/rustwide/target/debug/deps/libcpufeatures-0f0110a80264e9a3.rlib" "/opt/rustwide/target/debug/deps/libhmac-9383effaca7ff2c8.rlib" "/opt/rustwide/target/debug/deps/libdigest-9cbc7d6ef62c59ea.rlib" "/opt/rustwide/target/debug/deps/libsubtle-0ca152887405db79.rlib" "/opt/rustwide/target/debug/deps/libblock_buffer-ead7ac24cb8f6816.rlib" "/opt/rustwide/target/debug/deps/libcrypto_common-ec1c12c6914c72dd.rlib" "/opt/rustwide/target/debug/deps/libgeneric_array-adc66a5ae99496bf.rlib" "/opt/rustwide/target/debug/deps/libtypenum-ca960b6272e61653.rlib" "/opt/rustwide/target/debug/deps/libbase64-12ad5cb4aa468e86.rlib" "/opt/rustwide/target/debug/deps/libreqwest-05c1341c6cd6f779.rlib" "/opt/rustwide/target/debug/deps/libhyper_tls-f61c26c1fea7e695.rlib" "/opt/rustwide/target/debug/deps/libserde_urlencoded-d1cca32bf042ef82.rlib" "/opt/rustwide/target/debug/deps/libryu-b5fa14faef1dcf3b.rlib" "/opt/rustwide/target/debug/deps/libbase64-1d8778d69d34a396.rlib" "/opt/rustwide/target/debug/deps/libipnet-c447aff94ce34889.rlib" "/opt/rustwide/target/debug/deps/libtokio_native_tls-a2aa39eabc0d06ab.rlib" "/opt/rustwide/target/debug/deps/libmime-04f26b0b15f93981.rlib" "/opt/rustwide/target/debug/deps/libencoding_rs-b0d41797c1da8834.rlib" "/opt/rustwide/target/debug/deps/libserde-b7cd1e3418b5c001.rlib" "/opt/rustwide/target/debug/deps/libnative_tls-245f3a17195966b2.rlib" "/opt/rustwide/target/debug/deps/libopenssl_probe-361016bdcb077fee.rlib" "/opt/rustwide/target/debug/deps/libopenssl-396914b41c49917e.rlib" "/opt/rustwide/target/debug/deps/libbitflags-610a73087f46ba3b.rlib" "/opt/rustwide/target/debug/deps/libforeign_types-3138d685ddde873e.rlib" "/opt/rustwide/target/debug/deps/libforeign_types_shared-1df85ef0ce08cbc3.rlib" "/opt/rustwide/target/debug/deps/libopenssl_sys-ae4a74adbee44cd7.rlib" "/opt/rustwide/target/debug/deps/libhyper-437d31c25bd445e0.rlib" "/opt/rustwide/target/debug/deps/libwant-751c04441b3dc539.rlib" "/opt/rustwide/target/debug/deps/libtry_lock-bcd858d644546236.rlib" "/opt/rustwide/target/debug/deps/libhttparse-463bd4a7f2c72ba2.rlib" "/opt/rustwide/target/debug/deps/libh2-a36d51936c669fed.rlib" "/opt/rustwide/target/debug/deps/libindexmap-483d6a6f45855717.rlib" "/opt/rustwide/target/debug/deps/libhashbrown-14a936eea4e6bab4.rlib" "/opt/rustwide/target/debug/deps/libtokio_util-a3364705d5db1b7a.rlib" "/opt/rustwide/target/debug/deps/libtower_service-6e0b9a8ac2b0d4d0.rlib" "/opt/rustwide/target/debug/deps/libtracing-903e8b35f94bbd34.rlib" "/opt/rustwide/target/debug/deps/libtracing_core-420c8912b6569db3.rlib" "/opt/rustwide/target/debug/deps/libonce_cell-4515fa40a5ce4b0c.rlib" "/opt/rustwide/target/debug/deps/libfutures_util-ba49ab9e28235261.rlib" "/opt/rustwide/target/debug/deps/libmemchr-f4ebff342237ab92.rlib" "/opt/rustwide/target/debug/deps/libfutures_io-d4a990e19af7fc59.rlib" "/opt/rustwide/target/debug/deps/libslab-7f8e952f3c0ab3c4.rlib" "/opt/rustwide/target/debug/deps/libfutures_channel-fa286582a719523c.rlib" "/opt/rustwide/target/debug/deps/libfutures_sink-443c30cbd423d6ef.rlib" "/opt/rustwide/target/debug/deps/libfutures_task-34a0ee1d6c1607f4.rlib" "/opt/rustwide/target/debug/deps/libpin_utils-501725f4e360d46d.rlib" "/opt/rustwide/target/debug/deps/libtokio-e294ff29eb7ddcc2.rlib" "/opt/rustwide/target/debug/deps/libnum_cpus-f4115bed07ed9459.rlib" "/opt/rustwide/target/debug/deps/libsocket2-1b0387b73112eaa4.rlib" "/opt/rustwide/target/debug/deps/libmio-a099621ab0d03a62.rlib" "/opt/rustwide/target/debug/deps/libhttp_body-4061b89499f36d44.rlib" "/opt/rustwide/target/debug/deps/libpin_project_lite-3a747526c5b5aadd.rlib" "/opt/rustwide/target/debug/deps/liblog-6f3e788ba8b980aa.rlib" "/opt/rustwide/target/debug/deps/libcfg_if-97437e183f3ae6e4.rlib" "/opt/rustwide/target/debug/deps/libfutures_core-63bdc54a682e7df4.rlib" "/opt/rustwide/target/debug/deps/liburl-d94be37c9a9a891b.rlib" "/opt/rustwide/target/debug/deps/libidna-03b9880e1a6c6c5a.rlib" "/opt/rustwide/target/debug/deps/libunicode_normalization-b37b8c0875a4acb3.rlib" "/opt/rustwide/target/debug/deps/libtinyvec-7b8097d45487fe96.rlib" "/opt/rustwide/target/debug/deps/libtinyvec_macros-ece230c108b3ca46.rlib" "/opt/rustwide/target/debug/deps/libunicode_bidi-ea0067a9d9ceb7ae.rlib" "/opt/rustwide/target/debug/deps/libform_urlencoded-c6dce5f233f9dc81.rlib" "/opt/rustwide/target/debug/deps/libpercent_encoding-4a77b5e8a25d80c2.rlib" "/opt/rustwide/target/debug/deps/libhttp-df05c4d3a64fcb1b.rlib" "/opt/rustwide/target/debug/deps/libitoa-ef51536650fd4ae2.rlib" "/opt/rustwide/target/debug/deps/libbytes-ae855e71327d1b48.rlib" "/opt/rustwide/target/debug/deps/libfnv-bb690c336855f248.rlib" "/opt/rustwide/target/debug/deps/libchrono-b81622da92196194.rlib" "/opt/rustwide/target/debug/deps/libiana_time_zone-29119b9b08c3b17e.rlib" "/opt/rustwide/target/debug/deps/libnum_integer-3ba3560339fcf9fe.rlib" "/opt/rustwide/target/debug/deps/libnum_traits-368984609aea6d60.rlib" "/opt/rustwide/target/debug/deps/libtime-3487bd5840a6d6d7.rlib" "/opt/rustwide/target/debug/deps/liblibc-437468c9c78eaf61.rlib" "/opt/rustwide/rustup-home/toolchains/beta-2023-04-20-x86_64-unknown-linux-gnu/lib/rustlib/x86_64-unknown-linux-gnu/lib/libstd-0e29cc23c5e02021.rlib" "/opt/rustwide/rustup-home/toolchains/beta-2023-04-20-x86_64-unknown-linux-gnu/lib/rustlib/x86_64-unknown-linux-gnu/lib/libpanic_unwind-d903621768a861d9.rlib" "/opt/rustwide/rustup-home/toolchains/beta-2023-04-20-x86_64-unknown-linux-gnu/lib/rustlib/x86_64-unknown-linux-gnu/lib/libobject-6d0225e655f31c13.rlib" "/opt/rustwide/rustup-home/toolchains/beta-2023-04-20-x86_64-unknown-linux-gnu/lib/rustlib/x86_64-unknown-linux-gnu/lib/libmemchr-9dbaf4eac7eaa079.rlib" "/opt/rustwide/rustup-home/toolchains/beta-2023-04-20-x86_64-unknown-linux-gnu/lib/rustlib/x86_64-unknown-linux-gnu/lib/libaddr2line-27f05b3d42a66dd0.rlib" "/opt/rustwide/rustup-home/toolchains/beta-2023-04-20-x86_64-unknown-linux-gnu/lib/rustlib/x86_64-unknown-linux-gnu/lib/libgimli-4d73f1030321c9a2.rlib" "/opt/rustwide/rustup-home/toolchains/beta-2023-04-20-x86_64-unknown-linux-gnu/lib/rustlib/x86_64-unknown-linux-gnu/lib/librustc_demangle-2846c9e58abd0acb.rlib" "/opt/rustwide/rustup-home/toolchains/beta-2023-04-20-x86_64-unknown-linux-gnu/lib/rustlib/x86_64-unknown-linux-gnu/lib/libstd_detect-a53d0f50415947be.rlib" "/opt/rustwide/rustup-home/toolchains/beta-2023-04-20-x86_64-unknown-linux-gnu/lib/rustlib/x86_64-unknown-linux-gnu/lib/libhashbrown-d48e4b6abc25b9dc.rlib" "/opt/rustwide/rustup-home/toolchains/beta-2023-04-20-x86_64-unknown-linux-gnu/lib/rustlib/x86_64-unknown-linux-gnu/lib/libminiz_oxide-2991859439ef1207.rlib" "/opt/rustwide/rustup-home/toolchains/beta-2023-04-20-x86_64-unknown-linux-gnu/lib/rustlib/x86_64-unknown-linux-gnu/lib/libadler-8a687517e4221bae.rlib" "/opt/rustwide/rustup-home/toolchains/beta-2023-04-20-x86_64-unknown-linux-gnu/lib/rustlib/x86_64-unknown-linux-gnu/lib/librustc_std_workspace_alloc-e07b554f6a67f5b3.rlib" "/opt/rustwide/rustup-home/toolchains/beta-2023-04-20-x86_64-unknown-linux-gnu/lib/rustlib/x86_64-unknown-linux-gnu/lib/libunwind-b68238b7c3c619dd.rlib" "/opt/rustwide/rustup-home/toolchains/beta-2023-04-20-x86_64-unknown-linux-gnu/lib/rustlib/x86_64-unknown-linux-gnu/lib/libcfg_if-d5e213e896c017e4.rlib" "/opt/rustwide/rustup-home/toolchains/beta-2023-04-20-x86_64-unknown-linux-gnu/lib/rustlib/x86_64-unknown-linux-gnu/lib/liblibc-0211a3b2e61d8689.rlib" "/opt/rustwide/rustup-home/toolchains/beta-2023-04-20-x86_64-unknown-linux-gnu/lib/rustlib/x86_64-unknown-linux-gnu/lib/liballoc-b371f055239ba51f.rlib" "/opt/rustwide/rustup-home/toolchains/beta-2023-04-20-x86_64-unknown-linux-gnu/lib/rustlib/x86_64-unknown-linux-gnu/lib/librustc_std_workspace_core-e60518d2760eb01e.rlib" "/opt/rustwide/rustup-home/toolchains/beta-2023-04-20-x86_64-unknown-linux-gnu/lib/rustlib/x86_64-unknown-linux-gnu/lib/libcore-1ad943f92a4b1081.rlib" "/opt/rustwide/rustup-home/toolchains/beta-2023-04-20-x86_64-unknown-linux-gnu/lib/rustlib/x86_64-unknown-linux-gnu/lib/libcompiler_builtins-f0d6e4d0fc1e80b4.rlib" "-Wl,-Bdynamic" "-lssl" "-lcrypto" "-lgcc_s" "-lutil" "-lrt" "-lpthread" "-lm" "-ldl" "-lc" "-Wl,--eh-frame-hdr" "-Wl,-z,noexecstack" "-L" "/opt/rustwide/rustup-home/toolchains/beta-2023-04-20-x86_64-unknown-linux-gnu/lib/rustlib/x86_64-unknown-linux-gnu/lib" "-o" "/opt/rustwide/target/debug/examples/parse_xml-e0596d77e32fccfb" "-Wl,--gc-sections" "-pie" "-Wl,-z,relro,-z,now" "-nodefaultlibs"
[INFO] [stdout]   = note: collect2: fatal error: ld terminated with signal 9 [Killed]
[INFO] [stdout]           compilation terminated.
[INFO] [stdout]           
[INFO] [stdout] 
[INFO] [stdout] 
[INFO] [stdout] error: aborting due to previous error
[INFO] [stdout] 
[INFO] [stdout] 
[INFO] [stderr] error: could not compile `aliyun-oss-client` (example "parse_xml") due to 2 previous errors
[INFO] [stdout] error: linking with `cc` failed: exit status: 1
[INFO] [stdout]   |
[INFO] [stdout]   = note: LC_ALL="C" PATH="/opt/rustwide/rustup-home/toolchains/beta-2023-04-20-x86_64-unknown-linux-gnu/lib/rustlib/x86_64-unknown-linux-gnu/bin:/opt/rustwide/cargo-home/bin:/usr/local/sbin:/usr/local/bin:/usr/sbin:/usr/bin:/sbin:/bin" VSLANG="1033" "cc" "-m64" "/tmp/rustcMhhtmK/symbols.o" "/opt/rustwide/target/debug/examples/head_object-5bcc49c6aec371a2.head_object.38a9f17e-cgu.0.rcgu.o" "/opt/rustwide/target/debug/examples/head_object-5bcc49c6aec371a2.head_object.38a9f17e-cgu.1.rcgu.o" "/opt/rustwide/target/debug/examples/head_object-5bcc49c6aec371a2.head_object.38a9f17e-cgu.10.rcgu.o" "/opt/rustwide/target/debug/examples/head_object-5bcc49c6aec371a2.head_object.38a9f17e-cgu.11.rcgu.o" "/opt/rustwide/target/debug/examples/head_object-5bcc49c6aec371a2.head_object.38a9f17e-cgu.12.rcgu.o" "/opt/rustwide/target/debug/examples/head_object-5bcc49c6aec371a2.head_object.38a9f17e-cgu.13.rcgu.o" "/opt/rustwide/target/debug/examples/head_object-5bcc49c6aec371a2.head_object.38a9f17e-cgu.14.rcgu.o" "/opt/rustwide/target/debug/examples/head_object-5bcc49c6aec371a2.head_object.38a9f17e-cgu.15.rcgu.o" "/opt/rustwide/target/debug/examples/head_object-5bcc49c6aec371a2.head_object.38a9f17e-cgu.2.rcgu.o" "/opt/rustwide/target/debug/examples/head_object-5bcc49c6aec371a2.head_object.38a9f17e-cgu.3.rcgu.o" "/opt/rustwide/target/debug/examples/head_object-5bcc49c6aec371a2.head_object.38a9f17e-cgu.4.rcgu.o" "/opt/rustwide/target/debug/examples/head_object-5bcc49c6aec371a2.head_object.38a9f17e-cgu.5.rcgu.o" "/opt/rustwide/target/debug/examples/head_object-5bcc49c6aec371a2.head_object.38a9f17e-cgu.6.rcgu.o" "/opt/rustwide/target/debug/examples/head_object-5bcc49c6aec371a2.head_object.38a9f17e-cgu.7.rcgu.o" "/opt/rustwide/target/debug/examples/head_object-5bcc49c6aec371a2.head_object.38a9f17e-cgu.8.rcgu.o" "/opt/rustwide/target/debug/examples/head_object-5bcc49c6aec371a2.head_object.38a9f17e-cgu.9.rcgu.o" "/opt/rustwide/target/debug/examples/head_object-5bcc49c6aec371a2.4swl1dpm0xj8jz1c.rcgu.o" "-Wl,--as-needed" "-L" "/opt/rustwide/target/debug/deps" "-L" "/opt/rustwide/rustup-home/toolchains/beta-2023-04-20-x86_64-unknown-linux-gnu/lib/rustlib/x86_64-unknown-linux-gnu/lib" "-Wl,-Bstatic" "/opt/rustwide/target/debug/deps/libdotenv-125f133611da0722.rlib" "/opt/rustwide/target/debug/deps/libaliyun_oss_client-408eb86d688a1e03.rlib" "/opt/rustwide/target/debug/deps/libquick_xml-b6ef4b1078a854dc.rlib" "/opt/rustwide/target/debug/deps/libthiserror-ea25184d645ab08d.rlib" "/opt/rustwide/target/debug/deps/libinfer-682ee605d4a23454.rlib" "/opt/rustwide/target/debug/deps/libcfb-ff376f2484d7d21a.rlib" "/opt/rustwide/target/debug/deps/libuuid-e92c1f3500e38168.rlib" "/opt/rustwide/target/debug/deps/libbyteorder-614d7e4e7f7903e2.rlib" "/opt/rustwide/target/debug/deps/libasync_stream-3c5f351b706cf4cb.rlib" "/opt/rustwide/target/debug/deps/libsha1-c7e136ce95dc6307.rlib" "/opt/rustwide/target/debug/deps/libcpufeatures-0f0110a80264e9a3.rlib" "/opt/rustwide/target/debug/deps/libhmac-9383effaca7ff2c8.rlib" "/opt/rustwide/target/debug/deps/libdigest-9cbc7d6ef62c59ea.rlib" "/opt/rustwide/target/debug/deps/libsubtle-0ca152887405db79.rlib" "/opt/rustwide/target/debug/deps/libblock_buffer-ead7ac24cb8f6816.rlib" "/opt/rustwide/target/debug/deps/libcrypto_common-ec1c12c6914c72dd.rlib" "/opt/rustwide/target/debug/deps/libgeneric_array-adc66a5ae99496bf.rlib" "/opt/rustwide/target/debug/deps/libtypenum-ca960b6272e61653.rlib" "/opt/rustwide/target/debug/deps/libbase64-12ad5cb4aa468e86.rlib" "/opt/rustwide/target/debug/deps/libreqwest-05c1341c6cd6f779.rlib" "/opt/rustwide/target/debug/deps/libhyper_tls-f61c26c1fea7e695.rlib" "/opt/rustwide/target/debug/deps/libserde_urlencoded-d1cca32bf042ef82.rlib" "/opt/rustwide/target/debug/deps/libryu-b5fa14faef1dcf3b.rlib" "/opt/rustwide/target/debug/deps/libbase64-1d8778d69d34a396.rlib" "/opt/rustwide/target/debug/deps/libipnet-c447aff94ce34889.rlib" "/opt/rustwide/target/debug/deps/libtokio_native_tls-a2aa39eabc0d06ab.rlib" "/opt/rustwide/target/debug/deps/libmime-04f26b0b15f93981.rlib" "/opt/rustwide/target/debug/deps/libencoding_rs-b0d41797c1da8834.rlib" "/opt/rustwide/target/debug/deps/libserde-b7cd1e3418b5c001.rlib" "/opt/rustwide/target/debug/deps/libnative_tls-245f3a17195966b2.rlib" "/opt/rustwide/target/debug/deps/libopenssl_probe-361016bdcb077fee.rlib" "/opt/rustwide/target/debug/deps/libopenssl-396914b41c49917e.rlib" "/opt/rustwide/target/debug/deps/libbitflags-610a73087f46ba3b.rlib" "/opt/rustwide/target/debug/deps/libforeign_types-3138d685ddde873e.rlib" "/opt/rustwide/target/debug/deps/libforeign_types_shared-1df85ef0ce08cbc3.rlib" "/opt/rustwide/target/debug/deps/libopenssl_sys-ae4a74adbee44cd7.rlib" "/opt/rustwide/target/debug/deps/libhyper-437d31c25bd445e0.rlib" "/opt/rustwide/target/debug/deps/libwant-751c04441b3dc539.rlib" "/opt/rustwide/target/debug/deps/libtry_lock-bcd858d644546236.rlib" "/opt/rustwide/target/debug/deps/libhttparse-463bd4a7f2c72ba2.rlib" "/opt/rustwide/target/debug/deps/libh2-a36d51936c669fed.rlib" "/opt/rustwide/target/debug/deps/libindexmap-483d6a6f45855717.rlib" "/opt/rustwide/target/debug/deps/libhashbrown-14a936eea4e6bab4.rlib" "/opt/rustwide/target/debug/deps/libtokio_util-a3364705d5db1b7a.rlib" "/opt/rustwide/target/debug/deps/libtower_service-6e0b9a8ac2b0d4d0.rlib" "/opt/rustwide/target/debug/deps/libtracing-903e8b35f94bbd34.rlib" "/opt/rustwide/target/debug/deps/libtracing_core-420c8912b6569db3.rlib" "/opt/rustwide/target/debug/deps/libonce_cell-4515fa40a5ce4b0c.rlib" "/opt/rustwide/target/debug/deps/libfutures_util-ba49ab9e28235261.rlib" "/opt/rustwide/target/debug/deps/libmemchr-f4ebff342237ab92.rlib" "/opt/rustwide/target/debug/deps/libfutures_io-d4a990e19af7fc59.rlib" "/opt/rustwide/target/debug/deps/libslab-7f8e952f3c0ab3c4.rlib" "/opt/rustwide/target/debug/deps/libfutures_channel-fa286582a719523c.rlib" "/opt/rustwide/target/debug/deps/libfutures_sink-443c30cbd423d6ef.rlib" "/opt/rustwide/target/debug/deps/libfutures_task-34a0ee1d6c1607f4.rlib" "/opt/rustwide/target/debug/deps/libpin_utils-501725f4e360d46d.rlib" "/opt/rustwide/target/debug/deps/libtokio-e294ff29eb7ddcc2.rlib" "/opt/rustwide/target/debug/deps/libnum_cpus-f4115bed07ed9459.rlib" "/opt/rustwide/target/debug/deps/libsocket2-1b0387b73112eaa4.rlib" "/opt/rustwide/target/debug/deps/libmio-a099621ab0d03a62.rlib" "/opt/rustwide/target/debug/deps/libhttp_body-4061b89499f36d44.rlib" "/opt/rustwide/target/debug/deps/libpin_project_lite-3a747526c5b5aadd.rlib" "/opt/rustwide/target/debug/deps/liblog-6f3e788ba8b980aa.rlib" "/opt/rustwide/target/debug/deps/libcfg_if-97437e183f3ae6e4.rlib" "/opt/rustwide/target/debug/deps/libfutures_core-63bdc54a682e7df4.rlib" "/opt/rustwide/target/debug/deps/liburl-d94be37c9a9a891b.rlib" "/opt/rustwide/target/debug/deps/libidna-03b9880e1a6c6c5a.rlib" "/opt/rustwide/target/debug/deps/libunicode_normalization-b37b8c0875a4acb3.rlib" "/opt/rustwide/target/debug/deps/libtinyvec-7b8097d45487fe96.rlib" "/opt/rustwide/target/debug/deps/libtinyvec_macros-ece230c108b3ca46.rlib" "/opt/rustwide/target/debug/deps/libunicode_bidi-ea0067a9d9ceb7ae.rlib" "/opt/rustwide/target/debug/deps/libform_urlencoded-c6dce5f233f9dc81.rlib" "/opt/rustwide/target/debug/deps/libpercent_encoding-4a77b5e8a25d80c2.rlib" "/opt/rustwide/target/debug/deps/libhttp-df05c4d3a64fcb1b.rlib" "/opt/rustwide/target/debug/deps/libitoa-ef51536650fd4ae2.rlib" "/opt/rustwide/target/debug/deps/libbytes-ae855e71327d1b48.rlib" "/opt/rustwide/target/debug/deps/libfnv-bb690c336855f248.rlib" "/opt/rustwide/target/debug/deps/libchrono-b81622da92196194.rlib" "/opt/rustwide/target/debug/deps/libiana_time_zone-29119b9b08c3b17e.rlib" "/opt/rustwide/target/debug/deps/libnum_integer-3ba3560339fcf9fe.rlib" "/opt/rustwide/target/debug/deps/libnum_traits-368984609aea6d60.rlib" "/opt/rustwide/target/debug/deps/libtime-3487bd5840a6d6d7.rlib" "/opt/rustwide/target/debug/deps/liblibc-437468c9c78eaf61.rlib" "/opt/rustwide/rustup-home/toolchains/beta-2023-04-20-x86_64-unknown-linux-gnu/lib/rustlib/x86_64-unknown-linux-gnu/lib/libstd-0e29cc23c5e02021.rlib" "/opt/rustwide/rustup-home/toolchains/beta-2023-04-20-x86_64-unknown-linux-gnu/lib/rustlib/x86_64-unknown-linux-gnu/lib/libpanic_unwind-d903621768a861d9.rlib" "/opt/rustwide/rustup-home/toolchains/beta-2023-04-20-x86_64-unknown-linux-gnu/lib/rustlib/x86_64-unknown-linux-gnu/lib/libobject-6d0225e655f31c13.rlib" "/opt/rustwide/rustup-home/toolchains/beta-2023-04-20-x86_64-unknown-linux-gnu/lib/rustlib/x86_64-unknown-linux-gnu/lib/libmemchr-9dbaf4eac7eaa079.rlib" "/opt/rustwide/rustup-home/toolchains/beta-2023-04-20-x86_64-unknown-linux-gnu/lib/rustlib/x86_64-unknown-linux-gnu/lib/libaddr2line-27f05b3d42a66dd0.rlib" "/opt/rustwide/rustup-home/toolchains/beta-2023-04-20-x86_64-unknown-linux-gnu/lib/rustlib/x86_64-unknown-linux-gnu/lib/libgimli-4d73f1030321c9a2.rlib" "/opt/rustwide/rustup-home/toolchains/beta-2023-04-20-x86_64-unknown-linux-gnu/lib/rustlib/x86_64-unknown-linux-gnu/lib/librustc_demangle-2846c9e58abd0acb.rlib" "/opt/rustwide/rustup-home/toolchains/beta-2023-04-20-x86_64-unknown-linux-gnu/lib/rustlib/x86_64-unknown-linux-gnu/lib/libstd_detect-a53d0f50415947be.rlib" "/opt/rustwide/rustup-home/toolchains/beta-2023-04-20-x86_64-unknown-linux-gnu/lib/rustlib/x86_64-unknown-linux-gnu/lib/libhashbrown-d48e4b6abc25b9dc.rlib" "/opt/rustwide/rustup-home/toolchains/beta-2023-04-20-x86_64-unknown-linux-gnu/lib/rustlib/x86_64-unknown-linux-gnu/lib/libminiz_oxide-2991859439ef1207.rlib" "/opt/rustwide/rustup-home/toolchains/beta-2023-04-20-x86_64-unknown-linux-gnu/lib/rustlib/x86_64-unknown-linux-gnu/lib/libadler-8a687517e4221bae.rlib" "/opt/rustwide/rustup-home/toolchains/beta-2023-04-20-x86_64-unknown-linux-gnu/lib/rustlib/x86_64-unknown-linux-gnu/lib/librustc_std_workspace_alloc-e07b554f6a67f5b3.rlib" "/opt/rustwide/rustup-home/toolchains/beta-2023-04-20-x86_64-unknown-linux-gnu/lib/rustlib/x86_64-unknown-linux-gnu/lib/libunwind-b68238b7c3c619dd.rlib" "/opt/rustwide/rustup-home/toolchains/beta-2023-04-20-x86_64-unknown-linux-gnu/lib/rustlib/x86_64-unknown-linux-gnu/lib/libcfg_if-d5e213e896c017e4.rlib" "/opt/rustwide/rustup-home/toolchains/beta-2023-04-20-x86_64-unknown-linux-gnu/lib/rustlib/x86_64-unknown-linux-gnu/lib/liblibc-0211a3b2e61d8689.rlib" "/opt/rustwide/rustup-home/toolchains/beta-2023-04-20-x86_64-unknown-linux-gnu/lib/rustlib/x86_64-unknown-linux-gnu/lib/liballoc-b371f055239ba51f.rlib" "/opt/rustwide/rustup-home/toolchains/beta-2023-04-20-x86_64-unknown-linux-gnu/lib/rustlib/x86_64-unknown-linux-gnu/lib/librustc_std_workspace_core-e60518d2760eb01e.rlib" "/opt/rustwide/rustup-home/toolchains/beta-2023-04-20-x86_64-unknown-linux-gnu/lib/rustlib/x86_64-unknown-linux-gnu/lib/libcore-1ad943f92a4b1081.rlib" "/opt/rustwide/rustup-home/toolchains/beta-2023-04-20-x86_64-unknown-linux-gnu/lib/rustlib/x86_64-unknown-linux-gnu/lib/libcompiler_builtins-f0d6e4d0fc1e80b4.rlib" "-Wl,-Bdynamic" "-lssl" "-lcrypto" "-lgcc_s" "-lutil" "-lrt" "-lpthread" "-lm" "-ldl" "-lc" "-Wl,--eh-frame-hdr" "-Wl,-z,noexecstack" "-L" "/opt/rustwide/rustup-home/toolchains/beta-2023-04-20-x86_64-unknown-linux-gnu/lib/rustlib/x86_64-unknown-linux-gnu/lib" "-o" "/opt/rustwide/target/debug/examples/head_object-5bcc49c6aec371a2" "-Wl,--gc-sections" "-pie" "-Wl,-z,relro,-z,now" "-nodefaultlibs"
[INFO] [stdout]   = note: collect2: fatal error: ld terminated with signal 9 [Killed]
[INFO] [stdout]           compilation terminated.
[INFO] [stdout]           
[INFO] [stdout] 
[INFO] [stdout] 
[INFO] [stdout] error: aborting due to previous error
[INFO] [stdout] 
[INFO] [stdout] 
[INFO] [stderr] error: could not compile `aliyun-oss-client` (example "head_object") due to 2 previous errors
[INFO] [stdout] error: linking with `cc` failed: exit status: 1
[INFO] [stdout]   |
[INFO] [stdout]   = note: LC_ALL="C" PATH="/opt/rustwide/rustup-home/toolchains/beta-2023-04-20-x86_64-unknown-linux-gnu/lib/rustlib/x86_64-unknown-linux-gnu/bin:/opt/rustwide/cargo-home/bin:/usr/local/sbin:/usr/local/bin:/usr/sbin:/usr/bin:/sbin:/bin" VSLANG="1033" "cc" "-m64" "/tmp/rustczwQ0V0/symbols.o" "/opt/rustwide/target/debug/examples/files-42fb6fe3c4d64327.files.24d0e8ba-cgu.0.rcgu.o" "/opt/rustwide/target/debug/examples/files-42fb6fe3c4d64327.files.24d0e8ba-cgu.1.rcgu.o" "/opt/rustwide/target/debug/examples/files-42fb6fe3c4d64327.files.24d0e8ba-cgu.10.rcgu.o" "/opt/rustwide/target/debug/examples/files-42fb6fe3c4d64327.files.24d0e8ba-cgu.11.rcgu.o" "/opt/rustwide/target/debug/examples/files-42fb6fe3c4d64327.files.24d0e8ba-cgu.12.rcgu.o" "/opt/rustwide/target/debug/examples/files-42fb6fe3c4d64327.files.24d0e8ba-cgu.13.rcgu.o" "/opt/rustwide/target/debug/examples/files-42fb6fe3c4d64327.files.24d0e8ba-cgu.14.rcgu.o" "/opt/rustwide/target/debug/examples/files-42fb6fe3c4d64327.files.24d0e8ba-cgu.15.rcgu.o" "/opt/rustwide/target/debug/examples/files-42fb6fe3c4d64327.files.24d0e8ba-cgu.2.rcgu.o" "/opt/rustwide/target/debug/examples/files-42fb6fe3c4d64327.files.24d0e8ba-cgu.3.rcgu.o" "/opt/rustwide/target/debug/examples/files-42fb6fe3c4d64327.files.24d0e8ba-cgu.4.rcgu.o" "/opt/rustwide/target/debug/examples/files-42fb6fe3c4d64327.files.24d0e8ba-cgu.5.rcgu.o" "/opt/rustwide/target/debug/examples/files-42fb6fe3c4d64327.files.24d0e8ba-cgu.6.rcgu.o" "/opt/rustwide/target/debug/examples/files-42fb6fe3c4d64327.files.24d0e8ba-cgu.7.rcgu.o" "/opt/rustwide/target/debug/examples/files-42fb6fe3c4d64327.files.24d0e8ba-cgu.8.rcgu.o" "/opt/rustwide/target/debug/examples/files-42fb6fe3c4d64327.files.24d0e8ba-cgu.9.rcgu.o" "/opt/rustwide/target/debug/examples/files-42fb6fe3c4d64327.40xozzaqzep4208w.rcgu.o" "-Wl,--as-needed" "-L" "/opt/rustwide/target/debug/deps" "-L" "/opt/rustwide/rustup-home/toolchains/beta-2023-04-20-x86_64-unknown-linux-gnu/lib/rustlib/x86_64-unknown-linux-gnu/lib" "-Wl,-Bstatic" "/opt/rustwide/target/debug/deps/libdotenv-125f133611da0722.rlib" "/opt/rustwide/target/debug/deps/libaliyun_oss_client-408eb86d688a1e03.rlib" "/opt/rustwide/target/debug/deps/libquick_xml-b6ef4b1078a854dc.rlib" "/opt/rustwide/target/debug/deps/libthiserror-ea25184d645ab08d.rlib" "/opt/rustwide/target/debug/deps/libinfer-682ee605d4a23454.rlib" "/opt/rustwide/target/debug/deps/libcfb-ff376f2484d7d21a.rlib" "/opt/rustwide/target/debug/deps/libuuid-e92c1f3500e38168.rlib" "/opt/rustwide/target/debug/deps/libbyteorder-614d7e4e7f7903e2.rlib" "/opt/rustwide/target/debug/deps/libasync_stream-3c5f351b706cf4cb.rlib" "/opt/rustwide/target/debug/deps/libsha1-c7e136ce95dc6307.rlib" "/opt/rustwide/target/debug/deps/libcpufeatures-0f0110a80264e9a3.rlib" "/opt/rustwide/target/debug/deps/libhmac-9383effaca7ff2c8.rlib" "/opt/rustwide/target/debug/deps/libdigest-9cbc7d6ef62c59ea.rlib" "/opt/rustwide/target/debug/deps/libsubtle-0ca152887405db79.rlib" "/opt/rustwide/target/debug/deps/libblock_buffer-ead7ac24cb8f6816.rlib" "/opt/rustwide/target/debug/deps/libcrypto_common-ec1c12c6914c72dd.rlib" "/opt/rustwide/target/debug/deps/libgeneric_array-adc66a5ae99496bf.rlib" "/opt/rustwide/target/debug/deps/libtypenum-ca960b6272e61653.rlib" "/opt/rustwide/target/debug/deps/libbase64-12ad5cb4aa468e86.rlib" "/opt/rustwide/target/debug/deps/libreqwest-05c1341c6cd6f779.rlib" "/opt/rustwide/target/debug/deps/libhyper_tls-f61c26c1fea7e695.rlib" "/opt/rustwide/target/debug/deps/libserde_urlencoded-d1cca32bf042ef82.rlib" "/opt/rustwide/target/debug/deps/libryu-b5fa14faef1dcf3b.rlib" "/opt/rustwide/target/debug/deps/libbase64-1d8778d69d34a396.rlib" "/opt/rustwide/target/debug/deps/libipnet-c447aff94ce34889.rlib" "/opt/rustwide/target/debug/deps/libtokio_native_tls-a2aa39eabc0d06ab.rlib" "/opt/rustwide/target/debug/deps/libmime-04f26b0b15f93981.rlib" "/opt/rustwide/target/debug/deps/libencoding_rs-b0d41797c1da8834.rlib" "/opt/rustwide/target/debug/deps/libserde-b7cd1e3418b5c001.rlib" "/opt/rustwide/target/debug/deps/libnative_tls-245f3a17195966b2.rlib" "/opt/rustwide/target/debug/deps/libopenssl_probe-361016bdcb077fee.rlib" "/opt/rustwide/target/debug/deps/libopenssl-396914b41c49917e.rlib" "/opt/rustwide/target/debug/deps/libbitflags-610a73087f46ba3b.rlib" "/opt/rustwide/target/debug/deps/libforeign_types-3138d685ddde873e.rlib" "/opt/rustwide/target/debug/deps/libforeign_types_shared-1df85ef0ce08cbc3.rlib" "/opt/rustwide/target/debug/deps/libopenssl_sys-ae4a74adbee44cd7.rlib" "/opt/rustwide/target/debug/deps/libhyper-437d31c25bd445e0.rlib" "/opt/rustwide/target/debug/deps/libwant-751c04441b3dc539.rlib" "/opt/rustwide/target/debug/deps/libtry_lock-bcd858d644546236.rlib" "/opt/rustwide/target/debug/deps/libhttparse-463bd4a7f2c72ba2.rlib" "/opt/rustwide/target/debug/deps/libh2-a36d51936c669fed.rlib" "/opt/rustwide/target/debug/deps/libindexmap-483d6a6f45855717.rlib" "/opt/rustwide/target/debug/deps/libhashbrown-14a936eea4e6bab4.rlib" "/opt/rustwide/target/debug/deps/libtokio_util-a3364705d5db1b7a.rlib" "/opt/rustwide/target/debug/deps/libtower_service-6e0b9a8ac2b0d4d0.rlib" "/opt/rustwide/target/debug/deps/libtracing-903e8b35f94bbd34.rlib" "/opt/rustwide/target/debug/deps/libtracing_core-420c8912b6569db3.rlib" "/opt/rustwide/target/debug/deps/libonce_cell-4515fa40a5ce4b0c.rlib" "/opt/rustwide/target/debug/deps/libfutures_util-ba49ab9e28235261.rlib" "/opt/rustwide/target/debug/deps/libmemchr-f4ebff342237ab92.rlib" "/opt/rustwide/target/debug/deps/libfutures_io-d4a990e19af7fc59.rlib" "/opt/rustwide/target/debug/deps/libslab-7f8e952f3c0ab3c4.rlib" "/opt/rustwide/target/debug/deps/libfutures_channel-fa286582a719523c.rlib" "/opt/rustwide/target/debug/deps/libfutures_sink-443c30cbd423d6ef.rlib" "/opt/rustwide/target/debug/deps/libfutures_task-34a0ee1d6c1607f4.rlib" "/opt/rustwide/target/debug/deps/libpin_utils-501725f4e360d46d.rlib" "/opt/rustwide/target/debug/deps/libtokio-e294ff29eb7ddcc2.rlib" "/opt/rustwide/target/debug/deps/libnum_cpus-f4115bed07ed9459.rlib" "/opt/rustwide/target/debug/deps/libsocket2-1b0387b73112eaa4.rlib" "/opt/rustwide/target/debug/deps/libmio-a099621ab0d03a62.rlib" "/opt/rustwide/target/debug/deps/libhttp_body-4061b89499f36d44.rlib" "/opt/rustwide/target/debug/deps/libpin_project_lite-3a747526c5b5aadd.rlib" "/opt/rustwide/target/debug/deps/liblog-6f3e788ba8b980aa.rlib" "/opt/rustwide/target/debug/deps/libcfg_if-97437e183f3ae6e4.rlib" "/opt/rustwide/target/debug/deps/libfutures_core-63bdc54a682e7df4.rlib" "/opt/rustwide/target/debug/deps/liburl-d94be37c9a9a891b.rlib" "/opt/rustwide/target/debug/deps/libidna-03b9880e1a6c6c5a.rlib" "/opt/rustwide/target/debug/deps/libunicode_normalization-b37b8c0875a4acb3.rlib" "/opt/rustwide/target/debug/deps/libtinyvec-7b8097d45487fe96.rlib" "/opt/rustwide/target/debug/deps/libtinyvec_macros-ece230c108b3ca46.rlib" "/opt/rustwide/target/debug/deps/libunicode_bidi-ea0067a9d9ceb7ae.rlib" "/opt/rustwide/target/debug/deps/libform_urlencoded-c6dce5f233f9dc81.rlib" "/opt/rustwide/target/debug/deps/libpercent_encoding-4a77b5e8a25d80c2.rlib" "/opt/rustwide/target/debug/deps/libhttp-df05c4d3a64fcb1b.rlib" "/opt/rustwide/target/debug/deps/libitoa-ef51536650fd4ae2.rlib" "/opt/rustwide/target/debug/deps/libbytes-ae855e71327d1b48.rlib" "/opt/rustwide/target/debug/deps/libfnv-bb690c336855f248.rlib" "/opt/rustwide/target/debug/deps/libchrono-b81622da92196194.rlib" "/opt/rustwide/target/debug/deps/libiana_time_zone-29119b9b08c3b17e.rlib" "/opt/rustwide/target/debug/deps/libnum_integer-3ba3560339fcf9fe.rlib" "/opt/rustwide/target/debug/deps/libnum_traits-368984609aea6d60.rlib" "/opt/rustwide/target/debug/deps/libtime-3487bd5840a6d6d7.rlib" "/opt/rustwide/target/debug/deps/liblibc-437468c9c78eaf61.rlib" "/opt/rustwide/rustup-home/toolchains/beta-2023-04-20-x86_64-unknown-linux-gnu/lib/rustlib/x86_64-unknown-linux-gnu/lib/libstd-0e29cc23c5e02021.rlib" "/opt/rustwide/rustup-home/toolchains/beta-2023-04-20-x86_64-unknown-linux-gnu/lib/rustlib/x86_64-unknown-linux-gnu/lib/libpanic_unwind-d903621768a861d9.rlib" "/opt/rustwide/rustup-home/toolchains/beta-2023-04-20-x86_64-unknown-linux-gnu/lib/rustlib/x86_64-unknown-linux-gnu/lib/libobject-6d0225e655f31c13.rlib" "/opt/rustwide/rustup-home/toolchains/beta-2023-04-20-x86_64-unknown-linux-gnu/lib/rustlib/x86_64-unknown-linux-gnu/lib/libmemchr-9dbaf4eac7eaa079.rlib" "/opt/rustwide/rustup-home/toolchains/beta-2023-04-20-x86_64-unknown-linux-gnu/lib/rustlib/x86_64-unknown-linux-gnu/lib/libaddr2line-27f05b3d42a66dd0.rlib" "/opt/rustwide/rustup-home/toolchains/beta-2023-04-20-x86_64-unknown-linux-gnu/lib/rustlib/x86_64-unknown-linux-gnu/lib/libgimli-4d73f1030321c9a2.rlib" "/opt/rustwide/rustup-home/toolchains/beta-2023-04-20-x86_64-unknown-linux-gnu/lib/rustlib/x86_64-unknown-linux-gnu/lib/librustc_demangle-2846c9e58abd0acb.rlib" "/opt/rustwide/rustup-home/toolchains/beta-2023-04-20-x86_64-unknown-linux-gnu/lib/rustlib/x86_64-unknown-linux-gnu/lib/libstd_detect-a53d0f50415947be.rlib" "/opt/rustwide/rustup-home/toolchains/beta-2023-04-20-x86_64-unknown-linux-gnu/lib/rustlib/x86_64-unknown-linux-gnu/lib/libhashbrown-d48e4b6abc25b9dc.rlib" "/opt/rustwide/rustup-home/toolchains/beta-2023-04-20-x86_64-unknown-linux-gnu/lib/rustlib/x86_64-unknown-linux-gnu/lib/libminiz_oxide-2991859439ef1207.rlib" "/opt/rustwide/rustup-home/toolchains/beta-2023-04-20-x86_64-unknown-linux-gnu/lib/rustlib/x86_64-unknown-linux-gnu/lib/libadler-8a687517e4221bae.rlib" "/opt/rustwide/rustup-home/toolchains/beta-2023-04-20-x86_64-unknown-linux-gnu/lib/rustlib/x86_64-unknown-linux-gnu/lib/librustc_std_workspace_alloc-e07b554f6a67f5b3.rlib" "/opt/rustwide/rustup-home/toolchains/beta-2023-04-20-x86_64-unknown-linux-gnu/lib/rustlib/x86_64-unknown-linux-gnu/lib/libunwind-b68238b7c3c619dd.rlib" "/opt/rustwide/rustup-home/toolchains/beta-2023-04-20-x86_64-unknown-linux-gnu/lib/rustlib/x86_64-unknown-linux-gnu/lib/libcfg_if-d5e213e896c017e4.rlib" "/opt/rustwide/rustup-home/toolchains/beta-2023-04-20-x86_64-unknown-linux-gnu/lib/rustlib/x86_64-unknown-linux-gnu/lib/liblibc-0211a3b2e61d8689.rlib" "/opt/rustwide/rustup-home/toolchains/beta-2023-04-20-x86_64-unknown-linux-gnu/lib/rustlib/x86_64-unknown-linux-gnu/lib/liballoc-b371f055239ba51f.rlib" "/opt/rustwide/rustup-home/toolchains/beta-2023-04-20-x86_64-unknown-linux-gnu/lib/rustlib/x86_64-unknown-linux-gnu/lib/librustc_std_workspace_core-e60518d2760eb01e.rlib" "/opt/rustwide/rustup-home/toolchains/beta-2023-04-20-x86_64-unknown-linux-gnu/lib/rustlib/x86_64-unknown-linux-gnu/lib/libcore-1ad943f92a4b1081.rlib" "/opt/rustwide/rustup-home/toolchains/beta-2023-04-20-x86_64-unknown-linux-gnu/lib/rustlib/x86_64-unknown-linux-gnu/lib/libcompiler_builtins-f0d6e4d0fc1e80b4.rlib" "-Wl,-Bdynamic" "-lssl" "-lcrypto" "-lgcc_s" "-lutil" "-lrt" "-lpthread" "-lm" "-ldl" "-lc" "-Wl,--eh-frame-hdr" "-Wl,-z,noexecstack" "-L" "/opt/rustwide/rustup-home/toolchains/beta-2023-04-20-x86_64-unknown-linux-gnu/lib/rustlib/x86_64-unknown-linux-gnu/lib" "-o" "/opt/rustwide/target/debug/examples/files-42fb6fe3c4d64327" "-Wl,--gc-sections" "-pie" "-Wl,-z,relro,-z,now" "-nodefaultlibs"
[INFO] [stdout]   = note: collect2: fatal error: ld terminated with signal 9 [Killed]
[INFO] [stdout]           compilation terminated.
[INFO] [stdout]           
[INFO] [stdout] 
[INFO] [stdout] 
[INFO] [stdout] error: aborting due to previous error
[INFO] [stdout] 
[INFO] [stdout] 
[INFO] [stderr] error: could not compile `aliyun-oss-client` (example "files") due to 2 previous errors
[INFO] [stdout] warning: 1 warning emitted
[INFO] [stdout] 
[INFO] [stdout] 
[INFO] [stdout] warning: 1 warning emitted
[INFO] [stdout] 
[INFO] [stdout] 
[INFO] [stdout] warning: 1 warning emitted
[INFO] [stdout] 
[INFO] [stdout] 
[INFO] running `Command { std: "docker" "inspect" "739026d5567c39e4335ae44266ffd3b24457706cde3946af36be39c5b3865cd4", kill_on_drop: false }`
[INFO] running `Command { std: "docker" "rm" "-f" "739026d5567c39e4335ae44266ffd3b24457706cde3946af36be39c5b3865cd4", kill_on_drop: false }`
[INFO] [stdout] 739026d5567c39e4335ae44266ffd3b24457706cde3946af36be39c5b3865cd4
