[INFO] fetching crate alhc 0.1.2...
[INFO] testing alhc-0.1.2 against beta-2023-04-20 for beta-1.70-1
[INFO] extracting crate alhc 0.1.2 into /workspace/builds/worker-2-tc2/source
[INFO] validating manifest of crates.io crate alhc 0.1.2 on toolchain beta-2023-04-20
[INFO] running `Command { std: CARGO_HOME="/workspace/cargo-home" RUSTUP_HOME="/workspace/rustup-home" "/workspace/cargo-home/bin/cargo" "+beta-2023-04-20" "metadata" "--manifest-path" "Cargo.toml" "--no-deps", kill_on_drop: false }`
[INFO] started tweaking crates.io crate alhc 0.1.2
[INFO] finished tweaking crates.io crate alhc 0.1.2
[INFO] tweaked toml for crates.io crate alhc 0.1.2 written to /workspace/builds/worker-2-tc2/source/Cargo.toml
[INFO] crate crates.io crate alhc 0.1.2 already has a lockfile, it will not be regenerated
[INFO] running `Command { std: CARGO_HOME="/workspace/cargo-home" RUSTUP_HOME="/workspace/rustup-home" "/workspace/cargo-home/bin/cargo" "+beta-2023-04-20" "fetch" "--manifest-path" "Cargo.toml", kill_on_drop: false }`
[INFO] [stderr]     Updating crates.io index
[INFO] [stderr]  Downloading crates ...
[INFO] [stderr]   Downloaded futures-lite v1.12.0
[INFO] [stderr]   Downloaded serde v1.0.147
[INFO] [stderr]   Downloaded futures-executor v0.3.25
[INFO] [stderr]   Downloaded futures-util v0.3.25
[INFO] [stderr]   Downloaded bindgen v0.63.0
[INFO] [stderr]   Downloaded async-fs v1.6.0
[INFO] [stderr]   Downloaded clang-sys v1.4.0
[INFO] [stderr]   Downloaded peeking_take_while v0.1.2
[INFO] [stderr]   Downloaded lazycell v1.3.0
[INFO] [stderr]   Downloaded which v4.3.0
[INFO] [stderr]   Downloaded glob v0.3.0
[INFO] [stderr]   Downloaded nom v7.1.1
[INFO] [stderr]   Downloaded anyhow v1.0.66
[INFO] [stderr]   Downloaded minimal-lexical v0.2.1
[INFO] [stderr]   Downloaded regex v1.7.0
[INFO] [stderr]   Downloaded futures-io v0.3.25
[INFO] [stderr]   Downloaded libloading v0.7.4
[INFO] [stderr]   Downloaded regex-syntax v0.6.28
[INFO] [stderr]   Downloaded windows_aarch64_msvc v0.42.0
[INFO] [stderr]   Downloaded windows_aarch64_gnullvm v0.42.0
[INFO] [stderr]   Downloaded windows_i686_msvc v0.42.0
[INFO] [stderr]   Downloaded windows-sys v0.42.0
[INFO] [stderr]   Downloaded windows_i686_gnu v0.42.0
[INFO] [stderr]   Downloaded windows_x86_64_gnu v0.42.0
[INFO] [stderr]   Downloaded windows_x86_64_gnullvm v0.42.0
[INFO] [stderr]   Downloaded windows_x86_64_msvc v0.42.0
[INFO] [stderr]   Downloaded cexpr v0.6.0
[INFO] [stderr]   Downloaded futures-channel v0.3.25
[INFO] [stderr]   Downloaded futures-macro v0.3.25
[INFO] [stderr]   Downloaded futures-sink v0.3.25
[INFO] [stderr]   Downloaded socket2 v0.4.7
[INFO] [stderr]   Downloaded futures-task v0.3.25
[INFO] [stderr]   Downloaded itoa v1.0.4
[INFO] [stderr]   Downloaded ryu v1.0.11
[INFO] [stderr]   Downloaded async-channel v1.8.0
[INFO] [stderr]   Downloaded event-listener v2.5.3
[INFO] [stderr]   Downloaded blocking v1.3.0
[INFO] [stderr]   Downloaded signal-hook-registry v1.4.0
[INFO] [stderr]   Downloaded waker-fn v1.1.0
[INFO] [stderr]   Downloaded rustc-hash v1.1.0
[INFO] [stderr]   Downloaded shlex v1.1.0
[INFO] [stderr]   Downloaded serde_json v1.0.89
[INFO] [stderr]   Downloaded async-io v1.12.0
[INFO] [stderr]   Downloaded async-lock v2.6.0
[INFO] [stderr]   Downloaded pollster v0.2.5
[INFO] [stderr]   Downloaded async-executor v1.5.0
[INFO] [stderr]   Downloaded cc v1.0.77
[INFO] [stderr]   Downloaded async-net v1.7.0
[INFO] [stderr]   Downloaded wepoll-ffi v0.1.2
[INFO] [stderr]   Downloaded polling v2.5.1
[INFO] [stderr]   Downloaded signal-hook v0.3.14
[INFO] [stderr]   Downloaded async-process v1.6.0
[INFO] [stderr]   Downloaded concurrent-queue v2.0.0
[INFO] [stderr]   Downloaded async-task v4.3.0
[INFO] [stderr]   Downloaded atomic-waker v1.0.0
[INFO] [stderr]   Downloaded parking v2.0.0
[INFO] [stderr]   Downloaded slab v0.4.7
[INFO] [stderr]   Downloaded futures v0.3.25
[INFO] [stderr]   Downloaded futures-core v0.3.25
[INFO] [stderr]   Downloaded smol v1.3.0
[INFO] running `Command { std: "docker" "create" "-v" "/var/lib/crater-agent-workspace/builds/worker-2-tc2/target:/opt/rustwide/target:rw,Z" "-v" "/var/lib/crater-agent-workspace/builds/worker-2-tc2/source:/opt/rustwide/workdir:ro,Z" "-v" "/var/lib/crater-agent-workspace/cargo-home:/opt/rustwide/cargo-home:ro,Z" "-v" "/var/lib/crater-agent-workspace/rustup-home:/opt/rustwide/rustup-home:ro,Z" "-e" "SOURCE_DIR=/opt/rustwide/workdir" "-e" "CARGO_TARGET_DIR=/opt/rustwide/target" "-e" "CARGO_HOME=/opt/rustwide/cargo-home" "-e" "RUSTUP_HOME=/opt/rustwide/rustup-home" "-w" "/opt/rustwide/workdir" "-m" "1610612736" "--user" "0:0" "--network" "none" "ghcr.io/rust-lang/crates-build-env/linux@sha256:5ff2268d62e97bff2cde7d5815dd6ed5b47097566f13b8d0ca110b04b60e07ed" "/opt/rustwide/cargo-home/bin/cargo" "+beta-2023-04-20" "metadata" "--no-deps" "--format-version=1", kill_on_drop: false }`
[INFO] [stdout] 4a767d5cadb713e1290fd0086506113ff58d594d8c7bab5f510df13a206e3f5e
[INFO] running `Command { std: "docker" "start" "-a" "4a767d5cadb713e1290fd0086506113ff58d594d8c7bab5f510df13a206e3f5e", kill_on_drop: false }`
[INFO] running `Command { std: "docker" "inspect" "4a767d5cadb713e1290fd0086506113ff58d594d8c7bab5f510df13a206e3f5e", kill_on_drop: false }`
[INFO] running `Command { std: "docker" "rm" "-f" "4a767d5cadb713e1290fd0086506113ff58d594d8c7bab5f510df13a206e3f5e", kill_on_drop: false }`
[INFO] [stdout] 4a767d5cadb713e1290fd0086506113ff58d594d8c7bab5f510df13a206e3f5e
[INFO] running `Command { std: "docker" "create" "-v" "/var/lib/crater-agent-workspace/builds/worker-2-tc2/target:/opt/rustwide/target:rw,Z" "-v" "/var/lib/crater-agent-workspace/builds/worker-2-tc2/source:/opt/rustwide/workdir:ro,Z" "-v" "/var/lib/crater-agent-workspace/cargo-home:/opt/rustwide/cargo-home:ro,Z" "-v" "/var/lib/crater-agent-workspace/rustup-home:/opt/rustwide/rustup-home:ro,Z" "-e" "SOURCE_DIR=/opt/rustwide/workdir" "-e" "CARGO_TARGET_DIR=/opt/rustwide/target" "-e" "CARGO_INCREMENTAL=0" "-e" "RUST_BACKTRACE=full" "-e" "RUSTFLAGS=--cap-lints=warn" "-e" "RUSTDOCFLAGS=--cap-lints=warn" "-e" "CARGO_HOME=/opt/rustwide/cargo-home" "-e" "RUSTUP_HOME=/opt/rustwide/rustup-home" "-w" "/opt/rustwide/workdir" "-m" "1610612736" "--user" "0:0" "--network" "none" "ghcr.io/rust-lang/crates-build-env/linux@sha256:5ff2268d62e97bff2cde7d5815dd6ed5b47097566f13b8d0ca110b04b60e07ed" "/opt/rustwide/cargo-home/bin/cargo" "+beta-2023-04-20" "build" "--frozen" "--message-format=json", kill_on_drop: false }`
[INFO] [stdout] 084afed35234848720cdf9eb5ab2cc3a7892bd7fb916ddfebfbcf2bfba9e5e9c
[INFO] running `Command { std: "docker" "start" "-a" "084afed35234848720cdf9eb5ab2cc3a7892bd7fb916ddfebfbcf2bfba9e5e9c", kill_on_drop: false }`
[INFO] [stderr]    Compiling proc-macro2 v1.0.47
[INFO] [stderr]    Compiling unicode-ident v1.0.5
[INFO] [stderr]    Compiling quote v1.0.21
[INFO] [stderr]    Compiling futures-core v0.3.25
[INFO] [stderr]    Compiling syn v1.0.103
[INFO] [stderr]    Compiling futures-channel v0.3.25
[INFO] [stderr]    Compiling futures-task v0.3.25
[INFO] [stderr]    Compiling slab v0.4.7
[INFO] [stderr]    Compiling futures-util v0.3.25
[INFO] [stderr]    Compiling futures-sink v0.3.25
[INFO] [stderr]    Compiling futures-io v0.3.25
[INFO] [stderr]    Compiling serde v1.0.147
[INFO] [stderr]    Compiling serde_json v1.0.89
[INFO] [stderr]    Compiling itoa v1.0.4
[INFO] [stderr]    Compiling ryu v1.0.11
[INFO] [stderr]    Compiling futures-macro v0.3.25
[INFO] [stderr]    Compiling futures-executor v0.3.25
[INFO] [stderr]    Compiling futures v0.3.25
[INFO] [stderr]    Compiling alhc v0.1.2 (/opt/rustwide/workdir)
[INFO] [stdout] error: ALHC is currently not supported by your target os.
[INFO] [stdout]  --> src/lib.rs:9:1
[INFO] [stdout]   |
[INFO] [stdout] 9 | compile_error!("ALHC is currently not supported by your target os.");
[INFO] [stdout]   | ^^^^^^^^^^^^^^^^^^^^^^^^^^^^^^^^^^^^^^^^^^^^^^^^^^^^^^^^^^^^^^^^^^^^
[INFO] [stdout] 
[INFO] [stdout] 
[INFO] [stdout] error[E0412]: cannot find type `Request` in this scope
[INFO] [stdout]   --> src/lib.rs:17:40
[INFO] [stdout]    |
[INFO] [stdout] 17 |     fn get(&self, url: &str) -> Result<Request>;
[INFO] [stdout]    |                                        ^^^^^^^ not found in this scope
[INFO] [stdout]    |
[INFO] [stdout] help: you might be missing a type parameter
[INFO] [stdout]    |
[INFO] [stdout] 16 | pub trait ClientExt<Request> {
[INFO] [stdout]    |                    +++++++++
[INFO] [stdout] 
[INFO] [stdout] 
[INFO] [stdout] error[E0412]: cannot find type `Request` in this scope
[INFO] [stdout]   --> src/lib.rs:19:41
[INFO] [stdout]    |
[INFO] [stdout] 19 |     fn post(&self, url: &str) -> Result<Request>;
[INFO] [stdout]    |                                         ^^^^^^^ not found in this scope
[INFO] [stdout]    |
[INFO] [stdout] help: you might be missing a type parameter
[INFO] [stdout]    |
[INFO] [stdout] 16 | pub trait ClientExt<Request> {
[INFO] [stdout]    |                    +++++++++
[INFO] [stdout] 
[INFO] [stdout] 
[INFO] [stdout] error[E0412]: cannot find type `Client` in this scope
[INFO] [stdout]   --> src/lib.rs:22:20
[INFO] [stdout]    |
[INFO] [stdout] 22 | impl ClientExt for Client {
[INFO] [stdout]    |                    ^^^^^^ not found in this scope
[INFO] [stdout] 
[INFO] [stdout] 
[INFO] [stdout] error[E0412]: cannot find type `Request` in this scope
[INFO] [stdout]   --> src/lib.rs:23:40
[INFO] [stdout]    |
[INFO] [stdout] 23 |     fn get(&self, url: &str) -> Result<Request> {
[INFO] [stdout]    |                                        ^^^^^^^ not found in this scope
[INFO] [stdout]    |
[INFO] [stdout] help: you might be missing a type parameter
[INFO] [stdout]    |
[INFO] [stdout] 22 | impl<Request> ClientExt for Client {
[INFO] [stdout]    |     +++++++++
[INFO] [stdout] 
[INFO] [stdout] 
[INFO] [stdout] error[E0412]: cannot find type `Request` in this scope
[INFO] [stdout]   --> src/lib.rs:27:41
[INFO] [stdout]    |
[INFO] [stdout] 27 |     fn post(&self, url: &str) -> Result<Request> {
[INFO] [stdout]    |                                         ^^^^^^^ not found in this scope
[INFO] [stdout]    |
[INFO] [stdout] help: you might be missing a type parameter
[INFO] [stdout]    |
[INFO] [stdout] 22 | impl<Request> ClientExt for Client {
[INFO] [stdout]    |     +++++++++
[INFO] [stdout] 
[INFO] [stdout] 
[INFO] [stdout] error: aborting due to 6 previous errors
[INFO] [stdout] 
[INFO] [stdout] 
[INFO] [stdout] For more information about this error, try `rustc --explain E0412`.
[INFO] [stdout] 
[INFO] [stderr] error: could not compile `alhc` (lib) due to 7 previous errors
[INFO] running `Command { std: "docker" "inspect" "084afed35234848720cdf9eb5ab2cc3a7892bd7fb916ddfebfbcf2bfba9e5e9c", kill_on_drop: false }`
[INFO] running `Command { std: "docker" "rm" "-f" "084afed35234848720cdf9eb5ab2cc3a7892bd7fb916ddfebfbcf2bfba9e5e9c", kill_on_drop: false }`
[INFO] [stdout] 084afed35234848720cdf9eb5ab2cc3a7892bd7fb916ddfebfbcf2bfba9e5e9c
