[INFO] fetching crate airone_derive 0.6.0...
[INFO] testing airone_derive-0.6.0 against beta-2023-04-20 for beta-1.70-1
[INFO] extracting crate airone_derive 0.6.0 into /workspace/builds/worker-4-tc2/source
[INFO] validating manifest of crates.io crate airone_derive 0.6.0 on toolchain beta-2023-04-20
[INFO] running `Command { std: CARGO_HOME="/workspace/cargo-home" RUSTUP_HOME="/workspace/rustup-home" "/workspace/cargo-home/bin/cargo" "+beta-2023-04-20" "metadata" "--manifest-path" "Cargo.toml" "--no-deps", kill_on_drop: false }`
[INFO] started tweaking crates.io crate airone_derive 0.6.0
[INFO] finished tweaking crates.io crate airone_derive 0.6.0
[INFO] tweaked toml for crates.io crate airone_derive 0.6.0 written to /workspace/builds/worker-4-tc2/source/Cargo.toml
[INFO] running `Command { std: CARGO_HOME="/workspace/cargo-home" RUSTUP_HOME="/workspace/rustup-home" __CARGO_TEST_CHANNEL_OVERRIDE_DO_NOT_USE_THIS="nightly" "/workspace/cargo-home/bin/cargo" "+beta-2023-04-20" "generate-lockfile" "--manifest-path" "Cargo.toml" "-Zno-index-update", kill_on_drop: false }`
[INFO] running `Command { std: CARGO_HOME="/workspace/cargo-home" RUSTUP_HOME="/workspace/rustup-home" "/workspace/cargo-home/bin/cargo" "+beta-2023-04-20" "fetch" "--manifest-path" "Cargo.toml", kill_on_drop: false }`
[INFO] [stderr]  Downloading crates ...
[INFO] [stderr]   Downloaded quote v1.0.26
[INFO] [stderr]   Downloaded unicode-ident v1.0.8
[INFO] [stderr]   Downloaded proc-macro2 v1.0.56
[INFO] [stderr]   Downloaded syn v1.0.109
[INFO] running `Command { std: "docker" "create" "-v" "/var/lib/crater-agent-workspace/builds/worker-4-tc2/target:/opt/rustwide/target:rw,Z" "-v" "/var/lib/crater-agent-workspace/builds/worker-4-tc2/source:/opt/rustwide/workdir:ro,Z" "-v" "/var/lib/crater-agent-workspace/cargo-home:/opt/rustwide/cargo-home:ro,Z" "-v" "/var/lib/crater-agent-workspace/rustup-home:/opt/rustwide/rustup-home:ro,Z" "-e" "SOURCE_DIR=/opt/rustwide/workdir" "-e" "CARGO_TARGET_DIR=/opt/rustwide/target" "-e" "CARGO_HOME=/opt/rustwide/cargo-home" "-e" "RUSTUP_HOME=/opt/rustwide/rustup-home" "-w" "/opt/rustwide/workdir" "-m" "1610612736" "--user" "0:0" "--network" "none" "ghcr.io/rust-lang/crates-build-env/linux@sha256:5ff2268d62e97bff2cde7d5815dd6ed5b47097566f13b8d0ca110b04b60e07ed" "/opt/rustwide/cargo-home/bin/cargo" "+beta-2023-04-20" "metadata" "--no-deps" "--format-version=1", kill_on_drop: false }`
[INFO] [stdout] cfa580de91ce6b3cbcc968e55f7e2ee0c6ff317f9fa5f52bb68b02979e3278a8
[INFO] running `Command { std: "docker" "start" "-a" "cfa580de91ce6b3cbcc968e55f7e2ee0c6ff317f9fa5f52bb68b02979e3278a8", kill_on_drop: false }`
[INFO] running `Command { std: "docker" "inspect" "cfa580de91ce6b3cbcc968e55f7e2ee0c6ff317f9fa5f52bb68b02979e3278a8", kill_on_drop: false }`
[INFO] running `Command { std: "docker" "rm" "-f" "cfa580de91ce6b3cbcc968e55f7e2ee0c6ff317f9fa5f52bb68b02979e3278a8", kill_on_drop: false }`
[INFO] [stdout] cfa580de91ce6b3cbcc968e55f7e2ee0c6ff317f9fa5f52bb68b02979e3278a8
[INFO] running `Command { std: "docker" "create" "-v" "/var/lib/crater-agent-workspace/builds/worker-4-tc2/target:/opt/rustwide/target:rw,Z" "-v" "/var/lib/crater-agent-workspace/builds/worker-4-tc2/source:/opt/rustwide/workdir:ro,Z" "-v" "/var/lib/crater-agent-workspace/cargo-home:/opt/rustwide/cargo-home:ro,Z" "-v" "/var/lib/crater-agent-workspace/rustup-home:/opt/rustwide/rustup-home:ro,Z" "-e" "SOURCE_DIR=/opt/rustwide/workdir" "-e" "CARGO_TARGET_DIR=/opt/rustwide/target" "-e" "CARGO_INCREMENTAL=0" "-e" "RUST_BACKTRACE=full" "-e" "RUSTFLAGS=--cap-lints=warn" "-e" "RUSTDOCFLAGS=--cap-lints=warn" "-e" "CARGO_HOME=/opt/rustwide/cargo-home" "-e" "RUSTUP_HOME=/opt/rustwide/rustup-home" "-w" "/opt/rustwide/workdir" "-m" "1610612736" "--user" "0:0" "--network" "none" "ghcr.io/rust-lang/crates-build-env/linux@sha256:5ff2268d62e97bff2cde7d5815dd6ed5b47097566f13b8d0ca110b04b60e07ed" "/opt/rustwide/cargo-home/bin/cargo" "+beta-2023-04-20" "build" "--frozen" "--message-format=json", kill_on_drop: false }`
[INFO] [stdout] 94cf8affc98e82f4ed377672f87136e2d7803ca4cfe25906d63b71ca589d7217
[INFO] running `Command { std: "docker" "start" "-a" "94cf8affc98e82f4ed377672f87136e2d7803ca4cfe25906d63b71ca589d7217", kill_on_drop: false }`
[INFO] [stderr]     Blocking waiting for file lock on package cache
[INFO] [stderr]    Compiling proc-macro2 v1.0.56
[INFO] [stderr]    Compiling quote v1.0.26
[INFO] [stderr]    Compiling unicode-ident v1.0.8
[INFO] [stderr]    Compiling syn v1.0.109
[INFO] [stderr]    Compiling airone_derive v0.6.0 (/opt/rustwide/workdir)
[INFO] [stderr]     Finished dev [unoptimized + debuginfo] target(s) in 5.27s
[INFO] running `Command { std: "docker" "inspect" "94cf8affc98e82f4ed377672f87136e2d7803ca4cfe25906d63b71ca589d7217", kill_on_drop: false }`
[INFO] running `Command { std: "docker" "rm" "-f" "94cf8affc98e82f4ed377672f87136e2d7803ca4cfe25906d63b71ca589d7217", kill_on_drop: false }`
[INFO] [stdout] 94cf8affc98e82f4ed377672f87136e2d7803ca4cfe25906d63b71ca589d7217
[INFO] running `Command { std: "docker" "create" "-v" "/var/lib/crater-agent-workspace/builds/worker-4-tc2/target:/opt/rustwide/target:rw,Z" "-v" "/var/lib/crater-agent-workspace/builds/worker-4-tc2/source:/opt/rustwide/workdir:ro,Z" "-v" "/var/lib/crater-agent-workspace/cargo-home:/opt/rustwide/cargo-home:ro,Z" "-v" "/var/lib/crater-agent-workspace/rustup-home:/opt/rustwide/rustup-home:ro,Z" "-e" "SOURCE_DIR=/opt/rustwide/workdir" "-e" "CARGO_TARGET_DIR=/opt/rustwide/target" "-e" "CARGO_INCREMENTAL=0" "-e" "RUST_BACKTRACE=full" "-e" "RUSTFLAGS=--cap-lints=warn" "-e" "RUSTDOCFLAGS=--cap-lints=warn" "-e" "CARGO_HOME=/opt/rustwide/cargo-home" "-e" "RUSTUP_HOME=/opt/rustwide/rustup-home" "-w" "/opt/rustwide/workdir" "-m" "1610612736" "--user" "0:0" "--network" "none" "ghcr.io/rust-lang/crates-build-env/linux@sha256:5ff2268d62e97bff2cde7d5815dd6ed5b47097566f13b8d0ca110b04b60e07ed" "/opt/rustwide/cargo-home/bin/cargo" "+beta-2023-04-20" "test" "--frozen" "--no-run" "--message-format=json", kill_on_drop: false }`
[INFO] [stdout] e1f94956419d651ef1d5ff2bf669ce185e8ca1c0e1e6538cccc3c6f444f275e5
[INFO] running `Command { std: "docker" "start" "-a" "e1f94956419d651ef1d5ff2bf669ce185e8ca1c0e1e6538cccc3c6f444f275e5", kill_on_drop: false }`
[INFO] [stderr]    Compiling proc-macro2 v1.0.56
[INFO] [stderr]    Compiling unicode-ident v1.0.8
[INFO] [stderr]    Compiling quote v1.0.26
[INFO] [stderr]    Compiling syn v1.0.109
[INFO] [stderr]    Compiling airone_derive v0.6.0 (/opt/rustwide/workdir)
[INFO] [stdout] error[E0432]: unresolved import `airone`
[INFO] [stdout]  --> tests/main.rs:5:10
[INFO] [stdout]   |
[INFO] [stdout] 5 | #[derive(AironeDbDerive)]
[INFO] [stdout]   |          ^^^^^^^^^^^^^^ could not find `database` in the crate root
[INFO] [stdout]   |
[INFO] [stdout]   = note: this error originates in the derive macro `AironeDbDerive` (in Nightly builds, run with -Z macro-backtrace for more info)
[INFO] [stdout] 
[INFO] [stdout] 
[INFO] [stdout] error[E0433]: failed to resolve: unresolved import
[INFO] [stdout]  --> tests/main.rs:5:10
[INFO] [stdout]   |
[INFO] [stdout] 5 | #[derive(AironeDbDerive)]
[INFO] [stdout]   |          ^^^^^^^^^^^^^^
[INFO] [stdout]   |          |
[INFO] [stdout]   |          unresolved import
[INFO] [stdout]   |          help: a similar path exists: `core::prelude`
[INFO] [stdout]   |
[INFO] [stdout]   = note: this error originates in the derive macro `AironeDbDerive` (in Nightly builds, run with -Z macro-backtrace for more info)
[INFO] [stdout] 
[INFO] [stdout] 
[INFO] [stdout] error[E0433]: failed to resolve: could not find `database` in the crate root
[INFO] [stdout]  --> tests/main.rs:5:10
[INFO] [stdout]   |
[INFO] [stdout] 5 | #[derive(AironeDbDerive)]
[INFO] [stdout]   |          ^^^^^^^^^^^^^^ could not find `database` in the crate root
[INFO] [stdout]   |
[INFO] [stdout]   = note: this error originates in the derive macro `AironeDbDerive` (in Nightly builds, run with -Z macro-backtrace for more info)
[INFO] [stdout] 
[INFO] [stdout] 
[INFO] [stdout] error[E0405]: cannot find trait `AironeDbConstructor` in this scope
[INFO] [stdout]  --> tests/main.rs:5:10
[INFO] [stdout]   |
[INFO] [stdout] 5 | #[derive(AironeDbDerive)]
[INFO] [stdout]   |          ^^^^^^^^^^^^^^ not found in this scope
[INFO] [stdout]   |
[INFO] [stdout]   = note: this error originates in the derive macro `AironeDbDerive` (in Nightly builds, run with -Z macro-backtrace for more info)
[INFO] [stdout] 
[INFO] [stdout] 
[INFO] [stdout] error[E0412]: cannot find type `AironeDb` in this scope
[INFO] [stdout]  --> tests/main.rs:5:10
[INFO] [stdout]   |
[INFO] [stdout] 5 | #[derive(AironeDbDerive)]
[INFO] [stdout]   |          ^^^^^^^^^^^^^^ not found in this scope
[INFO] [stdout]   |
[INFO] [stdout]   = note: this error originates in the derive macro `AironeDbDerive` (in Nightly builds, run with -Z macro-backtrace for more info)
[INFO] [stdout] 
[INFO] [stdout] 
[INFO] [stdout] error: aborting due to 5 previous errors
[INFO] [stdout] 
[INFO] [stdout] 
[INFO] [stdout] Some errors have detailed explanations: E0405, E0412, E0432, E0433.
[INFO] [stdout] 
[INFO] [stdout] For more information about an error, try `rustc --explain E0405`.
[INFO] [stdout] 
[INFO] [stderr] error: could not compile `airone_derive` (test "main") due to 6 previous errors
[INFO] running `Command { std: "docker" "inspect" "e1f94956419d651ef1d5ff2bf669ce185e8ca1c0e1e6538cccc3c6f444f275e5", kill_on_drop: false }`
[INFO] running `Command { std: "docker" "rm" "-f" "e1f94956419d651ef1d5ff2bf669ce185e8ca1c0e1e6538cccc3c6f444f275e5", kill_on_drop: false }`
[INFO] [stdout] e1f94956419d651ef1d5ff2bf669ce185e8ca1c0e1e6538cccc3c6f444f275e5
