[INFO] fetching crate ag-lcd 0.1.2...
[INFO] testing ag-lcd-0.1.2 against beta-2023-04-20 for beta-1.70-1
[INFO] extracting crate ag-lcd 0.1.2 into /workspace/builds/worker-0-tc2/source
[INFO] validating manifest of crates.io crate ag-lcd 0.1.2 on toolchain beta-2023-04-20
[INFO] running `Command { std: CARGO_HOME="/workspace/cargo-home" RUSTUP_HOME="/workspace/rustup-home" "/workspace/cargo-home/bin/cargo" "+beta-2023-04-20" "metadata" "--manifest-path" "Cargo.toml" "--no-deps", kill_on_drop: false }`
[INFO] removed /workspace/builds/worker-0-tc2/source/.cargo/config.toml
[INFO] removed /workspace/builds/worker-0-tc2/source/rust-toolchain.toml
[INFO] started tweaking crates.io crate ag-lcd 0.1.2
[INFO] finished tweaking crates.io crate ag-lcd 0.1.2
[INFO] tweaked toml for crates.io crate ag-lcd 0.1.2 written to /workspace/builds/worker-0-tc2/source/Cargo.toml
[INFO] crate crates.io crate ag-lcd 0.1.2 already has a lockfile, it will not be regenerated
[INFO] running `Command { std: CARGO_HOME="/workspace/cargo-home" RUSTUP_HOME="/workspace/rustup-home" "/workspace/cargo-home/bin/cargo" "+beta-2023-04-20" "fetch" "--manifest-path" "Cargo.toml", kill_on_drop: false }`
[INFO] [stderr]     Updating crates.io index
[INFO] [stderr]  Downloading crates ...
[INFO] [stderr]   Downloaded proc-macro2 v1.0.29
[INFO] [stderr]   Downloaded syn v1.0.80
[INFO] [stderr]   Downloaded nb v1.0.0
[INFO] [stderr]   Downloaded nb v0.1.3
[INFO] [stderr]   Downloaded panic-halt v0.2.0
[INFO] [stderr]   Downloaded quote v1.0.10
[INFO] [stderr]   Downloaded ufmt-write v0.1.0
[INFO] [stderr]   Downloaded ufmt-macros v0.1.1
[INFO] [stderr]   Downloaded embedded-hal v0.2.6
[INFO] [stderr]   Downloaded ufmt v0.1.0
[INFO] running `Command { std: "docker" "create" "-v" "/var/lib/crater-agent-workspace/builds/worker-0-tc2/target:/opt/rustwide/target:rw,Z" "-v" "/var/lib/crater-agent-workspace/builds/worker-0-tc2/source:/opt/rustwide/workdir:ro,Z" "-v" "/var/lib/crater-agent-workspace/cargo-home:/opt/rustwide/cargo-home:ro,Z" "-v" "/var/lib/crater-agent-workspace/rustup-home:/opt/rustwide/rustup-home:ro,Z" "-e" "SOURCE_DIR=/opt/rustwide/workdir" "-e" "CARGO_TARGET_DIR=/opt/rustwide/target" "-e" "CARGO_HOME=/opt/rustwide/cargo-home" "-e" "RUSTUP_HOME=/opt/rustwide/rustup-home" "-w" "/opt/rustwide/workdir" "-m" "1610612736" "--user" "0:0" "--network" "none" "ghcr.io/rust-lang/crates-build-env/linux@sha256:5ff2268d62e97bff2cde7d5815dd6ed5b47097566f13b8d0ca110b04b60e07ed" "/opt/rustwide/cargo-home/bin/cargo" "+beta-2023-04-20" "metadata" "--no-deps" "--format-version=1", kill_on_drop: false }`
[INFO] [stdout] af102312a77027b36b5bde50b267b4728c45a4e6d34e4fef94739b4b4dbc588e
[INFO] running `Command { std: "docker" "start" "-a" "af102312a77027b36b5bde50b267b4728c45a4e6d34e4fef94739b4b4dbc588e", kill_on_drop: false }`
[INFO] running `Command { std: "docker" "inspect" "af102312a77027b36b5bde50b267b4728c45a4e6d34e4fef94739b4b4dbc588e", kill_on_drop: false }`
[INFO] running `Command { std: "docker" "rm" "-f" "af102312a77027b36b5bde50b267b4728c45a4e6d34e4fef94739b4b4dbc588e", kill_on_drop: false }`
[INFO] [stdout] af102312a77027b36b5bde50b267b4728c45a4e6d34e4fef94739b4b4dbc588e
[INFO] running `Command { std: "docker" "create" "-v" "/var/lib/crater-agent-workspace/builds/worker-0-tc2/target:/opt/rustwide/target:rw,Z" "-v" "/var/lib/crater-agent-workspace/builds/worker-0-tc2/source:/opt/rustwide/workdir:ro,Z" "-v" "/var/lib/crater-agent-workspace/cargo-home:/opt/rustwide/cargo-home:ro,Z" "-v" "/var/lib/crater-agent-workspace/rustup-home:/opt/rustwide/rustup-home:ro,Z" "-e" "SOURCE_DIR=/opt/rustwide/workdir" "-e" "CARGO_TARGET_DIR=/opt/rustwide/target" "-e" "CARGO_INCREMENTAL=0" "-e" "RUST_BACKTRACE=full" "-e" "RUSTFLAGS=--cap-lints=warn" "-e" "RUSTDOCFLAGS=--cap-lints=warn" "-e" "CARGO_HOME=/opt/rustwide/cargo-home" "-e" "RUSTUP_HOME=/opt/rustwide/rustup-home" "-w" "/opt/rustwide/workdir" "-m" "1610612736" "--user" "0:0" "--network" "none" "ghcr.io/rust-lang/crates-build-env/linux@sha256:5ff2268d62e97bff2cde7d5815dd6ed5b47097566f13b8d0ca110b04b60e07ed" "/opt/rustwide/cargo-home/bin/cargo" "+beta-2023-04-20" "build" "--frozen" "--message-format=json", kill_on_drop: false }`
[INFO] [stdout] 7dbca45c96bdde397d8bf2b59d4d91ac55c760e4211a4a84b0c0ac8c0e7501b3
[INFO] running `Command { std: "docker" "start" "-a" "7dbca45c96bdde397d8bf2b59d4d91ac55c760e4211a4a84b0c0ac8c0e7501b3", kill_on_drop: false }`
[INFO] [stderr]    Compiling nb v1.0.0
[INFO] [stderr]    Compiling void v1.0.2
[INFO] [stderr]    Compiling nb v0.1.3
[INFO] [stderr]    Compiling embedded-hal v0.2.6
[INFO] [stderr]    Compiling ag-lcd v0.1.2 (/opt/rustwide/workdir)
[INFO] [stderr]     Finished dev [optimized + debuginfo] target(s) in 0.28s
[INFO] running `Command { std: "docker" "inspect" "7dbca45c96bdde397d8bf2b59d4d91ac55c760e4211a4a84b0c0ac8c0e7501b3", kill_on_drop: false }`
[INFO] running `Command { std: "docker" "rm" "-f" "7dbca45c96bdde397d8bf2b59d4d91ac55c760e4211a4a84b0c0ac8c0e7501b3", kill_on_drop: false }`
[INFO] [stdout] 7dbca45c96bdde397d8bf2b59d4d91ac55c760e4211a4a84b0c0ac8c0e7501b3
[INFO] running `Command { std: "docker" "create" "-v" "/var/lib/crater-agent-workspace/builds/worker-0-tc2/target:/opt/rustwide/target:rw,Z" "-v" "/var/lib/crater-agent-workspace/builds/worker-0-tc2/source:/opt/rustwide/workdir:ro,Z" "-v" "/var/lib/crater-agent-workspace/cargo-home:/opt/rustwide/cargo-home:ro,Z" "-v" "/var/lib/crater-agent-workspace/rustup-home:/opt/rustwide/rustup-home:ro,Z" "-e" "SOURCE_DIR=/opt/rustwide/workdir" "-e" "CARGO_TARGET_DIR=/opt/rustwide/target" "-e" "CARGO_INCREMENTAL=0" "-e" "RUST_BACKTRACE=full" "-e" "RUSTFLAGS=--cap-lints=warn" "-e" "RUSTDOCFLAGS=--cap-lints=warn" "-e" "CARGO_HOME=/opt/rustwide/cargo-home" "-e" "RUSTUP_HOME=/opt/rustwide/rustup-home" "-w" "/opt/rustwide/workdir" "-m" "1610612736" "--user" "0:0" "--network" "none" "ghcr.io/rust-lang/crates-build-env/linux@sha256:5ff2268d62e97bff2cde7d5815dd6ed5b47097566f13b8d0ca110b04b60e07ed" "/opt/rustwide/cargo-home/bin/cargo" "+beta-2023-04-20" "test" "--frozen" "--no-run" "--message-format=json", kill_on_drop: false }`
[INFO] [stdout] 7b0de66957b5c3166a53354d4592de3f42a210dc3078f523726ae92cdedfa4e1
[INFO] running `Command { std: "docker" "start" "-a" "7b0de66957b5c3166a53354d4592de3f42a210dc3078f523726ae92cdedfa4e1", kill_on_drop: false }`
[INFO] [stderr]    Compiling nb v1.0.0
[INFO] [stderr]    Compiling void v1.0.2
[INFO] [stderr]    Compiling panic-halt v0.2.0
[INFO] [stderr]    Compiling nb v0.1.3
[INFO] [stderr]    Compiling embedded-hal v0.2.6
[INFO] [stderr]    Compiling ag-lcd v0.1.2 (/opt/rustwide/workdir)
[INFO] [stdout] error[E0433]: failed to resolve: use of undeclared crate or module `arduino_hal`
[INFO] [stdout]  --> examples/cursor.rs:7:3
[INFO] [stdout]   |
[INFO] [stdout] 7 | #[arduino_hal::entry]
[INFO] [stdout]   |   ^^^^^^^^^^^ use of undeclared crate or module `arduino_hal`
[INFO] [stdout] 
[INFO] [stdout] 
[INFO] [stdout] error[E0433]: failed to resolve: use of undeclared crate or module `arduino_hal`
[INFO] [stdout]   --> examples/cursor.rs:10:16
[INFO] [stdout]    |
[INFO] [stdout] 10 |     let pins = arduino_hal::pins!(peripherals);
[INFO] [stdout]    |                ^^^^^^^^^^^ use of undeclared crate or module `arduino_hal`
[INFO] [stdout] 
[INFO] [stdout] 
[INFO] [stdout] error[E0433]: failed to resolve: use of undeclared crate or module `arduino_hal`
[INFO] [stdout]  --> examples/cursor.rs:9:23
[INFO] [stdout]   |
[INFO] [stdout] 9 |     let peripherals = arduino_hal::Peripherals::take().unwrap();
[INFO] [stdout]   |                       ^^^^^^^^^^^ use of undeclared crate or module `arduino_hal`
[INFO] [stdout] 
[INFO] [stdout] 
[INFO] [stdout] error[E0433]: failed to resolve: use of undeclared crate or module `arduino_hal`
[INFO] [stdout]   --> examples/cursor.rs:11:17
[INFO] [stdout]    |
[INFO] [stdout] 11 |     let delay = arduino_hal::Delay::new();
[INFO] [stdout]    |                 ^^^^^^^^^^^ use of undeclared crate or module `arduino_hal`
[INFO] [stdout] 
[INFO] [stdout] 
[INFO] [stdout] error[E0433]: failed to resolve: use of undeclared crate or module `arduino_hal`
[INFO] [stdout]  --> examples/blink.rs:7:3
[INFO] [stdout]   |
[INFO] [stdout] 7 | #[arduino_hal::entry]
[INFO] [stdout]   |   ^^^^^^^^^^^ use of undeclared crate or module `arduino_hal`
[INFO] [stdout] 
[INFO] [stdout] 
[INFO] [stdout] error[E0433]: failed to resolve: use of undeclared crate or module `arduino_hal`
[INFO] [stdout]   --> examples/blink.rs:10:16
[INFO] [stdout]    |
[INFO] [stdout] 10 |     let pins = arduino_hal::pins!(peripherals);
[INFO] [stdout]    |                ^^^^^^^^^^^ use of undeclared crate or module `arduino_hal`
[INFO] [stdout] 
[INFO] [stdout] 
[INFO] [stdout] error: language item required, but not found: `eh_personality`
[INFO] [stdout]   |
[INFO] [stdout]   = note: this can occur when a binary crate with `#![no_std]` is compiled for a target where `eh_personality` is defined in the standard library
[INFO] [stdout]   = help: you may be able to compile for a target that doesn't need `eh_personality`, specify a target with `--target` or in `.cargo/config`
[INFO] [stdout] 
[INFO] [stdout] 
[INFO] [stdout] error[E0433]: failed to resolve: use of undeclared crate or module `arduino_hal`
[INFO] [stdout]   --> examples/cursor.rs:35:9
[INFO] [stdout]    |
[INFO] [stdout] 35 |         arduino_hal::delay_ms(1000);
[INFO] [stdout]    |         ^^^^^^^^^^^ use of undeclared crate or module `arduino_hal`
[INFO] [stdout] 
[INFO] [stdout] 
[INFO] [stdout] error: aborting due to 6 previous errors
[INFO] [stdout] 
[INFO] [stdout] 
[INFO] [stdout] For more information about this error, try `rustc --explain E0433`.
[INFO] [stdout] 
[INFO] [stderr] error: could not compile `ag-lcd` (example "cursor") due to 7 previous errors
[INFO] [stderr] warning: build failed, waiting for other jobs to finish...
[INFO] [stdout] error[E0433]: failed to resolve: use of undeclared crate or module `arduino_hal`
[INFO] [stdout]  --> examples/blink.rs:9:23
[INFO] [stdout]   |
[INFO] [stdout] 9 |     let peripherals = arduino_hal::Peripherals::take().unwrap();
[INFO] [stdout]   |                       ^^^^^^^^^^^ use of undeclared crate or module `arduino_hal`
[INFO] [stdout] 
[INFO] [stdout] 
[INFO] [stdout] error[E0433]: failed to resolve: use of undeclared crate or module `arduino_hal`
[INFO] [stdout]  --> examples/display.rs:7:3
[INFO] [stdout]   |
[INFO] [stdout] 7 | #[arduino_hal::entry]
[INFO] [stdout]   |   ^^^^^^^^^^^ use of undeclared crate or module `arduino_hal`
[INFO] [stdout] 
[INFO] [stdout] 
[INFO] [stdout] error[E0433]: failed to resolve: use of undeclared crate or module `arduino_hal`
[INFO] [stdout]   --> examples/display.rs:10:16
[INFO] [stdout]    |
[INFO] [stdout] 10 |     let pins = arduino_hal::pins!(peripherals);
[INFO] [stdout]    |                ^^^^^^^^^^^ use of undeclared crate or module `arduino_hal`
[INFO] [stdout] 
[INFO] [stdout] 
[INFO] [stdout] error[E0433]: failed to resolve: use of undeclared crate or module `arduino_hal`
[INFO] [stdout]   --> examples/blink.rs:11:17
[INFO] [stdout]    |
[INFO] [stdout] 11 |     let delay = arduino_hal::Delay::new();
[INFO] [stdout]    |                 ^^^^^^^^^^^ use of undeclared crate or module `arduino_hal`
[INFO] [stdout] 
[INFO] [stdout] 
[INFO] [stdout] error: language item required, but not found: `eh_personality`
[INFO] [stdout]   |
[INFO] [stdout]   = note: this can occur when a binary crate with `#![no_std]` is compiled for a target where `eh_personality` is defined in the standard library
[INFO] [stdout]   = help: you may be able to compile for a target that doesn't need `eh_personality`, specify a target with `--target` or in `.cargo/config`
[INFO] [stdout] 
[INFO] [stdout] 
[INFO] [stdout] error[E0433]: failed to resolve: use of undeclared crate or module `arduino_hal`
[INFO] [stdout]   --> examples/blink.rs:35:9
[INFO] [stdout]    |
[INFO] [stdout] 35 |         arduino_hal::delay_ms(2000);
[INFO] [stdout]    |         ^^^^^^^^^^^ use of undeclared crate or module `arduino_hal`
[INFO] [stdout] 
[INFO] [stdout] 
[INFO] [stdout] error: aborting due to 6 previous errors
[INFO] [stdout] 
[INFO] [stdout] 
[INFO] [stdout] For more information about this error, try `rustc --explain E0433`.
[INFO] [stdout] 
[INFO] [stdout] error[E0433]: failed to resolve: use of undeclared crate or module `arduino_hal`
[INFO] [stdout]  --> examples/layout.rs:7:3
[INFO] [stdout]   |
[INFO] [stdout] 7 | #[arduino_hal::entry]
[INFO] [stdout]   |   ^^^^^^^^^^^ use of undeclared crate or module `arduino_hal`
[INFO] [stdout] 
[INFO] [stdout] 
[INFO] [stdout] error[E0433]: failed to resolve: use of undeclared crate or module `arduino_hal`
[INFO] [stdout]   --> examples/layout.rs:10:16
[INFO] [stdout]    |
[INFO] [stdout] 10 |     let pins = arduino_hal::pins!(peripherals);
[INFO] [stdout]    |                ^^^^^^^^^^^ use of undeclared crate or module `arduino_hal`
[INFO] [stdout] 
[INFO] [stdout] 
[INFO] [stderr] error: could not compile `ag-lcd` (example "blink") due to 7 previous errors
[INFO] [stdout] error[E0433]: failed to resolve: use of undeclared crate or module `arduino_hal`
[INFO] [stdout]  --> examples/display.rs:9:23
[INFO] [stdout]   |
[INFO] [stdout] 9 |     let peripherals = arduino_hal::Peripherals::take().unwrap();
[INFO] [stdout]   |                       ^^^^^^^^^^^ use of undeclared crate or module `arduino_hal`
[INFO] [stdout] 
[INFO] [stdout] 
[INFO] [stdout] error[E0433]: failed to resolve: use of undeclared crate or module `arduino_hal`
[INFO] [stdout]   --> examples/display.rs:11:17
[INFO] [stdout]    |
[INFO] [stdout] 11 |     let delay = arduino_hal::Delay::new();
[INFO] [stdout]    |                 ^^^^^^^^^^^ use of undeclared crate or module `arduino_hal`
[INFO] [stdout] 
[INFO] [stdout] 
[INFO] [stdout] error[E0433]: failed to resolve: use of undeclared crate or module `arduino_hal`
[INFO] [stdout]  --> examples/layout.rs:9:23
[INFO] [stdout]   |
[INFO] [stdout] 9 |     let peripherals = arduino_hal::Peripherals::take().unwrap();
[INFO] [stdout]   |                       ^^^^^^^^^^^ use of undeclared crate or module `arduino_hal`
[INFO] [stdout] 
[INFO] [stdout] 
[INFO] [stdout] error[E0433]: failed to resolve: use of undeclared crate or module `arduino_hal`
[INFO] [stdout]   --> examples/layout.rs:11:17
[INFO] [stdout]    |
[INFO] [stdout] 11 |     let delay = arduino_hal::Delay::new();
[INFO] [stdout]    |                 ^^^^^^^^^^^ use of undeclared crate or module `arduino_hal`
[INFO] [stdout] 
[INFO] [stdout] 
[INFO] [stdout] error: language item required, but not found: `eh_personality`
[INFO] [stdout]   |
[INFO] [stdout]   = note: this can occur when a binary crate with `#![no_std]` is compiled for a target where `eh_personality` is defined in the standard library
[INFO] [stdout]   = help: you may be able to compile for a target that doesn't need `eh_personality`, specify a target with `--target` or in `.cargo/config`
[INFO] [stdout] 
[INFO] [stdout] 
[INFO] [stdout] error[E0433]: failed to resolve: use of undeclared crate or module `arduino_hal`
[INFO] [stdout]  --> examples/scroll.rs:7:3
[INFO] [stdout]   |
[INFO] [stdout] 7 | #[arduino_hal::entry]
[INFO] [stdout]   |   ^^^^^^^^^^^ use of undeclared crate or module `arduino_hal`
[INFO] [stdout] 
[INFO] [stdout] 
[INFO] [stdout] error[E0433]: failed to resolve: use of undeclared crate or module `arduino_hal`
[INFO] [stdout]   --> examples/scroll.rs:10:16
[INFO] [stdout]    |
[INFO] [stdout] 10 |     let pins = arduino_hal::pins!(peripherals);
[INFO] [stdout]    |                ^^^^^^^^^^^ use of undeclared crate or module `arduino_hal`
[INFO] [stdout] 
[INFO] [stdout] 
[INFO] [stdout] error[E0433]: failed to resolve: use of undeclared crate or module `arduino_hal`
[INFO] [stdout]   --> examples/display.rs:36:9
[INFO] [stdout]    |
[INFO] [stdout] 36 |         arduino_hal::delay_ms(1000);
[INFO] [stdout]    |         ^^^^^^^^^^^ use of undeclared crate or module `arduino_hal`
[INFO] [stdout] 
[INFO] [stdout] 
[INFO] [stdout] error: aborting due to 6 previous errors
[INFO] [stdout] 
[INFO] [stdout] 
[INFO] [stdout] For more information about this error, try `rustc --explain E0433`.
[INFO] [stdout] 
[INFO] [stdout] error: language item required, but not found: `eh_personality`
[INFO] [stdout]   |
[INFO] [stdout]   = note: this can occur when a binary crate with `#![no_std]` is compiled for a target where `eh_personality` is defined in the standard library
[INFO] [stdout]   = help: you may be able to compile for a target that doesn't need `eh_personality`, specify a target with `--target` or in `.cargo/config`
[INFO] [stdout] 
[INFO] [stdout] 
[INFO] [stdout] error[E0433]: failed to resolve: use of undeclared crate or module `arduino_hal`
[INFO] [stdout]   --> examples/layout.rs:36:9
[INFO] [stdout]    |
[INFO] [stdout] 36 |         arduino_hal::delay_ms(2000);
[INFO] [stdout]    |         ^^^^^^^^^^^ use of undeclared crate or module `arduino_hal`
[INFO] [stdout] 
[INFO] [stdout] 
[INFO] [stdout] error: aborting due to 6 previous errors
[INFO] [stdout] 
[INFO] [stdout] 
[INFO] [stdout] For more information about this error, try `rustc --explain E0433`.
[INFO] [stdout] 
[INFO] [stdout] error[E0433]: failed to resolve: use of undeclared crate or module `arduino_hal`
[INFO] [stdout]  --> examples/character.rs:7:3
[INFO] [stdout]   |
[INFO] [stdout] 7 | #[arduino_hal::entry]
[INFO] [stdout]   |   ^^^^^^^^^^^ use of undeclared crate or module `arduino_hal`
[INFO] [stdout] 
[INFO] [stdout] 
[INFO] [stdout] error[E0433]: failed to resolve: use of undeclared crate or module `arduino_hal`
[INFO] [stdout]   --> examples/character.rs:10:16
[INFO] [stdout]    |
[INFO] [stdout] 10 |     let pins = arduino_hal::pins!(peripherals);
[INFO] [stdout]    |                ^^^^^^^^^^^ use of undeclared crate or module `arduino_hal`
[INFO] [stdout] 
[INFO] [stdout] 
[INFO] [stderr] error: could not compile `ag-lcd` (example "display") due to 7 previous errors
[INFO] [stderr] error: could not compile `ag-lcd` (example "layout") due to 7 previous errors
[INFO] [stdout] error[E0433]: failed to resolve: use of undeclared crate or module `arduino_hal`
[INFO] [stdout]  --> examples/position.rs:7:3
[INFO] [stdout]   |
[INFO] [stdout] 7 | #[arduino_hal::entry]
[INFO] [stdout]   |   ^^^^^^^^^^^ use of undeclared crate or module `arduino_hal`
[INFO] [stdout] 
[INFO] [stdout] 
[INFO] [stdout] error[E0433]: failed to resolve: use of undeclared crate or module `arduino_hal`
[INFO] [stdout]   --> examples/position.rs:10:16
[INFO] [stdout]    |
[INFO] [stdout] 10 |     let pins = arduino_hal::pins!(peripherals);
[INFO] [stdout]    |                ^^^^^^^^^^^ use of undeclared crate or module `arduino_hal`
[INFO] [stdout] 
[INFO] [stdout] 
[INFO] [stdout] error[E0433]: failed to resolve: use of undeclared crate or module `arduino_hal`
[INFO] [stdout]  --> examples/scroll.rs:9:23
[INFO] [stdout]   |
[INFO] [stdout] 9 |     let peripherals = arduino_hal::Peripherals::take().unwrap();
[INFO] [stdout]   |                       ^^^^^^^^^^^ use of undeclared crate or module `arduino_hal`
[INFO] [stdout] 
[INFO] [stdout] 
[INFO] [stdout] error[E0433]: failed to resolve: use of undeclared crate or module `arduino_hal`
[INFO] [stdout]   --> examples/scroll.rs:11:17
[INFO] [stdout]    |
[INFO] [stdout] 11 |     let delay = arduino_hal::Delay::new();
[INFO] [stdout]    |                 ^^^^^^^^^^^ use of undeclared crate or module `arduino_hal`
[INFO] [stdout] 
[INFO] [stdout] 
[INFO] [stdout] error[E0433]: failed to resolve: use of undeclared crate or module `arduino_hal`
[INFO] [stdout]  --> examples/character.rs:9:23
[INFO] [stdout]   |
[INFO] [stdout] 9 |     let peripherals = arduino_hal::Peripherals::take().unwrap();
[INFO] [stdout]   |                       ^^^^^^^^^^^ use of undeclared crate or module `arduino_hal`
[INFO] [stdout] 
[INFO] [stdout] 
[INFO] [stdout] error[E0433]: failed to resolve: use of undeclared crate or module `arduino_hal`
[INFO] [stdout]   --> examples/character.rs:11:17
[INFO] [stdout]    |
[INFO] [stdout] 11 |     let delay = arduino_hal::Delay::new();
[INFO] [stdout]    |                 ^^^^^^^^^^^ use of undeclared crate or module `arduino_hal`
[INFO] [stdout] 
[INFO] [stdout] 
[INFO] [stdout] error: language item required, but not found: `eh_personality`
[INFO] [stdout]   |
[INFO] [stdout]   = note: this can occur when a binary crate with `#![no_std]` is compiled for a target where `eh_personality` is defined in the standard library
[INFO] [stdout]   = help: you may be able to compile for a target that doesn't need `eh_personality`, specify a target with `--target` or in `.cargo/config`
[INFO] [stdout] 
[INFO] [stdout] 
[INFO] [stdout] error[E0433]: failed to resolve: use of undeclared crate or module `arduino_hal`
[INFO] [stdout]  --> examples/position.rs:9:23
[INFO] [stdout]   |
[INFO] [stdout] 9 |     let peripherals = arduino_hal::Peripherals::take().unwrap();
[INFO] [stdout]   |                       ^^^^^^^^^^^ use of undeclared crate or module `arduino_hal`
[INFO] [stdout] 
[INFO] [stdout] 
[INFO] [stdout] error[E0433]: failed to resolve: use of undeclared crate or module `arduino_hal`
[INFO] [stdout]   --> examples/scroll.rs:32:5
[INFO] [stdout]    |
[INFO] [stdout] 32 |     arduino_hal::delay_ms(1000);
[INFO] [stdout]    |     ^^^^^^^^^^^ use of undeclared crate or module `arduino_hal`
[INFO] [stdout] 
[INFO] [stdout] 
[INFO] [stdout] error[E0433]: failed to resolve: use of undeclared crate or module `arduino_hal`
[INFO] [stdout]   --> examples/scroll.rs:48:13
[INFO] [stdout]    |
[INFO] [stdout] 48 |             arduino_hal::delay_ms(1000);
[INFO] [stdout]    |             ^^^^^^^^^^^ use of undeclared crate or module `arduino_hal`
[INFO] [stdout] 
[INFO] [stdout] 
[INFO] [stdout] error[E0433]: failed to resolve: use of undeclared crate or module `arduino_hal`
[INFO] [stdout]   --> examples/position.rs:11:17
[INFO] [stdout]    |
[INFO] [stdout] 11 |     let delay = arduino_hal::Delay::new();
[INFO] [stdout]    |                 ^^^^^^^^^^^ use of undeclared crate or module `arduino_hal`
[INFO] [stdout] 
[INFO] [stdout] 
[INFO] [stdout] error[E0433]: failed to resolve: use of undeclared crate or module `arduino_hal`
[INFO] [stdout]   --> examples/scroll.rs:52:13
[INFO] [stdout]    |
[INFO] [stdout] 52 |             arduino_hal::delay_ms(1000);
[INFO] [stdout]    |             ^^^^^^^^^^^ use of undeclared crate or module `arduino_hal`
[INFO] [stdout] 
[INFO] [stdout] 
[INFO] [stdout] error: aborting due to 8 previous errors
[INFO] [stdout] 
[INFO] [stdout] 
[INFO] [stdout] For more information about this error, try `rustc --explain E0433`.
[INFO] [stdout] 
[INFO] [stdout] error: language item required, but not found: `eh_personality`
[INFO] [stdout]   |
[INFO] [stdout]   = note: this can occur when a binary crate with `#![no_std]` is compiled for a target where `eh_personality` is defined in the standard library
[INFO] [stdout]   = help: you may be able to compile for a target that doesn't need `eh_personality`, specify a target with `--target` or in `.cargo/config`
[INFO] [stdout] 
[INFO] [stdout] 
[INFO] [stdout] error[E0433]: failed to resolve: use of undeclared crate or module `arduino_hal`
[INFO] [stdout]   --> examples/character.rs:47:9
[INFO] [stdout]    |
[INFO] [stdout] 47 |         arduino_hal::delay_ms(1000);
[INFO] [stdout]    |         ^^^^^^^^^^^ use of undeclared crate or module `arduino_hal`
[INFO] [stdout] 
[INFO] [stdout] 
[INFO] [stdout] error: aborting due to 6 previous errors
[INFO] [stdout] 
[INFO] [stdout] 
[INFO] [stdout] For more information about this error, try `rustc --explain E0433`.
[INFO] [stdout] 
[INFO] [stderr] error: could not compile `ag-lcd` (example "scroll") due to 9 previous errors
[INFO] [stdout] error: language item required, but not found: `eh_personality`
[INFO] [stdout]   |
[INFO] [stdout]   = note: this can occur when a binary crate with `#![no_std]` is compiled for a target where `eh_personality` is defined in the standard library
[INFO] [stdout]   = help: you may be able to compile for a target that doesn't need `eh_personality`, specify a target with `--target` or in `.cargo/config`
[INFO] [stdout] 
[INFO] [stdout] 
[INFO] [stdout] error[E0433]: failed to resolve: use of undeclared crate or module `arduino_hal`
[INFO] [stdout]   --> examples/position.rs:47:13
[INFO] [stdout]    |
[INFO] [stdout] 47 |             arduino_hal::delay_ms(1000);
[INFO] [stdout]    |             ^^^^^^^^^^^ use of undeclared crate or module `arduino_hal`
[INFO] [stdout] 
[INFO] [stdout] 
[INFO] [stdout] error[E0433]: failed to resolve: use of undeclared crate or module `arduino_hal`
[INFO] [stdout]   --> examples/position.rs:54:9
[INFO] [stdout]    |
[INFO] [stdout] 54 |         arduino_hal::delay_ms(1000);
[INFO] [stdout]    |         ^^^^^^^^^^^ use of undeclared crate or module `arduino_hal`
[INFO] [stdout] 
[INFO] [stdout] 
[INFO] [stderr] error: could not compile `ag-lcd` (example "character") due to 7 previous errors
[INFO] [stdout] error: aborting due to 7 previous errors
[INFO] [stdout] 
[INFO] [stdout] 
[INFO] [stdout] For more information about this error, try `rustc --explain E0433`.
[INFO] [stdout] 
[INFO] [stderr] error: could not compile `ag-lcd` (example "position") due to 8 previous errors
[INFO] running `Command { std: "docker" "inspect" "7b0de66957b5c3166a53354d4592de3f42a210dc3078f523726ae92cdedfa4e1", kill_on_drop: false }`
[INFO] running `Command { std: "docker" "rm" "-f" "7b0de66957b5c3166a53354d4592de3f42a210dc3078f523726ae92cdedfa4e1", kill_on_drop: false }`
[INFO] [stdout] 7b0de66957b5c3166a53354d4592de3f42a210dc3078f523726ae92cdedfa4e1
