[INFO] fetching crate afetch-colored 2.0.1...
[INFO] testing afetch-colored-2.0.1 against 1.69.0 for beta-1.70-1
[INFO] extracting crate afetch-colored 2.0.1 into /workspace/builds/worker-0-tc1/source
[INFO] validating manifest of crates.io crate afetch-colored 2.0.1 on toolchain 1.69.0
[INFO] running `Command { std: CARGO_HOME="/workspace/cargo-home" RUSTUP_HOME="/workspace/rustup-home" "/workspace/cargo-home/bin/cargo" "+1.69.0" "metadata" "--manifest-path" "Cargo.toml" "--no-deps", kill_on_drop: false }`
[INFO] started tweaking crates.io crate afetch-colored 2.0.1
[INFO] finished tweaking crates.io crate afetch-colored 2.0.1
[INFO] tweaked toml for crates.io crate afetch-colored 2.0.1 written to /workspace/builds/worker-0-tc1/source/Cargo.toml
[INFO] crate crates.io crate afetch-colored 2.0.1 already has a lockfile, it will not be regenerated
[INFO] running `Command { std: CARGO_HOME="/workspace/cargo-home" RUSTUP_HOME="/workspace/rustup-home" "/workspace/cargo-home/bin/cargo" "+1.69.0" "fetch" "--manifest-path" "Cargo.toml", kill_on_drop: false }`
[INFO] [stderr]     Blocking waiting for file lock on package cache
[INFO] [stderr]     Blocking waiting for file lock on package cache
[INFO] [stderr]  Downloading crates ...
[INFO] [stderr]   Downloaded darling_macro v0.10.2
[INFO] [stderr]   Downloaded time-macros v0.1.1
[INFO] [stderr]   Downloaded strsim v0.9.3
[INFO] [stderr]   Downloaded time v0.2.27
[INFO] [stderr]   Downloaded derive-new v0.5.9
[INFO] [stderr]   Downloaded time-macros-impl v0.1.2
[INFO] [stderr]   Downloaded standback v0.2.17
[INFO] [stderr]   Downloaded stdweb v0.4.20
[INFO] [stderr]   Downloaded stdweb-derive v0.5.3
[INFO] [stderr]   Downloaded const_fn v0.4.9
[INFO] [stderr]   Downloaded colored v2.0.0
[INFO] [stderr]   Downloaded darling_core v0.10.2
[INFO] [stderr]   Downloaded darling v0.10.2
[INFO] [stderr]   Downloaded base-x v0.2.11
[INFO] [stderr]   Downloaded syn v2.0.12
[INFO] [stderr]   Downloaded crossbeam-deque v0.8.3
[INFO] [stderr]   Downloaded crossbeam-channel v0.5.7
[INFO] [stderr]   Downloaded rayon-core v1.11.0
[INFO] [stderr]   Downloaded serde_json v1.0.95
[INFO] [stderr]   Downloaded crossbeam-epoch v0.9.14
[INFO] [stderr]   Downloaded rayon v1.7.0
[INFO] [stderr]   Downloaded serde v1.0.159
[INFO] [stderr]   Downloaded serde_derive v1.0.159
[INFO] [stderr]   Downloaded derive_builder_core v0.9.0
[INFO] [stderr]   Downloaded derive_builder v0.9.0
[INFO] [stderr]   Downloaded memoffset v0.8.0
[INFO] [stderr]   Downloaded discard v1.0.4
[INFO] [stderr]   Downloaded rspec v1.0.0
[INFO] [stderr]   Downloaded stdweb-internal-macros v0.2.9
[INFO] [stderr]   Downloaded stdweb-internal-runtime v0.1.5
[INFO] [stderr]   Downloaded proc-macro2 v1.0.54
[INFO] running `Command { std: "docker" "create" "-v" "/var/lib/crater-agent-workspace/builds/worker-0-tc1/target:/opt/rustwide/target:rw,Z" "-v" "/var/lib/crater-agent-workspace/builds/worker-0-tc1/source:/opt/rustwide/workdir:ro,Z" "-v" "/var/lib/crater-agent-workspace/cargo-home:/opt/rustwide/cargo-home:ro,Z" "-v" "/var/lib/crater-agent-workspace/rustup-home:/opt/rustwide/rustup-home:ro,Z" "-e" "SOURCE_DIR=/opt/rustwide/workdir" "-e" "CARGO_TARGET_DIR=/opt/rustwide/target" "-e" "CARGO_HOME=/opt/rustwide/cargo-home" "-e" "RUSTUP_HOME=/opt/rustwide/rustup-home" "-w" "/opt/rustwide/workdir" "-m" "1610612736" "--user" "0:0" "--network" "none" "ghcr.io/rust-lang/crates-build-env/linux@sha256:5ff2268d62e97bff2cde7d5815dd6ed5b47097566f13b8d0ca110b04b60e07ed" "/opt/rustwide/cargo-home/bin/cargo" "+1.69.0" "metadata" "--no-deps" "--format-version=1", kill_on_drop: false }`
[INFO] [stdout] fe933f490389dbac8a831c5309a8bcbb3198cda50a19f9b5e318e4ec5b30691d
[INFO] running `Command { std: "docker" "start" "-a" "fe933f490389dbac8a831c5309a8bcbb3198cda50a19f9b5e318e4ec5b30691d", kill_on_drop: false }`
[INFO] running `Command { std: "docker" "inspect" "fe933f490389dbac8a831c5309a8bcbb3198cda50a19f9b5e318e4ec5b30691d", kill_on_drop: false }`
[INFO] running `Command { std: "docker" "rm" "-f" "fe933f490389dbac8a831c5309a8bcbb3198cda50a19f9b5e318e4ec5b30691d", kill_on_drop: false }`
[INFO] [stdout] fe933f490389dbac8a831c5309a8bcbb3198cda50a19f9b5e318e4ec5b30691d
[INFO] running `Command { std: "docker" "create" "-v" "/var/lib/crater-agent-workspace/builds/worker-0-tc1/target:/opt/rustwide/target:rw,Z" "-v" "/var/lib/crater-agent-workspace/builds/worker-0-tc1/source:/opt/rustwide/workdir:ro,Z" "-v" "/var/lib/crater-agent-workspace/cargo-home:/opt/rustwide/cargo-home:ro,Z" "-v" "/var/lib/crater-agent-workspace/rustup-home:/opt/rustwide/rustup-home:ro,Z" "-e" "SOURCE_DIR=/opt/rustwide/workdir" "-e" "CARGO_TARGET_DIR=/opt/rustwide/target" "-e" "CARGO_INCREMENTAL=0" "-e" "RUST_BACKTRACE=full" "-e" "RUSTFLAGS=--cap-lints=warn" "-e" "RUSTDOCFLAGS=--cap-lints=warn" "-e" "CARGO_HOME=/opt/rustwide/cargo-home" "-e" "RUSTUP_HOME=/opt/rustwide/rustup-home" "-w" "/opt/rustwide/workdir" "-m" "1610612736" "--user" "0:0" "--network" "none" "ghcr.io/rust-lang/crates-build-env/linux@sha256:5ff2268d62e97bff2cde7d5815dd6ed5b47097566f13b8d0ca110b04b60e07ed" "/opt/rustwide/cargo-home/bin/cargo" "+1.69.0" "build" "--frozen" "--message-format=json", kill_on_drop: false }`
[INFO] [stdout] 923e288a2ce02fb2fc5afdba89e2a221548aeb87b515766e9a6a88d72d0d269b
[INFO] running `Command { std: "docker" "start" "-a" "923e288a2ce02fb2fc5afdba89e2a221548aeb87b515766e9a6a88d72d0d269b", kill_on_drop: false }`
[INFO] [stderr]    Compiling libc v0.2.140
[INFO] [stderr]    Compiling atty v0.2.14
[INFO] [stderr]    Compiling afetch-colored v2.0.1 (/opt/rustwide/workdir)
[INFO] [stderr]     Finished dev [unoptimized + debuginfo] target(s) in 1.10s
[INFO] running `Command { std: "docker" "inspect" "923e288a2ce02fb2fc5afdba89e2a221548aeb87b515766e9a6a88d72d0d269b", kill_on_drop: false }`
[INFO] running `Command { std: "docker" "rm" "-f" "923e288a2ce02fb2fc5afdba89e2a221548aeb87b515766e9a6a88d72d0d269b", kill_on_drop: false }`
[INFO] [stdout] 923e288a2ce02fb2fc5afdba89e2a221548aeb87b515766e9a6a88d72d0d269b
[INFO] running `Command { std: "docker" "create" "-v" "/var/lib/crater-agent-workspace/builds/worker-0-tc1/target:/opt/rustwide/target:rw,Z" "-v" "/var/lib/crater-agent-workspace/builds/worker-0-tc1/source:/opt/rustwide/workdir:ro,Z" "-v" "/var/lib/crater-agent-workspace/cargo-home:/opt/rustwide/cargo-home:ro,Z" "-v" "/var/lib/crater-agent-workspace/rustup-home:/opt/rustwide/rustup-home:ro,Z" "-e" "SOURCE_DIR=/opt/rustwide/workdir" "-e" "CARGO_TARGET_DIR=/opt/rustwide/target" "-e" "CARGO_INCREMENTAL=0" "-e" "RUST_BACKTRACE=full" "-e" "RUSTFLAGS=--cap-lints=warn" "-e" "RUSTDOCFLAGS=--cap-lints=warn" "-e" "CARGO_HOME=/opt/rustwide/cargo-home" "-e" "RUSTUP_HOME=/opt/rustwide/rustup-home" "-w" "/opt/rustwide/workdir" "-m" "1610612736" "--user" "0:0" "--network" "none" "ghcr.io/rust-lang/crates-build-env/linux@sha256:5ff2268d62e97bff2cde7d5815dd6ed5b47097566f13b8d0ca110b04b60e07ed" "/opt/rustwide/cargo-home/bin/cargo" "+1.69.0" "test" "--frozen" "--no-run" "--message-format=json", kill_on_drop: false }`
[INFO] [stdout] 50e8be34b92b072e50a741aff16b70281b38bf78398be26e62dec694476a443f
[INFO] running `Command { std: "docker" "start" "-a" "50e8be34b92b072e50a741aff16b70281b38bf78398be26e62dec694476a443f", kill_on_drop: false }`
[INFO] [stderr]    Compiling proc-macro2 v1.0.54
[INFO] [stderr]    Compiling version_check v0.9.4
[INFO] [stderr]    Compiling libc v0.2.140
[INFO] [stderr]    Compiling crossbeam-utils v0.8.15
[INFO] [stderr]    Compiling fnv v1.0.7
[INFO] [stderr]    Compiling strsim v0.9.3
[INFO] [stderr]    Compiling proc-macro-hack v0.5.20+deprecated
[INFO] [stderr]    Compiling ident_case v1.0.1
[INFO] [stderr]    Compiling rayon-core v1.11.0
[INFO] [stderr]    Compiling const_fn v0.4.9
[INFO] [stderr]    Compiling memoffset v0.8.0
[INFO] [stderr]    Compiling crossbeam-epoch v0.9.14
[INFO] [stderr]    Compiling derive_builder v0.9.0
[INFO] [stderr]    Compiling either v1.8.1
[INFO] [stderr]    Compiling ansi_term v0.12.1
[INFO] [stderr]    Compiling standback v0.2.17
[INFO] [stderr]    Compiling time v0.2.27
[INFO] [stderr]    Compiling crossbeam-channel v0.5.7
[INFO] [stderr]    Compiling quote v1.0.26
[INFO] [stderr]    Compiling crossbeam-deque v0.8.3
[INFO] [stderr]    Compiling syn v1.0.109
[INFO] [stderr]    Compiling atty v0.2.14
[INFO] [stderr]    Compiling num_cpus v1.15.0
[INFO] [stderr]    Compiling colored v2.0.0
[INFO] [stderr]    Compiling afetch-colored v2.0.1 (/opt/rustwide/workdir)
[INFO] [stderr]    Compiling rayon v1.7.0
[INFO] [stderr]    Compiling darling_core v0.10.2
[INFO] [stderr]    Compiling time-macros-impl v0.1.2
[INFO] [stderr]    Compiling derive-new v0.5.9
[INFO] [stderr]    Compiling darling_macro v0.10.2
[INFO] [stderr]    Compiling time-macros v0.1.1
[INFO] [stderr]    Compiling darling v0.10.2
[INFO] [stderr]    Compiling derive_builder_core v0.9.0
[INFO] [stderr]    Compiling rspec v1.0.0
[INFO] [stdout] error[E0463]: can't find crate for `colored`
[INFO] [stdout]  --> examples/control.rs:2:1
[INFO] [stdout]   |
[INFO] [stdout] 2 | extern crate colored;
[INFO] [stdout]   | ^^^^^^^^^^^^^^^^^^^^^ can't find crate
[INFO] [stdout] 
[INFO] [stdout] 
[INFO] [stdout] error[E0463]: can't find crate for `colored`
[INFO] [stdout]  --> examples/most_simple.rs:1:1
[INFO] [stdout]   |
[INFO] [stdout] 1 | extern crate colored;
[INFO] [stdout]   | ^^^^^^^^^^^^^^^^^^^^^ can't find crate
[INFO] [stdout] 
[INFO] [stdout] 
[INFO] [stdout] error[E0463]: can't find crate for `colored`
[INFO] [stdout]  --> tests/ansi_term_compat.rs:5:1
[INFO] [stdout]   |
[INFO] [stdout] 5 | extern crate colored;
[INFO] [stdout]   | ^^^^^^^^^^^^^^^^^^^^^ can't find crate
[INFO] [stdout] 
[INFO] [stdout] 
[INFO] [stdout] error[E0432]: unresolved imports `super::ansi_term`, `super::colored`, `super::ansi_term`, `super::colored`, `super::ansi_term`, `super::colored`, `super::ansi_term`, `super::colored`
[INFO] [stdout]    --> tests/ansi_term_compat.rs:51:9
[INFO] [stdout]     |
[INFO] [stdout] 51  |     use super::ansi_term;
[INFO] [stdout]     |         ^^^^^^^^^^^^^^^^
[INFO] [stdout] 52  |     use super::ansi_term::*;
[INFO] [stdout] 53  |     use super::colored;
[INFO] [stdout]     |         ^^^^^^^^^^^^^^
[INFO] [stdout] ...
[INFO] [stdout] 82  |     use super::ansi_term;
[INFO] [stdout]     |         ^^^^^^^^^^^^^^^^
[INFO] [stdout] 83  |     use super::ansi_term::*;
[INFO] [stdout] 84  |     use super::colored;
[INFO] [stdout]     |         ^^^^^^^^^^^^^^
[INFO] [stdout] ...
[INFO] [stdout] 98  |     use super::ansi_term;
[INFO] [stdout]     |         ^^^^^^^^^^^^^^^^
[INFO] [stdout] 99  |     use super::ansi_term::*;
[INFO] [stdout] 100 |     use super::colored;
[INFO] [stdout]     |         ^^^^^^^^^^^^^^
[INFO] [stdout] ...
[INFO] [stdout] 125 |     use super::ansi_term;
[INFO] [stdout]     |         ^^^^^^^^^^^^^^^^
[INFO] [stdout] 126 |     use super::ansi_term::*;
[INFO] [stdout] 127 |     use super::colored;
[INFO] [stdout]     |         ^^^^^^^^^^^^^^
[INFO] [stdout] 
[INFO] [stdout] 
[INFO] [stdout] error[E0432]: unresolved import `colored`
[INFO] [stdout]  --> examples/custom_colors.rs:1:5
[INFO] [stdout]   |
[INFO] [stdout] 1 | use colored::*;
[INFO] [stdout]   |     ^^^^^^^ use of undeclared crate or module `colored`
[INFO] [stdout] 
[INFO] [stdout] 
[INFO] [stdout] error[E0463]: can't find crate for `colored`
[INFO] [stdout]  --> examples/nested_colors.rs:1:1
[INFO] [stdout]   |
[INFO] [stdout] 1 | extern crate colored;
[INFO] [stdout]   | ^^^^^^^^^^^^^^^^^^^^^ can't find crate
[INFO] [stdout] 
[INFO] [stdout] 
[INFO] [stdout] error[E0463]: can't find crate for `colored`
[INFO] [stdout]  --> examples/dynamic_colors.rs:1:1
[INFO] [stdout]   |
[INFO] [stdout] 1 | extern crate colored;
[INFO] [stdout]   | ^^^^^^^^^^^^^^^^^^^^^ can't find crate
[INFO] [stdout] 
[INFO] [stdout] 
[INFO] [stdout] error[E0433]: failed to resolve: use of undeclared type `Color`
[INFO] [stdout]   --> examples/dynamic_colors.rs:13:44
[INFO] [stdout]    |
[INFO] [stdout] 13 |     "red string".color(color_res.unwrap_or(Color::Red));
[INFO] [stdout]    |                                            ^^^^^ use of undeclared type `Color`
[INFO] [stdout] 
[INFO] [stdout] 
[INFO] [stdout] error[E0599]: no method named `green` found for reference `&'static str` in the current scope
[INFO] [stdout]  --> examples/most_simple.rs:9:14
[INFO] [stdout]   |
[INFO] [stdout] 9 |         "it".green(),
[INFO] [stdout]   |              ^^^^^ method not found in `&str`
[INFO] [stdout] 
[INFO] [stdout] 
[INFO] [stdout] error[E0599]: no method named `yellow` found for reference `&'static str` in the current scope
[INFO] [stdout]   --> examples/control.rs:45:35
[INFO] [stdout]    |
[INFO] [stdout] 45 |     println!("{}", "some warning".yellow());
[INFO] [stdout]    |                                   ^^^^^^ method not found in `&str`
[INFO] [stdout] 
[INFO] [stdout] 
[INFO] [stdout] error[E0433]: failed to resolve: use of undeclared type `CustomColor`
[INFO] [stdout]  --> examples/custom_colors.rs:3:20
[INFO] [stdout]   |
[INFO] [stdout] 3 |     let my_color = CustomColor::new(0, 120, 120);
[INFO] [stdout]   |                    ^^^^^^^^^^^ use of undeclared type `CustomColor`
[INFO] [stdout]   |
[INFO] [stdout] help: consider importing this struct
[INFO] [stdout]   |
[INFO] [stdout] 1 | use afetch_colored::CustomColor;
[INFO] [stdout]   |
[INFO] [stdout] 
[INFO] [stdout] 
[INFO] [stdout] error[E0432]: unresolved import `rspec::context`
[INFO] [stdout]    --> src/control.rs:169:16
[INFO] [stdout]     |
[INFO] [stdout] 169 |     use rspec::context::*;
[INFO] [stdout]     |                ^^^^^^^ could not find `context` in `rspec`
[INFO] [stdout] 
[INFO] [stdout] 
[INFO] [stdout] error[E0599]: no method named `blue` found for reference `&'static str` in the current scope
[INFO] [stdout]   --> examples/most_simple.rs:10:17
[INFO] [stdout]    |
[INFO] [stdout] 10 |         "works".blue().bold(),
[INFO] [stdout]    |                 ^^^^ method not found in `&str`
[INFO] [stdout] 
[INFO] [stdout] 
[INFO] [stdout] error[E0599]: no method named `yellow` found for reference `&'static str` in the current scope
[INFO] [stdout]   --> examples/control.rs:48:35
[INFO] [stdout]    |
[INFO] [stdout] 48 |     println!("{}", "some warning".yellow());
[INFO] [stdout]    |                                   ^^^^^^ method not found in `&str`
[INFO] [stdout] 
[INFO] [stdout] 
[INFO] [stdout] error[E0599]: no method named `bold` found for reference `&'static str` in the current scope
[INFO] [stdout]   --> examples/nested_colors.rs:11:25
[INFO] [stdout]    |
[INFO] [stdout] 11 |     let world = "world".bold();
[INFO] [stdout]    |                         ^^^^ method not found in `&str`
[INFO] [stdout] 
[INFO] [stdout] 
[INFO] [stdout] error[E0599]: no method named `color` found for reference `&'static str` in the current scope
[INFO] [stdout]  --> examples/dynamic_colors.rs:6:22
[INFO] [stdout]   |
[INFO] [stdout] 6 |     "blue string yo".color("blue");
[INFO] [stdout]   |                      ^^^^^ method not found in `&str`
[INFO] [stdout] 
[INFO] [stdout] 
[INFO] [stdout] error[E0599]: no method named `black` found for struct `String` in the current scope
[INFO] [stdout]   --> tests/ansi_term_compat.rs:27:39
[INFO] [stdout]    |
[INFO] [stdout] 27 |     test_simple_color!("test string", black, Black);
[INFO] [stdout]    |                                       ^^^^^ method not found in `String`
[INFO] [stdout] 
[INFO] [stdout] 
[INFO] [stdout] error[E0599]: no method named `yellow` found for reference `&'static str` in the current scope
[INFO] [stdout]   --> examples/control.rs:51:35
[INFO] [stdout]    |
[INFO] [stdout] 51 |     println!("{}", "some warning".yellow());
[INFO] [stdout]    |                                   ^^^^^^ method not found in `&str`
[INFO] [stdout] 
[INFO] [stdout] 
[INFO] [stdout] error[E0599]: no method named `bold` found for reference `&'static str` in the current scope
[INFO] [stdout]   --> examples/most_simple.rs:11:17
[INFO] [stdout]    |
[INFO] [stdout] 11 |         "great".bold().yellow()
[INFO] [stdout]    |                 ^^^^ method not found in `&str`
[INFO] [stdout] 
[INFO] [stdout] 
[INFO] [stdout] error: aborting due to 4 previous errors
[INFO] [stdout] 
[INFO] [stdout] 
[INFO] [stdout] error[E0599]: no method named `custom_color` found for reference `&'static str` in the current scope
[INFO] [stdout]  --> examples/custom_colors.rs:4:45
[INFO] [stdout]   |
[INFO] [stdout] 4 |     println!("{}", "Greetings from Ukraine".custom_color(my_color));
[INFO] [stdout]   |                                             ^^^^^^^^^^^^ method not found in `&str`
[INFO] [stdout]   |
[INFO] [stdout]   = help: items from traits can only be used if the trait is in scope
[INFO] [stdout] help: the following trait is implemented but not in scope; perhaps add a `use` for it:
[INFO] [stdout]   |
[INFO] [stdout] 1 | use afetch_colored::Colorize;
[INFO] [stdout]   |
[INFO] [stdout] 
[INFO] [stdout] 
[INFO] [stdout] Some errors have detailed explanations: E0463, E0599.
[INFO] [stdout] 
[INFO] [stdout] For more information about an error, try `rustc --explain E0463`.
[INFO] [stdout] 
[INFO] [stdout] error[E0599]: no method named `color` found for reference `&'static str` in the current scope
[INFO] [stdout]  --> examples/dynamic_colors.rs:9:20
[INFO] [stdout]   |
[INFO] [stdout] 9 |     "white string".color("zorglub");
[INFO] [stdout]   |                    ^^^^^ method not found in `&str`
[INFO] [stdout] 
[INFO] [stdout] 
[INFO] [stdout] error[E0599]: no method named `on_custom_color` found for reference `&'static str` in the current scope
[INFO] [stdout]  --> examples/custom_colors.rs:5:37
[INFO] [stdout]   |
[INFO] [stdout] 5 |     println!("{}", "Slava Ukraini!".on_custom_color(my_color));
[INFO] [stdout]   |                                     ^^^^^^^^^^^^^^^ method not found in `&str`
[INFO] [stdout]   |
[INFO] [stdout]   = help: items from traits can only be used if the trait is in scope
[INFO] [stdout] help: the following trait is implemented but not in scope; perhaps add a `use` for it:
[INFO] [stdout]   |
[INFO] [stdout] 1 | use afetch_colored::Colorize;
[INFO] [stdout]   |
[INFO] [stdout] 
[INFO] [stdout] 
[INFO] [stdout] error[E0599]: no method named `red` found for struct `String` in the current scope
[INFO] [stdout]   --> tests/ansi_term_compat.rs:28:39
[INFO] [stdout]    |
[INFO] [stdout] 28 |     test_simple_color!("test string", red, Red);
[INFO] [stdout]    |                                       ^^^ method not found in `String`
[INFO] [stdout] 
[INFO] [stdout] 
[INFO] [stderr] error: could not compile `afetch-colored` due to 5 previous errors
[INFO] [stdout] error: aborting due to 4 previous errors
[INFO] [stdout] 
[INFO] [stdout] 
[INFO] [stderr] warning: build failed, waiting for other jobs to finish...
[INFO] [stdout] Some errors have detailed explanations: E0432, E0433, E0599.
[INFO] [stdout] 
[INFO] [stdout] For more information about an error, try `rustc --explain E0432`.
[INFO] [stdout] 
[INFO] [stdout] error[E0433]: failed to resolve: could not find `formatter` in `rspec`
[INFO] [stdout]    --> src/control.rs:177:36
[INFO] [stdout]     |
[INFO] [stdout] 177 |         let mut formatter = rspec::formatter::Simple::new(stdout);
[INFO] [stdout]     |                                    ^^^^^^^^^ could not find `formatter` in `rspec`
[INFO] [stdout] 
[INFO] [stdout] 
[INFO] [stdout] error[E0599]: no method named `red` found for struct `String` in the current scope
[INFO] [stdout]   --> examples/nested_colors.rs:14:60
[INFO] [stdout]    |
[INFO] [stdout] 14 |     let hello_world = format!("Hello, {}!lalalala", world).red();
[INFO] [stdout]    |                                                            ^^^ method not found in `String`
[INFO] [stdout] 
[INFO] [stdout] 
[INFO] [stderr] error: could not compile `afetch-colored` due to 5 previous errors
[INFO] [stdout] error: aborting due to 3 previous errors
[INFO] [stdout] 
[INFO] [stdout] 
[INFO] [stdout] error[E0599]: no method named `color` found for reference `&'static str` in the current scope
[INFO] [stdout]   --> examples/dynamic_colors.rs:13:18
[INFO] [stdout]    |
[INFO] [stdout] 13 |     "red string".color(color_res.unwrap_or(Color::Red));
[INFO] [stdout]    |                  ^^^^^ method not found in `&str`
[INFO] [stdout] 
[INFO] [stdout] 
[INFO] [stdout] Some errors have detailed explanations: E0463, E0599.
[INFO] [stdout] 
[INFO] [stdout] For more information about an error, try `rustc --explain E0463`.
[INFO] [stdout] 
[INFO] [stdout] error: aborting due to 5 previous errors
[INFO] [stdout] 
[INFO] [stdout] 
[INFO] [stdout] Some errors have detailed explanations: E0433, E0463, E0599.
[INFO] [stdout] 
[INFO] [stdout] For more information about an error, try `rustc --explain E0433`.
[INFO] [stdout] 
[INFO] [stdout] error[E0599]: no method named `green` found for struct `String` in the current scope
[INFO] [stdout]   --> tests/ansi_term_compat.rs:29:39
[INFO] [stdout]    |
[INFO] [stdout] 29 |     test_simple_color!("test string", green, Green);
[INFO] [stdout]    |                                       ^^^^^ method not found in `String`
[INFO] [stdout] 
[INFO] [stdout] 
[INFO] [stdout] error[E0425]: cannot find function `describe` in this scope
[INFO] [stdout]    --> src/control.rs:178:26
[INFO] [stdout]     |
[INFO] [stdout] 178 |         let mut runner = describe("ShouldColorize", |ctx| {
[INFO] [stdout]     |                          ^^^^^^^^ not found in this scope
[INFO] [stdout]     |
[INFO] [stdout] help: consider importing one of these items
[INFO] [stdout]     |
[INFO] [stdout] 167 |     use crate::control::specs::rspec::describe;
[INFO] [stdout]     |
[INFO] [stdout] 167 |     use rspec::describe;
[INFO] [stdout]     |
[INFO] [stdout] 
[INFO] [stdout] 
[INFO] [stderr] error: could not compile `afetch-colored` due to 4 previous errors
[INFO] [stderr] error: could not compile `afetch-colored` due to 6 previous errors
[INFO] [stdout] error[E0599]: no method named `green` found for struct `String` in the current scope
[INFO] [stdout]   --> examples/most_simple.rs:14:53
[INFO] [stdout]    |
[INFO] [stdout] 14 |     println!("{}", String::from("this also works!").green().bold());
[INFO] [stdout]    |                                                     ^^^^^ method not found in `String`
[INFO] [stdout] 
[INFO] [stdout] 
[INFO] [stdout] error[E0599]: no method named `yellow` found for struct `String` in the current scope
[INFO] [stdout]   --> tests/ansi_term_compat.rs:30:39
[INFO] [stdout]    |
[INFO] [stdout] 30 |     test_simple_color!("test string", yellow, Yellow);
[INFO] [stdout]    |                                       ^^^^^^ method not found in `String`
[INFO] [stdout] 
[INFO] [stdout] 
[INFO] [stdout] error[E0599]: no method named `red` found for reference `&'static str` in the current scope
[INFO] [stdout]   --> examples/most_simple.rs:17:28
[INFO] [stdout]    |
[INFO] [stdout] 17 |     s.push_str(&"why not ".red().to_string());
[INFO] [stdout]    |                            ^^^ method not found in `&str`
[INFO] [stdout] 
[INFO] [stdout] 
[INFO] [stdout] error[E0599]: no method named `blue` found for struct `String` in the current scope
[INFO] [stdout]   --> tests/ansi_term_compat.rs:31:39
[INFO] [stdout]    |
[INFO] [stdout] 31 |     test_simple_color!("test string", blue, Blue);
[INFO] [stdout]    |                                       ^^^^ method not found in `String`
[INFO] [stdout] 
[INFO] [stdout] 
[INFO] [stdout] error[E0599]: no method named `blue` found for reference `&'static str` in the current scope
[INFO] [stdout]   --> examples/most_simple.rs:18:32
[INFO] [stdout]    |
[INFO] [stdout] 18 |     s.push_str(&"push things ".blue().to_string());
[INFO] [stdout]    |                                ^^^^ method not found in `&str`
[INFO] [stdout] 
[INFO] [stdout] 
[INFO] [stdout] error[E0599]: no method named `magenta` found for struct `String` in the current scope
[INFO] [stdout]   --> tests/ansi_term_compat.rs:32:39
[INFO] [stdout]    |
[INFO] [stdout] 32 |     test_simple_color!("test string", magenta, Purple);
[INFO] [stdout]    |                                       ^^^^^^^ method not found in `String`
[INFO] [stdout] 
[INFO] [stdout] 
[INFO] [stdout] error[E0599]: no method named `green` found for reference `&'static str` in the current scope
[INFO] [stdout]   --> examples/most_simple.rs:19:38
[INFO] [stdout]    |
[INFO] [stdout] 19 |     s.push_str(&"a little further ?".green().to_string());
[INFO] [stdout]    |                                      ^^^^^ method not found in `&str`
[INFO] [stdout] 
[INFO] [stdout] 
[INFO] [stdout] error[E0599]: no method named `cyan` found for struct `String` in the current scope
[INFO] [stdout]   --> tests/ansi_term_compat.rs:33:39
[INFO] [stdout]    |
[INFO] [stdout] 33 |     test_simple_color!("test string", cyan, Cyan);
[INFO] [stdout]    |                                       ^^^^ method not found in `String`
[INFO] [stdout] 
[INFO] [stdout] 
[INFO] [stdout] error[E0599]: no method named `red` found for reference `&'static str` in the current scope
[INFO] [stdout]   --> examples/most_simple.rs:22:40
[INFO] [stdout]    |
[INFO] [stdout] 22 |     let s = format!("{} {} {}", "this".red(), "is".blue(), "easier".green());
[INFO] [stdout]    |                                        ^^^ method not found in `&str`
[INFO] [stdout] 
[INFO] [stdout] 
[INFO] [stdout] error[E0599]: no method named `white` found for struct `String` in the current scope
[INFO] [stdout]   --> tests/ansi_term_compat.rs:34:39
[INFO] [stdout]    |
[INFO] [stdout] 34 |     test_simple_color!("test string", white, White);
[INFO] [stdout]    |                                       ^^^^^ method not found in `String`
[INFO] [stdout] 
[INFO] [stdout] 
[INFO] [stdout] error[E0599]: no method named `blue` found for reference `&'static str` in the current scope
[INFO] [stdout]   --> examples/most_simple.rs:22:52
[INFO] [stdout]    |
[INFO] [stdout] 22 |     let s = format!("{} {} {}", "this".red(), "is".blue(), "easier".green());
[INFO] [stdout]    |                                                    ^^^^ method not found in `&str`
[INFO] [stdout] 
[INFO] [stdout] 
[INFO] [stdout] error[E0599]: no method named `bold` found for struct `String` in the current scope
[INFO] [stdout]   --> tests/ansi_term_compat.rs:56:39
[INFO] [stdout]    |
[INFO] [stdout] 56 |     test_simple_style!("test string", bold);
[INFO] [stdout]    |                                       ^^^^ method not found in `String`
[INFO] [stdout] 
[INFO] [stdout] 
[INFO] [stdout] error[E0599]: no method named `green` found for reference `&'static str` in the current scope
[INFO] [stdout]   --> examples/most_simple.rs:22:69
[INFO] [stdout]    |
[INFO] [stdout] 22 |     let s = format!("{} {} {}", "this".red(), "is".blue(), "easier".green());
[INFO] [stdout]    |                                                                     ^^^^^ method not found in `&str`
[INFO] [stdout] 
[INFO] [stdout] 
[INFO] [stdout] error[E0599]: no method named `dimmed` found for struct `String` in the current scope
[INFO] [stdout]   --> tests/ansi_term_compat.rs:57:39
[INFO] [stdout]    |
[INFO] [stdout] 57 |     test_simple_style!("test string", dimmed);
[INFO] [stdout]    |                                       ^^^^^^ method not found in `String`
[INFO] [stdout] 
[INFO] [stdout] 
[INFO] [stdout] error: aborting due to 11 previous errors
[INFO] [stdout] 
[INFO] [stdout] 
[INFO] [stdout] Some errors have detailed explanations: E0463, E0599.
[INFO] [stdout] 
[INFO] [stdout] For more information about an error, try `rustc --explain E0463`.
[INFO] [stdout] 
[INFO] [stderr] error: could not compile `afetch-colored` due to 12 previous errors
[INFO] [stdout] error[E0599]: no method named `italic` found for struct `String` in the current scope
[INFO] [stdout]   --> tests/ansi_term_compat.rs:58:39
[INFO] [stdout]    |
[INFO] [stdout] 58 |     test_simple_style!("test string", italic);
[INFO] [stdout]    |                                       ^^^^^^ method not found in `String`
[INFO] [stdout] 
[INFO] [stdout] 
[INFO] [stdout] error[E0599]: no method named `underline` found for struct `String` in the current scope
[INFO] [stdout]   --> tests/ansi_term_compat.rs:59:39
[INFO] [stdout]    |
[INFO] [stdout] 59 |     test_simple_style!("test string", underline);
[INFO] [stdout]    |                                       ^^^^^^^^^ help: there is a method with a similar name: `drain`
[INFO] [stdout] 
[INFO] [stdout] 
[INFO] [stdout] error[E0599]: no method named `blink` found for struct `String` in the current scope
[INFO] [stdout]   --> tests/ansi_term_compat.rs:60:39
[INFO] [stdout]    |
[INFO] [stdout] 60 |     test_simple_style!("test string", blink);
[INFO] [stdout]    |                                       ^^^^^ method not found in `String`
[INFO] [stdout] 
[INFO] [stdout] 
[INFO] [stdout] error[E0599]: no method named `reverse` found for struct `String` in the current scope
[INFO] [stdout]   --> tests/ansi_term_compat.rs:61:39
[INFO] [stdout]    |
[INFO] [stdout] 61 |     test_simple_style!("test string", reverse);
[INFO] [stdout]    |                                       ^^^^^^^ help: there is a method with a similar name: `reserve`
[INFO] [stdout] 
[INFO] [stdout] 
[INFO] [stdout] error[E0599]: no method named `hidden` found for struct `String` in the current scope
[INFO] [stdout]   --> tests/ansi_term_compat.rs:62:39
[INFO] [stdout]    |
[INFO] [stdout] 62 |     test_simple_style!("test string", hidden);
[INFO] [stdout]    |                                       ^^^^^^ method not found in `String`
[INFO] [stdout] 
[INFO] [stdout] 
[INFO] [stdout] error[E0599]: no method named `on_black` found for struct `String` in the current scope
[INFO] [stdout]   --> tests/ansi_term_compat.rs:87:41
[INFO] [stdout]    |
[INFO] [stdout] 87 |     test_simple_bgcolor!("test string", on_black, Black);
[INFO] [stdout]    |                                         ^^^^^^^^ method not found in `String`
[INFO] [stdout] 
[INFO] [stdout] 
[INFO] [stdout] error[E0599]: no method named `on_red` found for struct `String` in the current scope
[INFO] [stdout]   --> tests/ansi_term_compat.rs:88:41
[INFO] [stdout]    |
[INFO] [stdout] 88 |     test_simple_bgcolor!("test string", on_red, Red);
[INFO] [stdout]    |                                         ^^^^^^ method not found in `String`
[INFO] [stdout] 
[INFO] [stdout] 
[INFO] [stdout] error[E0599]: no method named `on_green` found for struct `String` in the current scope
[INFO] [stdout]   --> tests/ansi_term_compat.rs:89:41
[INFO] [stdout]    |
[INFO] [stdout] 89 |     test_simple_bgcolor!("test string", on_green, Green);
[INFO] [stdout]    |                                         ^^^^^^^^ method not found in `String`
[INFO] [stdout] 
[INFO] [stdout] 
[INFO] [stdout] error[E0599]: no method named `on_yellow` found for struct `String` in the current scope
[INFO] [stdout]   --> tests/ansi_term_compat.rs:90:41
[INFO] [stdout]    |
[INFO] [stdout] 90 |     test_simple_bgcolor!("test string", on_yellow, Yellow);
[INFO] [stdout]    |                                         ^^^^^^^^^ method not found in `String`
[INFO] [stdout] 
[INFO] [stdout] 
[INFO] [stdout] error[E0599]: no method named `on_blue` found for struct `String` in the current scope
[INFO] [stdout]   --> tests/ansi_term_compat.rs:91:41
[INFO] [stdout]    |
[INFO] [stdout] 91 |     test_simple_bgcolor!("test string", on_blue, Blue);
[INFO] [stdout]    |                                         ^^^^^^^ method not found in `String`
[INFO] [stdout] 
[INFO] [stdout] 
[INFO] [stdout] error[E0599]: no method named `on_magenta` found for struct `String` in the current scope
[INFO] [stdout]   --> tests/ansi_term_compat.rs:92:41
[INFO] [stdout]    |
[INFO] [stdout] 92 |     test_simple_bgcolor!("test string", on_magenta, Purple);
[INFO] [stdout]    |                                         ^^^^^^^^^^ method not found in `String`
[INFO] [stdout] 
[INFO] [stdout] 
[INFO] [stdout] error[E0599]: no method named `on_cyan` found for struct `String` in the current scope
[INFO] [stdout]   --> tests/ansi_term_compat.rs:93:41
[INFO] [stdout]    |
[INFO] [stdout] 93 |     test_simple_bgcolor!("test string", on_cyan, Cyan);
[INFO] [stdout]    |                                         ^^^^^^^ method not found in `String`
[INFO] [stdout] 
[INFO] [stdout] 
[INFO] [stdout] error[E0599]: no method named `on_white` found for struct `String` in the current scope
[INFO] [stdout]   --> tests/ansi_term_compat.rs:94:41
[INFO] [stdout]    |
[INFO] [stdout] 94 |     test_simple_bgcolor!("test string", on_white, White);
[INFO] [stdout]    |                                         ^^^^^^^^ method not found in `String`
[INFO] [stdout] 
[INFO] [stdout] 
[INFO] [stdout] error[E0599]: no method named `red` found for reference `&str` in the current scope
[INFO] [stdout]    --> tests/ansi_term_compat.rs:109:15
[INFO] [stdout]     |
[INFO] [stdout] 109 |             s.red().bold().italic().on_black().to_string()
[INFO] [stdout]     |               ^^^ method not found in `&str`
[INFO] [stdout] 
[INFO] [stdout] 
[INFO] [stdout] error: aborting due to 3 previous errors
[INFO] [stdout] 
[INFO] [stdout] 
[INFO] [stdout] Some errors have detailed explanations: E0425, E0432, E0433.
[INFO] [stdout] 
[INFO] [stdout] For more information about an error, try `rustc --explain E0425`.
[INFO] [stdout] 
[INFO] [stdout] error[E0599]: no method named `green` found for reference `&str` in the current scope
[INFO] [stdout]    --> tests/ansi_term_compat.rs:119:15
[INFO] [stdout]     |
[INFO] [stdout] 119 |             s.green().on_yellow().underline().to_string()
[INFO] [stdout]     |               ^^^^^ method not found in `&str`
[INFO] [stdout] 
[INFO] [stdout] 
[INFO] [stderr] error: could not compile `afetch-colored` due to 4 previous errors
[INFO] [stdout] error[E0599]: no method named `red` found for reference `&str` in the current scope
[INFO] [stdout]    --> tests/ansi_term_compat.rs:134:40
[INFO] [stdout]     |
[INFO] [stdout] 134 |         assert_eq!(ansi.to_string(), s.red().on_blue().to_string());
[INFO] [stdout]     |                                        ^^^ method not found in `&str`
[INFO] [stdout] 
[INFO] [stdout] 
[INFO] [stdout] error[E0599]: no method named `green` found for reference `&str` in the current scope
[INFO] [stdout]    --> tests/ansi_term_compat.rs:143:15
[INFO] [stdout]     |
[INFO] [stdout] 143 |             s.green().on_yellow().green().on_yellow().to_string()
[INFO] [stdout]     |               ^^^^^ method not found in `&str`
[INFO] [stdout] 
[INFO] [stdout] 
[INFO] [stdout] error: aborting due to 29 previous errors
[INFO] [stdout] 
[INFO] [stdout] 
[INFO] [stdout] Some errors have detailed explanations: E0432, E0463, E0599.
[INFO] [stdout] 
[INFO] [stdout] For more information about an error, try `rustc --explain E0432`.
[INFO] [stdout] 
[INFO] [stderr] error: could not compile `afetch-colored` due to 30 previous errors
[INFO] running `Command { std: "docker" "inspect" "50e8be34b92b072e50a741aff16b70281b38bf78398be26e62dec694476a443f", kill_on_drop: false }`
[INFO] running `Command { std: "docker" "rm" "-f" "50e8be34b92b072e50a741aff16b70281b38bf78398be26e62dec694476a443f", kill_on_drop: false }`
[INFO] [stdout] 50e8be34b92b072e50a741aff16b70281b38bf78398be26e62dec694476a443f
