[INFO] fetching crate actix-web-middleware-keycloak-auth 0.4.0...
[INFO] testing actix-web-middleware-keycloak-auth-0.4.0 against 1.69.0 for beta-1.70-1
[INFO] extracting crate actix-web-middleware-keycloak-auth 0.4.0 into /workspace/builds/worker-5-tc1/source
[INFO] validating manifest of crates.io crate actix-web-middleware-keycloak-auth 0.4.0 on toolchain 1.69.0
[INFO] running `Command { std: CARGO_HOME="/workspace/cargo-home" RUSTUP_HOME="/workspace/rustup-home" "/workspace/cargo-home/bin/cargo" "+1.69.0" "metadata" "--manifest-path" "Cargo.toml" "--no-deps", kill_on_drop: false }`
[INFO] started tweaking crates.io crate actix-web-middleware-keycloak-auth 0.4.0
[INFO] finished tweaking crates.io crate actix-web-middleware-keycloak-auth 0.4.0
[INFO] tweaked toml for crates.io crate actix-web-middleware-keycloak-auth 0.4.0 written to /workspace/builds/worker-5-tc1/source/Cargo.toml
[INFO] crate crates.io crate actix-web-middleware-keycloak-auth 0.4.0 already has a lockfile, it will not be regenerated
[INFO] running `Command { std: CARGO_HOME="/workspace/cargo-home" RUSTUP_HOME="/workspace/rustup-home" "/workspace/cargo-home/bin/cargo" "+1.69.0" "fetch" "--manifest-path" "Cargo.toml", kill_on_drop: false }`
[INFO] [stderr]  Downloading crates ...
[INFO] [stderr]   Downloaded serde_derive v1.0.136
[INFO] [stderr]   Downloaded http v0.2.6
[INFO] [stderr]   Downloaded bytes v1.1.0
[INFO] [stderr]   Downloaded humantime v2.1.0
[INFO] [stderr]   Downloaded pin-project-internal v1.0.10
[INFO] [stderr]   Downloaded once_cell v1.10.0
[INFO] [stderr]   Downloaded time v0.3.9
[INFO] [stderr]   Downloaded futures-channel v0.3.21
[INFO] [stderr]   Downloaded firestorm v0.5.0
[INFO] [stderr]   Downloaded mio v0.8.2
[INFO] [stderr]   Downloaded actix-http v3.0.4
[INFO] [stderr]   Downloaded itertools v0.10.3
[INFO] [stderr]   Downloaded num-traits v0.2.14
[INFO] [stderr]   Downloaded chrono v0.4.19
[INFO] [stderr]   Downloaded anyhow v1.0.56
[INFO] [stderr]   Downloaded serde_json v1.0.79
[INFO] [stderr]   Downloaded indexmap v1.8.1
[INFO] [stderr]   Downloaded parking_lot v0.12.0
[INFO] [stderr]   Downloaded thiserror-impl v1.0.30
[INFO] [stderr]   Downloaded wasm-bindgen-macro v0.2.79
[INFO] [stderr]   Downloaded quickcheck v1.0.3
[INFO] [stderr]   Downloaded simple_asn1 v0.6.1
[INFO] [stderr]   Downloaded strum_macros v0.24.0
[INFO] [stderr]   Downloaded rustversion v1.0.6
[INFO] [stderr]   Downloaded miow v0.3.7
[INFO] [stderr]   Downloaded pin-project v1.0.10
[INFO] [stderr]   Downloaded num-integer v0.1.44
[INFO] [stderr]   Downloaded env_logger v0.9.0
[INFO] [stderr]   Downloaded thiserror v1.0.30
[INFO] [stderr]   Downloaded semver-parser v0.10.2
[INFO] [stderr]   Downloaded futures-io v0.3.21
[INFO] [stderr]   Downloaded log v0.4.16
[INFO] [stderr]   Downloaded sha-1 v0.10.0
[INFO] [stderr]   Downloaded slab v0.4.6
[INFO] [stderr]   Downloaded redox_syscall v0.2.13
[INFO] [stderr]   Downloaded ntapi v0.3.7
[INFO] [stderr]   Downloaded ucd-trie v0.1.3
[INFO] [stderr]   Downloaded aho-corasick v0.7.18
[INFO] [stderr]   Downloaded yaml-rust v0.4.5
[INFO] [stderr]   Downloaded jsonwebtoken v8.0.1
[INFO] [stderr]   Downloaded generic-array v0.14.5
[INFO] [stderr]   Downloaded block-buffer v0.10.2
[INFO] [stderr]   Downloaded lock_api v0.4.7
[INFO] [stderr]   Downloaded hashbrown v0.11.2
[INFO] [stderr]   Downloaded httparse v1.6.0
[INFO] [stderr]   Downloaded parking_lot_core v0.9.2
[INFO] [stderr]   Downloaded h2 v0.3.13
[INFO] [stderr]   Downloaded futures-executor v0.3.21
[INFO] [stderr]   Downloaded cpufeatures v0.2.2
[INFO] [stderr]   Downloaded wasm-bindgen-macro-support v0.2.79
[INFO] [stderr]   Downloaded unicode-xid v0.2.2
[INFO] [stderr]   Downloaded pest v2.1.3
[INFO] [stderr]   Downloaded socket2 v0.4.4
[INFO] [stderr]   Downloaded serde_yaml v0.8.23
[INFO] [stderr]   Downloaded syn v1.0.90
[INFO] [stderr]   Downloaded quote v1.0.17
[INFO] [stderr]   Downloaded memchr v2.4.1
[INFO] [stderr]   Downloaded smallvec v1.8.0
[INFO] [stderr]   Downloaded semver v0.11.0
[INFO] [stderr]   Downloaded linked-hash-map v0.5.4
[INFO] [stderr]   Downloaded unicode-bidi v0.3.7
[INFO] [stderr]   Downloaded tinyvec v1.5.1
[INFO] [stderr]   Downloaded tracing-core v0.1.24
[INFO] [stderr]   Downloaded regex-syntax v0.6.25
[INFO] [stderr]   Downloaded windows_i686_gnu v0.34.0
[INFO] [stderr]   Downloaded windows_x86_64_gnu v0.34.0
[INFO] [stderr]   Downloaded windows_aarch64_msvc v0.34.0
[INFO] [stderr]   Downloaded tokio v1.17.0
[INFO] [stderr]   Downloaded windows_i686_msvc v0.34.0
[INFO] [stderr]   Downloaded windows_x86_64_msvc v0.34.0
[INFO] [stderr]   Downloaded libc v0.2.121
[INFO] [stderr]   Downloaded js-sys v0.3.56
[INFO] [stderr]   Downloaded unicode-normalization v0.1.19
[INFO] [stderr]   Downloaded itoa v1.0.1
[INFO] [stderr]   Downloaded ryu v1.0.9
[INFO] [stderr]   Downloaded getrandom v0.2.6
[INFO] [stderr]   Downloaded proc-macro2 v1.0.36
[INFO] [stderr]   Downloaded serde v1.0.136
[INFO] [stderr]   Downloaded pem v1.0.2
[INFO] [stderr]   Downloaded cc v1.0.73
[INFO] [stderr]   Downloaded bumpalo v3.9.1
[INFO] [stderr]   Downloaded wasm-bindgen-backend v0.2.79
[INFO] [stderr]   Downloaded wasm-bindgen-shared v0.2.79
[INFO] [stderr]   Downloaded wasm-bindgen v0.2.79
[INFO] [stderr]   Downloaded tokio-util v0.7.1
[INFO] [stderr]   Downloaded local-channel v0.1.2
[INFO] [stderr]   Downloaded tracing v0.1.32
[INFO] [stderr]   Downloaded futures v0.3.21
[INFO] [stderr]   Downloaded crypto-common v0.1.3
[INFO] [stderr]   Downloaded tracing-attributes v0.1.20
[INFO] [stderr]   Downloaded local-waker v0.1.2
[INFO] [stderr]   Downloaded paste v1.0.7
[INFO] [stderr]   Downloaded semver v1.0.7
[INFO] [stderr]   Downloaded actix-web-codegen v4.0.0
[INFO] [stderr]   Downloaded bytestring v1.0.0
[INFO] [stderr]   Downloaded futures-core v0.3.21
[INFO] [stderr]   Downloaded futures-macro v0.3.21
[INFO] [stderr]   Downloaded futures-sink v0.3.21
[INFO] [stderr]   Downloaded futures-task v0.3.21
[INFO] [stderr]   Downloaded futures-util v0.3.21
[INFO] [stderr]   Downloaded pin-project-lite v0.2.8
[INFO] [stderr]   Downloaded num_threads v0.1.5
[INFO] [stderr]   Downloaded actix-web v4.0.1
[INFO] [stderr]   Downloaded regex v1.5.5
[INFO] [stderr]   Downloaded termcolor v1.1.3
[INFO] [stderr]   Downloaded heck v0.4.0
[INFO] [stderr]   Downloaded strum v0.24.0
[INFO] [stderr]   Downloaded web-sys v0.3.56
[INFO] [stderr]   Downloaded paperclip-actix v0.5.0
[INFO] [stderr]   Downloaded windows-sys v0.34.0
[INFO] [stderr]   Downloaded paperclip-core v0.5.1
[INFO] [stderr]   Downloaded paperclip-macros v0.6.0
[INFO] [stderr]   Downloaded paperclip v0.7.0
[INFO] running `Command { std: "docker" "create" "-v" "/var/lib/crater-agent-workspace/builds/worker-5-tc1/target:/opt/rustwide/target:rw,Z" "-v" "/var/lib/crater-agent-workspace/builds/worker-5-tc1/source:/opt/rustwide/workdir:ro,Z" "-v" "/var/lib/crater-agent-workspace/cargo-home:/opt/rustwide/cargo-home:ro,Z" "-v" "/var/lib/crater-agent-workspace/rustup-home:/opt/rustwide/rustup-home:ro,Z" "-e" "SOURCE_DIR=/opt/rustwide/workdir" "-e" "CARGO_TARGET_DIR=/opt/rustwide/target" "-e" "CARGO_HOME=/opt/rustwide/cargo-home" "-e" "RUSTUP_HOME=/opt/rustwide/rustup-home" "-w" "/opt/rustwide/workdir" "-m" "1610612736" "--user" "0:0" "--network" "none" "ghcr.io/rust-lang/crates-build-env/linux@sha256:5ff2268d62e97bff2cde7d5815dd6ed5b47097566f13b8d0ca110b04b60e07ed" "/opt/rustwide/cargo-home/bin/cargo" "+1.69.0" "metadata" "--no-deps" "--format-version=1", kill_on_drop: false }`
[INFO] [stdout] facbab8b18f937964f2a325da016fc4ac92afa3482879e246222427d9935bcd6
[INFO] running `Command { std: "docker" "start" "-a" "facbab8b18f937964f2a325da016fc4ac92afa3482879e246222427d9935bcd6", kill_on_drop: false }`
[INFO] running `Command { std: "docker" "inspect" "facbab8b18f937964f2a325da016fc4ac92afa3482879e246222427d9935bcd6", kill_on_drop: false }`
[INFO] running `Command { std: "docker" "rm" "-f" "facbab8b18f937964f2a325da016fc4ac92afa3482879e246222427d9935bcd6", kill_on_drop: false }`
[INFO] [stdout] facbab8b18f937964f2a325da016fc4ac92afa3482879e246222427d9935bcd6
[INFO] running `Command { std: "docker" "create" "-v" "/var/lib/crater-agent-workspace/builds/worker-5-tc1/target:/opt/rustwide/target:rw,Z" "-v" "/var/lib/crater-agent-workspace/builds/worker-5-tc1/source:/opt/rustwide/workdir:ro,Z" "-v" "/var/lib/crater-agent-workspace/cargo-home:/opt/rustwide/cargo-home:ro,Z" "-v" "/var/lib/crater-agent-workspace/rustup-home:/opt/rustwide/rustup-home:ro,Z" "-e" "SOURCE_DIR=/opt/rustwide/workdir" "-e" "CARGO_TARGET_DIR=/opt/rustwide/target" "-e" "CARGO_INCREMENTAL=0" "-e" "RUST_BACKTRACE=full" "-e" "RUSTFLAGS=--cap-lints=warn" "-e" "RUSTDOCFLAGS=--cap-lints=warn" "-e" "CARGO_HOME=/opt/rustwide/cargo-home" "-e" "RUSTUP_HOME=/opt/rustwide/rustup-home" "-w" "/opt/rustwide/workdir" "-m" "1610612736" "--user" "0:0" "--network" "none" "ghcr.io/rust-lang/crates-build-env/linux@sha256:5ff2268d62e97bff2cde7d5815dd6ed5b47097566f13b8d0ca110b04b60e07ed" "/opt/rustwide/cargo-home/bin/cargo" "+1.69.0" "build" "--frozen" "--message-format=json", kill_on_drop: false }`
[INFO] [stdout] 1e294f0af1e5e6e309a65d507368f74252bd179a5117b10fc7eaad0b92597ebc
[INFO] running `Command { std: "docker" "start" "-a" "1e294f0af1e5e6e309a65d507368f74252bd179a5117b10fc7eaad0b92597ebc", kill_on_drop: false }`
[INFO] [stderr]    Compiling libc v0.2.121
[INFO] [stderr]    Compiling proc-macro2 v1.0.36
[INFO] [stderr]    Compiling unicode-xid v0.2.2
[INFO] [stderr]    Compiling syn v1.0.90
[INFO] [stderr]    Compiling pin-project-lite v0.2.8
[INFO] [stderr]    Compiling memchr v2.4.1
[INFO] [stderr]    Compiling log v0.4.16
[INFO] [stderr]    Compiling futures-core v0.3.21
[INFO] [stderr]    Compiling version_check v0.9.4
[INFO] [stderr]    Compiling lock_api v0.4.7
[INFO] [stderr]    Compiling bytes v1.1.0
[INFO] [stderr]    Compiling once_cell v1.10.0
[INFO] [stderr]    Compiling parking_lot_core v0.9.2
[INFO] [stderr]    Compiling smallvec v1.8.0
[INFO] [stderr]    Compiling itoa v1.0.1
[INFO] [stderr]    Compiling serde_derive v1.0.136
[INFO] [stderr]    Compiling serde v1.0.136
[INFO] [stderr]    Compiling typenum v1.15.0
[INFO] [stderr]    Compiling generic-array v0.14.5
[INFO] [stderr]    Compiling ppv-lite86 v0.2.16
[INFO] [stderr]    Compiling futures-task v0.3.21
[INFO] [stderr]    Compiling quote v1.0.17
[INFO] [stderr]    Compiling getrandom v0.2.6
[INFO] [stderr]    Compiling socket2 v0.4.4
[INFO] [stderr]    Compiling signal-hook-registry v1.4.0
[INFO] [stderr]    Compiling parking_lot v0.12.0
[INFO] [stderr]    Compiling rand_core v0.6.3
[INFO] [stderr]    Compiling mio v0.8.2
[INFO] [stderr]    Compiling tracing-core v0.1.24
[INFO] [stderr]    Compiling rand_chacha v0.3.1
[INFO] [stderr]    Compiling num-traits v0.2.14
[INFO] [stderr]    Compiling futures-util v0.3.21
[INFO] [stderr]    Compiling rand v0.8.5
[INFO] [stderr]    Compiling tokio v1.17.0
[INFO] [stderr]    Compiling num-integer v0.1.44
[INFO] [stderr]    Compiling futures-sink v0.3.21
[INFO] [stderr]    Compiling pin-utils v0.1.0
[INFO] [stderr]    Compiling slab v0.4.6
[INFO] [stderr]    Compiling indexmap v1.8.1
[INFO] [stderr]    Compiling matches v0.1.9
[INFO] [stderr]    Compiling tinyvec_macros v0.1.0
[INFO] [stderr]    Compiling local-waker v0.1.2
[INFO] [stderr]    Compiling percent-encoding v2.1.0
[INFO] [stderr]    Compiling quickcheck v1.0.3
[INFO] [stderr]    Compiling tinyvec v1.5.1
[INFO] [stderr]    Compiling http v0.2.6
[INFO] [stderr]    Compiling crypto-common v0.1.3
[INFO] [stderr]    Compiling block-buffer v0.10.2
[INFO] [stderr]    Compiling ahash v0.7.6
[INFO] [stderr]    Compiling num-bigint v0.4.3
[INFO] [stderr]    Compiling hashbrown v0.11.2
[INFO] [stderr]    Compiling ryu v1.0.9
[INFO] [stderr]    Compiling cc v1.0.73
[INFO] [stderr]    Compiling paste v1.0.7
[INFO] [stderr]    Compiling encoding_rs v0.8.31
[INFO] [stderr]    Compiling httparse v1.6.0
[INFO] [stderr]    Compiling base64 v0.13.0
[INFO] [stderr]    Compiling num_threads v0.1.5
[INFO] [stderr]    Compiling serde_json v1.0.79
[INFO] [stderr]    Compiling time-macros v0.2.4
[INFO] [stderr]    Compiling actix-service v2.0.2
[INFO] [stderr]    Compiling ring v0.16.20
[INFO] [stderr]    Compiling unicode-normalization v0.1.19
[INFO] [stderr]    Compiling digest v0.10.3
[INFO] [stderr]    Compiling actix-rt v2.7.0
[INFO] [stderr]    Compiling form_urlencoded v1.0.1
[INFO] [stderr]    Compiling actix-utils v3.0.0
[INFO] [stderr]    Compiling aho-corasick v0.7.18
[INFO] [stderr]    Compiling bytestring v1.0.0
[INFO] [stderr]    Compiling convert_case v0.4.0
[INFO] [stderr]    Compiling cpufeatures v0.2.2
[INFO] [stderr]    Compiling bitflags v1.3.2
[INFO] [stderr]    Compiling regex-syntax v0.6.25
[INFO] [stderr]    Compiling unicode-bidi v0.3.7
[INFO] [stderr]    Compiling sha-1 v0.10.0
[INFO] [stderr]    Compiling idna v0.2.3
[INFO] [stderr]    Compiling time v0.3.9
[INFO] [stderr]    Compiling regex v1.5.5
[INFO] [stderr]    Compiling local-channel v0.1.2
[INFO] [stderr]    Compiling num_cpus v1.13.1
[INFO] [stderr]    Compiling httpdate v1.0.2
[INFO] [stderr]    Compiling tracing-attributes v0.1.20
[INFO] [stderr]    Compiling thiserror-impl v1.0.30
[INFO] [stderr]    Compiling derive_more v0.99.17
[INFO] [stderr]    Compiling spin v0.5.2
[INFO] [stderr]    Compiling mime v0.3.16
[INFO] [stderr]    Compiling untrusted v0.7.1
[INFO] [stderr]    Compiling firestorm v0.5.0
[INFO] [stderr]    Compiling language-tags v0.3.2
[INFO] [stderr]    Compiling url v2.2.2
[INFO] [stderr]    Compiling tracing v0.1.32
[INFO] [stderr]    Compiling thiserror v1.0.30
[INFO] [stderr]    Compiling tokio-util v0.7.1
[INFO] [stderr]    Compiling actix-server v2.1.1
[INFO] [stderr]    Compiling simple_asn1 v0.6.1
[INFO] [stderr]    Compiling h2 v0.3.13
[INFO] [stderr]    Compiling actix-codec v0.5.0
[INFO] [stderr]    Compiling pem v1.0.2
[INFO] [stderr]    Compiling time v0.1.44
[INFO] [stderr]    Compiling actix-http v3.0.4
[INFO] [stderr]    Compiling actix-router v0.5.0
[INFO] [stderr]    Compiling serde_urlencoded v0.7.1
[INFO] [stderr]    Compiling uuid v0.8.2
[INFO] [stderr]    Compiling chrono v0.4.19
[INFO] [stderr]    Compiling jsonwebtoken v8.0.1
[INFO] [stderr]    Compiling actix-web v4.0.1
[INFO] [stderr]    Compiling actix-web-middleware-keycloak-auth v0.4.0 (/opt/rustwide/workdir)
[INFO] [stderr]     Finished dev [unoptimized + debuginfo] target(s) in 2m 01s
[INFO] running `Command { std: "docker" "inspect" "1e294f0af1e5e6e309a65d507368f74252bd179a5117b10fc7eaad0b92597ebc", kill_on_drop: false }`
[INFO] running `Command { std: "docker" "rm" "-f" "1e294f0af1e5e6e309a65d507368f74252bd179a5117b10fc7eaad0b92597ebc", kill_on_drop: false }`
[INFO] [stdout] 1e294f0af1e5e6e309a65d507368f74252bd179a5117b10fc7eaad0b92597ebc
[INFO] running `Command { std: "docker" "create" "-v" "/var/lib/crater-agent-workspace/builds/worker-5-tc1/target:/opt/rustwide/target:rw,Z" "-v" "/var/lib/crater-agent-workspace/builds/worker-5-tc1/source:/opt/rustwide/workdir:ro,Z" "-v" "/var/lib/crater-agent-workspace/cargo-home:/opt/rustwide/cargo-home:ro,Z" "-v" "/var/lib/crater-agent-workspace/rustup-home:/opt/rustwide/rustup-home:ro,Z" "-e" "SOURCE_DIR=/opt/rustwide/workdir" "-e" "CARGO_TARGET_DIR=/opt/rustwide/target" "-e" "CARGO_INCREMENTAL=0" "-e" "RUST_BACKTRACE=full" "-e" "RUSTFLAGS=--cap-lints=warn" "-e" "RUSTDOCFLAGS=--cap-lints=warn" "-e" "CARGO_HOME=/opt/rustwide/cargo-home" "-e" "RUSTUP_HOME=/opt/rustwide/rustup-home" "-w" "/opt/rustwide/workdir" "-m" "1610612736" "--user" "0:0" "--network" "none" "ghcr.io/rust-lang/crates-build-env/linux@sha256:5ff2268d62e97bff2cde7d5815dd6ed5b47097566f13b8d0ca110b04b60e07ed" "/opt/rustwide/cargo-home/bin/cargo" "+1.69.0" "test" "--frozen" "--no-run" "--message-format=json", kill_on_drop: false }`
[INFO] [stdout] ed5b46139a61fd7cb96fff632f63f932dbc8068a66f9fd5023907412d011a48c
[INFO] running `Command { std: "docker" "start" "-a" "ed5b46139a61fd7cb96fff632f63f932dbc8068a66f9fd5023907412d011a48c", kill_on_drop: false }`
[INFO] [stderr]    Compiling log v0.4.16
[INFO] [stderr]    Compiling serde v1.0.136
[INFO] [stderr]    Compiling actix-macros v0.2.3
[INFO] [stderr]    Compiling uuid v0.8.2
[INFO] [stderr]    Compiling atty v0.2.14
[INFO] [stderr]    Compiling termcolor v1.1.3
[INFO] [stderr]    Compiling humantime v2.1.0
[INFO] [stderr]    Compiling mio v0.8.2
[INFO] [stderr]    Compiling tracing v0.1.32
[INFO] [stderr]    Compiling actix-router v0.5.0
[INFO] [stderr]    Compiling env_logger v0.9.0
[INFO] [stderr]    Compiling tokio v1.17.0
[INFO] [stderr]    Compiling tokio-util v0.7.1
[INFO] [stderr]    Compiling actix-rt v2.7.0
[INFO] [stderr]    Compiling actix-server v2.1.1
[INFO] [stderr]    Compiling actix-codec v0.5.0
[INFO] [stderr]    Compiling h2 v0.3.13
[INFO] [stderr]    Compiling actix-web-codegen v4.0.0
[INFO] [stderr]    Compiling actix-http v3.0.4
[INFO] [stderr]    Compiling actix-web v4.0.1
[INFO] [stderr]    Compiling actix-web-middleware-keycloak-auth v0.4.0 (/opt/rustwide/workdir)
[INFO] [stdout] error[E0433]: failed to resolve: use of undeclared crate or module `paperclip`
[INFO] [stdout]   --> examples/paperclip.rs:16:5
[INFO] [stdout]    |
[INFO] [stdout] 16 | use paperclip::actix::{api_v2_operation, web, OpenApiExt};
[INFO] [stdout]    |     ^^^^^^^^^ use of undeclared crate or module `paperclip`
[INFO] [stdout] 
[INFO] [stdout] 
[INFO] [stdout] error: cannot determine resolution for the attribute macro `api_v2_operation`
[INFO] [stdout]   --> examples/paperclip.rs:93:3
[INFO] [stdout]    |
[INFO] [stdout] 93 | #[api_v2_operation]
[INFO] [stdout]    |   ^^^^^^^^^^^^^^^^
[INFO] [stdout]    |
[INFO] [stdout]    = note: import resolution is stuck, try simplifying macro imports
[INFO] [stdout] 
[INFO] [stdout] 
[INFO] [stdout] error: cannot determine resolution for the attribute macro `api_v2_operation`
[INFO] [stdout]   --> examples/paperclip.rs:98:3
[INFO] [stdout]    |
[INFO] [stdout] 98 | #[api_v2_operation]
[INFO] [stdout]    |   ^^^^^^^^^^^^^^^^
[INFO] [stdout]    |
[INFO] [stdout]    = note: import resolution is stuck, try simplifying macro imports
[INFO] [stdout] 
[INFO] [stdout] 
[INFO] [stdout] error[E0599]: no method named `wrap_api` found for struct `App` in the current scope
[INFO] [stdout]   --> examples/paperclip.rs:76:14
[INFO] [stdout]    |
[INFO] [stdout] 74 | /         App::new()
[INFO] [stdout] 75 | |             .wrap(middleware::Logger::default())
[INFO] [stdout] 76 | |             .wrap_api()
[INFO] [stdout]    | |             -^^^^^^^^ help: there is a method with a similar name: `wrap`
[INFO] [stdout]    | |_____________|
[INFO] [stdout]    | 
[INFO] [stdout]    |
[INFO] [stdout]    = note: the full type name has been written to '/opt/rustwide/target/debug/examples/paperclip-383b496332e5fd4f.long-type-8403086436169186019.txt'
[INFO] [stdout] 
[INFO] [stdout] 
[INFO] [stdout] error: aborting due to 4 previous errors
[INFO] [stdout] 
[INFO] [stdout] 
[INFO] [stdout] Some errors have detailed explanations: E0433, E0599.
[INFO] [stdout] 
[INFO] [stdout] For more information about an error, try `rustc --explain E0433`.
[INFO] [stdout] 
[INFO] [stderr] error: could not compile `actix-web-middleware-keycloak-auth` due to 5 previous errors
[INFO] [stderr] warning: build failed, waiting for other jobs to finish...
[INFO] [stdout] error: linking with `cc` failed: exit status: 1
[INFO] [stdout]   |
[INFO] [stdout]   = note: LC_ALL="C" PATH="/opt/rustwide/rustup-home/toolchains/1.69.0-x86_64-unknown-linux-gnu/lib/rustlib/x86_64-unknown-linux-gnu/bin:/opt/rustwide/cargo-home/bin:/usr/local/sbin:/usr/local/bin:/usr/sbin:/usr/bin:/sbin:/bin" VSLANG="1033" "cc" "-m64" "/tmp/rustcUyp0C4/symbols.o" "/opt/rustwide/target/debug/examples/simple-2f0e24327344a4c5.simple.dab34533-cgu.0.rcgu.o" "/opt/rustwide/target/debug/examples/simple-2f0e24327344a4c5.simple.dab34533-cgu.1.rcgu.o" "/opt/rustwide/target/debug/examples/simple-2f0e24327344a4c5.simple.dab34533-cgu.10.rcgu.o" "/opt/rustwide/target/debug/examples/simple-2f0e24327344a4c5.simple.dab34533-cgu.11.rcgu.o" "/opt/rustwide/target/debug/examples/simple-2f0e24327344a4c5.simple.dab34533-cgu.12.rcgu.o" "/opt/rustwide/target/debug/examples/simple-2f0e24327344a4c5.simple.dab34533-cgu.13.rcgu.o" "/opt/rustwide/target/debug/examples/simple-2f0e24327344a4c5.simple.dab34533-cgu.14.rcgu.o" "/opt/rustwide/target/debug/examples/simple-2f0e24327344a4c5.simple.dab34533-cgu.15.rcgu.o" "/opt/rustwide/target/debug/examples/simple-2f0e24327344a4c5.simple.dab34533-cgu.2.rcgu.o" "/opt/rustwide/target/debug/examples/simple-2f0e24327344a4c5.simple.dab34533-cgu.3.rcgu.o" "/opt/rustwide/target/debug/examples/simple-2f0e24327344a4c5.simple.dab34533-cgu.4.rcgu.o" "/opt/rustwide/target/debug/examples/simple-2f0e24327344a4c5.simple.dab34533-cgu.5.rcgu.o" "/opt/rustwide/target/debug/examples/simple-2f0e24327344a4c5.simple.dab34533-cgu.6.rcgu.o" "/opt/rustwide/target/debug/examples/simple-2f0e24327344a4c5.simple.dab34533-cgu.7.rcgu.o" "/opt/rustwide/target/debug/examples/simple-2f0e24327344a4c5.simple.dab34533-cgu.8.rcgu.o" "/opt/rustwide/target/debug/examples/simple-2f0e24327344a4c5.simple.dab34533-cgu.9.rcgu.o" "/opt/rustwide/target/debug/examples/simple-2f0e24327344a4c5.1qf66vlgkfwvyssl.rcgu.o" "-Wl,--as-needed" "-L" "/opt/rustwide/target/debug/deps" "-L" "/opt/rustwide/target/debug/build/ring-3a2ccbf7c6d1db97/out" "-L" "/opt/rustwide/rustup-home/toolchains/1.69.0-x86_64-unknown-linux-gnu/lib/rustlib/x86_64-unknown-linux-gnu/lib" "-Wl,-Bstatic" "/opt/rustwide/target/debug/deps/libenv_logger-26daa96d6836b417.rlib" "/opt/rustwide/target/debug/deps/libatty-3ec58259f8fbf78e.rlib" "/opt/rustwide/target/debug/deps/libtermcolor-687878defa5df84c.rlib" "/opt/rustwide/target/debug/deps/libhumantime-cdc03476f0a21f32.rlib" "/opt/rustwide/target/debug/deps/libactix_web_middleware_keycloak_auth-ff23ea1cfb5fba1e.rlib" "/opt/rustwide/target/debug/deps/libuuid-787cc4b13e2e7cf3.rlib" "/opt/rustwide/target/debug/deps/libchrono-4d5bc47dcc022a95.rlib" "/opt/rustwide/target/debug/deps/libtime-ae6e4507e482f77e.rlib" "/opt/rustwide/target/debug/deps/libjsonwebtoken-2738c4446fb3acea.rlib" "/opt/rustwide/target/debug/deps/libpem-44552911dd78a3e7.rlib" "/opt/rustwide/target/debug/deps/libsimple_asn1-cb91ee941361e2e4.rlib" "/opt/rustwide/target/debug/deps/libthiserror-4c1c68f00d0fbe08.rlib" "/opt/rustwide/target/debug/deps/libnum_bigint-33e35408503d7ddc.rlib" "/opt/rustwide/target/debug/deps/libnum_integer-864bac961b41ecec.rlib" "/opt/rustwide/target/debug/deps/libnum_traits-cb68e8f2dfcb55b4.rlib" "/opt/rustwide/target/debug/deps/libring-dcd05f6a454e442a.rlib" "/opt/rustwide/target/debug/deps/libspin-ba7f384cfb4b159f.rlib" "/opt/rustwide/target/debug/deps/libuntrusted-ec41ab00ed225515.rlib" "/opt/rustwide/target/debug/deps/libactix_web-f6f101e44543e1aa.rlib" "/opt/rustwide/target/debug/deps/libtime-3e9bc2d13921906c.rlib" "/opt/rustwide/target/debug/deps/libquickcheck-52b830b407849b5c.rlib" "/opt/rustwide/target/debug/deps/liburl-b1155ae290215edc.rlib" "/opt/rustwide/target/debug/deps/libidna-1646dda896d6f6be.rlib" "/opt/rustwide/target/debug/deps/libunicode_normalization-7f857835ddcdc9d8.rlib" "/opt/rustwide/target/debug/deps/libtinyvec-5ce4c57de87c62bc.rlib" "/opt/rustwide/target/debug/deps/libtinyvec_macros-5ffb2ea8a2d866f2.rlib" "/opt/rustwide/target/debug/deps/libunicode_bidi-6d874a42ec63c633.rlib" "/opt/rustwide/target/debug/deps/libserde_urlencoded-44a3de2890940e5f.rlib" "/opt/rustwide/target/debug/deps/libform_urlencoded-0fe912f6e457e008.rlib" "/opt/rustwide/target/debug/deps/libmatches-278cbf5ab72c0d9c.rlib" "/opt/rustwide/target/debug/deps/libserde_json-5f77e998e7313bce.rlib" "/opt/rustwide/target/debug/deps/libryu-2a5efb018e77d146.rlib" "/opt/rustwide/target/debug/deps/libactix_server-1aaa45adbbccbc05.rlib" "/opt/rustwide/target/debug/deps/libnum_cpus-b2ddd9c8b18508df.rlib" "/opt/rustwide/target/debug/deps/libactix_router-2cadc6a5fbf5c1ca.rlib" "/opt/rustwide/target/debug/deps/libregex-32d00df17f780eda.rlib" "/opt/rustwide/target/debug/deps/libaho_corasick-d997a831bf3838c4.rlib" "/opt/rustwide/target/debug/deps/libregex_syntax-26ab266b6768fe31.rlib" "/opt/rustwide/target/debug/deps/libfirestorm-9bdae2a510fc97e2.rlib" "/opt/rustwide/target/debug/deps/libserde-807490e6e4bceb77.rlib" "/opt/rustwide/target/debug/deps/libactix_http-8b9174aba8769a89.rlib" "/opt/rustwide/target/debug/deps/libbase64-007e7c1fbda2b30a.rlib" "/opt/rustwide/target/debug/deps/librand-55c880ee10b4d2af.rlib" "/opt/rustwide/target/debug/deps/librand_chacha-d63408910e06ceb3.rlib" "/opt/rustwide/target/debug/deps/libppv_lite86-663deac31cfbfc11.rlib" "/opt/rustwide/target/debug/deps/librand_core-d3321c6f509b5bb8.rlib" "/opt/rustwide/target/debug/deps/libhttparse-58c93047b9cae116.rlib" "/opt/rustwide/target/debug/deps/libhttpdate-fbb447b85a38529c.rlib" "/opt/rustwide/target/debug/deps/libsha1-dd4ef249f234803a.rlib" "/opt/rustwide/target/debug/deps/libcpufeatures-ad597cf4e94adabe.rlib" "/opt/rustwide/target/debug/deps/libdigest-92a174479de87abf.rlib" "/opt/rustwide/target/debug/deps/libblock_buffer-8f80afc380778065.rlib" "/opt/rustwide/target/debug/deps/libcrypto_common-c9c05266dab3e69f.rlib" "/opt/rustwide/target/debug/deps/libgeneric_array-7b00f3595c790dda.rlib" "/opt/rustwide/target/debug/deps/libtypenum-9f315a73fa1c732e.rlib" "/opt/rustwide/target/debug/deps/liblocal_channel-332fd6fa1976eb15.rlib" "/opt/rustwide/target/debug/deps/libbytestring-c71c9601b14f6996.rlib" "/opt/rustwide/target/debug/deps/libencoding_rs-445b6023340cc421.rlib" "/opt/rustwide/target/debug/deps/liblanguage_tags-8d18f3c1a6407e66.rlib" "/opt/rustwide/target/debug/deps/libmime-2a4c3a9a364f5972.rlib" "/opt/rustwide/target/debug/deps/libpercent_encoding-5186c2668f567217.rlib" "/opt/rustwide/target/debug/deps/libh2-35a5b8b6c294fb53.rlib" "/opt/rustwide/target/debug/deps/libindexmap-702eca318e1e0fe7.rlib" "/opt/rustwide/target/debug/deps/libhashbrown-9a1f5d949d76c1be.rlib" "/opt/rustwide/target/debug/deps/libfutures_util-d1557010e969ab91.rlib" "/opt/rustwide/target/debug/deps/libslab-253095edecfddbad.rlib" "/opt/rustwide/target/debug/deps/libfutures_task-20dd45956d59a380.rlib" "/opt/rustwide/target/debug/deps/libpin_utils-0d8eaf4ac0fcb221.rlib" "/opt/rustwide/target/debug/deps/libahash-4125e4ca23755377.rlib" "/opt/rustwide/target/debug/deps/libgetrandom-ea4fee3bf986480f.rlib" "/opt/rustwide/target/debug/deps/libactix_service-a693019183799188.rlib" "/opt/rustwide/target/debug/deps/libactix_codec-ac1bfb94cb96c8b4.rlib" "/opt/rustwide/target/debug/deps/libtokio_util-bf4e35b2e0bcc35f.rlib" "/opt/rustwide/target/debug/deps/libtracing-6fc14a4c42958864.rlib" "/opt/rustwide/target/debug/deps/libtracing_core-609f8be9491efacd.rlib" "/opt/rustwide/target/debug/deps/liblazy_static-a15e1ed0a3c31761.rlib" "/opt/rustwide/target/debug/deps/libfutures_sink-4aec2d803aa18c12.rlib" "/opt/rustwide/target/debug/deps/libbitflags-82cc2d155c6eb112.rlib" "/opt/rustwide/target/debug/deps/libactix_utils-d78fc0e076303f20.rlib" "/opt/rustwide/target/debug/deps/liblocal_waker-8eb7da8fdb30b538.rlib" "/opt/rustwide/target/debug/deps/libactix_rt-153a612d6c154aa0.rlib" "/opt/rustwide/target/debug/deps/libtokio-0b348356c90b9767.rlib" "/opt/rustwide/target/debug/deps/libsignal_hook_registry-c99ea3774ba709b0.rlib" "/opt/rustwide/target/debug/deps/libsocket2-e3a06c8d6ee496d1.rlib" "/opt/rustwide/target/debug/deps/libmemchr-e30a17317ff1667e.rlib" "/opt/rustwide/target/debug/deps/libonce_cell-bf6de0187c3087d7.rlib" "/opt/rustwide/target/debug/deps/libmio-246a05969a12d279.rlib" "/opt/rustwide/target/debug/deps/liblog-37136e9780857b12.rlib" "/opt/rustwide/target/debug/deps/libparking_lot-b51994357e24991b.rlib" "/opt/rustwide/target/debug/deps/libparking_lot_core-9010cb6acc902d3a.rlib" "/opt/rustwide/target/debug/deps/liblibc-302bde82f8d38982.rlib" "/opt/rustwide/target/debug/deps/libcfg_if-e5e118dd7d121aaa.rlib" "/opt/rustwide/target/debug/deps/libsmallvec-3007f843720fad13.rlib" "/opt/rustwide/target/debug/deps/liblock_api-e5ad3b2927a46886.rlib" "/opt/rustwide/target/debug/deps/libscopeguard-f471875f675163b5.rlib" "/opt/rustwide/target/debug/deps/libpin_project_lite-bd79cb6e272ecc3a.rlib" "/opt/rustwide/target/debug/deps/libfutures_core-64eaaeb4b64b7eca.rlib" "/opt/rustwide/target/debug/deps/libhttp-1c6909ab5f1d2320.rlib" "/opt/rustwide/target/debug/deps/libitoa-6d400cb71048bb7c.rlib" "/opt/rustwide/target/debug/deps/libbytes-0b539a5c776b0476.rlib" "/opt/rustwide/target/debug/deps/libfnv-41a559218f992797.rlib" "/opt/rustwide/rustup-home/toolchains/1.69.0-x86_64-unknown-linux-gnu/lib/rustlib/x86_64-unknown-linux-gnu/lib/libstd-89bc084783fdc439.rlib" "/opt/rustwide/rustup-home/toolchains/1.69.0-x86_64-unknown-linux-gnu/lib/rustlib/x86_64-unknown-linux-gnu/lib/libpanic_unwind-8bee4b287d4367c1.rlib" "/opt/rustwide/rustup-home/toolchains/1.69.0-x86_64-unknown-linux-gnu/lib/rustlib/x86_64-unknown-linux-gnu/lib/libobject-d61707aed80694c0.rlib" "/opt/rustwide/rustup-home/toolchains/1.69.0-x86_64-unknown-linux-gnu/lib/rustlib/x86_64-unknown-linux-gnu/lib/libmemchr-d85366256f22345b.rlib" "/opt/rustwide/rustup-home/toolchains/1.69.0-x86_64-unknown-linux-gnu/lib/rustlib/x86_64-unknown-linux-gnu/lib/libaddr2line-96069b86b8a8cae9.rlib" "/opt/rustwide/rustup-home/toolchains/1.69.0-x86_64-unknown-linux-gnu/lib/rustlib/x86_64-unknown-linux-gnu/lib/libgimli-d19d53abf68dfa6c.rlib" "/opt/rustwide/rustup-home/toolchains/1.69.0-x86_64-unknown-linux-gnu/lib/rustlib/x86_64-unknown-linux-gnu/lib/librustc_demangle-787cbccd19d64ac6.rlib" "/opt/rustwide/rustup-home/toolchains/1.69.0-x86_64-unknown-linux-gnu/lib/rustlib/x86_64-unknown-linux-gnu/lib/libstd_detect-b3837a36b830e0d0.rlib" "/opt/rustwide/rustup-home/toolchains/1.69.0-x86_64-unknown-linux-gnu/lib/rustlib/x86_64-unknown-linux-gnu/lib/libhashbrown-e3deb0e7e3f04966.rlib" "/opt/rustwide/rustup-home/toolchains/1.69.0-x86_64-unknown-linux-gnu/lib/rustlib/x86_64-unknown-linux-gnu/lib/libminiz_oxide-dabbb79c9815def4.rlib" "/opt/rustwide/rustup-home/toolchains/1.69.0-x86_64-unknown-linux-gnu/lib/rustlib/x86_64-unknown-linux-gnu/lib/libadler-305b01f34c9409f2.rlib" "/opt/rustwide/rustup-home/toolchains/1.69.0-x86_64-unknown-linux-gnu/lib/rustlib/x86_64-unknown-linux-gnu/lib/librustc_std_workspace_alloc-f833521df6074e73.rlib" "/opt/rustwide/rustup-home/toolchains/1.69.0-x86_64-unknown-linux-gnu/lib/rustlib/x86_64-unknown-linux-gnu/lib/libunwind-9ac333113350d171.rlib" "/opt/rustwide/rustup-home/toolchains/1.69.0-x86_64-unknown-linux-gnu/lib/rustlib/x86_64-unknown-linux-gnu/lib/libcfg_if-1c126114322d0eee.rlib" "/opt/rustwide/rustup-home/toolchains/1.69.0-x86_64-unknown-linux-gnu/lib/rustlib/x86_64-unknown-linux-gnu/lib/liblibc-bad9164fdeeecf92.rlib" "/opt/rustwide/rustup-home/toolchains/1.69.0-x86_64-unknown-linux-gnu/lib/rustlib/x86_64-unknown-linux-gnu/lib/liballoc-f9374b1e480fa681.rlib" "/opt/rustwide/rustup-home/toolchains/1.69.0-x86_64-unknown-linux-gnu/lib/rustlib/x86_64-unknown-linux-gnu/lib/librustc_std_workspace_core-207f06e41d9603af.rlib" "/opt/rustwide/rustup-home/toolchains/1.69.0-x86_64-unknown-linux-gnu/lib/rustlib/x86_64-unknown-linux-gnu/lib/libcore-7e2768e66e984e85.rlib" "/opt/rustwide/rustup-home/toolchains/1.69.0-x86_64-unknown-linux-gnu/lib/rustlib/x86_64-unknown-linux-gnu/lib/libcompiler_builtins-957b4aff41f8cd46.rlib" "-Wl,-Bdynamic" "-lgcc_s" "-lutil" "-lrt" "-lpthread" "-lm" "-ldl" "-lc" "-Wl,--eh-frame-hdr" "-Wl,-z,noexecstack" "-L" "/opt/rustwide/rustup-home/toolchains/1.69.0-x86_64-unknown-linux-gnu/lib/rustlib/x86_64-unknown-linux-gnu/lib" "-o" "/opt/rustwide/target/debug/examples/simple-2f0e24327344a4c5" "-Wl,--gc-sections" "-pie" "-Wl,-z,relro,-z,now" "-nodefaultlibs"
[INFO] [stdout]   = note: collect2: fatal error: ld terminated with signal 9 [Killed]
[INFO] [stdout]           compilation terminated.
[INFO] [stdout]           
[INFO] [stdout] 
[INFO] [stdout] 
[INFO] [stdout] error: aborting due to previous error
[INFO] [stdout] 
[INFO] [stdout] 
[INFO] [stderr] error: could not compile `actix-web-middleware-keycloak-auth` due to 2 previous errors
[INFO] running `Command { std: "docker" "inspect" "ed5b46139a61fd7cb96fff632f63f932dbc8068a66f9fd5023907412d011a48c", kill_on_drop: false }`
[INFO] running `Command { std: "docker" "rm" "-f" "ed5b46139a61fd7cb96fff632f63f932dbc8068a66f9fd5023907412d011a48c", kill_on_drop: false }`
[INFO] [stdout] ed5b46139a61fd7cb96fff632f63f932dbc8068a66f9fd5023907412d011a48c
