[INFO] fetching crate actix-web-httpauth 0.8.0...
[INFO] testing actix-web-httpauth-0.8.0 against 1.69.0 for beta-1.70-1
[INFO] extracting crate actix-web-httpauth 0.8.0 into /workspace/builds/worker-7-tc1/source
[INFO] validating manifest of crates.io crate actix-web-httpauth 0.8.0 on toolchain 1.69.0
[INFO] running `Command { std: CARGO_HOME="/workspace/cargo-home" RUSTUP_HOME="/workspace/rustup-home" "/workspace/cargo-home/bin/cargo" "+1.69.0" "metadata" "--manifest-path" "Cargo.toml" "--no-deps", kill_on_drop: false }`
[INFO] started tweaking crates.io crate actix-web-httpauth 0.8.0
[INFO] finished tweaking crates.io crate actix-web-httpauth 0.8.0
[INFO] tweaked toml for crates.io crate actix-web-httpauth 0.8.0 written to /workspace/builds/worker-7-tc1/source/Cargo.toml
[INFO] crate crates.io crate actix-web-httpauth 0.8.0 already has a lockfile, it will not be regenerated
[INFO] running `Command { std: CARGO_HOME="/workspace/cargo-home" RUSTUP_HOME="/workspace/rustup-home" "/workspace/cargo-home/bin/cargo" "+1.69.0" "fetch" "--manifest-path" "Cargo.toml", kill_on_drop: false }`
[INFO] [stderr]  Downloading crates ...
[INFO] [stderr]   Downloaded tracing-core v0.1.28
[INFO] [stderr]   Downloaded num_cpus v1.13.1
[INFO] [stderr]   Downloaded base64 v0.13.0
[INFO] [stderr]   Downloaded futures-core v0.3.21
[INFO] [stderr]   Downloaded futures-util v0.3.21
[INFO] [stderr]   Downloaded actix-web v4.1.0
[INFO] [stderr]   Downloaded futures-task v0.3.21
[INFO] [stderr]   Downloaded serde v1.0.140
[INFO] [stderr]   Downloaded form_urlencoded v1.0.1
[INFO] [stderr]   Downloaded h2 v0.3.13
[INFO] [stderr]   Downloaded futures-sink v0.3.21
[INFO] [stderr]   Downloaded actix-utils v3.0.0
[INFO] [stderr]   Downloaded cpufeatures v0.2.2
[INFO] [stderr]   Downloaded semver v1.0.12
[INFO] [stderr]   Downloaded num_threads v0.1.6
[INFO] [stderr]   Downloaded percent-encoding v2.1.0
[INFO] [stderr]   Downloaded itoa v1.0.2
[INFO] [stderr]   Downloaded firestorm v0.5.1
[INFO] [stderr]   Downloaded sha1 v0.10.1
[INFO] [stderr]   Downloaded bytestring v1.1.0
[INFO] [stderr]   Downloaded block-buffer v0.10.2
[INFO] [stderr]   Downloaded digest v0.10.3
[INFO] [stderr]   Downloaded ppv-lite86 v0.2.16
[INFO] [stderr]   Downloaded parking_lot_core v0.9.3
[INFO] [stderr]   Downloaded once_cell v1.13.0
[INFO] [stderr]   Downloaded paste v1.0.7
[INFO] [stderr]   Downloaded getrandom v0.2.7
[INFO] [stderr]   Downloaded generic-array v0.14.5
[INFO] [stderr]   Downloaded actix-router v0.5.0
[INFO] [stderr]   Downloaded smallvec v1.9.0
[INFO] [stderr]   Downloaded redox_syscall v0.2.13
[INFO] [stderr]   Downloaded lock_api v0.4.7
[INFO] [stderr]   Downloaded ryu v1.0.10
[INFO] [stderr]   Downloaded unicode-ident v1.0.2
[INFO] [stderr]   Downloaded proc-macro2 v1.0.40
[INFO] [stderr]   Downloaded httparse v1.7.1
[INFO] [stderr]   Downloaded quote v1.0.20
[INFO] [stderr]   Downloaded syn v1.0.98
[INFO] [stderr]   Downloaded url v2.2.2
[INFO] [stderr]   Downloaded tokio-util v0.7.3
[INFO] [stderr]   Downloaded time v0.3.11
[INFO] [stderr]   Downloaded tracing v0.1.35
[INFO] [stderr]   Downloaded bytes v1.2.0
[INFO] [stderr]   Downloaded serde_json v1.0.82
[INFO] [stderr]   Downloaded unicode-normalization v0.1.21
[INFO] [stderr]   Downloaded actix-http v3.2.1
[INFO] [stderr]   Downloaded mio v0.8.4
[INFO] [stderr]   Downloaded regex v1.6.0
[INFO] [stderr]   Downloaded regex-syntax v0.6.27
[INFO] [stderr]   Downloaded tokio v1.20.0
[INFO] [stderr]   Downloaded windows_x86_64_msvc v0.36.1
[INFO] [stderr]   Downloaded windows_aarch64_msvc v0.36.1
[INFO] [stderr]   Downloaded windows_i686_gnu v0.36.1
[INFO] [stderr]   Downloaded windows_i686_msvc v0.36.1
[INFO] [stderr]   Downloaded socket2 v0.4.4
[INFO] [stderr]   Downloaded typenum v1.15.0
[INFO] [stderr]   Downloaded indexmap v1.9.1
[INFO] [stderr]   Downloaded libc v0.2.126
[INFO] [stderr]   Downloaded windows_x86_64_gnu v0.36.1
[INFO] [stderr]   Downloaded windows-sys v0.36.1
[INFO] running `Command { std: "docker" "create" "-v" "/var/lib/crater-agent-workspace/builds/worker-7-tc1/target:/opt/rustwide/target:rw,Z" "-v" "/var/lib/crater-agent-workspace/builds/worker-7-tc1/source:/opt/rustwide/workdir:ro,Z" "-v" "/var/lib/crater-agent-workspace/cargo-home:/opt/rustwide/cargo-home:ro,Z" "-v" "/var/lib/crater-agent-workspace/rustup-home:/opt/rustwide/rustup-home:ro,Z" "-e" "SOURCE_DIR=/opt/rustwide/workdir" "-e" "CARGO_TARGET_DIR=/opt/rustwide/target" "-e" "CARGO_HOME=/opt/rustwide/cargo-home" "-e" "RUSTUP_HOME=/opt/rustwide/rustup-home" "-w" "/opt/rustwide/workdir" "-m" "1610612736" "--user" "0:0" "--network" "none" "ghcr.io/rust-lang/crates-build-env/linux@sha256:5ff2268d62e97bff2cde7d5815dd6ed5b47097566f13b8d0ca110b04b60e07ed" "/opt/rustwide/cargo-home/bin/cargo" "+1.69.0" "metadata" "--no-deps" "--format-version=1", kill_on_drop: false }`
[INFO] [stdout] 6129f83f165541c50ecc0bd513c4bb6f9f2559da26634ba67ff8a3c7e0315b74
[INFO] running `Command { std: "docker" "start" "-a" "6129f83f165541c50ecc0bd513c4bb6f9f2559da26634ba67ff8a3c7e0315b74", kill_on_drop: false }`
[INFO] running `Command { std: "docker" "inspect" "6129f83f165541c50ecc0bd513c4bb6f9f2559da26634ba67ff8a3c7e0315b74", kill_on_drop: false }`
[INFO] running `Command { std: "docker" "rm" "-f" "6129f83f165541c50ecc0bd513c4bb6f9f2559da26634ba67ff8a3c7e0315b74", kill_on_drop: false }`
[INFO] [stdout] 6129f83f165541c50ecc0bd513c4bb6f9f2559da26634ba67ff8a3c7e0315b74
[INFO] running `Command { std: "docker" "create" "-v" "/var/lib/crater-agent-workspace/builds/worker-7-tc1/target:/opt/rustwide/target:rw,Z" "-v" "/var/lib/crater-agent-workspace/builds/worker-7-tc1/source:/opt/rustwide/workdir:ro,Z" "-v" "/var/lib/crater-agent-workspace/cargo-home:/opt/rustwide/cargo-home:ro,Z" "-v" "/var/lib/crater-agent-workspace/rustup-home:/opt/rustwide/rustup-home:ro,Z" "-e" "SOURCE_DIR=/opt/rustwide/workdir" "-e" "CARGO_TARGET_DIR=/opt/rustwide/target" "-e" "CARGO_INCREMENTAL=0" "-e" "RUST_BACKTRACE=full" "-e" "RUSTFLAGS=--cap-lints=warn" "-e" "RUSTDOCFLAGS=--cap-lints=warn" "-e" "CARGO_HOME=/opt/rustwide/cargo-home" "-e" "RUSTUP_HOME=/opt/rustwide/rustup-home" "-w" "/opt/rustwide/workdir" "-m" "1610612736" "--user" "0:0" "--network" "none" "ghcr.io/rust-lang/crates-build-env/linux@sha256:5ff2268d62e97bff2cde7d5815dd6ed5b47097566f13b8d0ca110b04b60e07ed" "/opt/rustwide/cargo-home/bin/cargo" "+1.69.0" "build" "--frozen" "--message-format=json", kill_on_drop: false }`
[INFO] [stdout] 6cf2c523bf78d7060b08425333e897a2e3ad499fc98087327e411e7d548ba3d8
[INFO] running `Command { std: "docker" "start" "-a" "6cf2c523bf78d7060b08425333e897a2e3ad499fc98087327e411e7d548ba3d8", kill_on_drop: false }`
[INFO] [stderr]    Compiling libc v0.2.126
[INFO] [stderr]    Compiling cfg-if v1.0.0
[INFO] [stderr]    Compiling memchr v2.5.0
[INFO] [stderr]    Compiling pin-project-lite v0.2.9
[INFO] [stderr]    Compiling log v0.4.17
[INFO] [stderr]    Compiling futures-core v0.3.21
[INFO] [stderr]    Compiling version_check v0.9.4
[INFO] [stderr]    Compiling once_cell v1.13.0
[INFO] [stderr]    Compiling parking_lot_core v0.9.3
[INFO] [stderr]    Compiling bytes v1.2.0
[INFO] [stderr]    Compiling scopeguard v1.1.0
[INFO] [stderr]    Compiling smallvec v1.9.0
[INFO] [stderr]    Compiling typenum v1.15.0
[INFO] [stderr]    Compiling futures-task v0.3.21
[INFO] [stderr]    Compiling itoa v1.0.2
[INFO] [stderr]    Compiling lock_api v0.4.7
[INFO] [stderr]    Compiling tokio v1.20.0
[INFO] [stderr]    Compiling slab v0.4.7
[INFO] [stderr]    Compiling futures-util v0.3.21
[INFO] [stderr]    Compiling tracing-core v0.1.28
[INFO] [stderr]    Compiling proc-macro2 v1.0.40
[INFO] [stderr]    Compiling serde v1.0.140
[INFO] [stderr]    Compiling pin-utils v0.1.0
[INFO] [stderr]    Compiling futures-sink v0.3.21
[INFO] [stderr]    Compiling generic-array v0.14.5
[INFO] [stderr]    Compiling unicode-ident v1.0.2
[INFO] [stderr]    Compiling quote v1.0.20
[INFO] [stderr]    Compiling indexmap v1.9.1
[INFO] [stderr]    Compiling fnv v1.0.7
[INFO] [stderr]    Compiling tinyvec_macros v0.1.0
[INFO] [stderr]    Compiling matches v0.1.9
[INFO] [stderr]    Compiling syn v1.0.98
[INFO] [stderr]    Compiling percent-encoding v2.1.0
[INFO] [stderr]    Compiling local-waker v0.1.3
[INFO] [stderr]    Compiling tracing v0.1.35
[INFO] [stderr]    Compiling tinyvec v1.6.0
[INFO] [stderr]    Compiling http v0.2.8
[INFO] [stderr]    Compiling ahash v0.7.6
[INFO] [stderr]    Compiling paste v1.0.7
[INFO] [stderr]    Compiling ppv-lite86 v0.2.16
[INFO] [stderr]    Compiling httparse v1.7.1
[INFO] [stderr]    Compiling encoding_rs v0.8.31
[INFO] [stderr]    Compiling mio v0.8.4
[INFO] [stderr]    Compiling socket2 v0.4.4
[INFO] [stderr]    Compiling signal-hook-registry v1.4.0
[INFO] [stderr]    Compiling getrandom v0.2.7
[INFO] [stderr]    Compiling aho-corasick v0.7.18
[INFO] [stderr]    Compiling parking_lot v0.12.1
[INFO] [stderr]    Compiling rand_core v0.6.3
[INFO] [stderr]    Compiling form_urlencoded v1.0.1
[INFO] [stderr]    Compiling actix-utils v3.0.0
[INFO] [stderr]    Compiling unicode-normalization v0.1.21
[INFO] [stderr]    Compiling actix-service v2.0.2
[INFO] [stderr]    Compiling rand_chacha v0.3.1
[INFO] [stderr]    Compiling bytestring v1.1.0
[INFO] [stderr]    Compiling unicode-bidi v0.3.8
[INFO] [stderr]    Compiling cpufeatures v0.2.2
[INFO] [stderr]    Compiling regex-syntax v0.6.27
[INFO] [stderr]    Compiling bitflags v1.3.2
[INFO] [stderr]    Compiling ryu v1.0.10
[INFO] [stderr]    Compiling convert_case v0.4.0
[INFO] [stderr]    Compiling serde_json v1.0.82
[INFO] [stderr]    Compiling rand v0.8.5
[INFO] [stderr]    Compiling block-buffer v0.10.2
[INFO] [stderr]    Compiling crypto-common v0.1.6
[INFO] [stderr]    Compiling digest v0.10.3
[INFO] [stderr]    Compiling idna v0.2.3
[INFO] [stderr]    Compiling sha1 v0.10.1
[INFO] [stderr]    Compiling num_cpus v1.13.1
[INFO] [stderr]    Compiling firestorm v0.5.1
[INFO] [stderr]    Compiling num_threads v0.1.6
[INFO] [stderr]    Compiling local-channel v0.1.3
[INFO] [stderr]    Compiling base64 v0.13.0
[INFO] [stderr]    Compiling language-tags v0.3.2
[INFO] [stderr]    Compiling httpdate v1.0.2
[INFO] [stderr]    Compiling mime v0.3.16
[INFO] [stderr]    Compiling url v2.2.2
[INFO] [stderr]    Compiling time v0.3.11
[INFO] [stderr]    Compiling regex v1.6.0
[INFO] [stderr]    Compiling serde_urlencoded v0.7.1
[INFO] [stderr]    Compiling derive_more v0.99.17
[INFO] [stderr]    Compiling tokio-util v0.7.3
[INFO] [stderr]    Compiling actix-rt v2.7.0
[INFO] [stderr]    Compiling actix-router v0.5.0
[INFO] [stderr]    Compiling actix-server v2.1.1
[INFO] [stderr]    Compiling actix-codec v0.5.0
[INFO] [stderr]    Compiling h2 v0.3.13
[INFO] [stderr]    Compiling actix-http v3.2.1
[INFO] [stderr]    Compiling actix-web v4.1.0
[INFO] [stderr]    Compiling actix-web-httpauth v0.8.0 (/opt/rustwide/workdir)
[INFO] [stderr]     Finished dev [unoptimized + debuginfo] target(s) in 27.29s
[INFO] running `Command { std: "docker" "inspect" "6cf2c523bf78d7060b08425333e897a2e3ad499fc98087327e411e7d548ba3d8", kill_on_drop: false }`
[INFO] running `Command { std: "docker" "rm" "-f" "6cf2c523bf78d7060b08425333e897a2e3ad499fc98087327e411e7d548ba3d8", kill_on_drop: false }`
[INFO] [stdout] 6cf2c523bf78d7060b08425333e897a2e3ad499fc98087327e411e7d548ba3d8
[INFO] running `Command { std: "docker" "create" "-v" "/var/lib/crater-agent-workspace/builds/worker-7-tc1/target:/opt/rustwide/target:rw,Z" "-v" "/var/lib/crater-agent-workspace/builds/worker-7-tc1/source:/opt/rustwide/workdir:ro,Z" "-v" "/var/lib/crater-agent-workspace/cargo-home:/opt/rustwide/cargo-home:ro,Z" "-v" "/var/lib/crater-agent-workspace/rustup-home:/opt/rustwide/rustup-home:ro,Z" "-e" "SOURCE_DIR=/opt/rustwide/workdir" "-e" "CARGO_TARGET_DIR=/opt/rustwide/target" "-e" "CARGO_INCREMENTAL=0" "-e" "RUST_BACKTRACE=full" "-e" "RUSTFLAGS=--cap-lints=warn" "-e" "RUSTDOCFLAGS=--cap-lints=warn" "-e" "CARGO_HOME=/opt/rustwide/cargo-home" "-e" "RUSTUP_HOME=/opt/rustwide/rustup-home" "-w" "/opt/rustwide/workdir" "-m" "1610612736" "--user" "0:0" "--network" "none" "ghcr.io/rust-lang/crates-build-env/linux@sha256:5ff2268d62e97bff2cde7d5815dd6ed5b47097566f13b8d0ca110b04b60e07ed" "/opt/rustwide/cargo-home/bin/cargo" "+1.69.0" "test" "--frozen" "--no-run" "--message-format=json", kill_on_drop: false }`
[INFO] [stdout] 58a611f051bc5d46c0315494eb2460039644a47f48dce11c2b6af52cace7c138
[INFO] running `Command { std: "docker" "start" "-a" "58a611f051bc5d46c0315494eb2460039644a47f48dce11c2b6af52cace7c138", kill_on_drop: false }`
[INFO] [stderr]    Compiling actix-web-httpauth v0.8.0 (/opt/rustwide/workdir)
[INFO] [stdout] error[E0433]: failed to resolve: could not find `main` in `actix_web`
[INFO] [stdout]  --> examples/middleware-closure.rs:4:14
[INFO] [stdout]   |
[INFO] [stdout] 4 | #[actix_web::main]
[INFO] [stdout]   |              ^^^^ could not find `main` in `actix_web`
[INFO] [stdout] 
[INFO] [stdout] 
[INFO] [stdout] error[E0433]: failed to resolve: could not find `main` in `actix_web`
[INFO] [stdout]   --> examples/middleware.rs:13:14
[INFO] [stdout]    |
[INFO] [stdout] 13 | #[actix_web::main]
[INFO] [stdout]    |              ^^^^ could not find `main` in `actix_web`
[INFO] [stdout] 
[INFO] [stdout] 
[INFO] [stdout] error[E0432]: unresolved import `actix_web::get`
[INFO] [stdout]  --> examples/with-cors.rs:2:38
[INFO] [stdout]   |
[INFO] [stdout] 2 | use actix_web::{dev::ServiceRequest, get, App, Error, HttpResponse, HttpServer};
[INFO] [stdout]   |                                      ^^^ no `get` in the root
[INFO] [stdout] 
[INFO] [stdout] 
[INFO] [stdout] error[E0432]: unresolved import `actix_cors`
[INFO] [stdout]  --> examples/with-cors.rs:1:5
[INFO] [stdout]   |
[INFO] [stdout] 1 | use actix_cors::Cors;
[INFO] [stdout]   |     ^^^^^^^^^^ use of undeclared crate or module `actix_cors`
[INFO] [stdout] 
[INFO] [stdout] 
[INFO] [stdout] error[E0432]: unresolved import `actix_service`
[INFO] [stdout]    --> src/middleware.rs:245:9
[INFO] [stdout]     |
[INFO] [stdout] 245 |     use actix_service::into_service;
[INFO] [stdout]     |         ^^^^^^^^^^^^^ use of undeclared crate or module `actix_service`
[INFO] [stdout] 
[INFO] [stdout] 
[INFO] [stdout] error[E0433]: failed to resolve: could not find `test` in `actix_web`
[INFO] [stdout]    --> src/middleware.rs:258:18
[INFO] [stdout]     |
[INFO] [stdout] 258 |     #[actix_web::test]
[INFO] [stdout]     |                  ^^^^ could not find `test` in `actix_web`
[INFO] [stdout] 
[INFO] [stdout] 
[INFO] [stdout] error[E0433]: failed to resolve: could not find `test` in `actix_web`
[INFO] [stdout]    --> src/middleware.rs:281:18
[INFO] [stdout]     |
[INFO] [stdout] 281 |     #[actix_web::test]
[INFO] [stdout]     |                  ^^^^ could not find `test` in `actix_web`
[INFO] [stdout] 
[INFO] [stdout] 
[INFO] [stdout] error[E0433]: failed to resolve: could not find `test` in `actix_web`
[INFO] [stdout]    --> src/middleware.rs:317:18
[INFO] [stdout]     |
[INFO] [stdout] 317 |     #[actix_web::test]
[INFO] [stdout]     |                  ^^^^ could not find `test` in `actix_web`
[INFO] [stdout] 
[INFO] [stdout] 
[INFO] [stdout] error[E0433]: failed to resolve: could not find `test` in `actix_web`
[INFO] [stdout]    --> src/middleware.rs:341:18
[INFO] [stdout]     |
[INFO] [stdout] 341 |     #[actix_web::test]
[INFO] [stdout]     |                  ^^^^ could not find `test` in `actix_web`
[INFO] [stdout] 
[INFO] [stdout] 
[INFO] [stdout] error[E0433]: failed to resolve: could not find `test` in `actix_web`
[INFO] [stdout]    --> src/middleware.rs:367:18
[INFO] [stdout]     |
[INFO] [stdout] 367 |     #[actix_web::test]
[INFO] [stdout]     |                  ^^^^ could not find `test` in `actix_web`
[INFO] [stdout] 
[INFO] [stdout] 
[INFO] [stdout] error[E0433]: failed to resolve: could not find `test` in `actix_web`
[INFO] [stdout]    --> src/middleware.rs:392:18
[INFO] [stdout]     |
[INFO] [stdout] 392 |     #[actix_web::test]
[INFO] [stdout]     |                  ^^^^ could not find `test` in `actix_web`
[INFO] [stdout] 
[INFO] [stdout] 
[INFO] [stdout] error[E0433]: failed to resolve: could not find `main` in `actix_web`
[INFO] [stdout]   --> examples/with-cors.rs:18:14
[INFO] [stdout]    |
[INFO] [stdout] 18 | #[actix_web::main]
[INFO] [stdout]    |              ^^^^ could not find `main` in `actix_web`
[INFO] [stdout] 
[INFO] [stdout] 
[INFO] [stdout] error: cannot determine resolution for the attribute macro `get`
[INFO] [stdout]   --> examples/with-cors.rs:13:3
[INFO] [stdout]    |
[INFO] [stdout] 13 | #[get("/")]
[INFO] [stdout]    |   ^^^
[INFO] [stdout]    |
[INFO] [stdout]    = note: import resolution is stuck, try simplifying macro imports
[INFO] [stdout] 
[INFO] [stdout] 
[INFO] [stdout] error[E0752]: `main` function is not allowed to be `async`
[INFO] [stdout]  --> examples/middleware-closure.rs:5:1
[INFO] [stdout]   |
[INFO] [stdout] 5 | async fn main() -> std::io::Result<()> {
[INFO] [stdout]   | ^^^^^^^^^^^^^^^^^^^^^^^^^^^^^^^^^^^^^^ `main` function is not allowed to be `async`
[INFO] [stdout] 
[INFO] [stdout] 
[INFO] [stderr] error: could not compile `actix-web-httpauth` due to 3 previous errors
[INFO] [stdout] error: aborting due to 2 previous errors
[INFO] [stdout] 
[INFO] [stdout] 
[INFO] [stderr] warning: build failed, waiting for other jobs to finish...
[INFO] [stdout] Some errors have detailed explanations: E0433, E0752.
[INFO] [stdout] 
[INFO] [stdout] For more information about an error, try `rustc --explain E0433`.
[INFO] [stdout] 
[INFO] [stdout] error[E0752]: `main` function is not allowed to be `async`
[INFO] [stdout]   --> examples/middleware.rs:14:1
[INFO] [stdout]    |
[INFO] [stdout] 14 | async fn main() -> std::io::Result<()> {
[INFO] [stdout]    | ^^^^^^^^^^^^^^^^^^^^^^^^^^^^^^^^^^^^^^ `main` function is not allowed to be `async`
[INFO] [stdout] 
[INFO] [stdout] 
[INFO] [stdout] error: aborting due to 2 previous errors
[INFO] [stdout] 
[INFO] [stdout] 
[INFO] [stdout] Some errors have detailed explanations: E0433, E0752.
[INFO] [stdout] 
[INFO] [stdout] For more information about an error, try `rustc --explain E0433`.
[INFO] [stdout] 
[INFO] [stderr] error: could not compile `actix-web-httpauth` due to 3 previous errors
[INFO] [stdout] error[E0752]: `main` function is not allowed to be `async`
[INFO] [stdout]   --> examples/with-cors.rs:19:1
[INFO] [stdout]    |
[INFO] [stdout] 19 | async fn main() -> std::io::Result<()> {
[INFO] [stdout]    | ^^^^^^^^^^^^^^^^^^^^^^^^^^^^^^^^^^^^^^ `main` function is not allowed to be `async`
[INFO] [stdout] 
[INFO] [stdout] 
[INFO] [stdout] error: aborting due to 5 previous errors
[INFO] [stdout] 
[INFO] [stdout] 
[INFO] [stdout] Some errors have detailed explanations: E0432, E0433, E0752.
[INFO] [stdout] 
[INFO] [stdout] For more information about an error, try `rustc --explain E0432`.
[INFO] [stdout] 
[INFO] [stderr] error: could not compile `actix-web-httpauth` due to 6 previous errors
[INFO] [stdout] error: aborting due to 7 previous errors
[INFO] [stdout] 
[INFO] [stdout] 
[INFO] [stdout] Some errors have detailed explanations: E0432, E0433.
[INFO] [stdout] 
[INFO] [stdout] For more information about an error, try `rustc --explain E0432`.
[INFO] [stdout] 
[INFO] [stderr] error: could not compile `actix-web-httpauth` due to 8 previous errors
[INFO] running `Command { std: "docker" "inspect" "58a611f051bc5d46c0315494eb2460039644a47f48dce11c2b6af52cace7c138", kill_on_drop: false }`
[INFO] running `Command { std: "docker" "rm" "-f" "58a611f051bc5d46c0315494eb2460039644a47f48dce11c2b6af52cace7c138", kill_on_drop: false }`
[INFO] [stdout] 58a611f051bc5d46c0315494eb2460039644a47f48dce11c2b6af52cace7c138
