[INFO] fetching crate actix-jwt-auth-middleware 0.3.0...
[INFO] testing actix-jwt-auth-middleware-0.3.0 against 1.69.0 for beta-1.70-1
[INFO] extracting crate actix-jwt-auth-middleware 0.3.0 into /workspace/builds/worker-7-tc1/source
[INFO] validating manifest of crates.io crate actix-jwt-auth-middleware 0.3.0 on toolchain 1.69.0
[INFO] running `Command { std: CARGO_HOME="/workspace/cargo-home" RUSTUP_HOME="/workspace/rustup-home" "/workspace/cargo-home/bin/cargo" "+1.69.0" "metadata" "--manifest-path" "Cargo.toml" "--no-deps", kill_on_drop: false }`
[INFO] started tweaking crates.io crate actix-jwt-auth-middleware 0.3.0
[INFO] finished tweaking crates.io crate actix-jwt-auth-middleware 0.3.0
[INFO] tweaked toml for crates.io crate actix-jwt-auth-middleware 0.3.0 written to /workspace/builds/worker-7-tc1/source/Cargo.toml
[INFO] crate crates.io crate actix-jwt-auth-middleware 0.3.0 already has a lockfile, it will not be regenerated
[INFO] running `Command { std: CARGO_HOME="/workspace/cargo-home" RUSTUP_HOME="/workspace/rustup-home" "/workspace/cargo-home/bin/cargo" "+1.69.0" "fetch" "--manifest-path" "Cargo.toml", kill_on_drop: false }`
[INFO] [stderr]  Downloading crates ...
[INFO] [stderr]   Downloaded lock_api v0.4.9
[INFO] [stderr]   Downloaded convert_case v0.4.0
[INFO] [stderr]   Downloaded iana-time-zone v0.1.53
[INFO] [stderr]   Downloaded ahash v0.7.6
[INFO] [stderr]   Downloaded serde_derive v1.0.152
[INFO] [stderr]   Downloaded bumpalo v3.12.0
[INFO] [stderr]   Downloaded time-core v0.1.0
[INFO] [stderr]   Downloaded which v4.4.0
[INFO] [stderr]   Downloaded thiserror-impl v1.0.38
[INFO] [stderr]   Downloaded windows-targets v0.42.1
[INFO] [stderr]   Downloaded zip v0.5.13
[INFO] [stderr]   Downloaded darling v0.10.2
[INFO] [stderr]   Downloaded protobuf-codegen v2.28.0
[INFO] [stderr]   Downloaded protoc v2.28.0
[INFO] [stderr]   Downloaded darling_core v0.10.2
[INFO] [stderr]   Downloaded darling_macro v0.14.3
[INFO] [stderr]   Downloaded darling_core v0.14.3
[INFO] [stderr]   Downloaded derive_builder_core v0.11.2
[INFO] [stderr]   Downloaded time-macros v0.2.6
[INFO] [stderr]   Downloaded h2 v0.3.15
[INFO] [stderr]   Downloaded protoc-rust v2.28.0
[INFO] [stderr]   Downloaded flate2 v1.0.25
[INFO] [stderr]   Downloaded exonum-build v1.0.1
[INFO] [stderr]   Downloaded protobuf v2.28.0
[INFO] [stderr]   Downloaded cxx-build v1.0.90
[INFO] [stderr]   Downloaded windows_i686_msvc v0.42.1
[INFO] [stderr]   Downloaded windows_aarch64_gnullvm v0.42.1
[INFO] [stderr]   Downloaded exonum_libsodium-sys v0.0.23
[INFO] [stderr]   Downloaded futures-sink v0.3.26
[INFO] [stderr]   Downloaded actix-http v3.3.0
[INFO] [stderr]   Downloaded mio v0.8.5
[INFO] [stderr]   Downloaded windows_i686_gnu v0.42.1
[INFO] [stderr]   Downloaded paste v1.0.11
[INFO] [stderr]   Downloaded slab v0.4.7
[INFO] [stderr]   Downloaded windows_x86_64_msvc v0.42.1
[INFO] [stderr]   Downloaded android_system_properties v0.1.5
[INFO] [stderr]   Downloaded termcolor v1.2.0
[INFO] [stderr]   Downloaded futures-core v0.3.26
[INFO] [stderr]   Downloaded anyhow v1.0.69
[INFO] [stderr]   Downloaded local-waker v0.1.3
[INFO] [stderr]   Downloaded local-channel v0.1.3
[INFO] [stderr]   Downloaded httpdate v1.0.2
[INFO] [stderr]   Downloaded signal-hook-registry v1.4.1
[INFO] [stderr]   Downloaded actix-router v0.5.1
[INFO] [stderr]   Downloaded socket2 v0.4.7
[INFO] [stderr]   Downloaded redox_syscall v0.2.16
[INFO] [stderr]   Downloaded sha1 v0.10.5
[INFO] [stderr]   Downloaded thiserror v1.0.38
[INFO] [stderr]   Downloaded parking_lot_core v0.9.7
[INFO] [stderr]   Downloaded actix-codec v0.5.0
[INFO] [stderr]   Downloaded time v0.3.17
[INFO] [stderr]   Downloaded parking_lot v0.12.1
[INFO] [stderr]   Downloaded proc-macro2 v1.0.51
[INFO] [stderr]   Downloaded fastrand v1.8.0
[INFO] [stderr]   Downloaded syn v1.0.107
[INFO] [stderr]   Downloaded zeroize_derive v1.3.3
[INFO] [stderr]   Downloaded indexmap v1.9.2
[INFO] [stderr]   Downloaded unicode-ident v1.0.6
[INFO] [stderr]   Downloaded base64 v0.21.0
[INFO] [stderr]   Downloaded aho-corasick v0.7.20
[INFO] [stderr]   Downloaded actix-web v4.3.0
[INFO] [stderr]   Downloaded actix-rt v2.8.0
[INFO] [stderr]   Downloaded tokio-util v0.7.7
[INFO] [stderr]   Downloaded regex v1.7.1
[INFO] [stderr]   Downloaded cpufeatures v0.2.5
[INFO] [stderr]   Downloaded derive_more v0.99.17
[INFO] [stderr]   Downloaded serde_json v1.0.93
[INFO] [stderr]   Downloaded windows_aarch64_msvc v0.42.1
[INFO] [stderr]   Downloaded regex-syntax v0.6.28
[INFO] [stderr]   Downloaded windows_x86_64_gnu v0.42.1
[INFO] [stderr]   Downloaded tokio v1.25.0
[INFO] [stderr]   Downloaded cxx v1.0.90
[INFO] [stderr]   Downloaded bzip2-sys v0.1.11+1.0.8
[INFO] [stderr]   Downloaded smallvec v1.10.0
[INFO] [stderr]   Downloaded exonum-derive v1.0.0
[INFO] [stderr]   Downloaded actix-jwt-auth-middleware-derive v0.1.1
[INFO] [stderr]   Downloaded actix-state-guards v0.1.0
[INFO] [stderr]   Downloaded protobuf-convert v0.4.0
[INFO] [stderr]   Downloaded exonum-proto v1.0.0
[INFO] [stderr]   Downloaded cxxbridge-macro v1.0.90
[INFO] [stderr]   Downloaded jwt-compact v0.7.0
[INFO] [stderr]   Downloaded base64-serde v0.5.1
[INFO] [stderr]   Downloaded exonum_sodiumoxide v0.0.23
[INFO] [stderr]   Downloaded libc v0.2.139
[INFO] [stderr]   Downloaded generic-array v0.14.6
[INFO] [stderr]   Downloaded sha2 v0.10.6
[INFO] [stderr]   Downloaded subtle v2.4.1
[INFO] [stderr]   Downloaded base64 v0.12.3
[INFO] [stderr]   Downloaded serde v1.0.152
[INFO] [stderr]   Downloaded actix-server v2.2.0
[INFO] [stderr]   Downloaded zeroize v1.5.7
[INFO] [stderr]   Downloaded cookie v0.16.2
[INFO] [stderr]   Downloaded language-tags v0.3.2
[INFO] [stderr]   Downloaded filetime v0.2.20
[INFO] [stderr]   Downloaded core-foundation-sys v0.8.3
[INFO] [stderr]   Downloaded unicode-bidi v0.3.10
[INFO] [stderr]   Downloaded actix-service v2.0.2
[INFO] [stderr]   Downloaded bit-vec v0.6.3
[INFO] [stderr]   Downloaded actix-utils v3.0.1
[INFO] [stderr]   Downloaded strsim v0.10.0
[INFO] [stderr]   Downloaded iana-time-zone-haiku v0.1.1
[INFO] [stderr]   Downloaded bzip2 v0.4.4
[INFO] [stderr]   Downloaded codespan-reporting v0.11.1
[INFO] [stderr]   Downloaded jobserver v0.1.25
[INFO] [stderr]   Downloaded bytestring v1.2.0
[INFO] [stderr]   Downloaded semver v1.0.16
[INFO] [stderr]   Downloaded futures-task v0.3.26
[INFO] [stderr]   Downloaded futures-util v0.3.26
[INFO] [stderr]   Downloaded http v0.2.8
[INFO] [stderr]   Downloaded mime v0.3.16
[INFO] [stderr]   Downloaded cxxbridge-flags v1.0.90
[INFO] [stderr]   Downloaded exonum-crypto v1.0.0
[INFO] [stderr]   Downloaded base64ct v1.5.3
[INFO] [stderr]   Downloaded link-cplusplus v1.0.8
[INFO] [stderr]   Downloaded once_cell v1.17.0
[INFO] [stderr]   Downloaded chrono v0.4.23
[INFO] [stderr]   Downloaded getrandom v0.2.8
[INFO] [stderr]   Downloaded itoa v1.0.5
[INFO] [stderr]   Downloaded derive_builder_macro v0.11.2
[INFO] [stderr]   Downloaded derive_builder v0.11.2
[INFO] [stderr]   Downloaded hmac v0.12.1
[INFO] [stderr]   Downloaded ryu v1.0.12
[INFO] [stderr]   Downloaded darling v0.14.3
[INFO] [stderr]   Downloaded walkdir v2.3.2
[INFO] [stderr]   Downloaded ident_case v1.0.1
[INFO] [stderr]   Downloaded strsim v0.9.3
[INFO] [stderr]   Downloaded darling_macro v0.10.2
[INFO] [stderr]   Downloaded tempfile v3.3.0
[INFO] [stderr]   Downloaded windows_x86_64_gnullvm v0.42.1
[INFO] [stderr]   Downloaded scratch v1.0.3
[INFO] [stderr]   Downloaded block-buffer v0.10.3
[INFO] [stderr]   Downloaded quote v1.0.23
[INFO] running `Command { std: "docker" "create" "-v" "/var/lib/crater-agent-workspace/builds/worker-7-tc1/target:/opt/rustwide/target:rw,Z" "-v" "/var/lib/crater-agent-workspace/builds/worker-7-tc1/source:/opt/rustwide/workdir:ro,Z" "-v" "/var/lib/crater-agent-workspace/cargo-home:/opt/rustwide/cargo-home:ro,Z" "-v" "/var/lib/crater-agent-workspace/rustup-home:/opt/rustwide/rustup-home:ro,Z" "-e" "SOURCE_DIR=/opt/rustwide/workdir" "-e" "CARGO_TARGET_DIR=/opt/rustwide/target" "-e" "CARGO_HOME=/opt/rustwide/cargo-home" "-e" "RUSTUP_HOME=/opt/rustwide/rustup-home" "-w" "/opt/rustwide/workdir" "-m" "1610612736" "--user" "0:0" "--network" "none" "ghcr.io/rust-lang/crates-build-env/linux@sha256:5ff2268d62e97bff2cde7d5815dd6ed5b47097566f13b8d0ca110b04b60e07ed" "/opt/rustwide/cargo-home/bin/cargo" "+1.69.0" "metadata" "--no-deps" "--format-version=1", kill_on_drop: false }`
[INFO] [stdout] a413fc9f319f4a9fc17fd7002556fac70e7eac7a258705a4de045c4659bcca1c
[INFO] running `Command { std: "docker" "start" "-a" "a413fc9f319f4a9fc17fd7002556fac70e7eac7a258705a4de045c4659bcca1c", kill_on_drop: false }`
[INFO] running `Command { std: "docker" "inspect" "a413fc9f319f4a9fc17fd7002556fac70e7eac7a258705a4de045c4659bcca1c", kill_on_drop: false }`
[INFO] running `Command { std: "docker" "rm" "-f" "a413fc9f319f4a9fc17fd7002556fac70e7eac7a258705a4de045c4659bcca1c", kill_on_drop: false }`
[INFO] [stdout] a413fc9f319f4a9fc17fd7002556fac70e7eac7a258705a4de045c4659bcca1c
[INFO] running `Command { std: "docker" "create" "-v" "/var/lib/crater-agent-workspace/builds/worker-7-tc1/target:/opt/rustwide/target:rw,Z" "-v" "/var/lib/crater-agent-workspace/builds/worker-7-tc1/source:/opt/rustwide/workdir:ro,Z" "-v" "/var/lib/crater-agent-workspace/cargo-home:/opt/rustwide/cargo-home:ro,Z" "-v" "/var/lib/crater-agent-workspace/rustup-home:/opt/rustwide/rustup-home:ro,Z" "-e" "SOURCE_DIR=/opt/rustwide/workdir" "-e" "CARGO_TARGET_DIR=/opt/rustwide/target" "-e" "CARGO_INCREMENTAL=0" "-e" "RUST_BACKTRACE=full" "-e" "RUSTFLAGS=--cap-lints=warn" "-e" "RUSTDOCFLAGS=--cap-lints=warn" "-e" "CARGO_HOME=/opt/rustwide/cargo-home" "-e" "RUSTUP_HOME=/opt/rustwide/rustup-home" "-w" "/opt/rustwide/workdir" "-m" "1610612736" "--user" "0:0" "--network" "none" "ghcr.io/rust-lang/crates-build-env/linux@sha256:5ff2268d62e97bff2cde7d5815dd6ed5b47097566f13b8d0ca110b04b60e07ed" "/opt/rustwide/cargo-home/bin/cargo" "+1.69.0" "build" "--frozen" "--message-format=json", kill_on_drop: false }`
[INFO] [stdout] b8d23c099857a176f37f1958340b874c23356631c95d68a4157c1c148b249ae1
[INFO] running `Command { std: "docker" "start" "-a" "b8d23c099857a176f37f1958340b874c23356631c95d68a4157c1c148b249ae1", kill_on_drop: false }`
[INFO] [stderr]    Compiling libc v0.2.139
[INFO] [stderr]    Compiling proc-macro2 v1.0.51
[INFO] [stderr]    Compiling quote v1.0.23
[INFO] [stderr]    Compiling unicode-ident v1.0.6
[INFO] [stderr]    Compiling syn v1.0.107
[INFO] [stderr]    Compiling pin-project-lite v0.2.9
[INFO] [stderr]    Compiling memchr v2.5.0
[INFO] [stderr]    Compiling log v0.4.17
[INFO] [stderr]    Compiling futures-core v0.3.26
[INFO] [stderr]    Compiling lock_api v0.4.9
[INFO] [stderr]    Compiling smallvec v1.10.0
[INFO] [stderr]    Compiling fnv v1.0.7
[INFO] [stderr]    Compiling bytes v1.4.0
[INFO] [stderr]    Compiling generic-array v0.14.6
[INFO] [stderr]    Compiling parking_lot_core v0.9.7
[INFO] [stderr]    Compiling once_cell v1.17.0
[INFO] [stderr]    Compiling itoa v1.0.5
[INFO] [stderr]    Compiling scopeguard v1.1.0
[INFO] [stderr]    Compiling tokio v1.25.0
[INFO] [stderr]    Compiling tracing-core v0.1.30
[INFO] [stderr]    Compiling serde_derive v1.0.152
[INFO] [stderr]    Compiling futures-task v0.3.26
[INFO] [stderr]    Compiling subtle v2.4.1
[INFO] [stderr]    Compiling serde v1.0.152
[INFO] [stderr]    Compiling futures-util v0.3.26
[INFO] [stderr]    Compiling percent-encoding v2.2.0
[INFO] [stderr]    Compiling ident_case v1.0.1
[INFO] [stderr]    Compiling futures-sink v0.3.26
[INFO] [stderr]    Compiling tracing v0.1.37
[INFO] [stderr]    Compiling strsim v0.10.0
[INFO] [stderr]    Compiling pin-utils v0.1.0
[INFO] [stderr]    Compiling paste v1.0.11
[INFO] [stderr]    Compiling num-traits v0.2.15
[INFO] [stderr]    Compiling slab v0.4.7
[INFO] [stderr]    Compiling indexmap v1.9.2
[INFO] [stderr]    Compiling local-waker v0.1.3
[INFO] [stderr]    Compiling tinyvec_macros v0.1.1
[INFO] [stderr]    Compiling cpufeatures v0.2.5
[INFO] [stderr]    Compiling http v0.2.8
[INFO] [stderr]    Compiling tinyvec v1.6.0
[INFO] [stderr]    Compiling ahash v0.7.6
[INFO] [stderr]    Compiling num-integer v0.1.45
[INFO] [stderr]    Compiling ryu v1.0.12
[INFO] [stderr]    Compiling unicode-xid v0.2.4
[INFO] [stderr]    Compiling block-buffer v0.10.3
[INFO] [stderr]    Compiling crypto-common v0.1.6
[INFO] [stderr]    Compiling socket2 v0.4.7
[INFO] [stderr]    Compiling signal-hook-registry v1.4.1
[INFO] [stderr]    Compiling mio v0.8.5
[INFO] [stderr]    Compiling getrandom v0.2.8
[INFO] [stderr]    Compiling digest v0.10.6
[INFO] [stderr]    Compiling ppv-lite86 v0.2.17
[INFO] [stderr]    Compiling serde_json v1.0.93
[INFO] [stderr]    Compiling httparse v1.8.0
[INFO] [stderr]    Compiling time-core v0.1.0
[INFO] [stderr]    Compiling parking_lot v0.12.1
[INFO] [stderr]    Compiling rand_core v0.6.4
[INFO] [stderr]    Compiling hashbrown v0.12.3
[INFO] [stderr]    Compiling time-macros v0.2.6
[INFO] [stderr]    Compiling rand_chacha v0.3.1
[INFO] [stderr]    Compiling unicode-normalization v0.1.22
[INFO] [stderr]    Compiling aho-corasick v0.7.20
[INFO] [stderr]    Compiling actix-service v2.0.2
[INFO] [stderr]    Compiling actix-utils v3.0.1
[INFO] [stderr]    Compiling form_urlencoded v1.1.0
[INFO] [stderr]    Compiling bytestring v1.2.0
[INFO] [stderr]    Compiling cookie v0.16.2
[INFO] [stderr]    Compiling unicode-bidi v0.3.10
[INFO] [stderr]    Compiling anyhow v1.0.69
[INFO] [stderr]    Compiling convert_case v0.4.0
[INFO] [stderr]    Compiling regex-syntax v0.6.28
[INFO] [stderr]    Compiling bitflags v1.3.2
[INFO] [stderr]    Compiling rand v0.8.5
[INFO] [stderr]    Compiling idna v0.3.0
[INFO] [stderr]    Compiling sha1 v0.10.5
[INFO] [stderr]    Compiling time v0.1.45
[INFO] [stderr]    Compiling num_cpus v1.15.0
[INFO] [stderr]    Compiling local-channel v0.1.3
[INFO] [stderr]    Compiling encoding_rs v0.8.32
[INFO] [stderr]    Compiling httpdate v1.0.2
[INFO] [stderr]    Compiling base64 v0.21.0
[INFO] [stderr]    Compiling mime v0.3.16
[INFO] [stderr]    Compiling iana-time-zone v0.1.53
[INFO] [stderr]    Compiling time v0.3.17
[INFO] [stderr]    Compiling language-tags v0.3.2
[INFO] [stderr]    Compiling chrono v0.4.23
[INFO] [stderr]    Compiling url v2.3.1
[INFO] [stderr]    Compiling hmac v0.12.1
[INFO] [stderr]    Compiling sha2 v0.10.6
[INFO] [stderr]    Compiling base64ct v1.5.3
[INFO] [stderr]    Compiling regex v1.7.1
[INFO] [stderr]    Compiling tokio-util v0.7.7
[INFO] [stderr]    Compiling actix-rt v2.8.0
[INFO] [stderr]    Compiling darling_core v0.14.3
[INFO] [stderr]    Compiling synstructure v0.12.6
[INFO] [stderr]    Compiling actix-server v2.2.0
[INFO] [stderr]    Compiling h2 v0.3.15
[INFO] [stderr]    Compiling actix-codec v0.5.0
[INFO] [stderr]    Compiling zeroize_derive v1.3.3
[INFO] [stderr]    Compiling derive_more v0.99.17
[INFO] [stderr]    Compiling actix-jwt-auth-middleware-derive v0.1.1
[INFO] [stderr]    Compiling darling_macro v0.14.3
[INFO] [stderr]    Compiling zeroize v1.5.7
[INFO] [stderr]    Compiling darling v0.14.3
[INFO] [stderr]    Compiling derive_builder_core v0.11.2
[INFO] [stderr]    Compiling derive_builder_macro v0.11.2
[INFO] [stderr]    Compiling derive_builder v0.11.2
[INFO] [stderr]    Compiling actix-http v3.3.0
[INFO] [stderr]    Compiling actix-router v0.5.1
[INFO] [stderr]    Compiling serde_urlencoded v0.7.1
[INFO] [stderr]    Compiling jwt-compact v0.7.0
[INFO] [stderr]    Compiling actix-web v4.3.0
[INFO] [stderr]    Compiling actix-jwt-auth-middleware v0.3.0 (/opt/rustwide/workdir)
[INFO] [stderr]     Finished dev [unoptimized + debuginfo] target(s) in 29.84s
[INFO] running `Command { std: "docker" "inspect" "b8d23c099857a176f37f1958340b874c23356631c95d68a4157c1c148b249ae1", kill_on_drop: false }`
[INFO] running `Command { std: "docker" "rm" "-f" "b8d23c099857a176f37f1958340b874c23356631c95d68a4157c1c148b249ae1", kill_on_drop: false }`
[INFO] [stdout] b8d23c099857a176f37f1958340b874c23356631c95d68a4157c1c148b249ae1
[INFO] running `Command { std: "docker" "create" "-v" "/var/lib/crater-agent-workspace/builds/worker-7-tc1/target:/opt/rustwide/target:rw,Z" "-v" "/var/lib/crater-agent-workspace/builds/worker-7-tc1/source:/opt/rustwide/workdir:ro,Z" "-v" "/var/lib/crater-agent-workspace/cargo-home:/opt/rustwide/cargo-home:ro,Z" "-v" "/var/lib/crater-agent-workspace/rustup-home:/opt/rustwide/rustup-home:ro,Z" "-e" "SOURCE_DIR=/opt/rustwide/workdir" "-e" "CARGO_TARGET_DIR=/opt/rustwide/target" "-e" "CARGO_INCREMENTAL=0" "-e" "RUST_BACKTRACE=full" "-e" "RUSTFLAGS=--cap-lints=warn" "-e" "RUSTDOCFLAGS=--cap-lints=warn" "-e" "CARGO_HOME=/opt/rustwide/cargo-home" "-e" "RUSTUP_HOME=/opt/rustwide/rustup-home" "-w" "/opt/rustwide/workdir" "-m" "1610612736" "--user" "0:0" "--network" "none" "ghcr.io/rust-lang/crates-build-env/linux@sha256:5ff2268d62e97bff2cde7d5815dd6ed5b47097566f13b8d0ca110b04b60e07ed" "/opt/rustwide/cargo-home/bin/cargo" "+1.69.0" "test" "--frozen" "--no-run" "--message-format=json", kill_on_drop: false }`
[INFO] [stdout] ffa6a0054d1ee15b367617d06f40d649ff02860a6403481db93db59ae989ea9f
[INFO] running `Command { std: "docker" "start" "-a" "ffa6a0054d1ee15b367617d06f40d649ff02860a6403481db93db59ae989ea9f", kill_on_drop: false }`
[INFO] [stderr]    Compiling protobuf v2.28.0
[INFO] [stderr]    Compiling either v1.8.1
[INFO] [stderr]    Compiling fastrand v1.8.0
[INFO] [stderr]    Compiling remove_dir_all v0.5.3
[INFO] [stderr]    Compiling jobserver v0.1.25
[INFO] [stderr]    Compiling pkg-config v0.3.26
[INFO] [stderr]    Compiling crc32fast v1.3.2
[INFO] [stderr]    Compiling thiserror v1.0.38
[INFO] [stderr]    Compiling adler v1.0.2
[INFO] [stderr]    Compiling same-file v1.0.6
[INFO] [stderr]    Compiling thiserror-impl v1.0.38
[INFO] [stderr]    Compiling strsim v0.9.3
[INFO] [stderr]    Compiling filetime v0.2.20
[INFO] [stderr]    Compiling xattr v0.2.3
[INFO] [stderr]    Compiling anyhow v1.0.69
[INFO] [stderr]    Compiling byteorder v1.4.3
[INFO] [stderr]    Compiling semver-parser v0.7.0
[INFO] [stderr]    Compiling tempfile v3.3.0
[INFO] [stderr]    Compiling cc v1.0.79
[INFO] [stderr]    Compiling which v4.4.0
[INFO] [stderr]    Compiling walkdir v2.3.2
[INFO] [stderr]    Compiling miniz_oxide v0.6.2
[INFO] [stderr]    Compiling darling_core v0.10.2
[INFO] [stderr]    Compiling tar v0.4.38
[INFO] [stderr]    Compiling chrono v0.4.23
[INFO] [stderr]    Compiling semver v0.9.0
[INFO] [stderr]    Compiling protoc v2.28.0
[INFO] [stderr]    Compiling unicode-segmentation v1.10.1
[INFO] [stderr]    Compiling base64 v0.12.3
[INFO] [stderr]    Compiling bit-vec v0.6.3
[INFO] [stderr]    Compiling actix-state-guards v0.1.0
[INFO] [stderr]    Compiling flate2 v1.0.25
[INFO] [stderr]    Compiling lazy_static v1.4.0
[INFO] [stderr]    Compiling base64-serde v0.5.1
[INFO] [stderr]    Compiling heck v0.3.3
[INFO] [stderr]    Compiling bzip2-sys v0.1.11+1.0.8
[INFO] [stderr]    Compiling jwt-compact v0.7.0
[INFO] [stderr]    Compiling darling_macro v0.10.2
[INFO] [stderr]    Compiling bzip2 v0.4.4
[INFO] [stderr]    Compiling zip v0.5.13
[INFO] [stderr]    Compiling actix-jwt-auth-middleware v0.3.0 (/opt/rustwide/workdir)
[INFO] [stderr]    Compiling darling v0.10.2
[INFO] [stderr]    Compiling exonum-derive v1.0.0
[INFO] [stderr]    Compiling exonum_libsodium-sys v0.0.23
[INFO] [stderr]    Compiling protobuf-codegen v2.28.0
[INFO] [stderr]    Compiling exonum_sodiumoxide v0.0.23
[INFO] [stderr]    Compiling protoc-rust v2.28.0
[INFO] [stderr]    Compiling exonum-build v1.0.1
[INFO] [stderr]    Compiling protobuf-convert v0.4.0
[INFO] [stderr]    Compiling exonum-proto v1.0.0
[INFO] [stderr]    Compiling exonum-crypto v1.0.0
[INFO] [stdout] error[E0432]: unresolved import `actix_web::get`
[INFO] [stdout]  --> examples/simple.rs:4:17
[INFO] [stdout]   |
[INFO] [stdout] 4 | use actix_web::{get, web, App, HttpResponse, HttpServer, Responder};
[INFO] [stdout]   |                 ^^^ no `get` in the root
[INFO] [stdout] 
[INFO] [stdout] 
[INFO] [stdout] error[E0432]: unresolved import `jwt_compact::alg::Ed25519`
[INFO] [stdout]  --> examples/simple.rs:6:5
[INFO] [stdout]   |
[INFO] [stdout] 6 | use jwt_compact::alg::Ed25519;
[INFO] [stdout]   |     ^^^^^^^^^^^^^^^^^^^^^^^^^ no `Ed25519` in `alg`
[INFO] [stdout] 
[INFO] [stdout] 
[INFO] [stdout] error[E0433]: failed to resolve: could not find `main` in `actix_web`
[INFO] [stdout]   --> examples/simple.rs:14:14
[INFO] [stdout]    |
[INFO] [stdout] 14 | #[actix_web::main]
[INFO] [stdout]    |              ^^^^ could not find `main` in `actix_web`
[INFO] [stdout] 
[INFO] [stdout] 
[INFO] [stdout] error: cannot determine resolution for the attribute macro `get`
[INFO] [stdout]   --> examples/simple.rs:43:3
[INFO] [stdout]    |
[INFO] [stdout] 43 | #[get("/login")]
[INFO] [stdout]    |   ^^^
[INFO] [stdout]    |
[INFO] [stdout]    = note: import resolution is stuck, try simplifying macro imports
[INFO] [stdout] 
[INFO] [stdout] 
[INFO] [stdout] error: cannot determine resolution for the attribute macro `get`
[INFO] [stdout]   --> examples/simple.rs:59:3
[INFO] [stdout]    |
[INFO] [stdout] 59 | #[get("/hello")]
[INFO] [stdout]    |   ^^^
[INFO] [stdout]    |
[INFO] [stdout]    = note: import resolution is stuck, try simplifying macro imports
[INFO] [stdout] 
[INFO] [stdout] 
[INFO] [stdout] error[E0432]: unresolved import `jwt_compact::alg::Ed25519`
[INFO] [stdout]  --> tests/test_tokens.rs:6:5
[INFO] [stdout]   |
[INFO] [stdout] 6 | use jwt_compact::alg::Ed25519;
[INFO] [stdout]   |     ^^^^^^^^^^^^^^^^^^^^^^^^^ no `Ed25519` in `alg`
[INFO] [stdout] 
[INFO] [stdout] 
[INFO] [stdout] error[E0433]: failed to resolve: could not find `test` in `actix_web`
[INFO] [stdout]   --> tests/test_tokens.rs:27:14
[INFO] [stdout]    |
[INFO] [stdout] 27 | #[actix_web::test]
[INFO] [stdout]    |              ^^^^ could not find `test` in `actix_web`
[INFO] [stdout] 
[INFO] [stdout] 
[INFO] [stdout] error[E0433]: failed to resolve: could not find `test` in `actix_web`
[INFO] [stdout]   --> tests/test_tokens.rs:44:14
[INFO] [stdout]    |
[INFO] [stdout] 44 | #[actix_web::test]
[INFO] [stdout]    |              ^^^^ could not find `test` in `actix_web`
[INFO] [stdout] 
[INFO] [stdout] 
[INFO] [stdout] error[E0433]: failed to resolve: could not find `test` in `actix_web`
[INFO] [stdout]   --> tests/test_tokens.rs:69:14
[INFO] [stdout]    |
[INFO] [stdout] 69 | #[actix_web::test]
[INFO] [stdout]    |              ^^^^ could not find `test` in `actix_web`
[INFO] [stdout] 
[INFO] [stdout] 
[INFO] [stdout] error[E0433]: failed to resolve: could not find `test` in `actix_web`
[INFO] [stdout]   --> tests/test_tokens.rs:85:14
[INFO] [stdout]    |
[INFO] [stdout] 85 | #[actix_web::test]
[INFO] [stdout]    |              ^^^^ could not find `test` in `actix_web`
[INFO] [stdout] 
[INFO] [stdout] 
[INFO] [stdout] error[E0433]: failed to resolve: could not find `test` in `actix_web`
[INFO] [stdout]    --> tests/test_tokens.rs:106:14
[INFO] [stdout]     |
[INFO] [stdout] 106 | #[actix_web::test]
[INFO] [stdout]     |              ^^^^ could not find `test` in `actix_web`
[INFO] [stdout] 
[INFO] [stdout] 
[INFO] [stdout] error[E0433]: failed to resolve: could not find `test` in `actix_web`
[INFO] [stdout]    --> tests/test_tokens.rs:132:14
[INFO] [stdout]     |
[INFO] [stdout] 132 | #[actix_web::test]
[INFO] [stdout]     |              ^^^^ could not find `test` in `actix_web`
[INFO] [stdout] 
[INFO] [stdout] 
[INFO] [stdout] error[E0432]: unresolved import `actix_web::get`
[INFO] [stdout]  --> examples/guard.rs:8:17
[INFO] [stdout]   |
[INFO] [stdout] 8 | use actix_web::{get, web, App, HttpResponse, HttpServer, Responder};
[INFO] [stdout]   |                 ^^^ no `get` in the root
[INFO] [stdout] 
[INFO] [stdout] 
[INFO] [stdout] error[E0432]: unresolved import `jwt_compact::alg::Ed25519`
[INFO] [stdout]   --> examples/guard.rs:10:5
[INFO] [stdout]    |
[INFO] [stdout] 10 | use jwt_compact::alg::Ed25519;
[INFO] [stdout]    |     ^^^^^^^^^^^^^^^^^^^^^^^^^ no `Ed25519` in `alg`
[INFO] [stdout] 
[INFO] [stdout] 
[INFO] [stdout] error[E0433]: failed to resolve: could not find `main` in `actix_web`
[INFO] [stdout]   --> examples/guard.rs:25:14
[INFO] [stdout]    |
[INFO] [stdout] 25 | #[actix_web::main]
[INFO] [stdout]    |              ^^^^ could not find `main` in `actix_web`
[INFO] [stdout] 
[INFO] [stdout] 
[INFO] [stdout] error: cannot determine resolution for the attribute macro `get`
[INFO] [stdout]   --> examples/guard.rs:67:3
[INFO] [stdout]    |
[INFO] [stdout] 67 | #[get("/login")]
[INFO] [stdout]    |   ^^^
[INFO] [stdout]    |
[INFO] [stdout]    = note: import resolution is stuck, try simplifying macro imports
[INFO] [stdout] 
[INFO] [stdout] 
[INFO] [stdout] error: cannot determine resolution for the attribute macro `get`
[INFO] [stdout]   --> examples/guard.rs:85:3
[INFO] [stdout]    |
[INFO] [stdout] 85 | #[get("/hello")]
[INFO] [stdout]    |   ^^^
[INFO] [stdout]    |
[INFO] [stdout]    = note: import resolution is stuck, try simplifying macro imports
[INFO] [stdout] 
[INFO] [stdout] 
[INFO] [stdout] error: cannot determine resolution for the attribute macro `get`
[INFO] [stdout]   --> examples/guard.rs:90:3
[INFO] [stdout]    |
[INFO] [stdout] 90 | #[get("/admin")]
[INFO] [stdout]    |   ^^^
[INFO] [stdout]    |
[INFO] [stdout]    = note: import resolution is stuck, try simplifying macro imports
[INFO] [stdout] 
[INFO] [stdout] 
[INFO] [stdout] warning: impl method assumes more implied bounds than the corresponding trait method
[INFO] [stdout]   --> tests/test_tokens.rs:15:1
[INFO] [stdout]    |
[INFO] [stdout] 15 | / lazy_static! {
[INFO] [stdout] 16 | |     static ref KEY_PAIR: KeyPair = KeyPair::random();
[INFO] [stdout] 17 | |     static ref TIME_OPTIONS: TimeOptions = TimeOptions::from_leeway(Duration::min_value());
[INFO] [stdout] 18 | |     static ref HEADER: Header = Header::default();
[INFO] [stdout] ...  |
[INFO] [stdout] 24 | |         .unwrap();
[INFO] [stdout] 25 | | }
[INFO] [stdout]    | |_^
[INFO] [stdout]    |
[INFO] [stdout]    = warning: this was previously accepted by the compiler but is being phased out; it will become a hard error in a future release!
[INFO] [stdout]    = note: for more information, see issue #105572 <https://github.com/rust-lang/rust/issues/105572>
[INFO] [stdout]    = note: `#[warn(implied_bounds_entailment)]` on by default
[INFO] [stdout]    = note: this warning originates in the macro `__lazy_static_internal` which comes from the expansion of the macro `lazy_static` (in Nightly builds, run with -Z macro-backtrace for more info)
[INFO] [stdout] 
[INFO] [stdout] 
[INFO] [stdout] error[E0277]: the trait bound `fn(Data<TokenSigner<User, [type error]>>) -> impl std::future::Future<Output = Result<HttpResponse, AuthError>> {login}: HttpServiceFactory` is not satisfied
[INFO] [stdout]    --> examples/simple.rs:33:22
[INFO] [stdout]     |
[INFO] [stdout] 33  |             .service(login)
[INFO] [stdout]     |              ------- ^^^^^ the trait `HttpServiceFactory` is not implemented for fn item `fn(Data<TokenSigner<User, [type error]>>) -> impl std::future::Future<Output = Result<HttpResponse, AuthError>> {login}`
[INFO] [stdout]     |              |
[INFO] [stdout]     |              required by a bound introduced by this call
[INFO] [stdout]     |
[INFO] [stdout]     = help: the following other types implement trait `HttpServiceFactory`:
[INFO] [stdout]               (A, B)
[INFO] [stdout]               (A, B, C)
[INFO] [stdout]               (A, B, C, D)
[INFO] [stdout]               (A, B, C, D, E)
[INFO] [stdout]               (A, B, C, D, E, F)
[INFO] [stdout]               (A, B, C, D, E, F, G)
[INFO] [stdout]               (A, B, C, D, E, F, G, H)
[INFO] [stdout]               (A, B, C, D, E, F, G, H, I)
[INFO] [stdout]             and 8 others
[INFO] [stdout] note: required by a bound in `App::<T>::service`
[INFO] [stdout]    --> /opt/rustwide/cargo-home/registry/src/github.com-1ecc6299db9ec823/actix-web-4.3.0/src/app.rs:238:12
[INFO] [stdout]     |
[INFO] [stdout] 238 |         F: HttpServiceFactory + 'static,
[INFO] [stdout]     |            ^^^^^^^^^^^^^^^^^^ required by this bound in `App::<T>::service`
[INFO] [stdout] 
[INFO] [stdout] 
[INFO] [stdout] error[E0277]: the trait bound `fn(Query<User>, Data<TokenSigner<User, [type error]>>) -> impl std::future::Future<Output = Result<HttpResponse, AuthError>> {login}: HttpServiceFactory` is not satisfied
[INFO] [stdout]    --> examples/guard.rs:43:28
[INFO] [stdout]     |
[INFO] [stdout] 43  |         App::new().service(login).use_jwt(
[INFO] [stdout]     |                    ------- ^^^^^ the trait `HttpServiceFactory` is not implemented for fn item `fn(Query<User>, Data<TokenSigner<User, [type error]>>) -> impl std::future::Future<Output = Result<HttpResponse, AuthError>> {login}`
[INFO] [stdout]     |                    |
[INFO] [stdout]     |                    required by a bound introduced by this call
[INFO] [stdout]     |
[INFO] [stdout]     = help: the following other types implement trait `HttpServiceFactory`:
[INFO] [stdout]               (A, B)
[INFO] [stdout]               (A, B, C)
[INFO] [stdout]               (A, B, C, D)
[INFO] [stdout]               (A, B, C, D, E)
[INFO] [stdout]               (A, B, C, D, E, F)
[INFO] [stdout]               (A, B, C, D, E, F, G)
[INFO] [stdout]               (A, B, C, D, E, F, G, H)
[INFO] [stdout]               (A, B, C, D, E, F, G, H, I)
[INFO] [stdout]             and 8 others
[INFO] [stdout] note: required by a bound in `App::<T>::service`
[INFO] [stdout]    --> /opt/rustwide/cargo-home/registry/src/github.com-1ecc6299db9ec823/actix-web-4.3.0/src/app.rs:238:12
[INFO] [stdout]     |
[INFO] [stdout] 238 |         F: HttpServiceFactory + 'static,
[INFO] [stdout]     |            ^^^^^^^^^^^^^^^^^^ required by this bound in `App::<T>::service`
[INFO] [stdout] 
[INFO] [stdout] 
[INFO] [stdout] error[E0277]: the trait bound `fn(User) -> impl std::future::Future<Output = impl Responder> {hello}: HttpServiceFactory` is not satisfied
[INFO] [stdout]    --> examples/simple.rs:34:56
[INFO] [stdout]     |
[INFO] [stdout] 34  |             .use_jwt(authority, web::scope("").service(hello))
[INFO] [stdout]     |                                                ------- ^^^^^ the trait `HttpServiceFactory` is not implemented for fn item `fn(User) -> impl std::future::Future<Output = impl Responder> {hello}`
[INFO] [stdout]     |                                                |
[INFO] [stdout]     |                                                required by a bound introduced by this call
[INFO] [stdout]     |
[INFO] [stdout]     = help: the following other types implement trait `HttpServiceFactory`:
[INFO] [stdout]               (A, B)
[INFO] [stdout]               (A, B, C)
[INFO] [stdout]               (A, B, C, D)
[INFO] [stdout]               (A, B, C, D, E)
[INFO] [stdout]               (A, B, C, D, E, F)
[INFO] [stdout]               (A, B, C, D, E, F, G)
[INFO] [stdout]               (A, B, C, D, E, F, G, H)
[INFO] [stdout]               (A, B, C, D, E, F, G, H, I)
[INFO] [stdout]             and 8 others
[INFO] [stdout] note: required by a bound in `actix_web::Scope::<T>::service`
[INFO] [stdout]    --> /opt/rustwide/cargo-home/registry/src/github.com-1ecc6299db9ec823/actix-web-4.3.0/src/scope.rs:235:12
[INFO] [stdout]     |
[INFO] [stdout] 235 |         F: HttpServiceFactory + 'static,
[INFO] [stdout]     |            ^^^^^^^^^^^^^^^^^^ required by this bound in `Scope::<T>::service`
[INFO] [stdout] 
[INFO] [stdout] 
[INFO] [stdout] error[E0277]: the trait bound `fn(User) -> impl std::future::Future<Output = impl Responder> {hello}: HttpServiceFactory` is not satisfied
[INFO] [stdout]    --> examples/guard.rs:45:36
[INFO] [stdout]     |
[INFO] [stdout] 45  |             web::scope("").service(hello).use_state_guard(
[INFO] [stdout]     |                            ------- ^^^^^ the trait `HttpServiceFactory` is not implemented for fn item `fn(User) -> impl std::future::Future<Output = impl Responder> {hello}`
[INFO] [stdout]     |                            |
[INFO] [stdout]     |                            required by a bound introduced by this call
[INFO] [stdout]     |
[INFO] [stdout]     = help: the following other types implement trait `HttpServiceFactory`:
[INFO] [stdout]               (A, B)
[INFO] [stdout]               (A, B, C)
[INFO] [stdout]               (A, B, C, D)
[INFO] [stdout]               (A, B, C, D, E)
[INFO] [stdout]               (A, B, C, D, E, F)
[INFO] [stdout]               (A, B, C, D, E, F, G)
[INFO] [stdout]               (A, B, C, D, E, F, G, H)
[INFO] [stdout]               (A, B, C, D, E, F, G, H, I)
[INFO] [stdout]             and 8 others
[INFO] [stdout] note: required by a bound in `actix_web::Scope::<T>::service`
[INFO] [stdout]    --> /opt/rustwide/cargo-home/registry/src/github.com-1ecc6299db9ec823/actix-web-4.3.0/src/scope.rs:235:12
[INFO] [stdout]     |
[INFO] [stdout] 235 |         F: HttpServiceFactory + 'static,
[INFO] [stdout]     |            ^^^^^^^^^^^^^^^^^^ required by this bound in `Scope::<T>::service`
[INFO] [stdout] 
[INFO] [stdout] 
[INFO] [stdout] error[E0277]: the trait bound `fn() -> impl std::future::Future<Output = impl Responder> {admin}: HttpServiceFactory` is not satisfied
[INFO] [stdout]    --> examples/guard.rs:56:40
[INFO] [stdout]     |
[INFO] [stdout] 56  |                 web::scope("").service(admin),
[INFO] [stdout]     |                                ------- ^^^^^ the trait `HttpServiceFactory` is not implemented for fn item `fn() -> impl std::future::Future<Output = impl Responder> {admin}`
[INFO] [stdout]     |                                |
[INFO] [stdout]     |                                required by a bound introduced by this call
[INFO] [stdout]     |
[INFO] [stdout]     = help: the following other types implement trait `HttpServiceFactory`:
[INFO] [stdout]               (A, B)
[INFO] [stdout]               (A, B, C)
[INFO] [stdout]               (A, B, C, D)
[INFO] [stdout]               (A, B, C, D, E)
[INFO] [stdout]               (A, B, C, D, E, F)
[INFO] [stdout]               (A, B, C, D, E, F, G)
[INFO] [stdout]               (A, B, C, D, E, F, G, H)
[INFO] [stdout]               (A, B, C, D, E, F, G, H, I)
[INFO] [stdout]             and 8 others
[INFO] [stdout] note: required by a bound in `actix_web::Scope::<T>::service`
[INFO] [stdout]    --> /opt/rustwide/cargo-home/registry/src/github.com-1ecc6299db9ec823/actix-web-4.3.0/src/scope.rs:235:12
[INFO] [stdout]     |
[INFO] [stdout] 235 |         F: HttpServiceFactory + 'static,
[INFO] [stdout]     |            ^^^^^^^^^^^^^^^^^^ required by this bound in `Scope::<T>::service`
[INFO] [stdout] 
[INFO] [stdout] 
[INFO] [stdout] error[E0752]: `main` function is not allowed to be `async`
[INFO] [stdout]   --> examples/simple.rs:15:1
[INFO] [stdout]    |
[INFO] [stdout] 15 | async fn main() -> Result<(), Box<dyn std::error::Error>> {
[INFO] [stdout]    | ^^^^^^^^^^^^^^^^^^^^^^^^^^^^^^^^^^^^^^^^^^^^^^^^^^^^^^^^^ `main` function is not allowed to be `async`
[INFO] [stdout] 
[INFO] [stdout] 
[INFO] [stdout] error: aborting due to 8 previous errors
[INFO] [stdout] 
[INFO] [stdout] 
[INFO] [stdout] Some errors have detailed explanations: E0277, E0432, E0433, E0752.
[INFO] [stdout] 
[INFO] [stdout] For more information about an error, try `rustc --explain E0277`.
[INFO] [stdout] 
[INFO] [stderr] error: could not compile `actix-jwt-auth-middleware` due to 9 previous errors
[INFO] [stderr] warning: build failed, waiting for other jobs to finish...
[INFO] [stdout] error[E0752]: `main` function is not allowed to be `async`
[INFO] [stdout]   --> examples/guard.rs:26:1
[INFO] [stdout]    |
[INFO] [stdout] 26 | async fn main() -> Result<(), Box<dyn std::error::Error>> {
[INFO] [stdout]    | ^^^^^^^^^^^^^^^^^^^^^^^^^^^^^^^^^^^^^^^^^^^^^^^^^^^^^^^^^ `main` function is not allowed to be `async`
[INFO] [stdout] 
[INFO] [stdout] 
[INFO] [stdout] error[E0599]: no method named `create_access_cookie` found for struct `TOKEN_SIGNER` in the current scope
[INFO] [stdout]   --> tests/test_tokens.rs:38:30
[INFO] [stdout]    |
[INFO] [stdout] 15 | / lazy_static! {
[INFO] [stdout] 16 | |     static ref KEY_PAIR: KeyPair = KeyPair::random();
[INFO] [stdout] 17 | |     static ref TIME_OPTIONS: TimeOptions = TimeOptions::from_leeway(Duration::min_value());
[INFO] [stdout] 18 | |     static ref HEADER: Header = Header::default();
[INFO] [stdout] ...  |
[INFO] [stdout] 24 | |         .unwrap();
[INFO] [stdout] 25 | | }
[INFO] [stdout]    | |_- method `create_access_cookie` not found for this struct
[INFO] [stdout] ...
[INFO] [stdout] 38 |           .cookie(TOKEN_SIGNER.create_access_cookie(&TestClaims {}).unwrap())
[INFO] [stdout]    |                                ^^^^^^^^^^^^^^^^^^^^ method not found in `TOKEN_SIGNER`
[INFO] [stdout] 
[INFO] [stdout] 
[INFO] [stdout] error: aborting due to 10 previous errors
[INFO] [stdout] 
[INFO] [stdout] 
[INFO] [stdout] Some errors have detailed explanations: E0277, E0432, E0433, E0752.
[INFO] [stdout] 
[INFO] [stdout] For more information about an error, try `rustc --explain E0277`.
[INFO] [stdout] 
[INFO] [stderr] error: could not compile `actix-jwt-auth-middleware` due to 11 previous errors
[INFO] [stdout] error[E0599]: no method named `create_access_cookie` found for struct `TOKEN_SIGNER` in the current scope
[INFO] [stdout]   --> tests/test_tokens.rs:54:31
[INFO] [stdout]    |
[INFO] [stdout] 15 | / lazy_static! {
[INFO] [stdout] 16 | |     static ref KEY_PAIR: KeyPair = KeyPair::random();
[INFO] [stdout] 17 | |     static ref TIME_OPTIONS: TimeOptions = TimeOptions::from_leeway(Duration::min_value());
[INFO] [stdout] 18 | |     static ref HEADER: Header = Header::default();
[INFO] [stdout] ...  |
[INFO] [stdout] 24 | |         .unwrap();
[INFO] [stdout] 25 | | }
[INFO] [stdout]    | |_- method `create_access_cookie` not found for this struct
[INFO] [stdout] ...
[INFO] [stdout] 54 |       let cookie = TOKEN_SIGNER.create_access_cookie(&TestClaims {}).unwrap();
[INFO] [stdout]    |                                 ^^^^^^^^^^^^^^^^^^^^ method not found in `TOKEN_SIGNER`
[INFO] [stdout] 
[INFO] [stdout] 
[INFO] [stdout] error[E0599]: no method named `clone` found for struct `TOKEN_SIGNER` in the current scope
[INFO] [stdout]   --> tests/test_tokens.rs:73:41
[INFO] [stdout]    |
[INFO] [stdout] 15 | / lazy_static! {
[INFO] [stdout] 16 | |     static ref KEY_PAIR: KeyPair = KeyPair::random();
[INFO] [stdout] 17 | |     static ref TIME_OPTIONS: TimeOptions = TimeOptions::from_leeway(Duration::min_value());
[INFO] [stdout] 18 | |     static ref HEADER: Header = Header::default();
[INFO] [stdout] ...  |
[INFO] [stdout] 24 | |         .unwrap();
[INFO] [stdout] 25 | | }
[INFO] [stdout]    | |_- method `clone` not found for this struct
[INFO] [stdout] ...
[INFO] [stdout] 73 |           .token_signer(Some(TOKEN_SIGNER.clone()))
[INFO] [stdout]    |                                           ^^^^^ method not found in `TOKEN_SIGNER`
[INFO] [stdout]    |
[INFO] [stdout]    = help: items from traits can only be used if the trait is implemented and in scope
[INFO] [stdout]    = note: the following trait defines an item `clone`, perhaps you need to implement it:
[INFO] [stdout]            candidate #1: `Clone`
[INFO] [stdout] 
[INFO] [stdout] 
[INFO] [stdout] error[E0599]: no method named `create_refresh_cookie` found for struct `TOKEN_SIGNER` in the current scope
[INFO] [stdout]   --> tests/test_tokens.rs:79:30
[INFO] [stdout]    |
[INFO] [stdout] 15 | / lazy_static! {
[INFO] [stdout] 16 | |     static ref KEY_PAIR: KeyPair = KeyPair::random();
[INFO] [stdout] 17 | |     static ref TIME_OPTIONS: TimeOptions = TimeOptions::from_leeway(Duration::min_value());
[INFO] [stdout] 18 | |     static ref HEADER: Header = Header::default();
[INFO] [stdout] ...  |
[INFO] [stdout] 24 | |         .unwrap();
[INFO] [stdout] 25 | | }
[INFO] [stdout]    | |_- method `create_refresh_cookie` not found for this struct
[INFO] [stdout] ...
[INFO] [stdout] 79 |           .cookie(TOKEN_SIGNER.create_refresh_cookie(&TestClaims {}).unwrap())
[INFO] [stdout]    |                                ^^^^^^^^^^^^^^^^^^^^^ method not found in `TOKEN_SIGNER`
[INFO] [stdout] 
[INFO] [stdout] 
[INFO] [stdout] error[E0599]: no method named `create_access_cookie` found for struct `TOKEN_SIGNER` in the current scope
[INFO] [stdout]    --> tests/test_tokens.rs:120:30
[INFO] [stdout]     |
[INFO] [stdout] 15  | / lazy_static! {
[INFO] [stdout] 16  | |     static ref KEY_PAIR: KeyPair = KeyPair::random();
[INFO] [stdout] 17  | |     static ref TIME_OPTIONS: TimeOptions = TimeOptions::from_leeway(Duration::min_value());
[INFO] [stdout] 18  | |     static ref HEADER: Header = Header::default();
[INFO] [stdout] ...   |
[INFO] [stdout] 24  | |         .unwrap();
[INFO] [stdout] 25  | | }
[INFO] [stdout]     | |_- method `create_access_cookie` not found for this struct
[INFO] [stdout] ...
[INFO] [stdout] 120 |           .cookie(TOKEN_SIGNER.create_access_cookie(&TestClaims {}).unwrap())
[INFO] [stdout]     |                                ^^^^^^^^^^^^^^^^^^^^ method not found in `TOKEN_SIGNER`
[INFO] [stdout] 
[INFO] [stdout] 
[INFO] [stdout] error: aborting due to 12 previous errors; 1 warning emitted
[INFO] [stdout] 
[INFO] [stdout] 
[INFO] [stdout] Some errors have detailed explanations: E0432, E0433, E0599.
[INFO] [stdout] 
[INFO] [stdout] For more information about an error, try `rustc --explain E0432`.
[INFO] [stdout] 
[INFO] [stderr] error: could not compile `actix-jwt-auth-middleware` due to 13 previous errors; 2 warnings emitted
[INFO] running `Command { std: "docker" "inspect" "ffa6a0054d1ee15b367617d06f40d649ff02860a6403481db93db59ae989ea9f", kill_on_drop: false }`
[INFO] running `Command { std: "docker" "rm" "-f" "ffa6a0054d1ee15b367617d06f40d649ff02860a6403481db93db59ae989ea9f", kill_on_drop: false }`
[INFO] [stdout] ffa6a0054d1ee15b367617d06f40d649ff02860a6403481db93db59ae989ea9f
