[INFO] fetching crate actix-http 3.3.1...
[INFO] testing actix-http-3.3.1 against beta-2023-04-20 for beta-1.70-1
[INFO] extracting crate actix-http 3.3.1 into /workspace/builds/worker-1-tc2/source
[INFO] validating manifest of crates.io crate actix-http 3.3.1 on toolchain beta-2023-04-20
[INFO] running `Command { std: CARGO_HOME="/workspace/cargo-home" RUSTUP_HOME="/workspace/rustup-home" "/workspace/cargo-home/bin/cargo" "+beta-2023-04-20" "metadata" "--manifest-path" "Cargo.toml" "--no-deps", kill_on_drop: false }`
[INFO] started tweaking crates.io crate actix-http 3.3.1
[INFO] removed 0 missing examples
[INFO] finished tweaking crates.io crate actix-http 3.3.1
[INFO] tweaked toml for crates.io crate actix-http 3.3.1 written to /workspace/builds/worker-1-tc2/source/Cargo.toml
[INFO] crate crates.io crate actix-http 3.3.1 already has a lockfile, it will not be regenerated
[INFO] running `Command { std: CARGO_HOME="/workspace/cargo-home" RUSTUP_HOME="/workspace/rustup-home" "/workspace/cargo-home/bin/cargo" "+beta-2023-04-20" "fetch" "--manifest-path" "Cargo.toml", kill_on_drop: false }`
[INFO] [stderr]     Updating crates.io index
[INFO] [stderr]  Downloading crates ...
[INFO] [stderr]   Downloaded parking_lot_core v0.9.7
[INFO] [stderr]   Downloaded cpufeatures v0.2.5
[INFO] [stderr]   Downloaded percent-encoding v2.2.0
[INFO] [stderr]   Downloaded generic-array v0.14.6
[INFO] [stderr]   Downloaded redox_syscall v0.2.16
[INFO] [stderr]   Downloaded futures-core v0.3.26
[INFO] [stderr]   Downloaded mio v0.8.6
[INFO] [stderr]   Downloaded scopeguard v1.1.0
[INFO] [stderr]   Downloaded zstd v0.12.3+zstd.1.5.2
[INFO] [stderr]   Downloaded lock_api v0.4.9
[INFO] [stderr]   Downloaded base64 v0.21.0
[INFO] [stderr]   Downloaded semver v1.0.16
[INFO] [stderr]   Downloaded actix-utils v3.0.1
[INFO] [stderr]   Downloaded proc-macro2 v1.0.51
[INFO] [stderr]   Downloaded js-sys v0.3.61
[INFO] [stderr]   Downloaded itoa v1.0.5
[INFO] [stderr]   Downloaded flate2 v1.0.25
[INFO] [stderr]   Downloaded httpdate v1.0.2
[INFO] [stderr]   Downloaded webpki-roots v0.22.6
[INFO] [stderr]   Downloaded actix-rt v2.8.0
[INFO] [stderr]   Downloaded spin v0.5.2
[INFO] [stderr]   Downloaded block-buffer v0.10.3
[INFO] [stderr]   Downloaded slab v0.4.8
[INFO] [stderr]   Downloaded rand v0.8.5
[INFO] [stderr]   Downloaded paste v1.0.11
[INFO] [stderr]   Downloaded wasm-bindgen-shared v0.2.84
[INFO] [stderr]   Downloaded actix-codec v0.5.0
[INFO] [stderr]   Downloaded mime v0.3.16
[INFO] [stderr]   Downloaded crc32fast v1.3.2
[INFO] [stderr]   Downloaded futures-sink v0.3.26
[INFO] [stderr]   Downloaded windows-targets v0.42.1
[INFO] [stderr]   Downloaded alloc-no-stdlib v2.0.4
[INFO] [stderr]   Downloaded wasm-bindgen-macro-support v0.2.84
[INFO] [stderr]   Downloaded webpki v0.22.0
[INFO] [stderr]   Downloaded h2 v0.3.15
[INFO] [stderr]   Downloaded unicode-ident v1.0.6
[INFO] [stderr]   Downloaded indexmap v1.9.2
[INFO] [stderr]   Downloaded openssl-macros v0.1.0
[INFO] [stderr]   Downloaded tokio-openssl v0.6.3
[INFO] [stderr]   Downloaded actix-service v2.0.2
[INFO] [stderr]   Downloaded sct v0.7.0
[INFO] [stderr]   Downloaded bytestring v1.2.0
[INFO] [stderr]   Downloaded openssl v0.10.45
[INFO] [stderr]   Downloaded bumpalo v3.12.0
[INFO] [stderr]   Downloaded http v0.2.9
[INFO] [stderr]   Downloaded jobserver v0.1.25
[INFO] [stderr]   Downloaded tracing-core v0.1.30
[INFO] [stderr]   Downloaded openssl-sys v0.9.80
[INFO] [stderr]   Downloaded wasm-bindgen v0.2.84
[INFO] [stderr]   Downloaded vcpkg v0.2.15
[INFO] [stderr]   Downloaded brotli-decompressor v2.3.4
[INFO] [stderr]   Downloaded rustls v0.20.8
[INFO] [stderr]   Downloaded quote v1.0.23
[INFO] [stderr]   Downloaded language-tags v0.3.2
[INFO] [stderr]   Downloaded pin-project-lite v0.2.9
[INFO] [stderr]   Downloaded pin-utils v0.1.0
[INFO] [stderr]   Downloaded local-channel v0.1.3
[INFO] [stderr]   Downloaded windows_x86_64_gnullvm v0.42.1
[INFO] [stderr]   Downloaded foreign-types-shared v0.1.1
[INFO] [stderr]   Downloaded foreign-types v0.3.2
[INFO] [stderr]   Downloaded wasm-bindgen-backend v0.2.84
[INFO] [stderr]   Downloaded windows_aarch64_msvc v0.42.1
[INFO] [stderr]   Downloaded wasm-bindgen-macro v0.2.84
[INFO] [stderr]   Downloaded alloc-stdlib v0.2.2
[INFO] [stderr]   Downloaded tokio-rustls v0.23.4
[INFO] [stderr]   Downloaded httparse v1.8.0
[INFO] [stderr]   Downloaded ppv-lite86 v0.2.17
[INFO] [stderr]   Downloaded getrandom v0.2.8
[INFO] [stderr]   Downloaded zstd-sys v2.0.7+zstd.1.5.4
[INFO] [stderr]   Downloaded windows_i686_msvc v0.42.1
[INFO] [stderr]   Downloaded log v0.4.17
[INFO] [stderr]   Downloaded memchr v2.5.0
[INFO] [stderr]   Downloaded windows_i686_gnu v0.42.1
[INFO] [stderr]   Downloaded web-sys v0.3.61
[INFO] [stderr]   Downloaded tokio v1.25.0
[INFO] [stderr]   Downloaded libc v0.2.139
[INFO] [stderr]   Downloaded adler v1.0.2
[INFO] [stderr]   Downloaded rand_chacha v0.3.1
[INFO] [stderr]   Downloaded tracing v0.1.37
[INFO] [stderr]   Downloaded actix-tls v3.0.3
[INFO] [stderr]   Downloaded ahash v0.8.3
[INFO] [stderr]   Downloaded miniz_oxide v0.6.2
[INFO] [stderr]   Downloaded futures-task v0.3.26
[INFO] [stderr]   Downloaded smallvec v1.10.0
[INFO] [stderr]   Downloaded parking_lot v0.12.1
[INFO] [stderr]   Downloaded fnv v1.0.7
[INFO] [stderr]   Downloaded bytes v1.4.0
[INFO] [stderr]   Downloaded zstd-safe v6.0.4+zstd.1.5.4
[INFO] [stderr]   Downloaded tokio-util v0.7.7
[INFO] [stderr]   Downloaded brotli v3.3.4
[INFO] [stderr]   Downloaded local-waker v0.1.3
[INFO] [stderr]   Downloaded socket2 v0.4.7
[INFO] [stderr]   Downloaded pkg-config v0.3.26
[INFO] [stderr]   Downloaded rustc_version v0.4.0
[INFO] [stderr]   Downloaded futures-util v0.3.26
[INFO] [stderr]   Downloaded encoding_rs v0.8.32
[INFO] [stderr]   Downloaded windows_x86_64_gnu v0.42.1
[INFO] [stderr]   Downloaded windows_x86_64_msvc v0.42.1
[INFO] [stderr]   Downloaded signal-hook-registry v1.4.1
[INFO] [stderr]   Downloaded untrusted v0.7.1
[INFO] [stderr]   Downloaded derive_more v0.99.17
[INFO] [stderr]   Downloaded sha1 v0.10.5
[INFO] [stderr]   Downloaded windows_aarch64_gnullvm v0.42.1
[INFO] [stderr]   Downloaded windows-sys v0.42.0
[INFO] [stderr]   Downloaded ring v0.16.20
[INFO] running `Command { std: "docker" "create" "-v" "/var/lib/crater-agent-workspace/builds/worker-1-tc2/target:/opt/rustwide/target:rw,Z" "-v" "/var/lib/crater-agent-workspace/builds/worker-1-tc2/source:/opt/rustwide/workdir:ro,Z" "-v" "/var/lib/crater-agent-workspace/cargo-home:/opt/rustwide/cargo-home:ro,Z" "-v" "/var/lib/crater-agent-workspace/rustup-home:/opt/rustwide/rustup-home:ro,Z" "-e" "SOURCE_DIR=/opt/rustwide/workdir" "-e" "CARGO_TARGET_DIR=/opt/rustwide/target" "-e" "CARGO_HOME=/opt/rustwide/cargo-home" "-e" "RUSTUP_HOME=/opt/rustwide/rustup-home" "-w" "/opt/rustwide/workdir" "-m" "1610612736" "--user" "0:0" "--network" "none" "ghcr.io/rust-lang/crates-build-env/linux@sha256:5ff2268d62e97bff2cde7d5815dd6ed5b47097566f13b8d0ca110b04b60e07ed" "/opt/rustwide/cargo-home/bin/cargo" "+beta-2023-04-20" "metadata" "--no-deps" "--format-version=1", kill_on_drop: false }`
[INFO] [stdout] fff62331c95d09769135b79129e2a1b9a85220811ad8a72af198e7149f562931
[INFO] running `Command { std: "docker" "start" "-a" "fff62331c95d09769135b79129e2a1b9a85220811ad8a72af198e7149f562931", kill_on_drop: false }`
[INFO] running `Command { std: "docker" "inspect" "fff62331c95d09769135b79129e2a1b9a85220811ad8a72af198e7149f562931", kill_on_drop: false }`
[INFO] running `Command { std: "docker" "rm" "-f" "fff62331c95d09769135b79129e2a1b9a85220811ad8a72af198e7149f562931", kill_on_drop: false }`
[INFO] [stdout] fff62331c95d09769135b79129e2a1b9a85220811ad8a72af198e7149f562931
[INFO] running `Command { std: "docker" "create" "-v" "/var/lib/crater-agent-workspace/builds/worker-1-tc2/target:/opt/rustwide/target:rw,Z" "-v" "/var/lib/crater-agent-workspace/builds/worker-1-tc2/source:/opt/rustwide/workdir:ro,Z" "-v" "/var/lib/crater-agent-workspace/cargo-home:/opt/rustwide/cargo-home:ro,Z" "-v" "/var/lib/crater-agent-workspace/rustup-home:/opt/rustwide/rustup-home:ro,Z" "-e" "SOURCE_DIR=/opt/rustwide/workdir" "-e" "CARGO_TARGET_DIR=/opt/rustwide/target" "-e" "CARGO_INCREMENTAL=0" "-e" "RUST_BACKTRACE=full" "-e" "RUSTFLAGS=--cap-lints=warn" "-e" "RUSTDOCFLAGS=--cap-lints=warn" "-e" "CARGO_HOME=/opt/rustwide/cargo-home" "-e" "RUSTUP_HOME=/opt/rustwide/rustup-home" "-w" "/opt/rustwide/workdir" "-m" "1610612736" "--user" "0:0" "--network" "none" "ghcr.io/rust-lang/crates-build-env/linux@sha256:5ff2268d62e97bff2cde7d5815dd6ed5b47097566f13b8d0ca110b04b60e07ed" "/opt/rustwide/cargo-home/bin/cargo" "+beta-2023-04-20" "build" "--frozen" "--message-format=json", kill_on_drop: false }`
[INFO] [stdout] bb0ae1e00276b505497c13bf5477c34164eb169bca23d723f698ce2c283165dc
[INFO] running `Command { std: "docker" "start" "-a" "bb0ae1e00276b505497c13bf5477c34164eb169bca23d723f698ce2c283165dc", kill_on_drop: false }`
[INFO] [stderr]    Compiling libc v0.2.139
[INFO] [stderr]    Compiling log v0.4.17
[INFO] [stderr]    Compiling pin-project-lite v0.2.9
[INFO] [stderr]    Compiling parking_lot_core v0.9.7
[INFO] [stderr]    Compiling futures-core v0.3.26
[INFO] [stderr]    Compiling smallvec v1.10.0
[INFO] [stderr]    Compiling scopeguard v1.1.0
[INFO] [stderr]    Compiling proc-macro2 v1.0.51
[INFO] [stderr]    Compiling once_cell v1.17.1
[INFO] [stderr]    Compiling bytes v1.4.0
[INFO] [stderr]    Compiling quote v1.0.23
[INFO] [stderr]    Compiling unicode-ident v1.0.6
[INFO] [stderr]    Compiling syn v1.0.109
[INFO] [stderr]    Compiling paste v1.0.11
[INFO] [stderr]    Compiling lock_api v0.4.9
[INFO] [stderr]    Compiling tokio v1.25.0
[INFO] [stderr]    Compiling memchr v2.5.0
[INFO] [stderr]    Compiling ahash v0.8.3
[INFO] [stderr]    Compiling httparse v1.8.0
[INFO] [stderr]    Compiling tracing-core v0.1.30
[INFO] [stderr]    Compiling futures-sink v0.3.26
[INFO] [stderr]    Compiling bitflags v1.3.2
[INFO] [stderr]    Compiling itoa v1.0.5
[INFO] [stderr]    Compiling convert_case v0.4.0
[INFO] [stderr]    Compiling local-waker v0.1.3
[INFO] [stderr]    Compiling fnv v1.0.7
[INFO] [stderr]    Compiling encoding_rs v0.8.32
[INFO] [stderr]    Compiling actix-utils v3.0.1
[INFO] [stderr]    Compiling bytestring v1.2.0
[INFO] [stderr]    Compiling httpdate v1.0.2
[INFO] [stderr]    Compiling percent-encoding v2.2.0
[INFO] [stderr]    Compiling http v0.2.9
[INFO] [stderr]    Compiling language-tags v0.3.2
[INFO] [stderr]    Compiling tracing v0.1.37
[INFO] [stderr]    Compiling mime v0.3.16
[INFO] [stderr]    Compiling actix-service v2.0.2
[INFO] [stderr]    Compiling socket2 v0.4.7
[INFO] [stderr]    Compiling signal-hook-registry v1.4.1
[INFO] [stderr]    Compiling mio v0.8.6
[INFO] [stderr]    Compiling getrandom v0.2.8
[INFO] [stderr]    Compiling parking_lot v0.12.1
[INFO] [stderr]    Compiling derive_more v0.99.17
[INFO] [stderr]    Compiling tokio-util v0.7.7
[INFO] [stderr]    Compiling actix-rt v2.8.0
[INFO] [stderr]    Compiling actix-codec v0.5.0
[INFO] [stderr]    Compiling actix-http v3.3.1 (/opt/rustwide/workdir)
[INFO] [stderr]     Finished dev [unoptimized + debuginfo] target(s) in 19.36s
[INFO] running `Command { std: "docker" "inspect" "bb0ae1e00276b505497c13bf5477c34164eb169bca23d723f698ce2c283165dc", kill_on_drop: false }`
[INFO] running `Command { std: "docker" "rm" "-f" "bb0ae1e00276b505497c13bf5477c34164eb169bca23d723f698ce2c283165dc", kill_on_drop: false }`
[INFO] [stdout] bb0ae1e00276b505497c13bf5477c34164eb169bca23d723f698ce2c283165dc
[INFO] running `Command { std: "docker" "create" "-v" "/var/lib/crater-agent-workspace/builds/worker-1-tc2/target:/opt/rustwide/target:rw,Z" "-v" "/var/lib/crater-agent-workspace/builds/worker-1-tc2/source:/opt/rustwide/workdir:ro,Z" "-v" "/var/lib/crater-agent-workspace/cargo-home:/opt/rustwide/cargo-home:ro,Z" "-v" "/var/lib/crater-agent-workspace/rustup-home:/opt/rustwide/rustup-home:ro,Z" "-e" "SOURCE_DIR=/opt/rustwide/workdir" "-e" "CARGO_TARGET_DIR=/opt/rustwide/target" "-e" "CARGO_INCREMENTAL=0" "-e" "RUST_BACKTRACE=full" "-e" "RUSTFLAGS=--cap-lints=warn" "-e" "RUSTDOCFLAGS=--cap-lints=warn" "-e" "CARGO_HOME=/opt/rustwide/cargo-home" "-e" "RUSTUP_HOME=/opt/rustwide/rustup-home" "-w" "/opt/rustwide/workdir" "-m" "1610612736" "--user" "0:0" "--network" "none" "ghcr.io/rust-lang/crates-build-env/linux@sha256:5ff2268d62e97bff2cde7d5815dd6ed5b47097566f13b8d0ca110b04b60e07ed" "/opt/rustwide/cargo-home/bin/cargo" "+beta-2023-04-20" "test" "--frozen" "--no-run" "--message-format=json", kill_on_drop: false }`
[INFO] [stdout] 2899c8adf45343f49db674e32bd46b3de7eaefb9f721a40fd1ebfcdfe1532627
[INFO] running `Command { std: "docker" "start" "-a" "2899c8adf45343f49db674e32bd46b3de7eaefb9f721a40fd1ebfcdfe1532627", kill_on_drop: false }`
[INFO] [stderr]    Compiling actix-http v3.3.1 (/opt/rustwide/workdir)
[INFO] [stdout] error[E0432]: unresolved import `actix_server`
[INFO] [stdout]  --> examples/hello-world.rs:4:5
[INFO] [stdout]   |
[INFO] [stdout] 4 | use actix_server::Server;
[INFO] [stdout]   |     ^^^^^^^^^^^^ use of undeclared crate or module `actix_server`
[INFO] [stdout]   |
[INFO] [stdout] help: there is a crate or module with a similar name
[INFO] [stdout]   |
[INFO] [stdout] 4 | use actix_service::Server;
[INFO] [stdout]   |     ~~~~~~~~~~~~~
[INFO] [stdout] 
[INFO] [stdout] 
[INFO] [stdout] error[E0433]: failed to resolve: could not find `main` in `actix_rt`
[INFO] [stdout]  --> examples/hello-world.rs:7:13
[INFO] [stdout]   |
[INFO] [stdout] 7 | #[actix_rt::main]
[INFO] [stdout]   |             ^^^^ could not find `main` in `actix_rt`
[INFO] [stdout] 
[INFO] [stdout] 
[INFO] [stdout] error[E0433]: failed to resolve: could not find `main` in `actix_rt`
[INFO] [stdout]   --> examples/echo2.rs:21:13
[INFO] [stdout]    |
[INFO] [stdout] 21 | #[actix_rt::main]
[INFO] [stdout]    |             ^^^^ could not find `main` in `actix_rt`
[INFO] [stdout] 
[INFO] [stdout] 
[INFO] [stdout] error[E0433]: failed to resolve: use of undeclared crate or module `once_cell`
[INFO] [stdout]  --> examples/h2spec.rs:5:5
[INFO] [stdout]   |
[INFO] [stdout] 5 | use once_cell::sync::Lazy;
[INFO] [stdout]   |     ^^^^^^^^^ use of undeclared crate or module `once_cell`
[INFO] [stdout] 
[INFO] [stdout] 
[INFO] [stdout] error[E0433]: failed to resolve: use of undeclared crate or module `env_logger`
[INFO] [stdout]  --> examples/hello-world.rs:9:31
[INFO] [stdout]   |
[INFO] [stdout] 9 |     env_logger::init_from_env(env_logger::Env::new().default_filter_or("info"));
[INFO] [stdout]   |                               ^^^^^^^^^^ use of undeclared crate or module `env_logger`
[INFO] [stdout] 
[INFO] [stdout] 
[INFO] [stdout] error[E0432]: unresolved import `actix_server`
[INFO] [stdout]  --> examples/h2spec.rs:4:5
[INFO] [stdout]   |
[INFO] [stdout] 4 | use actix_server::Server;
[INFO] [stdout]   |     ^^^^^^^^^^^^ use of undeclared crate or module `actix_server`
[INFO] [stdout]   |
[INFO] [stdout] help: there is a crate or module with a similar name
[INFO] [stdout]   |
[INFO] [stdout] 4 | use actix_service::Server;
[INFO] [stdout]   |     ~~~~~~~~~~~~~
[INFO] [stdout] 
[INFO] [stdout] 
[INFO] [stdout] error[E0433]: failed to resolve: could not find `main` in `actix_rt`
[INFO] [stdout]  --> examples/h2spec.rs:9:13
[INFO] [stdout]   |
[INFO] [stdout] 9 | #[actix_rt::main]
[INFO] [stdout]   |             ^^^^ could not find `main` in `actix_rt`
[INFO] [stdout] 
[INFO] [stdout] 
[INFO] [stdout] error[E0433]: failed to resolve: use of undeclared crate or module `env_logger`
[INFO] [stdout]  --> examples/hello-world.rs:9:5
[INFO] [stdout]   |
[INFO] [stdout] 9 |     env_logger::init_from_env(env_logger::Env::new().default_filter_or("info"));
[INFO] [stdout]   |     ^^^^^^^^^^ use of undeclared crate or module `env_logger`
[INFO] [stdout] 
[INFO] [stdout] 
[INFO] [stdout] error[E0433]: failed to resolve: use of undeclared crate or module `env_logger`
[INFO] [stdout]   --> examples/h2spec.rs:11:31
[INFO] [stdout]    |
[INFO] [stdout] 11 |     env_logger::init_from_env(env_logger::Env::new().default_filter_or("info"));
[INFO] [stdout]    |                               ^^^^^^^^^^ use of undeclared crate or module `env_logger`
[INFO] [stdout] 
[INFO] [stdout] 
[INFO] [stdout] error[E0433]: failed to resolve: use of undeclared crate or module `env_logger`
[INFO] [stdout]   --> examples/echo2.rs:23:31
[INFO] [stdout]    |
[INFO] [stdout] 23 |     env_logger::init_from_env(env_logger::Env::new().default_filter_or("info"));
[INFO] [stdout]    |                               ^^^^^^^^^^ use of undeclared crate or module `env_logger`
[INFO] [stdout] 
[INFO] [stdout] 
[INFO] [stdout] error[E0433]: failed to resolve: use of undeclared crate or module `actix_server`
[INFO] [stdout]   --> examples/echo2.rs:25:5
[INFO] [stdout]    |
[INFO] [stdout] 25 |     actix_server::Server::build()
[INFO] [stdout]    |     ^^^^^^^^^^^^ use of undeclared crate or module `actix_server`
[INFO] [stdout]    |
[INFO] [stdout] help: there is a crate or module with a similar name
[INFO] [stdout]    |
[INFO] [stdout] 25 |     actix_service::Server::build()
[INFO] [stdout]    |     ~~~~~~~~~~~~~
[INFO] [stdout] 
[INFO] [stdout] 
[INFO] [stdout] error[E0432]: unresolved import `tokio::io::AsyncWriteExt`
[INFO] [stdout]  --> tests/test_h2_timer.rs:5:5
[INFO] [stdout]   |
[INFO] [stdout] 5 | use tokio::io::AsyncWriteExt;
[INFO] [stdout]   |     ^^^^^^^^^^^-------------
[INFO] [stdout]   |     |          |
[INFO] [stdout]   |     |          help: a similar name exists in the module: `AsyncWrite`
[INFO] [stdout]   |     no `AsyncWriteExt` in `io`
[INFO] [stdout] 
[INFO] [stdout] 
[INFO] [stdout] error[E0432]: unresolved import `actix_server`
[INFO] [stdout]  --> tests/test_h2_timer.rs:4:5
[INFO] [stdout]   |
[INFO] [stdout] 4 | use actix_server::Server;
[INFO] [stdout]   |     ^^^^^^^^^^^^ use of undeclared crate or module `actix_server`
[INFO] [stdout]   |
[INFO] [stdout] help: there is a crate or module with a similar name
[INFO] [stdout]   |
[INFO] [stdout] 4 | use actix_service::Server;
[INFO] [stdout]   |     ~~~~~~~~~~~~~
[INFO] [stdout] 
[INFO] [stdout] 
[INFO] [stdout] error[E0433]: failed to resolve: could not find `test` in `actix_rt`
[INFO] [stdout]  --> tests/test_h2_timer.rs:7:13
[INFO] [stdout]   |
[INFO] [stdout] 7 | #[actix_rt::test]
[INFO] [stdout]   |             ^^^^ could not find `test` in `actix_rt`
[INFO] [stdout] 
[INFO] [stdout] 
[INFO] [stdout] error[E0433]: failed to resolve: could not find `test` in `actix_rt`
[INFO] [stdout]   --> tests/test_h2_timer.rs:80:13
[INFO] [stdout]    |
[INFO] [stdout] 80 | #[actix_rt::test]
[INFO] [stdout]    |             ^^^^ could not find `test` in `actix_rt`
[INFO] [stdout] 
[INFO] [stdout] 
[INFO] [stdout] error[E0433]: failed to resolve: use of undeclared crate or module `h2`
[INFO] [stdout]   --> tests/test_h2_timer.rs:47:38
[INFO] [stdout]    |
[INFO] [stdout] 47 |                 let (mut tx, conn) = h2::client::handshake(stream).await.unwrap();
[INFO] [stdout]    |                                      ^^ use of undeclared crate or module `h2`
[INFO] [stdout] 
[INFO] [stdout] 
[INFO] [stdout] error[E0433]: failed to resolve: use of undeclared crate or module `env_logger`
[INFO] [stdout]   --> examples/echo2.rs:23:5
[INFO] [stdout]    |
[INFO] [stdout] 23 |     env_logger::init_from_env(env_logger::Env::new().default_filter_or("info"));
[INFO] [stdout]    |     ^^^^^^^^^^ use of undeclared crate or module `env_logger`
[INFO] [stdout] 
[INFO] [stdout] 
[INFO] [stdout] error[E0433]: failed to resolve: use of undeclared crate or module `env_logger`
[INFO] [stdout]   --> examples/h2spec.rs:11:5
[INFO] [stdout]    |
[INFO] [stdout] 11 |     env_logger::init_from_env(env_logger::Env::new().default_filter_or("info"));
[INFO] [stdout]    |     ^^^^^^^^^^ use of undeclared crate or module `env_logger`
[INFO] [stdout] 
[INFO] [stdout] 
[INFO] [stdout] error[E0432]: unresolved import `actix_server`
[INFO] [stdout]  --> examples/echo.rs:4:5
[INFO] [stdout]   |
[INFO] [stdout] 4 | use actix_server::Server;
[INFO] [stdout]   |     ^^^^^^^^^^^^ use of undeclared crate or module `actix_server`
[INFO] [stdout]   |
[INFO] [stdout] help: there is a crate or module with a similar name
[INFO] [stdout]   |
[INFO] [stdout] 4 | use actix_service::Server;
[INFO] [stdout]   |     ~~~~~~~~~~~~~
[INFO] [stdout] 
[INFO] [stdout] 
[INFO] [stdout] error[E0432]: unresolved import `futures_util`
[INFO] [stdout]  --> examples/echo.rs:6:5
[INFO] [stdout]   |
[INFO] [stdout] 6 | use futures_util::StreamExt as _;
[INFO] [stdout]   |     ^^^^^^^^^^^^ use of undeclared crate or module `futures_util`
[INFO] [stdout]   |
[INFO] [stdout] help: there is a crate or module with a similar name
[INFO] [stdout]   |
[INFO] [stdout] 6 | use futures_core::StreamExt as _;
[INFO] [stdout]   |     ~~~~~~~~~~~~
[INFO] [stdout] 
[INFO] [stdout] 
[INFO] [stdout] error[E0433]: failed to resolve: use of undeclared crate or module `actix_web`
[INFO] [stdout]  --> examples/actix-web.rs:4:5
[INFO] [stdout]   |
[INFO] [stdout] 4 | use actix_web::{dev::AppConfig, get, App};
[INFO] [stdout]   |     ^^^^^^^^^ use of undeclared crate or module `actix_web`
[INFO] [stdout]   |
[INFO] [stdout] help: there is a crate or module with a similar name
[INFO] [stdout]   |
[INFO] [stdout] 4 | use actix_rt::{dev::AppConfig, get, App};
[INFO] [stdout]   |     ~~~~~~~~
[INFO] [stdout] 
[INFO] [stdout] 
[INFO] [stdout] error[E0433]: failed to resolve: could not find `main` in `actix_rt`
[INFO] [stdout]   --> examples/echo.rs:10:13
[INFO] [stdout]    |
[INFO] [stdout] 10 | #[actix_rt::main]
[INFO] [stdout]    |             ^^^^ could not find `main` in `actix_rt`
[INFO] [stdout] 
[INFO] [stdout] 
[INFO] [stdout] error[E0432]: unresolved import `actix_server`
[INFO] [stdout]  --> examples/actix-web.rs:2:5
[INFO] [stdout]   |
[INFO] [stdout] 2 | use actix_server::Server;
[INFO] [stdout]   |     ^^^^^^^^^^^^ use of undeclared crate or module `actix_server`
[INFO] [stdout]   |
[INFO] [stdout] help: there is a crate or module with a similar name
[INFO] [stdout]   |
[INFO] [stdout] 2 | use actix_service::Server;
[INFO] [stdout]   |     ~~~~~~~~~~~~~
[INFO] [stdout] 
[INFO] [stdout] 
[INFO] [stdout] error[E0432]: unresolved import `actix_web`
[INFO] [stdout]  --> examples/actix-web.rs:4:5
[INFO] [stdout]   |
[INFO] [stdout] 4 | use actix_web::{dev::AppConfig, get, App};
[INFO] [stdout]   |     ^^^^^^^^^ use of undeclared crate or module `actix_web`
[INFO] [stdout]   |
[INFO] [stdout] help: there is a crate or module with a similar name
[INFO] [stdout]   |
[INFO] [stdout] 4 | use actix_rt::{dev::AppConfig, get, App};
[INFO] [stdout]   |     ~~~~~~~~
[INFO] [stdout] 
[INFO] [stdout] 
[INFO] [stdout] error[E0433]: failed to resolve: could not find `main` in `tokio`
[INFO] [stdout]   --> examples/actix-web.rs:11:10
[INFO] [stdout]    |
[INFO] [stdout] 11 | #[tokio::main(flavor = "current_thread")]
[INFO] [stdout]    |          ^^^^ could not find `main` in `tokio`
[INFO] [stdout] 
[INFO] [stdout] 
[INFO] [stdout] error: cannot determine resolution for the attribute macro `get`
[INFO] [stdout]  --> examples/actix-web.rs:6:3
[INFO] [stdout]   |
[INFO] [stdout] 6 | #[get("/")]
[INFO] [stdout]   |   ^^^
[INFO] [stdout]   |
[INFO] [stdout]   = note: import resolution is stuck, try simplifying macro imports
[INFO] [stdout] 
[INFO] [stdout] 
[INFO] [stdout] error[E0433]: failed to resolve: use of undeclared crate or module `env_logger`
[INFO] [stdout]   --> examples/echo.rs:12:31
[INFO] [stdout]    |
[INFO] [stdout] 12 |     env_logger::init_from_env(env_logger::Env::new().default_filter_or("info"));
[INFO] [stdout]    |                               ^^^^^^^^^^ use of undeclared crate or module `env_logger`
[INFO] [stdout] 
[INFO] [stdout] 
[INFO] [stdout] error[E0433]: failed to resolve: use of undeclared crate or module `env_logger`
[INFO] [stdout]   --> examples/echo.rs:12:5
[INFO] [stdout]    |
[INFO] [stdout] 12 |     env_logger::init_from_env(env_logger::Env::new().default_filter_or("info"));
[INFO] [stdout]    |     ^^^^^^^^^^ use of undeclared crate or module `env_logger`
[INFO] [stdout] 
[INFO] [stdout] 
[INFO] [stdout] error[E0752]: `main` function is not allowed to be `async`
[INFO] [stdout]  --> examples/hello-world.rs:8:1
[INFO] [stdout]   |
[INFO] [stdout] 8 | async fn main() -> io::Result<()> {
[INFO] [stdout]   | ^^^^^^^^^^^^^^^^^^^^^^^^^^^^^^^^^ `main` function is not allowed to be `async`
[INFO] [stdout] 
[INFO] [stdout] 
[INFO] [stdout] error[E0752]: `main` function is not allowed to be `async`
[INFO] [stdout]   --> examples/echo2.rs:22:1
[INFO] [stdout]    |
[INFO] [stdout] 22 | async fn main() -> io::Result<()> {
[INFO] [stdout]    | ^^^^^^^^^^^^^^^^^^^^^^^^^^^^^^^^^ `main` function is not allowed to be `async`
[INFO] [stdout] 
[INFO] [stdout] 
[INFO] [stdout] error: aborting due to 5 previous errors
[INFO] [stdout] 
[INFO] [stdout] 
[INFO] [stdout] Some errors have detailed explanations: E0432, E0433, E0752.
[INFO] [stdout] 
[INFO] [stdout] For more information about an error, try `rustc --explain E0432`.
[INFO] [stdout] 
[INFO] [stdout] error[E0432]: unresolved import `actix_server`
[INFO] [stdout]   --> examples/streaming-error.rs:12:5
[INFO] [stdout]    |
[INFO] [stdout] 12 | use actix_server::Server;
[INFO] [stdout]    |     ^^^^^^^^^^^^ use of undeclared crate or module `actix_server`
[INFO] [stdout]    |
[INFO] [stdout] help: there is a crate or module with a similar name
[INFO] [stdout]    |
[INFO] [stdout] 12 | use actix_service::Server;
[INFO] [stdout]    |     ~~~~~~~~~~~~~
[INFO] [stdout] 
[INFO] [stdout] 
[INFO] [stdout] error[E0432]: unresolved import `async_stream`
[INFO] [stdout]   --> examples/streaming-error.rs:13:5
[INFO] [stdout]    |
[INFO] [stdout] 13 | use async_stream::stream;
[INFO] [stdout]    |     ^^^^^^^^^^^^ use of undeclared crate or module `async_stream`
[INFO] [stdout] 
[INFO] [stdout] 
[INFO] [stdout] error[E0433]: failed to resolve: could not find `main` in `actix_rt`
[INFO] [stdout]   --> examples/streaming-error.rs:17:13
[INFO] [stdout]    |
[INFO] [stdout] 17 | #[actix_rt::main]
[INFO] [stdout]    |             ^^^^ could not find `main` in `actix_rt`
[INFO] [stdout] 
[INFO] [stdout] 
[INFO] [stdout] error: cannot determine resolution for the macro `stream`
[INFO] [stdout]   --> examples/streaming-error.rs:28:70
[INFO] [stdout]    |
[INFO] [stdout] 28 |                     Ok::<_, Infallible>(res.set_body(BodyStream::new(stream! {
[INFO] [stdout]    |                                                                      ^^^^^^
[INFO] [stdout]    |
[INFO] [stdout]    = note: import resolution is stuck, try simplifying macro imports
[INFO] [stdout] 
[INFO] [stdout] 
[INFO] [stdout] error: aborting due to 5 previous errors
[INFO] [stdout] 
[INFO] [stdout] 
[INFO] [stdout] Some errors have detailed explanations: E0433, E0752.
[INFO] [stdout] 
[INFO] [stdout] For more information about an error, try `rustc --explain E0433`.
[INFO] [stdout] 
[INFO] [stdout] error[E0752]: `main` function is not allowed to be `async`
[INFO] [stdout]   --> examples/actix-web.rs:12:1
[INFO] [stdout]    |
[INFO] [stdout] 12 | async fn main() -> std::io::Result<()> {
[INFO] [stdout]    | ^^^^^^^^^^^^^^^^^^^^^^^^^^^^^^^^^^^^^^ `main` function is not allowed to be `async`
[INFO] [stdout] 
[INFO] [stdout] 
[INFO] [stderr] error: could not compile `actix-http` (example "hello-world") due to 6 previous errors
[INFO] [stderr] warning: build failed, waiting for other jobs to finish...
[INFO] [stdout] error: aborting due to 6 previous errors
[INFO] [stdout] 
[INFO] [stdout] 
[INFO] [stdout] Some errors have detailed explanations: E0432, E0433, E0752.
[INFO] [stdout] 
[INFO] [stdout] For more information about an error, try `rustc --explain E0432`.
[INFO] [stdout] 
[INFO] [stderr] error: could not compile `actix-http` (example "echo2") due to 6 previous errors
[INFO] [stderr] error: could not compile `actix-http` (example "actix-web") due to 7 previous errors
[INFO] [stdout] error[E0433]: failed to resolve: use of undeclared crate or module `once_cell`
[INFO] [stdout]  --> examples/bench.rs:5:5
[INFO] [stdout]   |
[INFO] [stdout] 5 | use once_cell::sync::Lazy;
[INFO] [stdout]   |     ^^^^^^^^^ use of undeclared crate or module `once_cell`
[INFO] [stdout] 
[INFO] [stdout] 
[INFO] [stdout] error[E0432]: unresolved import `actix_server`
[INFO] [stdout]  --> examples/bench.rs:4:5
[INFO] [stdout]   |
[INFO] [stdout] 4 | use actix_server::Server;
[INFO] [stdout]   |     ^^^^^^^^^^^^ use of undeclared crate or module `actix_server`
[INFO] [stdout]   |
[INFO] [stdout] help: there is a crate or module with a similar name
[INFO] [stdout]   |
[INFO] [stdout] 4 | use actix_service::Server;
[INFO] [stdout]   |     ~~~~~~~~~~~~~
[INFO] [stdout] 
[INFO] [stdout] 
[INFO] [stdout] error[E0433]: failed to resolve: could not find `main` in `actix_rt`
[INFO] [stdout]  --> examples/bench.rs:9:13
[INFO] [stdout]   |
[INFO] [stdout] 9 | #[actix_rt::main]
[INFO] [stdout]   |             ^^^^ could not find `main` in `actix_rt`
[INFO] [stdout] 
[INFO] [stdout] 
[INFO] [stdout] error[E0433]: failed to resolve: use of undeclared crate or module `futures_util`
[INFO] [stdout]   --> tests/test_server.rs:20:5
[INFO] [stdout]    |
[INFO] [stdout] 20 | use futures_util::{stream::once, FutureExt as _, StreamExt as _};
[INFO] [stdout]    |     ^^^^^^^^^^^^ use of undeclared crate or module `futures_util`
[INFO] [stdout]    |
[INFO] [stdout] help: there is a crate or module with a similar name
[INFO] [stdout]    |
[INFO] [stdout] 20 | use futures_core::{stream::once, FutureExt as _, StreamExt as _};
[INFO] [stdout]    |     ~~~~~~~~~~~~
[INFO] [stdout] 
[INFO] [stdout] 
[INFO] [stdout] error[E0432]: unresolved import `actix_http_test`
[INFO] [stdout]   --> tests/test_server.rs:14:5
[INFO] [stdout]    |
[INFO] [stdout] 14 | use actix_http_test::test_server;
[INFO] [stdout]    |     ^^^^^^^^^^^^^^^ use of undeclared crate or module `actix_http_test`
[INFO] [stdout]    |
[INFO] [stdout] help: there is a crate or module with a similar name
[INFO] [stdout]    |
[INFO] [stdout] 14 | use actix_http::test_server;
[INFO] [stdout]    |     ~~~~~~~~~~
[INFO] [stdout] 
[INFO] [stdout] 
[INFO] [stdout] error[E0432]: unresolved import `futures_util`
[INFO] [stdout]   --> tests/test_server.rs:20:5
[INFO] [stdout]    |
[INFO] [stdout] 20 | use futures_util::{stream::once, FutureExt as _, StreamExt as _};
[INFO] [stdout]    |     ^^^^^^^^^^^^ use of undeclared crate or module `futures_util`
[INFO] [stdout]    |
[INFO] [stdout] help: there is a crate or module with a similar name
[INFO] [stdout]    |
[INFO] [stdout] 20 | use futures_core::{stream::once, FutureExt as _, StreamExt as _};
[INFO] [stdout]    |     ~~~~~~~~~~~~
[INFO] [stdout] 
[INFO] [stdout] 
[INFO] [stdout] error[E0432]: unresolved import `regex`
[INFO] [stdout]   --> tests/test_server.rs:21:5
[INFO] [stdout]    |
[INFO] [stdout] 21 | use regex::Regex;
[INFO] [stdout]    |     ^^^^^ use of undeclared crate or module `regex`
[INFO] [stdout] 
[INFO] [stdout] 
[INFO] [stdout] error[E0433]: failed to resolve: could not find `test` in `actix_rt`
[INFO] [stdout]   --> tests/test_server.rs:23:13
[INFO] [stdout]    |
[INFO] [stdout] 23 | #[actix_rt::test]
[INFO] [stdout]    |             ^^^^ could not find `test` in `actix_rt`
[INFO] [stdout] 
[INFO] [stdout] 
[INFO] [stdout] error[E0433]: failed to resolve: use of undeclared crate or module `env_logger`
[INFO] [stdout]   --> examples/streaming-error.rs:19:31
[INFO] [stdout]    |
[INFO] [stdout] 19 |     env_logger::init_from_env(env_logger::Env::new().default_filter_or("info"));
[INFO] [stdout]    |                               ^^^^^^^^^^ use of undeclared crate or module `env_logger`
[INFO] [stdout] 
[INFO] [stdout] 
[INFO] [stdout] error[E0433]: failed to resolve: could not find `test` in `actix_rt`
[INFO] [stdout]   --> tests/test_server.rs:44:13
[INFO] [stdout]    |
[INFO] [stdout] 44 | #[actix_rt::test]
[INFO] [stdout]    |             ^^^^ could not find `test` in `actix_rt`
[INFO] [stdout] 
[INFO] [stdout] 
[INFO] [stdout] warning: unused import: `time::Duration`
[INFO] [stdout]  --> examples/streaming-error.rs:9:36
[INFO] [stdout]   |
[INFO] [stdout] 9 | use std::{convert::Infallible, io, time::Duration};
[INFO] [stdout]   |                                    ^^^^^^^^^^^^^^
[INFO] [stdout]   |
[INFO] [stdout]   = note: `#[warn(unused_imports)]` on by default
[INFO] [stdout] 
[INFO] [stdout] 
[INFO] [stdout] error[E0433]: failed to resolve: use of undeclared crate or module `env_logger`
[INFO] [stdout]   --> examples/bench.rs:11:31
[INFO] [stdout]    |
[INFO] [stdout] 11 |     env_logger::init_from_env(env_logger::Env::new().default_filter_or("info"));
[INFO] [stdout]    |                               ^^^^^^^^^^ use of undeclared crate or module `env_logger`
[INFO] [stdout] 
[INFO] [stdout] 
[INFO] [stdout] error[E0433]: failed to resolve: could not find `test` in `actix_rt`
[INFO] [stdout]   --> tests/test_server.rs:76:13
[INFO] [stdout]    |
[INFO] [stdout] 76 | #[actix_rt::test]
[INFO] [stdout]    |             ^^^^ could not find `test` in `actix_rt`
[INFO] [stdout] 
[INFO] [stdout] 
[INFO] [stdout] warning: unused import: `bytes::Bytes`
[INFO] [stdout]   --> examples/streaming-error.rs:14:5
[INFO] [stdout]    |
[INFO] [stdout] 14 | use bytes::Bytes;
[INFO] [stdout]    |     ^^^^^^^^^^^^
[INFO] [stdout] 
[INFO] [stdout] 
[INFO] [stdout] error[E0433]: failed to resolve: could not find `test` in `actix_rt`
[INFO] [stdout]    --> tests/test_server.rs:107:13
[INFO] [stdout]     |
[INFO] [stdout] 107 | #[actix_rt::test]
[INFO] [stdout]     |             ^^^^ could not find `test` in `actix_rt`
[INFO] [stdout] 
[INFO] [stdout] 
[INFO] [stdout] error[E0433]: failed to resolve: could not find `test` in `actix_rt`
[INFO] [stdout]    --> tests/test_server.rs:140:13
[INFO] [stdout]     |
[INFO] [stdout] 140 | #[actix_rt::test]
[INFO] [stdout]     |             ^^^^ could not find `test` in `actix_rt`
[INFO] [stdout] 
[INFO] [stdout] 
[INFO] [stdout] error[E0433]: failed to resolve: could not find `test` in `actix_rt`
[INFO] [stdout]    --> tests/test_server.rs:198:13
[INFO] [stdout]     |
[INFO] [stdout] 198 | #[actix_rt::test]
[INFO] [stdout]     |             ^^^^ could not find `test` in `actix_rt`
[INFO] [stdout] 
[INFO] [stdout] 
[INFO] [stdout] error[E0433]: failed to resolve: could not find `test` in `actix_rt`
[INFO] [stdout]    --> tests/test_server.rs:234:13
[INFO] [stdout]     |
[INFO] [stdout] 234 | #[actix_rt::test]
[INFO] [stdout]     |             ^^^^ could not find `test` in `actix_rt`
[INFO] [stdout] 
[INFO] [stdout] 
[INFO] [stdout] error[E0433]: failed to resolve: could not find `test` in `actix_rt`
[INFO] [stdout]    --> tests/test_server.rs:252:13
[INFO] [stdout]     |
[INFO] [stdout] 252 | #[actix_rt::test]
[INFO] [stdout]     |             ^^^^ could not find `test` in `actix_rt`
[INFO] [stdout] 
[INFO] [stdout] 
[INFO] [stdout] error[E0433]: failed to resolve: could not find `test` in `actix_rt`
[INFO] [stdout]    --> tests/test_server.rs:275:13
[INFO] [stdout]     |
[INFO] [stdout] 275 | #[actix_rt::test]
[INFO] [stdout]     |             ^^^^ could not find `test` in `actix_rt`
[INFO] [stdout] 
[INFO] [stdout] 
[INFO] [stdout] error[E0433]: failed to resolve: could not find `test` in `actix_rt`
[INFO] [stdout]    --> tests/test_server.rs:301:13
[INFO] [stdout]     |
[INFO] [stdout] 301 | #[actix_rt::test]
[INFO] [stdout]     |             ^^^^ could not find `test` in `actix_rt`
[INFO] [stdout] 
[INFO] [stdout] 
[INFO] [stdout] error[E0433]: failed to resolve: could not find `test` in `actix_rt`
[INFO] [stdout]    --> tests/test_server.rs:323:13
[INFO] [stdout]     |
[INFO] [stdout] 323 | #[actix_rt::test]
[INFO] [stdout]     |             ^^^^ could not find `test` in `actix_rt`
[INFO] [stdout] 
[INFO] [stdout] 
[INFO] [stdout] error[E0433]: failed to resolve: could not find `test` in `actix_rt`
[INFO] [stdout]    --> tests/test_server.rs:345:13
[INFO] [stdout]     |
[INFO] [stdout] 345 | #[actix_rt::test]
[INFO] [stdout]     |             ^^^^ could not find `test` in `actix_rt`
[INFO] [stdout] 
[INFO] [stdout] 
[INFO] [stdout] error[E0433]: failed to resolve: could not find `test` in `actix_rt`
[INFO] [stdout]    --> tests/test_server.rs:374:13
[INFO] [stdout]     |
[INFO] [stdout] 374 | #[actix_rt::test]
[INFO] [stdout]     |             ^^^^ could not find `test` in `actix_rt`
[INFO] [stdout] 
[INFO] [stdout] 
[INFO] [stdout] error[E0433]: failed to resolve: could not find `test` in `actix_rt`
[INFO] [stdout]    --> tests/test_server.rs:397:13
[INFO] [stdout]     |
[INFO] [stdout] 397 | #[actix_rt::test]
[INFO] [stdout]     |             ^^^^ could not find `test` in `actix_rt`
[INFO] [stdout] 
[INFO] [stdout] 
[INFO] [stdout] error[E0432]: unresolved import `actix_server`
[INFO] [stdout]   --> examples/h2c-detect.rs:12:5
[INFO] [stdout]    |
[INFO] [stdout] 12 | use actix_server::Server;
[INFO] [stdout]    |     ^^^^^^^^^^^^ use of undeclared crate or module `actix_server`
[INFO] [stdout]    |
[INFO] [stdout] help: there is a crate or module with a similar name
[INFO] [stdout]    |
[INFO] [stdout] 12 | use actix_service::Server;
[INFO] [stdout]    |     ~~~~~~~~~~~~~
[INFO] [stdout] 
[INFO] [stdout] 
[INFO] [stdout] error[E0433]: failed to resolve: use of undeclared crate or module `env_logger`
[INFO] [stdout]   --> examples/bench.rs:11:5
[INFO] [stdout]    |
[INFO] [stdout] 11 |     env_logger::init_from_env(env_logger::Env::new().default_filter_or("info"));
[INFO] [stdout]    |     ^^^^^^^^^^ use of undeclared crate or module `env_logger`
[INFO] [stdout] 
[INFO] [stdout] 
[INFO] [stdout] error[E0433]: failed to resolve: could not find `test` in `actix_rt`
[INFO] [stdout]    --> tests/test_server.rs:446:13
[INFO] [stdout]     |
[INFO] [stdout] 446 | #[actix_rt::test]
[INFO] [stdout]     |             ^^^^ could not find `test` in `actix_rt`
[INFO] [stdout] 
[INFO] [stdout] 
[INFO] [stdout] error[E0433]: failed to resolve: could not find `test` in `actix_rt`
[INFO] [stdout]    --> tests/test_server.rs:512:13
[INFO] [stdout]     |
[INFO] [stdout] 512 | #[actix_rt::test]
[INFO] [stdout]     |             ^^^^ could not find `test` in `actix_rt`
[INFO] [stdout] 
[INFO] [stdout] 
[INFO] [stdout] error[E0433]: failed to resolve: could not find `main` in `tokio`
[INFO] [stdout]   --> examples/h2c-detect.rs:14:10
[INFO] [stdout]    |
[INFO] [stdout] 14 | #[tokio::main(flavor = "current_thread")]
[INFO] [stdout]    |          ^^^^ could not find `main` in `tokio`
[INFO] [stdout] 
[INFO] [stdout] 
[INFO] [stdout] error[E0433]: failed to resolve: could not find `test` in `actix_rt`
[INFO] [stdout]    --> tests/test_server.rs:531:13
[INFO] [stdout]     |
[INFO] [stdout] 531 | #[actix_rt::test]
[INFO] [stdout]     |             ^^^^ could not find `test` in `actix_rt`
[INFO] [stdout] 
[INFO] [stdout] 
[INFO] [stdout] error[E0433]: failed to resolve: could not find `test` in `actix_rt`
[INFO] [stdout]    --> tests/test_server.rs:558:13
[INFO] [stdout]     |
[INFO] [stdout] 558 | #[actix_rt::test]
[INFO] [stdout]     |             ^^^^ could not find `test` in `actix_rt`
[INFO] [stdout] 
[INFO] [stdout] 
[INFO] [stdout] error[E0433]: failed to resolve: could not find `test` in `actix_rt`
[INFO] [stdout]    --> tests/test_server.rs:585:13
[INFO] [stdout]     |
[INFO] [stdout] 585 | #[actix_rt::test]
[INFO] [stdout]     |             ^^^^ could not find `test` in `actix_rt`
[INFO] [stdout] 
[INFO] [stdout] 
[INFO] [stdout] error[E0599]: no method named `h2` found for struct `HttpServiceBuilder` in the current scope
[INFO] [stdout]   --> examples/h2spec.rs:16:18
[INFO] [stdout]    |
[INFO] [stdout] 15 | /             HttpService::build()
[INFO] [stdout] 16 | |                 .h2(|_: Request| async move {
[INFO] [stdout]    | |                 -^^ help: there is a method with a similar name: `h1`
[INFO] [stdout]    | |_________________|
[INFO] [stdout]    | 
[INFO] [stdout] 
[INFO] [stdout] 
[INFO] [stdout] error[E0433]: failed to resolve: could not find `test` in `actix_rt`
[INFO] [stdout]    --> tests/test_server.rs:608:13
[INFO] [stdout]     |
[INFO] [stdout] 608 | #[actix_rt::test]
[INFO] [stdout]     |             ^^^^ could not find `test` in `actix_rt`
[INFO] [stdout] 
[INFO] [stdout] 
[INFO] [stdout] error[E0599]: the method `next` exists for mutable reference `&mut Payload`, but its trait bounds were not satisfied
[INFO] [stdout]   --> examples/echo.rs:22:58
[INFO] [stdout]    |
[INFO] [stdout] 22 |                       while let Some(item) = req.payload().next().await {
[INFO] [stdout]    |                                                            ^^^^ method cannot be called on `&mut Payload` due to unsatisfied trait bounds
[INFO] [stdout]    |
[INFO] [stdout]   ::: /opt/rustwide/workdir/src/payload.rs:21:1
[INFO] [stdout]    |
[INFO] [stdout] 21 | / pin_project! {
[INFO] [stdout] 22 | |     /// A streaming payload.
[INFO] [stdout] 23 | |     #[project = PayloadProj]
[INFO] [stdout] 24 | |     pub enum Payload<S = BoxedPayloadStream> {
[INFO] [stdout] ...  |
[INFO] [stdout] 28 | |     }
[INFO] [stdout] 29 | | }
[INFO] [stdout]    | |_- doesn't satisfy `actix_http::Payload: Iterator`
[INFO] [stdout]    |
[INFO] [stdout]    = note: the following trait bounds were not satisfied:
[INFO] [stdout]            `actix_http::Payload: Iterator`
[INFO] [stdout]            which is required by `&mut actix_http::Payload: Iterator`
[INFO] [stdout] 
[INFO] [stdout] 
[INFO] [stdout] error[E0433]: failed to resolve: could not find `test` in `actix_rt`
[INFO] [stdout]    --> tests/test_server.rs:632:13
[INFO] [stdout]     |
[INFO] [stdout] 632 | #[actix_rt::test]
[INFO] [stdout]     |             ^^^^ could not find `test` in `actix_rt`
[INFO] [stdout] 
[INFO] [stdout] 
[INFO] [stdout] error[E0433]: failed to resolve: could not find `test` in `actix_rt`
[INFO] [stdout]    --> tests/test_server.rs:669:13
[INFO] [stdout]     |
[INFO] [stdout] 669 | #[actix_rt::test]
[INFO] [stdout]     |             ^^^^ could not find `test` in `actix_rt`
[INFO] [stdout] 
[INFO] [stdout] 
[INFO] [stdout] error[E0433]: failed to resolve: could not find `test` in `actix_rt`
[INFO] [stdout]    --> tests/test_server.rs:700:13
[INFO] [stdout]     |
[INFO] [stdout] 700 | #[actix_rt::test]
[INFO] [stdout]     |             ^^^^ could not find `test` in `actix_rt`
[INFO] [stdout] 
[INFO] [stdout] 
[INFO] [stdout] error[E0433]: failed to resolve: could not find `test` in `actix_rt`
[INFO] [stdout]    --> tests/test_server.rs:739:13
[INFO] [stdout]     |
[INFO] [stdout] 739 | #[actix_rt::test]
[INFO] [stdout]     |             ^^^^ could not find `test` in `actix_rt`
[INFO] [stdout] 
[INFO] [stdout] 
[INFO] [stdout] error[E0433]: failed to resolve: could not find `test` in `actix_rt`
[INFO] [stdout]    --> tests/test_server.rs:758:13
[INFO] [stdout]     |
[INFO] [stdout] 758 | #[actix_rt::test]
[INFO] [stdout]     |             ^^^^ could not find `test` in `actix_rt`
[INFO] [stdout] 
[INFO] [stdout] 
[INFO] [stdout] error[E0432]: unresolved import `actix_http_test`
[INFO] [stdout]  --> tests/test_client.rs:4:5
[INFO] [stdout]   |
[INFO] [stdout] 4 | use actix_http_test::test_server;
[INFO] [stdout]   |     ^^^^^^^^^^^^^^^ use of undeclared crate or module `actix_http_test`
[INFO] [stdout]   |
[INFO] [stdout] help: there is a crate or module with a similar name
[INFO] [stdout]   |
[INFO] [stdout] 4 | use actix_http::test_server;
[INFO] [stdout]   |     ~~~~~~~~~~
[INFO] [stdout] 
[INFO] [stdout] 
[INFO] [stdout] error[E0433]: failed to resolve: could not find `test` in `actix_rt`
[INFO] [stdout]    --> tests/test_server.rs:781:13
[INFO] [stdout]     |
[INFO] [stdout] 781 | #[actix_rt::test]
[INFO] [stdout]     |             ^^^^ could not find `test` in `actix_rt`
[INFO] [stdout] 
[INFO] [stdout] 
[INFO] [stdout] error[E0433]: failed to resolve: could not find `test` in `actix_rt`
[INFO] [stdout]    --> tests/test_server.rs:861:13
[INFO] [stdout]     |
[INFO] [stdout] 861 | #[actix_rt::test]
[INFO] [stdout]     |             ^^^^ could not find `test` in `actix_rt`
[INFO] [stdout] 
[INFO] [stdout] 
[INFO] [stdout] error[E0432]: unresolved import `futures_util`
[INFO] [stdout]  --> tests/test_client.rs:9:5
[INFO] [stdout]   |
[INFO] [stdout] 9 | use futures_util::StreamExt as _;
[INFO] [stdout]   |     ^^^^^^^^^^^^ use of undeclared crate or module `futures_util`
[INFO] [stdout]   |
[INFO] [stdout] help: there is a crate or module with a similar name
[INFO] [stdout]   |
[INFO] [stdout] 9 | use futures_core::StreamExt as _;
[INFO] [stdout]   |     ~~~~~~~~~~~~
[INFO] [stdout] 
[INFO] [stdout] 
[INFO] [stdout] error[E0433]: failed to resolve: could not find `test` in `actix_rt`
[INFO] [stdout]   --> tests/test_client.rs:33:13
[INFO] [stdout]    |
[INFO] [stdout] 33 | #[actix_rt::test]
[INFO] [stdout]    |             ^^^^ could not find `test` in `actix_rt`
[INFO] [stdout] 
[INFO] [stdout] 
[INFO] [stdout] error[E0433]: failed to resolve: could not find `test` in `actix_rt`
[INFO] [stdout]   --> tests/test_client.rs:61:13
[INFO] [stdout]    |
[INFO] [stdout] 61 | #[actix_rt::test]
[INFO] [stdout]    |             ^^^^ could not find `test` in `actix_rt`
[INFO] [stdout] 
[INFO] [stdout] 
[INFO] [stdout] error[E0433]: failed to resolve: use of undeclared crate or module `env_logger`
[INFO] [stdout]   --> examples/streaming-error.rs:19:5
[INFO] [stdout]    |
[INFO] [stdout] 19 |     env_logger::init_from_env(env_logger::Env::new().default_filter_or("info"));
[INFO] [stdout]    |     ^^^^^^^^^^ use of undeclared crate or module `env_logger`
[INFO] [stdout] 
[INFO] [stdout] 
[INFO] [stdout] error[E0433]: failed to resolve: could not find `test` in `actix_rt`
[INFO] [stdout]   --> tests/test_client.rs:75:13
[INFO] [stdout]    |
[INFO] [stdout] 75 | #[actix_rt::test]
[INFO] [stdout]    |             ^^^^ could not find `test` in `actix_rt`
[INFO] [stdout] 
[INFO] [stdout] 
[INFO] [stdout] error[E0433]: failed to resolve: could not find `test` in `actix_rt`
[INFO] [stdout]    --> tests/test_client.rs:106:13
[INFO] [stdout]     |
[INFO] [stdout] 106 | #[actix_rt::test]
[INFO] [stdout]     |             ^^^^ could not find `test` in `actix_rt`
[INFO] [stdout] 
[INFO] [stdout] 
[INFO] [stdout] error[E0752]: `main` function is not allowed to be `async`
[INFO] [stdout]   --> examples/h2spec.rs:10:1
[INFO] [stdout]    |
[INFO] [stdout] 10 | async fn main() -> io::Result<()> {
[INFO] [stdout]    | ^^^^^^^^^^^^^^^^^^^^^^^^^^^^^^^^^ `main` function is not allowed to be `async`
[INFO] [stdout] 
[INFO] [stdout] 
[INFO] [stdout] error: aborting due to 7 previous errors
[INFO] [stdout] 
[INFO] [stdout] 
[INFO] [stdout] error[E0752]: `main` function is not allowed to be `async`
[INFO] [stdout]   --> examples/bench.rs:10:1
[INFO] [stdout]    |
[INFO] [stdout] 10 | async fn main() -> io::Result<()> {
[INFO] [stdout]    | ^^^^^^^^^^^^^^^^^^^^^^^^^^^^^^^^^ `main` function is not allowed to be `async`
[INFO] [stdout] 
[INFO] [stdout] 
[INFO] [stdout] Some errors have detailed explanations: E0432, E0433, E0599, E0752.
[INFO] [stdout] 
[INFO] [stdout] For more information about an error, try `rustc --explain E0432`.
[INFO] [stdout] 
[INFO] [stdout] error: aborting due to 6 previous errors
[INFO] [stdout] 
[INFO] [stdout] 
[INFO] [stdout] error[E0433]: failed to resolve: use of undeclared crate or module `env_logger`
[INFO] [stdout]   --> examples/h2c-detect.rs:16:31
[INFO] [stdout]    |
[INFO] [stdout] 16 |     env_logger::init_from_env(env_logger::Env::new().default_filter_or("info"));
[INFO] [stdout]    |                               ^^^^^^^^^^ use of undeclared crate or module `env_logger`
[INFO] [stdout] 
[INFO] [stdout] 
[INFO] [stdout] Some errors have detailed explanations: E0432, E0433, E0752.
[INFO] [stdout] 
[INFO] [stdout] For more information about an error, try `rustc --explain E0432`.
[INFO] [stdout] 
[INFO] [stdout] error[E0433]: failed to resolve: use of undeclared crate or module `env_logger`
[INFO] [stdout]   --> examples/h2c-detect.rs:16:5
[INFO] [stdout]    |
[INFO] [stdout] 16 |     env_logger::init_from_env(env_logger::Env::new().default_filter_or("info"));
[INFO] [stdout]    |     ^^^^^^^^^^ use of undeclared crate or module `env_logger`
[INFO] [stdout] 
[INFO] [stdout] 
[INFO] [stderr] error: could not compile `actix-http` (example "bench") due to 7 previous errors
[INFO] [stderr] error: could not compile `actix-http` (example "h2spec") due to 8 previous errors
[INFO] [stdout] error[E0277]: the size for values of type `[u8]` cannot be known at compilation time
[INFO] [stdout]   --> examples/echo.rs:23:49
[INFO] [stdout]    |
[INFO] [stdout] 23 |                         body.extend_from_slice(&item?);
[INFO] [stdout]    |                                                 ^^^^^ doesn't have a size known at compile-time
[INFO] [stdout]    |
[INFO] [stdout]    = help: the trait `std::marker::Sized` is not implemented for `[u8]`
[INFO] [stdout]    = note: all local variables must have a statically known size
[INFO] [stdout]    = help: unsized locals are gated as an unstable feature
[INFO] [stdout] 
[INFO] [stdout] 
[INFO] [stdout] error[E0277]: the size for values of type `[u8]` cannot be known at compilation time
[INFO] [stdout]   --> examples/echo.rs:23:53
[INFO] [stdout]    |
[INFO] [stdout] 23 |                         body.extend_from_slice(&item?);
[INFO] [stdout]    |                                                     ^ doesn't have a size known at compile-time
[INFO] [stdout]    |
[INFO] [stdout]    = help: the trait `std::marker::Sized` is not implemented for `[u8]`
[INFO] [stdout] note: required by a bound in `Break`
[INFO] [stdout]   --> /rustc/1b7dd2252b99671ce5d1cb9664c5f8636329436d/library/core/src/ops/control_flow.rs:93:5
[INFO] [stdout] 
[INFO] [stdout] 
[INFO] [stdout] error[E0433]: failed to resolve: use of undeclared crate or module `h2`
[INFO] [stdout]    --> tests/test_server.rs:887:28
[INFO] [stdout]     |
[INFO] [stdout] 887 |     let (h2, connection) = h2::client::handshake(tcp).await.unwrap();
[INFO] [stdout]     |                            ^^ use of undeclared crate or module `h2`
[INFO] [stdout] 
[INFO] [stdout] 
[INFO] [stdout] error[E0752]: `main` function is not allowed to be `async`
[INFO] [stdout]   --> examples/streaming-error.rs:18:1
[INFO] [stdout]    |
[INFO] [stdout] 18 | async fn main() -> io::Result<()> {
[INFO] [stdout]    | ^^^^^^^^^^^^^^^^^^^^^^^^^^^^^^^^^ `main` function is not allowed to be `async`
[INFO] [stdout] 
[INFO] [stdout] 
[INFO] [stdout] error: aborting due to 7 previous errors; 2 warnings emitted
[INFO] [stdout] 
[INFO] [stdout] 
[INFO] [stdout] Some errors have detailed explanations: E0432, E0433, E0752.
[INFO] [stdout] 
[INFO] [stdout] For more information about an error, try `rustc --explain E0432`.
[INFO] [stdout] 
[INFO] [stderr] error: could not compile `actix-http` (example "streaming-error") due to 8 previous errors; 2 warnings emitted
[INFO] [stdout] error[E0599]: no method named `h2` found for struct `HttpServiceBuilder` in the current scope
[INFO] [stdout]   --> tests/test_h2_timer.rs:23:26
[INFO] [stdout]    |
[INFO] [stdout] 21 | /                     HttpService::build()
[INFO] [stdout] 22 | |                         .keep_alive(Duration::from_secs(3))
[INFO] [stdout] 23 | |                         .h2(|_| async { Ok::<_, Error>(Response::ok()) })
[INFO] [stdout]    | |                         -^^ help: there is a method with a similar name: `h1`
[INFO] [stdout]    | |_________________________|
[INFO] [stdout]    | 
[INFO] [stdout] 
[INFO] [stdout] 
[INFO] [stdout] error[E0752]: `main` function is not allowed to be `async`
[INFO] [stdout]   --> examples/echo.rs:11:1
[INFO] [stdout]    |
[INFO] [stdout] 11 | async fn main() -> io::Result<()> {
[INFO] [stdout]    | ^^^^^^^^^^^^^^^^^^^^^^^^^^^^^^^^^ `main` function is not allowed to be `async`
[INFO] [stdout] 
[INFO] [stdout] 
[INFO] [stdout] error[E0432]: unresolved imports `actix_http::ws`, `actix_http::ws`
[INFO] [stdout]   --> tests/test_ws.rs:13:5
[INFO] [stdout]    |
[INFO] [stdout] 13 |     ws::{self, CloseCode, Frame, Item, Message},
[INFO] [stdout]    |     ^^   ^^^^ no `ws` in the root
[INFO] [stdout]    |     |
[INFO] [stdout]    |     could not find `ws` in `actix_http`
[INFO] [stdout] 
[INFO] [stdout] 
[INFO] [stdout] error[E0432]: unresolved import `actix_http_test`
[INFO] [stdout]   --> tests/test_ws.rs:16:5
[INFO] [stdout]    |
[INFO] [stdout] 16 | use actix_http_test::test_server;
[INFO] [stdout]    |     ^^^^^^^^^^^^^^^ use of undeclared crate or module `actix_http_test`
[INFO] [stdout]    |
[INFO] [stdout] help: there is a crate or module with a similar name
[INFO] [stdout]    |
[INFO] [stdout] 16 | use actix_http::test_server;
[INFO] [stdout]    |     ~~~~~~~~~~
[INFO] [stdout] 
[INFO] [stdout] 
[INFO] [stdout] error[E0432]: unresolved import `futures_util`
[INFO] [stdout]   --> tests/test_ws.rs:21:5
[INFO] [stdout]    |
[INFO] [stdout] 21 | use futures_util::{SinkExt as _, StreamExt as _};
[INFO] [stdout]    |     ^^^^^^^^^^^^ use of undeclared crate or module `futures_util`
[INFO] [stdout]    |
[INFO] [stdout] help: there is a crate or module with a similar name
[INFO] [stdout]    |
[INFO] [stdout] 21 | use futures_core::{SinkExt as _, StreamExt as _};
[INFO] [stdout]    |     ~~~~~~~~~~~~
[INFO] [stdout] 
[INFO] [stdout] 
[INFO] [stdout] error[E0433]: failed to resolve: could not find `test` in `actix_rt`
[INFO] [stdout]    --> tests/test_ws.rs:113:13
[INFO] [stdout]     |
[INFO] [stdout] 113 | #[actix_rt::test]
[INFO] [stdout]     |             ^^^^ could not find `test` in `actix_rt`
[INFO] [stdout] 
[INFO] [stdout] 
[INFO] [stdout] error[E0433]: failed to resolve: could not find `ws` in `actix_http`
[INFO] [stdout]   --> tests/test_ws.rs:46:20
[INFO] [stdout]    |
[INFO] [stdout] 46 |     Ws(actix_http::ws::HandshakeError),
[INFO] [stdout]    |                    ^^ could not find `ws` in `actix_http`
[INFO] [stdout] 
[INFO] [stdout] 
[INFO] [stdout] error: aborting due to 9 previous errors
[INFO] [stdout] 
[INFO] [stdout] 
[INFO] [stdout] Some errors have detailed explanations: E0277, E0432, E0433, E0599, E0752.
[INFO] [stdout] 
[INFO] [stdout] For more information about an error, try `rustc --explain E0277`.
[INFO] [stdout] 
[INFO] [stderr] error: could not compile `actix-http` (example "echo") due to 10 previous errors
[INFO] [stdout] error[E0599]: no method named `next` found for enum `actix_http::Payload` in the current scope
[INFO] [stdout]    --> tests/test_client.rs:120:50
[INFO] [stdout]     |
[INFO] [stdout] 120 |                 while let Some(Ok(chunk)) = body.next().await {
[INFO] [stdout]     |                                                  ^^^^ method not found in `Payload<Pin<Box<dyn Stream<Item = Result<Bytes, PayloadError>>>>>`
[INFO] [stdout] 
[INFO] [stdout] 
[INFO] [stdout] error[E0599]: no method named `tcp_auto_h2c` found for struct `HttpService` in the current scope
[INFO] [stdout]   --> examples/h2c-detect.rs:24:18
[INFO] [stdout]    |
[INFO] [stdout] 20 | /             HttpService::build()
[INFO] [stdout] 21 | |                 .finish(|_req: Request| async move {
[INFO] [stdout] 22 | |                     Ok::<_, Infallible>(Response::build(StatusCode::OK).body("Hello!"))
[INFO] [stdout] 23 | |                 })
[INFO] [stdout] 24 | |                 .tcp_auto_h2c()
[INFO] [stdout]    | |                 -^^^^^^^^^^^^ method not found in `HttpService<_, FnServiceFactory<[closure@h2c-detect.rs:21:25], ..., ..., ..., ..., ...>, ...>`
[INFO] [stdout]    | |_________________|
[INFO] [stdout]    | 
[INFO] [stdout]    |
[INFO] [stdout]    = note: the full type name has been written to '/opt/rustwide/target/debug/examples/h2c_detect-9643456268acccfb.long-type-10570681760722064992.txt'
[INFO] [stdout] 
[INFO] [stdout] 
[INFO] [stdout] error[E0599]: no method named `h2` found for struct `HttpServiceBuilder` in the current scope
[INFO] [stdout]   --> tests/test_h2_timer.rs:99:26
[INFO] [stdout]    |
[INFO] [stdout] 94 | /                     HttpService::build()
[INFO] [stdout] 95 | |                         .keep_alive(Duration::from_secs(30))
[INFO] [stdout] 96 | |                         // set first request timeout to 5 seconds.
[INFO] [stdout] 97 | |                         // this is the timeout used for http2 handshake.
[INFO] [stdout] 98 | |                         .client_request_timeout(Duration::from_secs(5))
[INFO] [stdout] 99 | |                         .h2(|_| async { Ok::<_, Error>(Response::ok()) })
[INFO] [stdout]    | |                         -^^ help: there is a method with a similar name: `h1`
[INFO] [stdout]    | |_________________________|
[INFO] [stdout]    | 
[INFO] [stdout] 
[INFO] [stdout] 
[INFO] [stdout] error[E0752]: `main` function is not allowed to be `async`
[INFO] [stdout]   --> examples/h2c-detect.rs:15:1
[INFO] [stdout]    |
[INFO] [stdout] 15 | async fn main() -> io::Result<()> {
[INFO] [stdout]    | ^^^^^^^^^^^^^^^^^^^^^^^^^^^^^^^^^ `main` function is not allowed to be `async`
[INFO] [stdout] 
[INFO] [stdout] 
[INFO] [stdout] error[E0277]: the size for values of type `[_]` cannot be known at compilation time
[INFO] [stdout]    --> tests/test_client.rs:120:35
[INFO] [stdout]     |
[INFO] [stdout] 120 |                 while let Some(Ok(chunk)) = body.next().await {
[INFO] [stdout]     |                                   ^^^^^ doesn't have a size known at compile-time
[INFO] [stdout]     |
[INFO] [stdout]     = help: the trait `std::marker::Sized` is not implemented for `[_]`
[INFO] [stdout]     = note: all local variables must have a statically known size
[INFO] [stdout]     = help: unsized locals are gated as an unstable feature
[INFO] [stdout] 
[INFO] [stdout] 
[INFO] [stdout] error[E0277]: the size for values of type `[_]` cannot be known at compilation time
[INFO] [stdout]    --> tests/test_client.rs:120:32
[INFO] [stdout]     |
[INFO] [stdout] 120 |                 while let Some(Ok(chunk)) = body.next().await {
[INFO] [stdout]     |                                ^^^^^^^^^ doesn't have a size known at compile-time
[INFO] [stdout]     |
[INFO] [stdout]     = help: the trait `std::marker::Sized` is not implemented for `[_]`
[INFO] [stdout] note: required by a bound in `Ok`
[INFO] [stdout]    --> /rustc/1b7dd2252b99671ce5d1cb9664c5f8636329436d/library/core/src/result.rs:507:5
[INFO] [stdout] 
[INFO] [stdout] 
[INFO] [stdout] error[E0277]: the size for values of type `[_]` cannot be known at compilation time
[INFO] [stdout]    --> tests/test_client.rs:120:56
[INFO] [stdout]     |
[INFO] [stdout] 120 |                 while let Some(Ok(chunk)) = body.next().await {
[INFO] [stdout]     |                                                        ^^^^^^ doesn't have a size known at compile-time
[INFO] [stdout]     |
[INFO] [stdout]     = help: the trait `std::marker::Sized` is not implemented for `[_]`
[INFO] [stdout] note: required by a bound in `Result`
[INFO] [stdout]    --> /rustc/1b7dd2252b99671ce5d1cb9664c5f8636329436d/library/core/src/result.rs:503:1
[INFO] [stdout] 
[INFO] [stdout] 
[INFO] [stdout] error[E0599]: no method named `then` found for struct `Sleep` in the current scope
[INFO] [stdout]    --> tests/test_server.rs:112:50
[INFO] [stdout]     |
[INFO] [stdout] 112 |                 sleep(Duration::from_millis(20)).then(move |_| {
[INFO] [stdout]     |                 ---------------------------------^^^^ method not found in `Sleep`
[INFO] [stdout] 
[INFO] [stdout] 
[INFO] [stdout] error[E0599]: no method named `write_all` found for struct `actix_rt::net::TcpStream` in the current scope
[INFO] [stdout]    --> tests/test_h2_timer.rs:126:24
[INFO] [stdout]     |
[INFO] [stdout] 126 |                 stream.write_all(malicious_buf).await.unwrap();
[INFO] [stdout]     |                        ^^^^^^^^^ method not found in `TcpStream`
[INFO] [stdout] 
[INFO] [stdout] 
[INFO] [stdout] error: aborting due to 6 previous errors
[INFO] [stdout] 
[INFO] [stdout] 
[INFO] [stdout] Some errors have detailed explanations: E0432, E0433, E0599, E0752.
[INFO] [stdout] 
[INFO] [stdout] For more information about an error, try `rustc --explain E0432`.
[INFO] [stdout] 
[INFO] [stdout] error: aborting due to 10 previous errors
[INFO] [stdout] 
[INFO] [stdout] 
[INFO] [stdout] Some errors have detailed explanations: E0277, E0432, E0433, E0599.
[INFO] [stdout] 
[INFO] [stdout] For more information about an error, try `rustc --explain E0277`.
[INFO] [stdout] 
[INFO] [stdout] error[E0599]: `actix_http::Payload` is not an iterator
[INFO] [stdout]    --> tests/test_server.rs:150:22
[INFO] [stdout]     |
[INFO] [stdout] 148 | /                 request
[INFO] [stdout] 149 | |                     .take_payload()
[INFO] [stdout] 150 | |                     .map(|res| match res {
[INFO] [stdout]     | |                     -^^^ `actix_http::Payload` is not an iterator
[INFO] [stdout]     | |_____________________|
[INFO] [stdout]     | 
[INFO] [stdout]     |
[INFO] [stdout]    ::: /opt/rustwide/workdir/src/payload.rs:21:1
[INFO] [stdout]     |
[INFO] [stdout] 21  | / pin_project! {
[INFO] [stdout] 22  | |     /// A streaming payload.
[INFO] [stdout] 23  | |     #[project = PayloadProj]
[INFO] [stdout] 24  | |     pub enum Payload<S = BoxedPayloadStream> {
[INFO] [stdout] ...   |
[INFO] [stdout] 28  | |     }
[INFO] [stdout] 29  | | }
[INFO] [stdout]     | |_- doesn't satisfy `actix_http::Payload: Iterator`
[INFO] [stdout]     |
[INFO] [stdout]     = note: the following trait bounds were not satisfied:
[INFO] [stdout]             `actix_http::Payload: Iterator`
[INFO] [stdout]             which is required by `&mut actix_http::Payload: Iterator`
[INFO] [stdout] 
[INFO] [stdout] 
[INFO] [stderr] error: could not compile `actix-http` (example "h2c-detect") due to 7 previous errors
[INFO] [stderr] error: could not compile `actix-http` (test "test_client") due to 11 previous errors
[INFO] [stdout] error[E0599]: no method named `flush` found for struct `actix_rt::net::TcpStream` in the current scope
[INFO] [stdout]    --> tests/test_h2_timer.rs:127:24
[INFO] [stdout]     |
[INFO] [stdout] 127 |                 stream.flush().await.unwrap();
[INFO] [stdout]     |                        ^^^^^ method not found in `TcpStream`
[INFO] [stdout] 
[INFO] [stdout] 
[INFO] [stdout] error[E0433]: failed to resolve: use of undeclared crate or module `rand`
[INFO] [stdout]    --> tests/test_server.rs:170:42
[INFO] [stdout]     |
[INFO] [stdout] 170 |                 (0..*chunk_size).map(|_| rand::random::<u8>()).collect();
[INFO] [stdout]     |                                          ^^^^ use of undeclared crate or module `rand`
[INFO] [stdout] 
[INFO] [stdout] 
[INFO] [stdout] error: aborting due to 9 previous errors
[INFO] [stdout] 
[INFO] [stdout] 
[INFO] [stdout] Some errors have detailed explanations: E0432, E0433, E0599.
[INFO] [stdout] 
[INFO] [stdout] For more information about an error, try `rustc --explain E0432`.
[INFO] [stdout] 
[INFO] [stderr] error: could not compile `actix-http` (test "test_h2_timer") due to 10 previous errors
[INFO] [stdout] error[E0432]: unresolved import `futures_util`
[INFO] [stdout]    --> src/body/message_body.rs:535:9
[INFO] [stdout]     |
[INFO] [stdout] 535 |     use futures_util::stream;
[INFO] [stdout]     |         ^^^^^^^^^^^^ use of undeclared crate or module `futures_util`
[INFO] [stdout]     |
[INFO] [stdout] help: there is a crate or module with a similar name
[INFO] [stdout]     |
[INFO] [stdout] 535 |     use futures_core::stream;
[INFO] [stdout]     |         ~~~~~~~~~~~~
[INFO] [stdout] 
[INFO] [stdout] 
[INFO] [stdout] error[E0432]: unresolved import `futures_util`
[INFO] [stdout]   --> src/body/utils.rs:57:9
[INFO] [stdout]    |
[INFO] [stdout] 57 |     use futures_util::{stream, StreamExt as _};
[INFO] [stdout]    |         ^^^^^^^^^^^^ use of undeclared crate or module `futures_util`
[INFO] [stdout]    |
[INFO] [stdout] help: there is a crate or module with a similar name
[INFO] [stdout]    |
[INFO] [stdout] 57 |     use futures_core::{stream, StreamExt as _};
[INFO] [stdout]    |         ~~~~~~~~~~~~
[INFO] [stdout] 
[INFO] [stdout] 
[INFO] [stdout] error[E0433]: failed to resolve: use of undeclared crate or module `futures_util`
[INFO] [stdout]  --> src/h1/dispatcher_tests.rs:7:5
[INFO] [stdout]   |
[INFO] [stdout] 7 | use futures_util::future::lazy;
[INFO] [stdout]   |     ^^^^^^^^^^^^ use of undeclared crate or module `futures_util`
[INFO] [stdout]   |
[INFO] [stdout] help: there is a crate or module with a similar name
[INFO] [stdout]   |
[INFO] [stdout] 7 | use futures_core::future::lazy;
[INFO] [stdout]   |     ~~~~~~~~~~~~
[INFO] [stdout] 
[INFO] [stdout] 
[INFO] [stdout] error[E0432]: unresolved import `memchr`
[INFO] [stdout]    --> src/config.rs:142:9
[INFO] [stdout]     |
[INFO] [stdout] 142 |     use memchr::memmem;
[INFO] [stdout]     |         ^^^^^^ use of undeclared crate or module `memchr`
[INFO] [stdout] 
[INFO] [stdout] 
[INFO] [stdout] error[E0432]: unresolved import `futures_util`
[INFO] [stdout]   --> src/h1/dispatcher_tests.rs:67:17
[INFO] [stdout]    |
[INFO] [stdout] 67 |             use futures_util::StreamExt as _;
[INFO] [stdout]    |                 ^^^^^^^^^^^^ use of undeclared crate or module `futures_util`
[INFO] [stdout]    |
[INFO] [stdout] help: there is a crate or module with a similar name
[INFO] [stdout]    |
[INFO] [stdout] 67 |             use futures_core::StreamExt as _;
[INFO] [stdout]    |                 ~~~~~~~~~~~~
[INFO] [stdout] 
[INFO] [stdout] 
[INFO] [stdout] error[E0432]: unresolved import `memchr`
[INFO] [stdout]    --> src/responses/head.rs:210:9
[INFO] [stdout]     |
[INFO] [stdout] 210 |     use memchr::memmem;
[INFO] [stdout]     |         ^^^^^^ use of undeclared crate or module `memchr`
[INFO] [stdout] 
[INFO] [stdout] 
[INFO] [stdout] error[E0432]: unresolved import `futures_util`
[INFO] [stdout]   --> src/body/body_stream.rs:81:9
[INFO] [stdout]    |
[INFO] [stdout] 81 |     use futures_util::{stream, FutureExt as _};
[INFO] [stdout]    |         ^^^^^^^^^^^^ use of undeclared crate or module `futures_util`
[INFO] [stdout]    |
[INFO] [stdout] help: there is a crate or module with a similar name
[INFO] [stdout]    |
[INFO] [stdout] 81 |     use futures_core::{stream, FutureExt as _};
[INFO] [stdout]    |         ~~~~~~~~~~~~
[INFO] [stdout] 
[INFO] [stdout] 
[INFO] [stdout] error[E0432]: unresolved import `static_assertions`
[INFO] [stdout]   --> src/body/body_stream.rs:83:9
[INFO] [stdout]    |
[INFO] [stdout] 83 |     use static_assertions::{assert_impl_all, assert_not_impl_any};
[INFO] [stdout]    |         ^^^^^^^^^^^^^^^^^ use of undeclared crate or module `static_assertions`
[INFO] [stdout] 
[INFO] [stdout] 
[INFO] [stdout] error[E0432]: unresolved import `static_assertions`
[INFO] [stdout]    --> src/body/boxed.rs:108:9
[INFO] [stdout]     |
[INFO] [stdout] 108 |     use static_assertions::{assert_impl_all, assert_not_impl_any};
[INFO] [stdout]     |         ^^^^^^^^^^^^^^^^^ use of undeclared crate or module `static_assertions`
[INFO] [stdout] 
[INFO] [stdout] 
[INFO] [stdout] error[E0432]: unresolved import `futures_util`
[INFO] [stdout]   --> src/body/sized_stream.rs:78:9
[INFO] [stdout]    |
[INFO] [stdout] 78 |     use futures_util::stream;
[INFO] [stdout]    |         ^^^^^^^^^^^^ use of undeclared crate or module `futures_util`
[INFO] [stdout]    |
[INFO] [stdout] help: there is a crate or module with a similar name
[INFO] [stdout]    |
[INFO] [stdout] 78 |     use futures_core::stream;
[INFO] [stdout]    |         ~~~~~~~~~~~~
[INFO] [stdout] 
[INFO] [stdout] 
[INFO] [stdout] error[E0432]: unresolved import `static_assertions`
[INFO] [stdout]   --> src/body/sized_stream.rs:79:9
[INFO] [stdout]    |
[INFO] [stdout] 79 |     use static_assertions::{assert_impl_all, assert_not_impl_any};
[INFO] [stdout]    |         ^^^^^^^^^^^^^^^^^ use of undeclared crate or module `static_assertions`
[INFO] [stdout] 
[INFO] [stdout] 
[INFO] [stdout] error[E0432]: unresolved import `static_assertions`
[INFO] [stdout]    --> src/h1/payload.rs:256:9
[INFO] [stdout]     |
[INFO] [stdout] 256 |     use static_assertions::{assert_impl_all, assert_not_impl_any};
[INFO] [stdout]     |         ^^^^^^^^^^^^^^^^^ use of undeclared crate or module `static_assertions`
[INFO] [stdout] 
[INFO] [stdout] 
[INFO] [stdout] error[E0432]: unresolved import `static_assertions`
[INFO] [stdout]    --> src/header/map.rs:887:9
[INFO] [stdout]     |
[INFO] [stdout] 887 |     use static_assertions::assert_impl_all;
[INFO] [stdout]     |         ^^^^^^^^^^^^^^^^^ use of undeclared crate or module `static_assertions`
[INFO] [stdout] 
[INFO] [stdout] 
[INFO] [stdout] error[E0432]: unresolved import `static_assertions`
[INFO] [stdout]    --> src/payload.rs:100:9
[INFO] [stdout]     |
[INFO] [stdout] 100 |     use static_assertions::{assert_impl_all, assert_not_impl_any};
[INFO] [stdout]     |         ^^^^^^^^^^^^^^^^^ use of undeclared crate or module `static_assertions`
[INFO] [stdout] 
[INFO] [stdout] 
[INFO] [stdout] error[E0433]: failed to resolve: could not find `test` in `actix_rt`
[INFO] [stdout]   --> src/body/body_stream.rs:99:17
[INFO] [stdout]    |
[INFO] [stdout] 99 |     #[actix_rt::test]
[INFO] [stdout]    |                 ^^^^ could not find `test` in `actix_rt`
[INFO] [stdout] 
[INFO] [stdout] 
[INFO] [stdout] error[E0433]: failed to resolve: could not find `test` in `actix_rt`
[INFO] [stdout]    --> src/body/body_stream.rs:124:17
[INFO] [stdout]     |
[INFO] [stdout] 124 |     #[actix_rt::test]
[INFO] [stdout]     |                 ^^^^ could not find `test` in `actix_rt`
[INFO] [stdout] 
[INFO] [stdout] 
[INFO] [stdout] error[E0433]: failed to resolve: could not find `test` in `actix_rt`
[INFO] [stdout]    --> src/body/body_stream.rs:138:17
[INFO] [stdout]     |
[INFO] [stdout] 138 |     #[actix_rt::test]
[INFO] [stdout]     |                 ^^^^ could not find `test` in `actix_rt`
[INFO] [stdout] 
[INFO] [stdout] 
[INFO] [stdout] error[E0433]: failed to resolve: could not find `test` in `actix_rt`
[INFO] [stdout]    --> src/body/body_stream.rs:144:17
[INFO] [stdout]     |
[INFO] [stdout] 144 |     #[actix_rt::test]
[INFO] [stdout]     |                 ^^^^ could not find `test` in `actix_rt`
[INFO] [stdout] 
[INFO] [stdout] 
[INFO] [stdout] error[E0433]: failed to resolve: could not find `test` in `actix_rt`
[INFO] [stdout]    --> src/body/body_stream.rs:153:17
[INFO] [stdout]     |
[INFO] [stdout] 153 |     #[actix_rt::test]
[INFO] [stdout]     |                 ^^^^ could not find `test` in `actix_rt`
[INFO] [stdout] 
[INFO] [stdout] 
[INFO] [stdout] error[E0433]: failed to resolve: could not find `test` in `actix_rt`
[INFO] [stdout]    --> src/body/body_stream.rs:168:17
[INFO] [stdout]     |
[INFO] [stdout] 168 |     #[actix_rt::test]
[INFO] [stdout]     |                 ^^^^ could not find `test` in `actix_rt`
[INFO] [stdout] 
[INFO] [stdout] 
[INFO] [stdout] error[E0433]: failed to resolve: could not find `test` in `actix_rt`
[INFO] [stdout]    --> src/body/boxed.rs:116:17
[INFO] [stdout]     |
[INFO] [stdout] 116 |     #[actix_rt::test]
[INFO] [stdout]     |                 ^^^^ could not find `test` in `actix_rt`
[INFO] [stdout] 
[INFO] [stdout] 
[INFO] [stdout] error[E0433]: failed to resolve: could not find `test` in `actix_rt`
[INFO] [stdout]    --> src/body/message_body.rs:558:17
[INFO] [stdout]     |
[INFO] [stdout] 558 |     #[actix_rt::test]
[INFO] [stdout]     |                 ^^^^ could not find `test` in `actix_rt`
[INFO] [stdout] 
[INFO] [stdout] 
[INFO] [stdout] error[E0433]: failed to resolve: could not find `test` in `actix_rt`
[INFO] [stdout]    --> src/body/message_body.rs:572:17
[INFO] [stdout]     |
[INFO] [stdout] 572 |     #[actix_rt::test]
[INFO] [stdout]     |                 ^^^^ could not find `test` in `actix_rt`
[INFO] [stdout] 
[INFO] [stdout] 
[INFO] [stdout] error[E0433]: failed to resolve: could not find `test` in `actix_rt`
[INFO] [stdout]    --> src/body/message_body.rs:601:17
[INFO] [stdout]     |
[INFO] [stdout] 601 |     #[actix_rt::test]
[INFO] [stdout]     |                 ^^^^ could not find `test` in `actix_rt`
[INFO] [stdout] 
[INFO] [stdout] 
[INFO] [stdout] error[E0433]: failed to resolve: could not find `test` in `actix_rt`
[INFO] [stdout]    --> src/body/message_body.rs:609:17
[INFO] [stdout]     |
[INFO] [stdout] 609 |     #[actix_rt::test]
[INFO] [stdout]     |                 ^^^^ could not find `test` in `actix_rt`
[INFO] [stdout] 
[INFO] [stdout] 
[INFO] [stdout] error[E0433]: failed to resolve: could not find `test` in `actix_rt`
[INFO] [stdout]    --> src/body/message_body.rs:619:17
[INFO] [stdout]     |
[INFO] [stdout] 619 |     #[actix_rt::test]
[INFO] [stdout]     |                 ^^^^ could not find `test` in `actix_rt`
[INFO] [stdout] 
[INFO] [stdout] 
[INFO] [stdout] error[E0433]: failed to resolve: could not find `test` in `actix_rt`
[INFO] [stdout]    --> src/body/message_body.rs:629:17
[INFO] [stdout]     |
[INFO] [stdout] 629 |     #[actix_rt::test]
[INFO] [stdout]     |                 ^^^^ could not find `test` in `actix_rt`
[INFO] [stdout] 
[INFO] [stdout] 
[INFO] [stdout] error[E0433]: failed to resolve: could not find `test` in `actix_rt`
[INFO] [stdout]    --> src/body/message_body.rs:639:17
[INFO] [stdout]     |
[INFO] [stdout] 639 |     #[actix_rt::test]
[INFO] [stdout]     |                 ^^^^ could not find `test` in `actix_rt`
[INFO] [stdout] 
[INFO] [stdout] 
[INFO] [stdout] error[E0433]: failed to resolve: could not find `test` in `actix_rt`
[INFO] [stdout]    --> src/body/message_body.rs:649:17
[INFO] [stdout]     |
[INFO] [stdout] 649 |     #[actix_rt::test]
[INFO] [stdout]     |                 ^^^^ could not find `test` in `actix_rt`
[INFO] [stdout] 
[INFO] [stdout] 
[INFO] [stdout] error[E0433]: failed to resolve: could not find `test` in `actix_rt`
[INFO] [stdout]    --> src/body/message_body.rs:659:17
[INFO] [stdout]     |
[INFO] [stdout] 659 |     #[actix_rt::test]
[INFO] [stdout]     |                 ^^^^ could not find `test` in `actix_rt`
[INFO] [stdout] 
[INFO] [stdout] 
[INFO] [stdout] error[E0433]: failed to resolve: could not find `test` in `actix_rt`
[INFO] [stdout]    --> src/body/message_body.rs:669:17
[INFO] [stdout]     |
[INFO] [stdout] 669 |     #[actix_rt::test]
[INFO] [stdout]     |                 ^^^^ could not find `test` in `actix_rt`
[INFO] [stdout] 
[INFO] [stdout] 
[INFO] [stdout] error[E0433]: failed to resolve: could not find `test` in `actix_rt`
[INFO] [stdout]    --> src/body/message_body.rs:682:17
[INFO] [stdout]     |
[INFO] [stdout] 682 |     #[actix_rt::test]
[INFO] [stdout]     |                 ^^^^ could not find `test` in `actix_rt`
[INFO] [stdout] 
[INFO] [stdout] 
[INFO] [stdout] error[E0433]: failed to resolve: could not find `test` in `actix_rt`
[INFO] [stdout]    --> src/body/message_body.rs:695:17
[INFO] [stdout]     |
[INFO] [stdout] 695 |     #[actix_rt::test]
[INFO] [stdout]     |                 ^^^^ could not find `test` in `actix_rt`
[INFO] [stdout] 
[INFO] [stdout] 
[INFO] [stdout] error[E0433]: failed to resolve: could not find `test` in `actix_rt`
[INFO] [stdout]    --> src/body/message_body.rs:712:17
[INFO] [stdout]     |
[INFO] [stdout] 712 |     #[actix_rt::test]
[INFO] [stdout]     |                 ^^^^ could not find `test` in `actix_rt`
[INFO] [stdout] 
[INFO] [stdout] 
[INFO] [stdout] error[E0433]: failed to resolve: could not find `test` in `actix_rt`
[INFO] [stdout]    --> src/body/message_body.rs:727:17
[INFO] [stdout]     |
[INFO] [stdout] 727 |     #[actix_rt::test]
[INFO] [stdout]     |                 ^^^^ could not find `test` in `actix_rt`
[INFO] [stdout] 
[INFO] [stdout] 
[INFO] [stdout] error[E0433]: failed to resolve: could not find `test` in `actix_rt`
[INFO] [stdout]   --> src/body/sized_stream.rs:95:17
[INFO] [stdout]    |
[INFO] [stdout] 95 |     #[actix_rt::test]
[INFO] [stdout]    |                 ^^^^ could not find `test` in `actix_rt`
[INFO] [stdout] 
[INFO] [stdout] 
[INFO] [stdout] error[E0433]: failed to resolve: could not find `test` in `actix_rt`
[INFO] [stdout]    --> src/body/sized_stream.rs:125:17
[INFO] [stdout]     |
[INFO] [stdout] 125 |     #[actix_rt::test]
[INFO] [stdout]     |                 ^^^^ could not find `test` in `actix_rt`
[INFO] [stdout] 
[INFO] [stdout] 
[INFO] [stdout] error[E0433]: failed to resolve: could not find `test` in `actix_rt`
[INFO] [stdout]    --> src/body/sized_stream.rs:139:17
[INFO] [stdout]     |
[INFO] [stdout] 139 |     #[actix_rt::test]
[INFO] [stdout]     |                 ^^^^ could not find `test` in `actix_rt`
[INFO] [stdout] 
[INFO] [stdout] 
[INFO] [stdout] error[E0433]: failed to resolve: could not find `test` in `actix_rt`
[INFO] [stdout]    --> src/body/sized_stream.rs:151:17
[INFO] [stdout]     |
[INFO] [stdout] 151 |     #[actix_rt::test]
[INFO] [stdout]     |                 ^^^^ could not find `test` in `actix_rt`
[INFO] [stdout] 
[INFO] [stdout] 
[INFO] [stdout] error[E0433]: failed to resolve: could not find `test` in `actix_rt`
[INFO] [stdout]   --> src/body/utils.rs:62:17
[INFO] [stdout]    |
[INFO] [stdout] 62 |     #[actix_rt::test]
[INFO] [stdout]    |                 ^^^^ could not find `test` in `actix_rt`
[INFO] [stdout] 
[INFO] [stdout] 
[INFO] [stdout] error[E0433]: failed to resolve: could not find `test` in `actix_rt`
[INFO] [stdout]    --> src/config.rs:144:17
[INFO] [stdout]     |
[INFO] [stdout] 144 |     #[actix_rt::test]
[INFO] [stdout]     |                 ^^^^ could not find `test` in `actix_rt`
[INFO] [stdout] 
[INFO] [stdout] 
[INFO] [stdout] error[E0433]: failed to resolve: could not find `test` in `actix_rt`
[INFO] [stdout]    --> src/config.rs:177:17
[INFO] [stdout]     |
[INFO] [stdout] 177 |     #[actix_rt::test]
[INFO] [stdout]     |                 ^^^^ could not find `test` in `actix_rt`
[INFO] [stdout] 
[INFO] [stdout] 
[INFO] [stdout] error[E0433]: failed to resolve: could not find `test` in `actix_rt`
[INFO] [stdout]    --> src/config.rs:211:17
[INFO] [stdout]     |
[INFO] [stdout] 211 |     #[actix_rt::test]
[INFO] [stdout]     |                 ^^^^ could not find `test` in `actix_rt`
[INFO] [stdout] 
[INFO] [stdout] 
[INFO] [stdout] error[E0433]: failed to resolve: could not find `test` in `actix_rt`
[INFO] [stdout]    --> src/config.rs:224:17
[INFO] [stdout]     |
[INFO] [stdout] 224 |     #[actix_rt::test]
[INFO] [stdout]     |                 ^^^^ could not find `test` in `actix_rt`
[INFO] [stdout] 
[INFO] [stdout] 
[INFO] [stdout] error[E0433]: failed to resolve: could not find `test` in `actix_rt`
[INFO] [stdout]    --> src/h1/codec.rs:208:17
[INFO] [stdout]     |
[INFO] [stdout] 208 |     #[actix_rt::test]
[INFO] [stdout]     |                 ^^^^ could not find `test` in `actix_rt`
[INFO] [stdout] 
[INFO] [stdout] 
[INFO] [stdout] error[E0433]: failed to resolve: could not find `test` in `actix_rt`
[INFO] [stdout]   --> src/h1/dispatcher_tests.rs:80:13
[INFO] [stdout]    |
[INFO] [stdout] 80 | #[actix_rt::test]
[INFO] [stdout]    |             ^^^^ could not find `test` in `actix_rt`
[INFO] [stdout] 
[INFO] [stdout] 
[INFO] [stdout] error[E0433]: failed to resolve: could not find `test` in `actix_rt`
[INFO] [stdout]    --> src/h1/dispatcher_tests.rs:147:13
[INFO] [stdout]     |
[INFO] [stdout] 147 | #[actix_rt::test]
[INFO] [stdout]     |             ^^^^ could not find `test` in `actix_rt`
[INFO] [stdout] 
[INFO] [stdout] 
[INFO] [stdout] error[E0433]: failed to resolve: could not find `test` in `actix_rt`
[INFO] [stdout]    --> src/h1/dispatcher_tests.rs:208:13
[INFO] [stdout]     |
[INFO] [stdout] 208 | #[actix_rt::test]
[INFO] [stdout]     |             ^^^^ could not find `test` in `actix_rt`
[INFO] [stdout] 
[INFO] [stdout] 
[INFO] [stdout] error[E0433]: failed to resolve: could not find `test` in `actix_rt`
[INFO] [stdout]    --> src/h1/dispatcher_tests.rs:287:13
[INFO] [stdout]     |
[INFO] [stdout] 287 | #[actix_rt::test]
[INFO] [stdout]     |             ^^^^ could not find `test` in `actix_rt`
[INFO] [stdout] 
[INFO] [stdout] 
[INFO] [stdout] error[E0599]: no method named `send` found for struct `Framed` in the current scope
[INFO] [stdout]   --> tests/test_ws.rs:87:20
[INFO] [stdout]    |
[INFO] [stdout] 87 |             framed.send((res, BodySize::None).into()).await?;
[INFO] [stdout]    |                    ^^^^ method not found in `Framed<T, Codec>`
[INFO] [stdout] 
[INFO] [stdout] 
[INFO] [stdout] error[E0433]: failed to resolve: could not find `test` in `actix_rt`
[INFO] [stdout]    --> src/h1/dispatcher_tests.rs:412:13
[INFO] [stdout]     |
[INFO] [stdout] 412 | #[actix_rt::test]
[INFO] [stdout]     |             ^^^^ could not find `test` in `actix_rt`
[INFO] [stdout] 
[INFO] [stdout] 
[INFO] [stdout] error[E0433]: failed to resolve: could not find `test` in `actix_rt`
[INFO] [stdout]    --> src/h1/dispatcher_tests.rs:445:13
[INFO] [stdout]     |
[INFO] [stdout] 445 | #[actix_rt::test]
[INFO] [stdout]     |             ^^^^ could not find `test` in `actix_rt`
[INFO] [stdout] 
[INFO] [stdout] 
[INFO] [stdout] error[E0433]: failed to resolve: could not find `test` in `actix_rt`
[INFO] [stdout]    --> src/h1/dispatcher_tests.rs:515:13
[INFO] [stdout]     |
[INFO] [stdout] 515 | #[actix_rt::test]
[INFO] [stdout]     |             ^^^^ could not find `test` in `actix_rt`
[INFO] [stdout] 
[INFO] [stdout] 
[INFO] [stdout] error[E0433]: failed to resolve: could not find `test` in `actix_rt`
[INFO] [stdout]    --> src/h1/dispatcher_tests.rs:584:13
[INFO] [stdout]     |
[INFO] [stdout] 584 | #[actix_rt::test]
[INFO] [stdout]     |             ^^^^ could not find `test` in `actix_rt`
[INFO] [stdout] 
[INFO] [stdout] 
[INFO] [stdout] error[E0433]: failed to resolve: could not find `test` in `actix_rt`
[INFO] [stdout]    --> src/h1/dispatcher_tests.rs:661:13
[INFO] [stdout]     |
[INFO] [stdout] 661 | #[actix_rt::test]
[INFO] [stdout]     |             ^^^^ could not find `test` in `actix_rt`
[INFO] [stdout] 
[INFO] [stdout] 
[INFO] [stdout] error[E0433]: failed to resolve: could not find `test` in `actix_rt`
[INFO] [stdout]    --> src/h1/dispatcher_tests.rs:727:13
[INFO] [stdout]     |
[INFO] [stdout] 727 | #[actix_rt::test]
[INFO] [stdout]     |             ^^^^ could not find `test` in `actix_rt`
[INFO] [stdout] 
[INFO] [stdout] 
[INFO] [stdout] error[E0433]: failed to resolve: could not find `test` in `actix_rt`
[INFO] [stdout]    --> src/h1/dispatcher_tests.rs:789:13
[INFO] [stdout]     |
[INFO] [stdout] 789 | #[actix_rt::test]
[INFO] [stdout]     |             ^^^^ could not find `test` in `actix_rt`
[INFO] [stdout] 
[INFO] [stdout] 
[INFO] [stdout] error[E0433]: failed to resolve: could not find `test` in `actix_rt`
[INFO] [stdout]    --> src/h1/encoder.rs:554:17
[INFO] [stdout]     |
[INFO] [stdout] 554 |     #[actix_rt::test]
[INFO] [stdout]     |                 ^^^^ could not find `test` in `actix_rt`
[INFO] [stdout] 
[INFO] [stdout] 
[INFO] [stdout] error[E0433]: failed to resolve: could not find `test` in `actix_rt`
[INFO] [stdout]    --> src/h1/encoder.rs:618:17
[INFO] [stdout]     |
[INFO] [stdout] 618 |     #[actix_rt::test]
[INFO] [stdout]     |                 ^^^^ could not find `test` in `actix_rt`
[INFO] [stdout] 
[INFO] [stdout] 
[INFO] [stdout] error[E0433]: failed to resolve: could not find `test` in `actix_rt`
[INFO] [stdout]    --> src/h1/encoder.rs:651:17
[INFO] [stdout]     |
[INFO] [stdout] 651 |     #[actix_rt::test]
[INFO] [stdout]     |                 ^^^^ could not find `test` in `actix_rt`
[INFO] [stdout] 
[INFO] [stdout] 
[INFO] [stdout] error[E0433]: failed to resolve: could not find `test` in `actix_rt`
[INFO] [stdout]    --> src/h1/payload.rs:265:17
[INFO] [stdout]     |
[INFO] [stdout] 265 |     #[actix_rt::test]
[INFO] [stdout]     |                 ^^^^ could not find `test` in `actix_rt`
[INFO] [stdout] 
[INFO] [stdout] 
[INFO] [stdout] error[E0433]: failed to resolve: could not find `test` in `actix_rt`
[INFO] [stdout]    --> src/responses/head.rs:218:17
[INFO] [stdout]     |
[INFO] [stdout] 218 |     #[actix_rt::test]
[INFO] [stdout]     |                 ^^^^ could not find `test` in `actix_rt`
[INFO] [stdout] 
[INFO] [stdout] 
[INFO] [stdout] error[E0433]: failed to resolve: could not find `test` in `actix_rt`
[INFO] [stdout]    --> src/responses/response.rs:369:17
[INFO] [stdout]     |
[INFO] [stdout] 369 |     #[actix_rt::test]
[INFO] [stdout]     |                 ^^^^ could not find `test` in `actix_rt`
[INFO] [stdout] 
[INFO] [stdout] 
[INFO] [stdout] error: cannot determine resolution for the macro `assert_impl_all`
[INFO] [stdout]   --> src/body/body_stream.rs:88:5
[INFO] [stdout]    |
[INFO] [stdout] 88 |     assert_impl_all!(BodyStream<stream::Empty<Result<Bytes, crate::Error>>>: MessageBody);
[INFO] [stdout]    |     ^^^^^^^^^^^^^^^
[INFO] [stdout]    |
[INFO] [stdout]    = note: import resolution is stuck, try simplifying macro imports
[INFO] [stdout] 
[INFO] [stdout] 
[INFO] [stdout] error: cannot determine resolution for the macro `assert_impl_all`
[INFO] [stdout]   --> src/body/body_stream.rs:89:5
[INFO] [stdout]    |
[INFO] [stdout] 89 |     assert_impl_all!(BodyStream<stream::Empty<Result<Bytes, &'static str>>>: MessageBody);
[INFO] [stdout]    |     ^^^^^^^^^^^^^^^
[INFO] [stdout]    |
[INFO] [stdout]    = note: import resolution is stuck, try simplifying macro imports
[INFO] [stdout] 
[INFO] [stdout] 
[INFO] [stdout] error: cannot determine resolution for the macro `assert_impl_all`
[INFO] [stdout]   --> src/body/body_stream.rs:90:5
[INFO] [stdout]    |
[INFO] [stdout] 90 |     assert_impl_all!(BodyStream<stream::Repeat<Result<Bytes, &'static str>>>: MessageBody);
[INFO] [stdout]    |     ^^^^^^^^^^^^^^^
[INFO] [stdout]    |
[INFO] [stdout]    = note: import resolution is stuck, try simplifying macro imports
[INFO] [stdout] 
[INFO] [stdout] 
[INFO] [stdout] error: cannot determine resolution for the macro `assert_impl_all`
[INFO] [stdout]   --> src/body/body_stream.rs:91:5
[INFO] [stdout]    |
[INFO] [stdout] 91 |     assert_impl_all!(BodyStream<stream::Empty<Result<Bytes, Infallible>>>: MessageBody);
[INFO] [stdout]    |     ^^^^^^^^^^^^^^^
[INFO] [stdout]    |
[INFO] [stdout]    = note: import resolution is stuck, try simplifying macro imports
[INFO] [stdout] 
[INFO] [stdout] 
[INFO] [stdout] error: cannot determine resolution for the macro `assert_impl_all`
[INFO] [stdout]   --> src/body/body_stream.rs:92:5
[INFO] [stdout]    |
[INFO] [stdout] 92 |     assert_impl_all!(BodyStream<stream::Repeat<Result<Bytes, Infallible>>>: MessageBody);
[INFO] [stdout]    |     ^^^^^^^^^^^^^^^
[INFO] [stdout]    |
[INFO] [stdout]    = note: import resolution is stuck, try simplifying macro imports
[INFO] [stdout] 
[INFO] [stdout] 
[INFO] [stdout] error: cannot determine resolution for the macro `assert_not_impl_any`
[INFO] [stdout]   --> src/body/body_stream.rs:94:5
[INFO] [stdout]    |
[INFO] [stdout] 94 |     assert_not_impl_any!(BodyStream<stream::Empty<Bytes>>: MessageBody);
[INFO] [stdout]    |     ^^^^^^^^^^^^^^^^^^^
[INFO] [stdout]    |
[INFO] [stdout]    = note: import resolution is stuck, try simplifying macro imports
[INFO] [stdout] 
[INFO] [stdout] 
[INFO] [stdout] error: cannot determine resolution for the macro `assert_not_impl_any`
[INFO] [stdout]   --> src/body/body_stream.rs:95:5
[INFO] [stdout]    |
[INFO] [stdout] 95 |     assert_not_impl_any!(BodyStream<stream::Repeat<Bytes>>: MessageBody);
[INFO] [stdout]    |     ^^^^^^^^^^^^^^^^^^^
[INFO] [stdout]    |
[INFO] [stdout]    = note: import resolution is stuck, try simplifying macro imports
[INFO] [stdout] 
[INFO] [stdout] 
[INFO] [stdout] error: cannot determine resolution for the macro `assert_not_impl_any`
[INFO] [stdout]   --> src/body/body_stream.rs:97:5
[INFO] [stdout]    |
[INFO] [stdout] 97 |     assert_not_impl_any!(BodyStream<stream::Repeat<Result<Bytes, crate::Error>>>: MessageBody);
[INFO] [stdout]    |     ^^^^^^^^^^^^^^^^^^^
[INFO] [stdout]    |
[INFO] [stdout]    = note: import resolution is stuck, try simplifying macro imports
[INFO] [stdout] 
[INFO] [stdout] 
[INFO] [stdout] error: cannot determine resolution for the macro `assert_impl_all`
[INFO] [stdout]    --> src/body/boxed.rs:113:5
[INFO] [stdout]     |
[INFO] [stdout] 113 |     assert_impl_all!(BoxBody: fmt::Debug, MessageBody, Unpin);
[INFO] [stdout]     |     ^^^^^^^^^^^^^^^
[INFO] [stdout]     |
[INFO] [stdout]     = note: import resolution is stuck, try simplifying macro imports
[INFO] [stdout] 
[INFO] [stdout] 
[INFO] [stdout] error: cannot determine resolution for the macro `assert_not_impl_any`
[INFO] [stdout]    --> src/body/boxed.rs:114:5
[INFO] [stdout]     |
[INFO] [stdout] 114 |     assert_not_impl_any!(BoxBody: Send, Sync);
[INFO] [stdout]     |     ^^^^^^^^^^^^^^^^^^^
[INFO] [stdout]     |
[INFO] [stdout]     = note: import resolution is stuck, try simplifying macro imports
[INFO] [stdout] 
[INFO] [stdout] 
[INFO] [stdout] error: cannot determine resolution for the macro `assert_impl_all`
[INFO] [stdout]   --> src/body/sized_stream.rs:84:5
[INFO] [stdout]    |
[INFO] [stdout] 84 |     assert_impl_all!(SizedStream<stream::Empty<Result<Bytes, crate::Error>>>: MessageBody);
[INFO] [stdout]    |     ^^^^^^^^^^^^^^^
[INFO] [stdout]    |
[INFO] [stdout]    = note: import resolution is stuck, try simplifying macro imports
[INFO] [stdout] 
[INFO] [stdout] 
[INFO] [stdout] error: cannot determine resolution for the macro `assert_impl_all`
[INFO] [stdout]   --> src/body/sized_stream.rs:85:5
[INFO] [stdout]    |
[INFO] [stdout] 85 |     assert_impl_all!(SizedStream<stream::Empty<Result<Bytes, &'static str>>>: MessageBody);
[INFO] [stdout]    |     ^^^^^^^^^^^^^^^
[INFO] [stdout]    |
[INFO] [stdout]    = note: import resolution is stuck, try simplifying macro imports
[INFO] [stdout] 
[INFO] [stdout] 
[INFO] [stdout] error: cannot determine resolution for the macro `assert_impl_all`
[INFO] [stdout]   --> src/body/sized_stream.rs:86:5
[INFO] [stdout]    |
[INFO] [stdout] 86 |     assert_impl_all!(SizedStream<stream::Repeat<Result<Bytes, &'static str>>>: MessageBody);
[INFO] [stdout]    |     ^^^^^^^^^^^^^^^
[INFO] [stdout]    |
[INFO] [stdout]    = note: import resolution is stuck, try simplifying macro imports
[INFO] [stdout] 
[INFO] [stdout] 
[INFO] [stdout] error: cannot determine resolution for the macro `assert_impl_all`
[INFO] [stdout]   --> src/body/sized_stream.rs:87:5
[INFO] [stdout]    |
[INFO] [stdout] 87 |     assert_impl_all!(SizedStream<stream::Empty<Result<Bytes, Infallible>>>: MessageBody);
[INFO] [stdout]    |     ^^^^^^^^^^^^^^^
[INFO] [stdout]    |
[INFO] [stdout]    = note: import resolution is stuck, try simplifying macro imports
[INFO] [stdout] 
[INFO] [stdout] 
[INFO] [stdout] error: cannot determine resolution for the macro `assert_impl_all`
[INFO] [stdout]   --> src/body/sized_stream.rs:88:5
[INFO] [stdout]    |
[INFO] [stdout] 88 |     assert_impl_all!(SizedStream<stream::Repeat<Result<Bytes, Infallible>>>: MessageBody);
[INFO] [stdout]    |     ^^^^^^^^^^^^^^^
[INFO] [stdout]    |
[INFO] [stdout]    = note: import resolution is stuck, try simplifying macro imports
[INFO] [stdout] 
[INFO] [stdout] 
[INFO] [stdout] error: cannot determine resolution for the macro `assert_not_impl_any`
[INFO] [stdout]   --> src/body/sized_stream.rs:90:5
[INFO] [stdout]    |
[INFO] [stdout] 90 |     assert_not_impl_any!(SizedStream<stream::Empty<Bytes>>: MessageBody);
[INFO] [stdout]    |     ^^^^^^^^^^^^^^^^^^^
[INFO] [stdout]    |
[INFO] [stdout]    = note: import resolution is stuck, try simplifying macro imports
[INFO] [stdout] 
[INFO] [stdout] 
[INFO] [stdout] error: cannot determine resolution for the macro `assert_not_impl_any`
[INFO] [stdout]   --> src/body/sized_stream.rs:91:5
[INFO] [stdout]    |
[INFO] [stdout] 91 |     assert_not_impl_any!(SizedStream<stream::Repeat<Bytes>>: MessageBody);
[INFO] [stdout]    |     ^^^^^^^^^^^^^^^^^^^
[INFO] [stdout]    |
[INFO] [stdout]    = note: import resolution is stuck, try simplifying macro imports
[INFO] [stdout] 
[INFO] [stdout] 
[INFO] [stdout] error: cannot determine resolution for the macro `assert_not_impl_any`
[INFO] [stdout]   --> src/body/sized_stream.rs:93:5
[INFO] [stdout]    |
[INFO] [stdout] 93 |     assert_not_impl_any!(SizedStream<stream::Repeat<Result<Bytes, crate::Error>>>: MessageBody);
[INFO] [stdout]    |     ^^^^^^^^^^^^^^^^^^^
[INFO] [stdout]    |
[INFO] [stdout]    = note: import resolution is stuck, try simplifying macro imports
[INFO] [stdout] 
[INFO] [stdout] 
[INFO] [stdout] error: cannot determine resolution for the macro `assert_impl_all`
[INFO] [stdout]    --> src/h1/payload.rs:260:5
[INFO] [stdout]     |
[INFO] [stdout] 260 |     assert_impl_all!(Payload: Unpin);
[INFO] [stdout]     |     ^^^^^^^^^^^^^^^
[INFO] [stdout]     |
[INFO] [stdout]     = note: import resolution is stuck, try simplifying macro imports
[INFO] [stdout] 
[INFO] [stdout] 
[INFO] [stdout] error: cannot determine resolution for the macro `assert_not_impl_any`
[INFO] [stdout]    --> src/h1/payload.rs:261:5
[INFO] [stdout]     |
[INFO] [stdout] 261 |     assert_not_impl_any!(Payload: Send, Sync);
[INFO] [stdout]     |     ^^^^^^^^^^^^^^^^^^^
[INFO] [stdout]     |
[INFO] [stdout]     = note: import resolution is stuck, try simplifying macro imports
[INFO] [stdout] 
[INFO] [stdout] 
[INFO] [stdout] error: cannot determine resolution for the macro `assert_impl_all`
[INFO] [stdout]    --> src/h1/payload.rs:263:5
[INFO] [stdout]     |
[INFO] [stdout] 263 |     assert_impl_all!(Inner: Unpin, Send, Sync);
[INFO] [stdout]     |     ^^^^^^^^^^^^^^^
[INFO] [stdout]     |
[INFO] [stdout]     = note: import resolution is stuck, try simplifying macro imports
[INFO] [stdout] 
[INFO] [stdout] 
[INFO] [stdout] error: cannot determine resolution for the macro `assert_impl_all`
[INFO] [stdout]    --> src/header/map.rs:891:5
[INFO] [stdout]     |
[INFO] [stdout] 891 |     assert_impl_all!(HeaderMap: IntoIterator);
[INFO] [stdout]     |     ^^^^^^^^^^^^^^^
[INFO] [stdout]     |
[INFO] [stdout]     = note: import resolution is stuck, try simplifying macro imports
[INFO] [stdout] 
[INFO] [stdout] 
[INFO] [stdout] error: cannot determine resolution for the macro `assert_impl_all`
[INFO] [stdout]    --> src/header/map.rs:892:5
[INFO] [stdout]     |
[INFO] [stdout] 892 |     assert_impl_all!(Keys<'_>: Iterator, ExactSizeIterator, FusedIterator);
[INFO] [stdout]     |     ^^^^^^^^^^^^^^^
[INFO] [stdout]     |
[INFO] [stdout]     = note: import resolution is stuck, try simplifying macro imports
[INFO] [stdout] 
[INFO] [stdout] 
[INFO] [stdout] error: cannot determine resolution for the macro `assert_impl_all`
[INFO] [stdout]    --> src/header/map.rs:893:5
[INFO] [stdout]     |
[INFO] [stdout] 893 |     assert_impl_all!(std::slice::Iter<'_, HeaderValue>: Iterator, ExactSizeIterator, FusedIterator);
[INFO] [stdout]     |     ^^^^^^^^^^^^^^^
[INFO] [stdout]     |
[INFO] [stdout]     = note: import resolution is stuck, try simplifying macro imports
[INFO] [stdout] 
[INFO] [stdout] 
[INFO] [stdout] error: cannot determine resolution for the macro `assert_impl_all`
[INFO] [stdout]    --> src/header/map.rs:894:5
[INFO] [stdout]     |
[INFO] [stdout] 894 |     assert_impl_all!(Removed: Iterator, ExactSizeIterator, FusedIterator);
[INFO] [stdout]     |     ^^^^^^^^^^^^^^^
[INFO] [stdout]     |
[INFO] [stdout]     = note: import resolution is stuck, try simplifying macro imports
[INFO] [stdout] 
[INFO] [stdout] 
[INFO] [stdout] error: cannot determine resolution for the macro `assert_impl_all`
[INFO] [stdout]    --> src/header/map.rs:895:5
[INFO] [stdout]     |
[INFO] [stdout] 895 |     assert_impl_all!(Iter<'_>: Iterator, ExactSizeIterator, FusedIterator);
[INFO] [stdout]     |     ^^^^^^^^^^^^^^^
[INFO] [stdout]     |
[INFO] [stdout]     = note: import resolution is stuck, try simplifying macro imports
[INFO] [stdout] 
[INFO] [stdout] 
[INFO] [stdout] error: aborting due to 6 previous errors
[INFO] [stdout] 
[INFO] [stdout] 
[INFO] [stdout] Some errors have detailed explanations: E0432, E0433, E0599.
[INFO] [stdout] 
[INFO] [stdout] For more information about an error, try `rustc --explain E0432`.
[INFO] [stdout] 
[INFO] [stdout] error: cannot determine resolution for the macro `assert_impl_all`
[INFO] [stdout]    --> src/header/map.rs:896:5
[INFO] [stdout]     |
[INFO] [stdout] 896 |     assert_impl_all!(IntoIter: Iterator, ExactSizeIterator, FusedIterator);
[INFO] [stdout]     |     ^^^^^^^^^^^^^^^
[INFO] [stdout]     |
[INFO] [stdout]     = note: import resolution is stuck, try simplifying macro imports
[INFO] [stdout] 
[INFO] [stdout] 
[INFO] [stdout] error: cannot determine resolution for the macro `assert_impl_all`
[INFO] [stdout]    --> src/header/map.rs:897:5
[INFO] [stdout]     |
[INFO] [stdout] 897 |     assert_impl_all!(Drain<'_>: Iterator, ExactSizeIterator, FusedIterator);
[INFO] [stdout]     |     ^^^^^^^^^^^^^^^
[INFO] [stdout]     |
[INFO] [stdout]     = note: import resolution is stuck, try simplifying macro imports
[INFO] [stdout] 
[INFO] [stdout] 
[INFO] [stdout] error: cannot determine resolution for the macro `assert_impl_all`
[INFO] [stdout]    --> src/payload.rs:104:5
[INFO] [stdout]     |
[INFO] [stdout] 104 |     assert_impl_all!(Payload: Unpin);
[INFO] [stdout]     |     ^^^^^^^^^^^^^^^
[INFO] [stdout]     |
[INFO] [stdout]     = note: import resolution is stuck, try simplifying macro imports
[INFO] [stdout] 
[INFO] [stdout] 
[INFO] [stdout] error: cannot determine resolution for the macro `assert_not_impl_any`
[INFO] [stdout]    --> src/payload.rs:105:5
[INFO] [stdout]     |
[INFO] [stdout] 105 |     assert_not_impl_any!(Payload: Send, Sync);
[INFO] [stdout]     |     ^^^^^^^^^^^^^^^^^^^
[INFO] [stdout]     |
[INFO] [stdout]     = note: import resolution is stuck, try simplifying macro imports
[INFO] [stdout] 
[INFO] [stdout] 
[INFO] [stderr] error: could not compile `actix-http` (test "test_ws") due to 7 previous errors
[INFO] [stdout] error[E0433]: failed to resolve: use of undeclared crate or module `memchr`
[INFO] [stdout]   --> src/h1/dispatcher_tests.rs:24:5
[INFO] [stdout]    |
[INFO] [stdout] 24 |     memchr::memmem::find(&haystack[from..], needle)
[INFO] [stdout]    |     ^^^^^^ use of undeclared crate or module `memchr`
[INFO] [stdout] 
[INFO] [stdout] 
[INFO] [stdout] error[E0599]: no method named `tcp_auto_h2c` found for struct `HttpService` in the current scope
[INFO] [stdout]    --> tests/test_server.rs:874:14
[INFO] [stdout]     |
[INFO] [stdout] 864 | /         HttpService::build()
[INFO] [stdout] 865 | |             .keep_alive(KeepAlive::Disabled)
[INFO] [stdout] 866 | |             .finish(|req: Request| {
[INFO] [stdout] 867 | |                 let body = match req.version() {
[INFO] [stdout] ...   |
[INFO] [stdout] 873 | |             })
[INFO] [stdout] 874 | |             .tcp_auto_h2c()
[INFO] [stdout]     | |             -^^^^^^^^^^^^ method not found in `HttpService<_, FnServiceFactory<[closure@test_server.rs:866:21], Ready<...>, ..., ..., ..., ...>, ...>`
[INFO] [stdout]     | |_____________|
[INFO] [stdout]     | 
[INFO] [stdout]     |
[INFO] [stdout]     = note: the full type name has been written to '/opt/rustwide/target/debug/deps/test_server-4a2907b72e2b8cba.long-type-6252391519222487643.txt'
[INFO] [stdout] 
[INFO] [stdout] 
[INFO] [stdout] error: aborting due to 36 previous errors
[INFO] [stdout] 
[INFO] [stdout] 
[INFO] [stdout] Some errors have detailed explanations: E0432, E0433, E0599.
[INFO] [stdout] 
[INFO] [stdout] For more information about an error, try `rustc --explain E0432`.
[INFO] [stdout] 
[INFO] [stderr] error: could not compile `actix-http` (test "test_server") due to 37 previous errors
[INFO] [stdout] warning: unused import: `std::iter::FusedIterator`
[INFO] [stdout]    --> src/header/map.rs:884:9
[INFO] [stdout]     |
[INFO] [stdout] 884 |     use std::iter::FusedIterator;
[INFO] [stdout]     |         ^^^^^^^^^^^^^^^^^^^^^^^^
[INFO] [stdout]     |
[INFO] [stdout]     = note: `#[warn(unused_imports)]` on by default
[INFO] [stdout] 
[INFO] [stdout] 
[INFO] [stdout] warning: unused import: `super::*`
[INFO] [stdout]    --> src/payload.rs:102:9
[INFO] [stdout]     |
[INFO] [stdout] 102 |     use super::*;
[INFO] [stdout]     |         ^^^^^^^^
[INFO] [stdout] 
[INFO] [stdout] 
[INFO] [stdout] error[E0599]: no method named `next` found for enum `payload::Payload` in the current scope
[INFO] [stdout]   --> src/h1/dispatcher_tests.rs:71:40
[INFO] [stdout]    |
[INFO] [stdout] 71 |               while let Some(chunk) = pl.next().await {
[INFO] [stdout]    |                                          ^^^^ method not found in `Payload<Pin<Box<dyn Stream<Item = Result<Bytes, PayloadError>>>>>`
[INFO] [stdout]    |
[INFO] [stdout]   ::: src/payload.rs:21:1
[INFO] [stdout]    |
[INFO] [stdout] 21 | / pin_project! {
[INFO] [stdout] 22 | |     /// A streaming payload.
[INFO] [stdout] 23 | |     #[project = PayloadProj]
[INFO] [stdout] 24 | |     pub enum Payload<S = BoxedPayloadStream> {
[INFO] [stdout] ...  |
[INFO] [stdout] 28 | |     }
[INFO] [stdout] 29 | | }
[INFO] [stdout]    | |_- method `next` not found for this enum
[INFO] [stdout]    |
[INFO] [stdout]    = help: items from traits can only be used if the trait is implemented and in scope
[INFO] [stdout]    = note: the following trait defines an item `next`, perhaps you need to implement it:
[INFO] [stdout]            candidate #1: `Iterator`
[INFO] [stdout] 
[INFO] [stdout] 
[INFO] [stdout] error[E0433]: failed to resolve: use of undeclared crate or module `env_logger`
[INFO] [stdout]    --> src/h1/dispatcher_tests.rs:791:13
[INFO] [stdout]     |
[INFO] [stdout] 791 |     let _ = env_logger::try_init();
[INFO] [stdout]     |             ^^^^^^^^^^ use of undeclared crate or module `env_logger`
[INFO] [stdout] 
[INFO] [stdout] 
[INFO] [stdout] error[E0433]: failed to resolve: use of undeclared crate or module `actix_http_test`
[INFO] [stdout]    --> src/responses/head.rs:220:23
[INFO] [stdout]     |
[INFO] [stdout] 220 |         let mut srv = actix_http_test::test_server(|| {
[INFO] [stdout]     |                       ^^^^^^^^^^^^^^^ use of undeclared crate or module `actix_http_test`
[INFO] [stdout] 
[INFO] [stdout] 
[INFO] [stdout] error[E0599]: no method named `poll_unpin` found for mutable reference `&mut std::pin::Pin<Box<Sleep>>` in the current scope
[INFO] [stdout]    --> src/body/body_stream.rs:201:38
[INFO] [stdout]     |
[INFO] [stdout] 201 |                         ready!(delay.poll_unpin(cx));
[INFO] [stdout]     |                                      ^^^^^^^^^^ method not found in `&mut Pin<Box<Sleep>>`
[INFO] [stdout] 
[INFO] [stdout] 
[INFO] [stdout] warning: unused import: `Buf`
[INFO] [stdout]   --> src/h1/dispatcher_tests.rs:11:13
[INFO] [stdout]    |
[INFO] [stdout] 11 | use bytes::{Buf, BytesMut};
[INFO] [stdout]    |             ^^^
[INFO] [stdout] 
[INFO] [stdout] 
[INFO] [stdout] error: aborting due to 97 previous errors; 3 warnings emitted
[INFO] [stdout] 
[INFO] [stdout] 
[INFO] [stdout] Some errors have detailed explanations: E0432, E0433, E0599.
[INFO] [stdout] 
[INFO] [stdout] For more information about an error, try `rustc --explain E0432`.
[INFO] [stdout] 
[INFO] [stderr] error: could not compile `actix-http` (lib test) due to 98 previous errors; 3 warnings emitted
[INFO] running `Command { std: "docker" "inspect" "2899c8adf45343f49db674e32bd46b3de7eaefb9f721a40fd1ebfcdfe1532627", kill_on_drop: false }`
[INFO] running `Command { std: "docker" "rm" "-f" "2899c8adf45343f49db674e32bd46b3de7eaefb9f721a40fd1ebfcdfe1532627", kill_on_drop: false }`
[INFO] [stdout] 2899c8adf45343f49db674e32bd46b3de7eaefb9f721a40fd1ebfcdfe1532627
